[INFO] fetching crate paw 1.0.0...
[INFO] checking paw-1.0.0 against 1.55.0 for beta-1.56-3
[INFO] extracting crate paw 1.0.0 into /workspace/builds/worker-11/source
[INFO] validating manifest of crates.io crate paw 1.0.0 on toolchain 1.55.0
[INFO] running `Command { std: "/workspace/cargo-home/bin/cargo" "+1.55.0" "metadata" "--manifest-path" "Cargo.toml" "--no-deps", kill_on_drop: false }`
[INFO] started tweaking crates.io crate paw 1.0.0
[INFO] finished tweaking crates.io crate paw 1.0.0
[INFO] tweaked toml for crates.io crate paw 1.0.0 written to /workspace/builds/worker-11/source/Cargo.toml
[INFO] running `Command { std: "/workspace/cargo-home/bin/cargo" "+1.55.0" "generate-lockfile" "--manifest-path" "Cargo.toml" "-Zno-index-update", kill_on_drop: false }`
[INFO] [stderr]     Blocking waiting for file lock on package cache
[INFO] running `Command { std: "/workspace/cargo-home/bin/cargo" "+1.55.0" "fetch" "--manifest-path" "Cargo.toml", kill_on_drop: false }`
[INFO] [stderr]  Downloading crates ...
[INFO] [stderr]   Downloaded paw-structopt v1.0.0
[INFO] [stderr]   Downloaded runtime v0.3.0-alpha.8
[INFO] running `Command { std: "docker" "create" "-v" "/var/lib/crater-agent-workspace/builds/worker-11/target:/opt/rustwide/target:rw,Z" "-v" "/var/lib/crater-agent-workspace/builds/worker-11/source:/opt/rustwide/workdir:ro,Z" "-v" "/var/lib/crater-agent-workspace/cargo-home:/opt/rustwide/cargo-home:ro,Z" "-v" "/var/lib/crater-agent-workspace/rustup-home:/opt/rustwide/rustup-home:ro,Z" "-e" "SOURCE_DIR=/opt/rustwide/workdir" "-e" "CARGO_TARGET_DIR=/opt/rustwide/target" "-e" "CARGO_HOME=/opt/rustwide/cargo-home" "-e" "RUSTUP_HOME=/opt/rustwide/rustup-home" "-w" "/opt/rustwide/workdir" "-m" "1610612736" "--user" "0:0" "--network" "none" "ghcr.io/rust-lang/crates-build-env/linux@sha256:a89201d6b5b9fd45c15d5952ece0a0129e7e80cb26ec023fd59cf09bc26f1604" "/opt/rustwide/cargo-home/bin/cargo" "+1.55.0" "metadata" "--no-deps" "--format-version=1", kill_on_drop: false }`
[INFO] [stderr] WARNING: Your kernel does not support swap limit capabilities or the cgroup is not mounted. Memory limited without swap.
[INFO] [stdout] 0a115f1885f9356a9feb288567568f1764adf9c277c7a35b4514f3785284ebd7
[INFO] running `Command { std: "docker" "start" "-a" "0a115f1885f9356a9feb288567568f1764adf9c277c7a35b4514f3785284ebd7", kill_on_drop: false }`
[INFO] running `Command { std: "docker" "inspect" "0a115f1885f9356a9feb288567568f1764adf9c277c7a35b4514f3785284ebd7", kill_on_drop: false }`
[INFO] running `Command { std: "docker" "rm" "-f" "0a115f1885f9356a9feb288567568f1764adf9c277c7a35b4514f3785284ebd7", kill_on_drop: false }`
[INFO] [stdout] 0a115f1885f9356a9feb288567568f1764adf9c277c7a35b4514f3785284ebd7
[INFO] running `Command { std: "docker" "create" "-v" "/var/lib/crater-agent-workspace/builds/worker-11/target:/opt/rustwide/target:rw,Z" "-v" "/var/lib/crater-agent-workspace/builds/worker-11/source:/opt/rustwide/workdir:ro,Z" "-v" "/var/lib/crater-agent-workspace/cargo-home:/opt/rustwide/cargo-home:ro,Z" "-v" "/var/lib/crater-agent-workspace/rustup-home:/opt/rustwide/rustup-home:ro,Z" "-e" "SOURCE_DIR=/opt/rustwide/workdir" "-e" "CARGO_TARGET_DIR=/opt/rustwide/target" "-e" "CARGO_INCREMENTAL=0" "-e" "RUST_BACKTRACE=full" "-e" "RUSTFLAGS=--cap-lints=warn" "-e" "CARGO_HOME=/opt/rustwide/cargo-home" "-e" "RUSTUP_HOME=/opt/rustwide/rustup-home" "-w" "/opt/rustwide/workdir" "-m" "1610612736" "--user" "0:0" "--network" "none" "ghcr.io/rust-lang/crates-build-env/linux@sha256:a89201d6b5b9fd45c15d5952ece0a0129e7e80cb26ec023fd59cf09bc26f1604" "/opt/rustwide/cargo-home/bin/cargo" "+1.55.0" "check" "--frozen" "--all" "--all-targets" "--message-format=json", kill_on_drop: false }`
[INFO] [stdout] 06711063df25d4d4dcbb398c411c6e6a6623a3288ca9545ddfde2a775aa00efa
[INFO] [stderr] WARNING: Your kernel does not support swap limit capabilities or the cgroup is not mounted. Memory limited without swap.
[INFO] running `Command { std: "docker" "start" "-a" "06711063df25d4d4dcbb398c411c6e6a6623a3288ca9545ddfde2a775aa00efa", kill_on_drop: false }`
[INFO] [stderr]    Compiling proc-macro2 v1.0.30
[INFO] [stderr]     Checking futures-core-preview v0.3.0-alpha.19
[INFO] [stderr]     Checking futures-sink-preview v0.3.0-alpha.19
[INFO] [stderr]     Checking futures-io-preview v0.3.0-alpha.19
[INFO] [stderr]     Checking async-ready v3.0.0
[INFO] [stderr]     Checking async-datagram v3.0.0
[INFO] [stderr]    Compiling quote v0.6.13
[INFO] [stderr]     Checking crossbeam v0.7.3
[INFO] [stderr]    Compiling syn v0.15.44
[INFO] [stderr]     Checking futures-channel-preview v0.3.0-alpha.19
[INFO] [stderr]     Checking futures-util-preview v0.3.0-alpha.19
[INFO] [stderr]    Compiling quote v1.0.10
[INFO] [stderr]    Compiling syn v1.0.80
[INFO] [stderr]     Checking futures-executor-preview v0.3.0-alpha.19
[INFO] [stderr]     Checking futures-preview v0.3.0-alpha.19
[INFO] [stderr]     Checking runtime-raw v0.3.0-alpha.5
[INFO] [stderr]     Checking juliex v0.3.0-alpha.8
[INFO] [stderr]     Checking romio v0.3.0-alpha.10
[INFO] [stderr]     Checking futures-timer v0.3.0
[INFO] [stderr]    Compiling structopt-derive v0.2.18
[INFO] [stderr]     Checking runtime-native v0.3.0-alpha.6
[INFO] [stderr]    Compiling structopt v0.2.18
[INFO] [stderr]    Compiling paw-structopt v1.0.0
[INFO] [stderr]    Compiling pin-project-internal v0.4.28
[INFO] [stderr]    Compiling runtime-attributes v0.3.0-alpha.6
[INFO] [stderr]    Compiling paw-attributes v1.0.2
[INFO] [stderr]     Checking paw v1.0.0 (/opt/rustwide/workdir)
[INFO] [stderr]     Checking pin-project v0.4.28
[INFO] [stderr]     Checking runtime v0.3.0-alpha.8
[INFO] [stdout] error[E0463]: can't find crate for `failure`
[INFO] [stdout]  --> tests/test.rs:1:1
[INFO] [stdout]   |
[INFO] [stdout] 1 | extern crate failure;
[INFO] [stdout]   | ^^^^^^^^^^^^^^^^^^^^^ can't find crate
[INFO] [stdout] 
[INFO] [stdout] 
[INFO] [stdout] error: aborting due to previous error
[INFO] [stdout] 
[INFO] [stdout] 
[INFO] [stdout] For more information about this error, try `rustc --explain E0463`.
[INFO] [stdout] 
[INFO] [stdout] error[E0557]: feature has been removed
[INFO] [stdout]  --> examples/runtime.rs:1:25
[INFO] [stdout]   |
[INFO] [stdout] 1 | #![feature(async_await, await_macro)]
[INFO] [stdout]   |                         ^^^^^^^^^^^ feature has been removed
[INFO] [stdout]   |
[INFO] [stdout]   = note: subsumed by `.await` syntax
[INFO] [stdout] 
[INFO] [stdout] 
[INFO] [stderr] error: could not compile `paw` due to 2 previous errors
[INFO] [stderr] warning: build failed, waiting for other jobs to finish...
[INFO] [stdout] error[E0554]: `#![feature]` may not be used on the stable release channel
[INFO] [stdout]  --> examples/runtime.rs:1:1
[INFO] [stdout]   |
[INFO] [stdout] 1 | #![feature(async_await, await_macro)]
[INFO] [stdout]   | ^^^^^^^^^^^^^^^^^^^^^^^^^^^^^^^^^^^^^
[INFO] [stdout]   |
[INFO] [stdout]   = help: the feature `async_await` has been stable since 1.39.0 and no longer requires an attribute to enable
[INFO] [stdout] 
[INFO] [stdout] 
[INFO] [stdout] error: aborting due to 2 previous errors
[INFO] [stdout] 
[INFO] [stdout] 
[INFO] [stdout] Some errors have detailed explanations: E0554, E0557.
[INFO] [stdout] 
[INFO] [stdout] For more information about an error, try `rustc --explain E0554`.
[INFO] [stdout] 
[INFO] [stderr] error: build failed
[INFO] running `Command { std: "docker" "inspect" "06711063df25d4d4dcbb398c411c6e6a6623a3288ca9545ddfde2a775aa00efa", kill_on_drop: false }`
[INFO] running `Command { std: "docker" "rm" "-f" "06711063df25d4d4dcbb398c411c6e6a6623a3288ca9545ddfde2a775aa00efa", kill_on_drop: false }`
[INFO] [stdout] 06711063df25d4d4dcbb398c411c6e6a6623a3288ca9545ddfde2a775aa00efa
