[INFO] fetching crate pav_regression 0.2.6...
[INFO] checking pav_regression-0.2.6 against beta-2021-10-15 for beta-1.56-3
[INFO] extracting crate pav_regression 0.2.6 into /workspace/builds/worker-14/source
[INFO] validating manifest of crates.io crate pav_regression 0.2.6 on toolchain beta-2021-10-15
[INFO] running `Command { std: "/workspace/cargo-home/bin/cargo" "+beta-2021-10-15" "metadata" "--manifest-path" "Cargo.toml" "--no-deps", kill_on_drop: false }`
[INFO] started tweaking crates.io crate pav_regression 0.2.6
[INFO] finished tweaking crates.io crate pav_regression 0.2.6
[INFO] tweaked toml for crates.io crate pav_regression 0.2.6 written to /workspace/builds/worker-14/source/Cargo.toml
[INFO] running `Command { std: "/workspace/cargo-home/bin/cargo" "+beta-2021-10-15" "generate-lockfile" "--manifest-path" "Cargo.toml" "-Zno-index-update", kill_on_drop: false }`
[INFO] [stderr]     Blocking waiting for file lock on package cache
[INFO] running `Command { std: "/workspace/cargo-home/bin/cargo" "+beta-2021-10-15" "fetch" "--manifest-path" "Cargo.toml", kill_on_drop: false }`
[INFO] running `Command { std: "docker" "create" "-v" "/var/lib/crater-agent-workspace/builds/worker-14/target:/opt/rustwide/target:rw,Z" "-v" "/var/lib/crater-agent-workspace/builds/worker-14/source:/opt/rustwide/workdir:ro,Z" "-v" "/var/lib/crater-agent-workspace/cargo-home:/opt/rustwide/cargo-home:ro,Z" "-v" "/var/lib/crater-agent-workspace/rustup-home:/opt/rustwide/rustup-home:ro,Z" "-e" "SOURCE_DIR=/opt/rustwide/workdir" "-e" "CARGO_TARGET_DIR=/opt/rustwide/target" "-e" "CARGO_HOME=/opt/rustwide/cargo-home" "-e" "RUSTUP_HOME=/opt/rustwide/rustup-home" "-w" "/opt/rustwide/workdir" "-m" "1610612736" "--user" "0:0" "--network" "none" "ghcr.io/rust-lang/crates-build-env/linux@sha256:a89201d6b5b9fd45c15d5952ece0a0129e7e80cb26ec023fd59cf09bc26f1604" "/opt/rustwide/cargo-home/bin/cargo" "+beta-2021-10-15" "metadata" "--no-deps" "--format-version=1", kill_on_drop: false }`
[INFO] [stdout] c8bdb855a51d7721195a70d600d800c60bd0eee25b3c8c3aec91b14e8ae94d6d
[INFO] [stderr] WARNING: Your kernel does not support swap limit capabilities or the cgroup is not mounted. Memory limited without swap.
[INFO] running `Command { std: "docker" "start" "-a" "c8bdb855a51d7721195a70d600d800c60bd0eee25b3c8c3aec91b14e8ae94d6d", kill_on_drop: false }`
[INFO] running `Command { std: "docker" "inspect" "c8bdb855a51d7721195a70d600d800c60bd0eee25b3c8c3aec91b14e8ae94d6d", kill_on_drop: false }`
[INFO] running `Command { std: "docker" "rm" "-f" "c8bdb855a51d7721195a70d600d800c60bd0eee25b3c8c3aec91b14e8ae94d6d", kill_on_drop: false }`
[INFO] [stdout] c8bdb855a51d7721195a70d600d800c60bd0eee25b3c8c3aec91b14e8ae94d6d
[INFO] running `Command { std: "docker" "create" "-v" "/var/lib/crater-agent-workspace/builds/worker-14/target:/opt/rustwide/target:rw,Z" "-v" "/var/lib/crater-agent-workspace/builds/worker-14/source:/opt/rustwide/workdir:ro,Z" "-v" "/var/lib/crater-agent-workspace/cargo-home:/opt/rustwide/cargo-home:ro,Z" "-v" "/var/lib/crater-agent-workspace/rustup-home:/opt/rustwide/rustup-home:ro,Z" "-e" "SOURCE_DIR=/opt/rustwide/workdir" "-e" "CARGO_TARGET_DIR=/opt/rustwide/target" "-e" "CARGO_INCREMENTAL=0" "-e" "RUST_BACKTRACE=full" "-e" "RUSTFLAGS=--cap-lints=warn" "-e" "CARGO_HOME=/opt/rustwide/cargo-home" "-e" "RUSTUP_HOME=/opt/rustwide/rustup-home" "-w" "/opt/rustwide/workdir" "-m" "1610612736" "--user" "0:0" "--network" "none" "ghcr.io/rust-lang/crates-build-env/linux@sha256:a89201d6b5b9fd45c15d5952ece0a0129e7e80cb26ec023fd59cf09bc26f1604" "/opt/rustwide/cargo-home/bin/cargo" "+beta-2021-10-15" "check" "--frozen" "--all" "--all-targets" "--message-format=json", kill_on_drop: false }`
[INFO] [stdout] c0d179df26c8bbdf2a4b4416d2ef205a457566041ec1c8d761557dd3205e6d4c
[INFO] [stderr] WARNING: Your kernel does not support swap limit capabilities or the cgroup is not mounted. Memory limited without swap.
[INFO] running `Command { std: "docker" "start" "-a" "c0d179df26c8bbdf2a4b4416d2ef205a457566041ec1c8d761557dd3205e6d4c", kill_on_drop: false }`
[INFO] [stderr]     Checking ordered-float v2.8.0
[INFO] [stderr]     Checking pav_regression v0.2.6 (/opt/rustwide/workdir)
[INFO] [stdout] error[E0308]: mismatched types
[INFO] [stdout]    --> src/pav.rs:235:41
[INFO] [stdout]     |
[INFO] [stdout] 235 |         assert!((regression.interpolate(1.5) - 6.0).abs() < f64::EPSILON);
[INFO] [stdout]     |                                         ^^^
[INFO] [stdout]     |                                         |
[INFO] [stdout]     |                                         expected `&f64`, found floating-point number
[INFO] [stdout]     |                                         help: consider borrowing here: `&1.5`
[INFO] [stdout] 
[INFO] [stdout] 
[INFO] [stdout] error[E0308]: mismatched types
[INFO] [stdout]    --> src/pav.rs:278:43
[INFO] [stdout]     |
[INFO] [stdout] 278 |         assert_eq!(regression.interpolate(0.5), 2.5);
[INFO] [stdout]     |                                           ^^^
[INFO] [stdout]     |                                           |
[INFO] [stdout]     |                                           expected `&f64`, found floating-point number
[INFO] [stdout]     |                                           help: consider borrowing here: `&0.5`
[INFO] [stdout] 
[INFO] [stdout] 
[INFO] [stdout] error[E0308]: mismatched types
[INFO] [stdout]    --> src/pav.rs:286:43
[INFO] [stdout]     |
[INFO] [stdout] 286 |         assert_eq!(regression.interpolate(0.0), 3.0);
[INFO] [stdout]     |                                           ^^^
[INFO] [stdout]     |                                           |
[INFO] [stdout]     |                                           expected `&f64`, found floating-point number
[INFO] [stdout]     |                                           help: consider borrowing here: `&0.0`
[INFO] [stdout] 
[INFO] [stdout] 
[INFO] [stdout] error: aborting due to 3 previous errors
[INFO] [stdout] 
[INFO] [stdout] 
[INFO] [stdout] For more information about this error, try `rustc --explain E0308`.
[INFO] [stdout] 
[INFO] [stderr] error: could not compile `pav_regression` due to 4 previous errors
[INFO] [stderr] warning: build failed, waiting for other jobs to finish...
[INFO] [stderr] error: build failed
[INFO] running `Command { std: "docker" "inspect" "c0d179df26c8bbdf2a4b4416d2ef205a457566041ec1c8d761557dd3205e6d4c", kill_on_drop: false }`
[INFO] running `Command { std: "docker" "rm" "-f" "c0d179df26c8bbdf2a4b4416d2ef205a457566041ec1c8d761557dd3205e6d4c", kill_on_drop: false }`
[INFO] [stdout] c0d179df26c8bbdf2a4b4416d2ef205a457566041ec1c8d761557dd3205e6d4c
