[INFO] fetching crate patricia-trie-vapory 0.1.1...
[INFO] checking patricia-trie-vapory-0.1.1 against 1.55.0 for beta-1.56-3
[INFO] extracting crate patricia-trie-vapory 0.1.1 into /workspace/builds/worker-12/source
[INFO] validating manifest of crates.io crate patricia-trie-vapory 0.1.1 on toolchain 1.55.0
[INFO] running `Command { std: "/workspace/cargo-home/bin/cargo" "+1.55.0" "metadata" "--manifest-path" "Cargo.toml" "--no-deps", kill_on_drop: false }`
[INFO] started tweaking crates.io crate patricia-trie-vapory 0.1.1
[INFO] finished tweaking crates.io crate patricia-trie-vapory 0.1.1
[INFO] tweaked toml for crates.io crate patricia-trie-vapory 0.1.1 written to /workspace/builds/worker-12/source/Cargo.toml
[INFO] running `Command { std: "/workspace/cargo-home/bin/cargo" "+1.55.0" "generate-lockfile" "--manifest-path" "Cargo.toml" "-Zno-index-update", kill_on_drop: false }`
[INFO] [stderr]     Blocking waiting for file lock on package cache
[INFO] running `Command { std: "/workspace/cargo-home/bin/cargo" "+1.55.0" "fetch" "--manifest-path" "Cargo.toml", kill_on_drop: false }`
[INFO] [stderr]     Blocking waiting for file lock on package cache
[INFO] [stderr]     Blocking waiting for file lock on package cache
[INFO] [stderr]  Downloading crates ...
[INFO] [stderr]   Downloaded tetsy-memory-db v0.19.0
[INFO] [stderr]   Downloaded tetsy-keccak-hash v0.4.0
[INFO] [stderr]   Downloaded tetsy-util-mem v0.5.2
[INFO] [stderr]   Downloaded tetsy-trie-db v0.19.2
[INFO] running `Command { std: "docker" "create" "-v" "/var/lib/crater-agent-workspace/builds/worker-12/target:/opt/rustwide/target:rw,Z" "-v" "/var/lib/crater-agent-workspace/builds/worker-12/source:/opt/rustwide/workdir:ro,Z" "-v" "/var/lib/crater-agent-workspace/cargo-home:/opt/rustwide/cargo-home:ro,Z" "-v" "/var/lib/crater-agent-workspace/rustup-home:/opt/rustwide/rustup-home:ro,Z" "-e" "SOURCE_DIR=/opt/rustwide/workdir" "-e" "CARGO_TARGET_DIR=/opt/rustwide/target" "-e" "CARGO_HOME=/opt/rustwide/cargo-home" "-e" "RUSTUP_HOME=/opt/rustwide/rustup-home" "-w" "/opt/rustwide/workdir" "-m" "1610612736" "--user" "0:0" "--network" "none" "ghcr.io/rust-lang/crates-build-env/linux@sha256:a89201d6b5b9fd45c15d5952ece0a0129e7e80cb26ec023fd59cf09bc26f1604" "/opt/rustwide/cargo-home/bin/cargo" "+1.55.0" "metadata" "--no-deps" "--format-version=1", kill_on_drop: false }`
[INFO] [stdout] 2d33159e7013f8d8503fc8f2d4728e30cf0858b3f7973c39f1b8a830367957f4
[INFO] [stderr] WARNING: Your kernel does not support swap limit capabilities or the cgroup is not mounted. Memory limited without swap.
[INFO] running `Command { std: "docker" "start" "-a" "2d33159e7013f8d8503fc8f2d4728e30cf0858b3f7973c39f1b8a830367957f4", kill_on_drop: false }`
[INFO] running `Command { std: "docker" "inspect" "2d33159e7013f8d8503fc8f2d4728e30cf0858b3f7973c39f1b8a830367957f4", kill_on_drop: false }`
[INFO] running `Command { std: "docker" "rm" "-f" "2d33159e7013f8d8503fc8f2d4728e30cf0858b3f7973c39f1b8a830367957f4", kill_on_drop: false }`
[INFO] [stdout] 2d33159e7013f8d8503fc8f2d4728e30cf0858b3f7973c39f1b8a830367957f4
[INFO] running `Command { std: "docker" "create" "-v" "/var/lib/crater-agent-workspace/builds/worker-12/target:/opt/rustwide/target:rw,Z" "-v" "/var/lib/crater-agent-workspace/builds/worker-12/source:/opt/rustwide/workdir:ro,Z" "-v" "/var/lib/crater-agent-workspace/cargo-home:/opt/rustwide/cargo-home:ro,Z" "-v" "/var/lib/crater-agent-workspace/rustup-home:/opt/rustwide/rustup-home:ro,Z" "-e" "SOURCE_DIR=/opt/rustwide/workdir" "-e" "CARGO_TARGET_DIR=/opt/rustwide/target" "-e" "CARGO_INCREMENTAL=0" "-e" "RUST_BACKTRACE=full" "-e" "RUSTFLAGS=--cap-lints=warn" "-e" "CARGO_HOME=/opt/rustwide/cargo-home" "-e" "RUSTUP_HOME=/opt/rustwide/rustup-home" "-w" "/opt/rustwide/workdir" "-m" "1610612736" "--user" "0:0" "--network" "none" "ghcr.io/rust-lang/crates-build-env/linux@sha256:a89201d6b5b9fd45c15d5952ece0a0129e7e80cb26ec023fd59cf09bc26f1604" "/opt/rustwide/cargo-home/bin/cargo" "+1.55.0" "check" "--frozen" "--all" "--all-targets" "--message-format=json", kill_on_drop: false }`
[INFO] [stdout] 07d22d70aef2c91cb2a775750f22af767408fdae8e83bf2e03ed878c7072b034
[INFO] [stderr] WARNING: Your kernel does not support swap limit capabilities or the cgroup is not mounted. Memory limited without swap.
[INFO] running `Command { std: "docker" "start" "-a" "07d22d70aef2c91cb2a775750f22af767408fdae8e83bf2e03ed878c7072b034", kill_on_drop: false }`
[INFO] [stderr]    Compiling crunchy v0.2.2
[INFO] [stderr]     Checking tetsy-hash-db v0.15.3
[INFO] [stderr]    Compiling heapsize v0.4.2
[INFO] [stderr]     Checking tetsy-bytes v0.1.4
[INFO] [stderr]     Checking tetsy-rlp v0.4.5
[INFO] [stderr]    Compiling hashbrown v0.6.3
[INFO] [stderr]    Compiling getrandom v0.2.3
[INFO] [stderr]     Checking tetsy-scale-codec v1.3.0
[INFO] [stderr]     Checking tetsy-impl-serde v0.2.2
[INFO] [stderr]     Checking rand v0.6.5
[INFO] [stderr]    Compiling tetsy-util-mem-derive v0.1.1
[INFO] [stderr]     Checking tetsy-fixed-hash v0.5.0
[INFO] [stderr]     Checking criterion v0.3.5
[INFO] [stderr]     Checking tetsy-impl-rlp v0.2.0
[INFO] [stderr]    Compiling tiny-keccak v2.0.2
[INFO] [stderr]     Checking tiny-keccak v1.5.0
[INFO] [stderr]     Checking uint-crate v0.8.1
[INFO] [stderr]     Checking tetsy-plain-hasher v0.2.1
[INFO] [stderr]     Checking elastic-array v0.10.3
[INFO] [stderr]     Checking vapbloom v0.8.0
[INFO] [stderr]    Compiling const-random-macro v0.1.13
[INFO] [stderr]     Checking const-random v0.1.13
[INFO] [stderr]     Checking ahash v0.2.19
[INFO] [stderr]     Checking tetsy-util-mem v0.5.2
[INFO] [stderr]     Checking tetsy-trie-db v0.19.2
[INFO] [stderr]     Checking tetsy-memory-db v0.19.0
[INFO] [stderr]     Checking tetsy-impl-codec v0.4.1
[INFO] [stderr]     Checking tetsy-primitive-types v0.6.0
[INFO] [stderr]     Checking vapory-types v0.8.0
[INFO] [stderr]     Checking tetsy-keccak-hash v0.4.0
[INFO] [stderr]     Checking tetsy-keccak-hasher v0.1.1
[INFO] [stderr]     Checking patricia-trie-vapory v0.1.1 (/opt/rustwide/workdir)
[INFO] [stdout] error[E0433]: failed to resolve: use of undeclared crate or module `journaldb`
[INFO] [stdout]    --> src/lib.rs:158:19
[INFO] [stdout]     |
[INFO] [stdout] 158 |         let mut memdb = journaldb::new_tetsy_memory_db();
[INFO] [stdout]     |                         ^^^^^^^^^ use of undeclared crate or module `journaldb`
[INFO] [stdout] 
[INFO] [stdout] 
[INFO] [stdout] error[E0433]: failed to resolve: use of undeclared crate or module `journaldb`
[INFO] [stdout]    --> src/lib.rs:176:19
[INFO] [stdout]     |
[INFO] [stdout] 176 |         let mut memdb = journaldb::new_tetsy_memory_db();
[INFO] [stdout]     |                         ^^^^^^^^^ use of undeclared crate or module `journaldb`
[INFO] [stdout] 
[INFO] [stdout] 
[INFO] [stdout] error[E0308]: mismatched types
[INFO] [stdout]    --> src/lib.rs:166:23
[INFO] [stdout]     |
[INFO] [stdout] 166 |         let t = TrieDB::new(&memdb, &root).unwrap();
[INFO] [stdout]     |                             ^^^^^^ expected trait `HashDBRef`, found trait `HashDB`
[INFO] [stdout]     |
[INFO] [stdout]     = note: expected reference `&dyn HashDBRef<KeccakHasher, Vec<u8>>`
[INFO] [stdout]                found reference `&dyn HashDB<KeccakHasher, Vec<u8>>`
[INFO] [stdout] 
[INFO] [stdout] 
[INFO] [stdout] error[E0308]: mismatched types
[INFO] [stdout]    --> src/lib.rs:183:23
[INFO] [stdout]     |
[INFO] [stdout] 183 |         let t = TrieDB::new(&memdb, &root).unwrap();
[INFO] [stdout]     |                             ^^^^^^ expected trait `HashDBRef`, found trait `HashDB`
[INFO] [stdout]     |
[INFO] [stdout]     = note: expected reference `&dyn HashDBRef<KeccakHasher, Vec<u8>>`
[INFO] [stdout]                found reference `&dyn HashDB<KeccakHasher, Vec<u8>>`
[INFO] [stdout] 
[INFO] [stdout] 
[INFO] [stdout] error: aborting due to 4 previous errors
[INFO] [stdout] 
[INFO] [stdout] 
[INFO] [stdout] Some errors have detailed explanations: E0308, E0433.
[INFO] [stdout] 
[INFO] [stdout] For more information about an error, try `rustc --explain E0308`.
[INFO] [stdout] 
[INFO] [stderr] error: could not compile `patricia-trie-vapory` due to 5 previous errors
[INFO] running `Command { std: "docker" "inspect" "07d22d70aef2c91cb2a775750f22af767408fdae8e83bf2e03ed878c7072b034", kill_on_drop: false }`
[INFO] running `Command { std: "docker" "rm" "-f" "07d22d70aef2c91cb2a775750f22af767408fdae8e83bf2e03ed878c7072b034", kill_on_drop: false }`
[INFO] [stdout] 07d22d70aef2c91cb2a775750f22af767408fdae8e83bf2e03ed878c7072b034
