[INFO] fetching crate parse-regex 0.0.1...
[INFO] checking parse-regex-0.0.1 against 1.55.0 for beta-1.56-3
[INFO] extracting crate parse-regex 0.0.1 into /workspace/builds/worker-7/source
[INFO] validating manifest of crates.io crate parse-regex 0.0.1 on toolchain 1.55.0
[INFO] running `Command { std: "/workspace/cargo-home/bin/cargo" "+1.55.0" "metadata" "--manifest-path" "Cargo.toml" "--no-deps", kill_on_drop: false }`
[INFO] started tweaking crates.io crate parse-regex 0.0.1
[INFO] finished tweaking crates.io crate parse-regex 0.0.1
[INFO] tweaked toml for crates.io crate parse-regex 0.0.1 written to /workspace/builds/worker-7/source/Cargo.toml
[INFO] running `Command { std: "/workspace/cargo-home/bin/cargo" "+1.55.0" "generate-lockfile" "--manifest-path" "Cargo.toml" "-Zno-index-update", kill_on_drop: false }`
[INFO] [stderr]     Blocking waiting for file lock on package cache
[INFO] running `Command { std: "/workspace/cargo-home/bin/cargo" "+1.55.0" "fetch" "--manifest-path" "Cargo.toml", kill_on_drop: false }`
[INFO] running `Command { std: "docker" "create" "-v" "/var/lib/crater-agent-workspace/builds/worker-7/target:/opt/rustwide/target:rw,Z" "-v" "/var/lib/crater-agent-workspace/builds/worker-7/source:/opt/rustwide/workdir:ro,Z" "-v" "/var/lib/crater-agent-workspace/cargo-home:/opt/rustwide/cargo-home:ro,Z" "-v" "/var/lib/crater-agent-workspace/rustup-home:/opt/rustwide/rustup-home:ro,Z" "-e" "SOURCE_DIR=/opt/rustwide/workdir" "-e" "CARGO_TARGET_DIR=/opt/rustwide/target" "-e" "CARGO_HOME=/opt/rustwide/cargo-home" "-e" "RUSTUP_HOME=/opt/rustwide/rustup-home" "-w" "/opt/rustwide/workdir" "-m" "1610612736" "--user" "0:0" "--network" "none" "ghcr.io/rust-lang/crates-build-env/linux@sha256:a89201d6b5b9fd45c15d5952ece0a0129e7e80cb26ec023fd59cf09bc26f1604" "/opt/rustwide/cargo-home/bin/cargo" "+1.55.0" "metadata" "--no-deps" "--format-version=1", kill_on_drop: false }`
[INFO] [stdout] 881032e6838ec6219143ef1c6ee262e97a63f848cc3f1bc4ed86df3c73ff1ff7
[INFO] [stderr] WARNING: Your kernel does not support swap limit capabilities or the cgroup is not mounted. Memory limited without swap.
[INFO] running `Command { std: "docker" "start" "-a" "881032e6838ec6219143ef1c6ee262e97a63f848cc3f1bc4ed86df3c73ff1ff7", kill_on_drop: false }`
[INFO] running `Command { std: "docker" "inspect" "881032e6838ec6219143ef1c6ee262e97a63f848cc3f1bc4ed86df3c73ff1ff7", kill_on_drop: false }`
[INFO] running `Command { std: "docker" "rm" "-f" "881032e6838ec6219143ef1c6ee262e97a63f848cc3f1bc4ed86df3c73ff1ff7", kill_on_drop: false }`
[INFO] [stdout] 881032e6838ec6219143ef1c6ee262e97a63f848cc3f1bc4ed86df3c73ff1ff7
[INFO] running `Command { std: "docker" "create" "-v" "/var/lib/crater-agent-workspace/builds/worker-7/target:/opt/rustwide/target:rw,Z" "-v" "/var/lib/crater-agent-workspace/builds/worker-7/source:/opt/rustwide/workdir:ro,Z" "-v" "/var/lib/crater-agent-workspace/cargo-home:/opt/rustwide/cargo-home:ro,Z" "-v" "/var/lib/crater-agent-workspace/rustup-home:/opt/rustwide/rustup-home:ro,Z" "-e" "SOURCE_DIR=/opt/rustwide/workdir" "-e" "CARGO_TARGET_DIR=/opt/rustwide/target" "-e" "CARGO_INCREMENTAL=0" "-e" "RUST_BACKTRACE=full" "-e" "RUSTFLAGS=--cap-lints=warn" "-e" "CARGO_HOME=/opt/rustwide/cargo-home" "-e" "RUSTUP_HOME=/opt/rustwide/rustup-home" "-w" "/opt/rustwide/workdir" "-m" "1610612736" "--user" "0:0" "--network" "none" "ghcr.io/rust-lang/crates-build-env/linux@sha256:a89201d6b5b9fd45c15d5952ece0a0129e7e80cb26ec023fd59cf09bc26f1604" "/opt/rustwide/cargo-home/bin/cargo" "+1.55.0" "check" "--frozen" "--all" "--all-targets" "--message-format=json", kill_on_drop: false }`
[INFO] [stderr] WARNING: Your kernel does not support swap limit capabilities or the cgroup is not mounted. Memory limited without swap.
[INFO] [stdout] e219d4fb38e5a8e25ab12417e23aac23aa4ecb8f1f62db9db92c2f6ad3b2f65f
[INFO] running `Command { std: "docker" "start" "-a" "e219d4fb38e5a8e25ab12417e23aac23aa4ecb8f1f62db9db92c2f6ad3b2f65f", kill_on_drop: false }`
[INFO] [stderr]     Checking parse-regex v0.0.1 (/opt/rustwide/workdir)
[INFO] [stdout] error[E0554]: `#![feature]` may not be used on the stable release channel
[INFO] [stdout]  --> src/lib.rs:1:1
[INFO] [stdout]   |
[INFO] [stdout] 1 | #![feature(collections)]
[INFO] [stdout]   | ^^^^^^^^^^^^^^^^^^^^^^^^
[INFO] [stdout] 
[INFO] [stdout] 
[INFO] [stdout] warning: use of deprecated macro `try`: use the `?` operator instead
[INFO] [stdout]   --> src/parser.rs:26:18
[INFO] [stdout]    |
[INFO] [stdout] 26 |         let t1 = try!(self.term());
[INFO] [stdout]    |                  ^^^
[INFO] [stdout]    |
[INFO] [stdout]    = note: `#[warn(deprecated)]` on by default
[INFO] [stdout] 
[INFO] [stdout] 
[INFO] [stdout] warning: use of deprecated macro `try`: use the `?` operator instead
[INFO] [stdout]   --> src/parser.rs:29:22
[INFO] [stdout]    |
[INFO] [stdout] 29 |             let t2 = try!(self.term());
[INFO] [stdout]    |                      ^^^
[INFO] [stdout] 
[INFO] [stdout] 
[INFO] [stdout] warning: use of deprecated macro `try`: use the `?` operator instead
[INFO] [stdout]   --> src/parser.rs:39:21
[INFO] [stdout]    |
[INFO] [stdout] 39 |             let f = try!(self.factor());
[INFO] [stdout]    |                     ^^^
[INFO] [stdout] 
[INFO] [stdout] 
[INFO] [stdout] warning: use of deprecated macro `try`: use the `?` operator instead
[INFO] [stdout]   --> src/parser.rs:46:17
[INFO] [stdout]    |
[INFO] [stdout] 46 |         let b = try!(self.base());
[INFO] [stdout]    |                 ^^^
[INFO] [stdout] 
[INFO] [stdout] 
[INFO] [stdout] warning: use of deprecated macro `try`: use the `?` operator instead
[INFO] [stdout]   --> src/parser.rs:58:21
[INFO] [stdout]    |
[INFO] [stdout] 58 |             let r = try!(self.regex());
[INFO] [stdout]    |                     ^^^
[INFO] [stdout] 
[INFO] [stdout] 
[INFO] [stdout] error[E0554]: `#![feature]` may not be used on the stable release channel
[INFO] [stdout]  --> src/lib.rs:1:1
[INFO] [stdout]   |
[INFO] [stdout] 1 | #![feature(collections)]
[INFO] [stdout]   | ^^^^^^^^^^^^^^^^^^^^^^^^
[INFO] [stdout] 
[INFO] [stdout] 
[INFO] [stdout] warning: use of deprecated macro `try`: use the `?` operator instead
[INFO] [stdout]   --> src/parser.rs:26:18
[INFO] [stdout]    |
[INFO] [stdout] 26 |         let t1 = try!(self.term());
[INFO] [stdout]    |                  ^^^
[INFO] [stdout]    |
[INFO] [stdout]    = note: `#[warn(deprecated)]` on by default
[INFO] [stdout] 
[INFO] [stdout] 
[INFO] [stdout] warning: use of deprecated macro `try`: use the `?` operator instead
[INFO] [stdout]   --> src/parser.rs:29:22
[INFO] [stdout]    |
[INFO] [stdout] 29 |             let t2 = try!(self.term());
[INFO] [stdout]    |                      ^^^
[INFO] [stdout] 
[INFO] [stdout] 
[INFO] [stdout] warning: use of deprecated macro `try`: use the `?` operator instead
[INFO] [stdout]   --> src/parser.rs:39:21
[INFO] [stdout]    |
[INFO] [stdout] 39 |             let f = try!(self.factor());
[INFO] [stdout]    |                     ^^^
[INFO] [stdout] 
[INFO] [stdout] 
[INFO] [stdout] warning: use of deprecated macro `try`: use the `?` operator instead
[INFO] [stdout]   --> src/parser.rs:46:17
[INFO] [stdout]    |
[INFO] [stdout] 46 |         let b = try!(self.base());
[INFO] [stdout]    |                 ^^^
[INFO] [stdout] 
[INFO] [stdout] 
[INFO] [stdout] warning: use of deprecated macro `try`: use the `?` operator instead
[INFO] [stdout]   --> src/parser.rs:58:21
[INFO] [stdout]    |
[INFO] [stdout] 58 |             let r = try!(self.regex());
[INFO] [stdout]    |                     ^^^
[INFO] [stdout] 
[INFO] [stdout] 
[INFO] [stdout] error[E0599]: no method named `char_at` found for struct `String` in the current scope
[INFO] [stdout]   --> src/parser.rs:68:16
[INFO] [stdout]    |
[INFO] [stdout] 68 |         self.s.char_at(self.pos)
[INFO] [stdout]    |                ^^^^^^^ method not found in `String`
[INFO] [stdout] 
[INFO] [stdout] 
[INFO] [stdout] error: aborting due to 2 previous errors; 5 warnings emitted
[INFO] [stdout] 
[INFO] [stdout] 
[INFO] [stdout] Some errors have detailed explanations: E0554, E0599.
[INFO] [stdout] 
[INFO] [stdout] For more information about an error, try `rustc --explain E0554`.
[INFO] [stdout] 
[INFO] [stderr] error: could not compile `parse-regex` due to 3 previous errors; 5 warnings emitted
[INFO] [stderr] warning: build failed, waiting for other jobs to finish...
[INFO] [stdout] error[E0599]: no method named `char_at` found for struct `String` in the current scope
[INFO] [stdout]   --> src/parser.rs:68:16
[INFO] [stdout]    |
[INFO] [stdout] 68 |         self.s.char_at(self.pos)
[INFO] [stdout]    |                ^^^^^^^ method not found in `String`
[INFO] [stdout] 
[INFO] [stdout] 
[INFO] [stdout] error: aborting due to 2 previous errors; 5 warnings emitted
[INFO] [stdout] 
[INFO] [stdout] 
[INFO] [stdout] Some errors have detailed explanations: E0554, E0599.
[INFO] [stdout] 
[INFO] [stdout] For more information about an error, try `rustc --explain E0554`.
[INFO] [stdout] 
[INFO] [stderr] error: build failed
[INFO] running `Command { std: "docker" "inspect" "e219d4fb38e5a8e25ab12417e23aac23aa4ecb8f1f62db9db92c2f6ad3b2f65f", kill_on_drop: false }`
[INFO] running `Command { std: "docker" "rm" "-f" "e219d4fb38e5a8e25ab12417e23aac23aa4ecb8f1f62db9db92c2f6ad3b2f65f", kill_on_drop: false }`
[INFO] [stdout] e219d4fb38e5a8e25ab12417e23aac23aa4ecb8f1f62db9db92c2f6ad3b2f65f
