[INFO] fetching crate paperclip-actix 0.4.0...
[INFO] checking paperclip-actix-0.4.0 against 1.55.0 for beta-1.56-3
[INFO] extracting crate paperclip-actix 0.4.0 into /workspace/builds/worker-11/source
[INFO] validating manifest of crates.io crate paperclip-actix 0.4.0 on toolchain 1.55.0
[INFO] running `Command { std: "/workspace/cargo-home/bin/cargo" "+1.55.0" "metadata" "--manifest-path" "Cargo.toml" "--no-deps", kill_on_drop: false }`
[INFO] started tweaking crates.io crate paperclip-actix 0.4.0
[INFO] finished tweaking crates.io crate paperclip-actix 0.4.0
[INFO] tweaked toml for crates.io crate paperclip-actix 0.4.0 written to /workspace/builds/worker-11/source/Cargo.toml
[INFO] running `Command { std: "/workspace/cargo-home/bin/cargo" "+1.55.0" "generate-lockfile" "--manifest-path" "Cargo.toml" "-Zno-index-update", kill_on_drop: false }`
[INFO] running `Command { std: "/workspace/cargo-home/bin/cargo" "+1.55.0" "fetch" "--manifest-path" "Cargo.toml", kill_on_drop: false }`
[INFO] [stderr]     Blocking waiting for file lock on package cache
[INFO] running `Command { std: "docker" "create" "-v" "/var/lib/crater-agent-workspace/builds/worker-11/target:/opt/rustwide/target:rw,Z" "-v" "/var/lib/crater-agent-workspace/builds/worker-11/source:/opt/rustwide/workdir:ro,Z" "-v" "/var/lib/crater-agent-workspace/cargo-home:/opt/rustwide/cargo-home:ro,Z" "-v" "/var/lib/crater-agent-workspace/rustup-home:/opt/rustwide/rustup-home:ro,Z" "-e" "SOURCE_DIR=/opt/rustwide/workdir" "-e" "CARGO_TARGET_DIR=/opt/rustwide/target" "-e" "CARGO_HOME=/opt/rustwide/cargo-home" "-e" "RUSTUP_HOME=/opt/rustwide/rustup-home" "-w" "/opt/rustwide/workdir" "-m" "1610612736" "--user" "0:0" "--network" "none" "ghcr.io/rust-lang/crates-build-env/linux@sha256:a89201d6b5b9fd45c15d5952ece0a0129e7e80cb26ec023fd59cf09bc26f1604" "/opt/rustwide/cargo-home/bin/cargo" "+1.55.0" "metadata" "--no-deps" "--format-version=1", kill_on_drop: false }`
[INFO] [stdout] eae3e7a81326c692742d81768ccc3797abcb2dd0d6f6f642c7d52a84a8a247bf
[INFO] [stderr] WARNING: Your kernel does not support swap limit capabilities or the cgroup is not mounted. Memory limited without swap.
[INFO] running `Command { std: "docker" "start" "-a" "eae3e7a81326c692742d81768ccc3797abcb2dd0d6f6f642c7d52a84a8a247bf", kill_on_drop: false }`
[INFO] running `Command { std: "docker" "inspect" "eae3e7a81326c692742d81768ccc3797abcb2dd0d6f6f642c7d52a84a8a247bf", kill_on_drop: false }`
[INFO] running `Command { std: "docker" "rm" "-f" "eae3e7a81326c692742d81768ccc3797abcb2dd0d6f6f642c7d52a84a8a247bf", kill_on_drop: false }`
[INFO] [stdout] eae3e7a81326c692742d81768ccc3797abcb2dd0d6f6f642c7d52a84a8a247bf
[INFO] running `Command { std: "docker" "create" "-v" "/var/lib/crater-agent-workspace/builds/worker-11/target:/opt/rustwide/target:rw,Z" "-v" "/var/lib/crater-agent-workspace/builds/worker-11/source:/opt/rustwide/workdir:ro,Z" "-v" "/var/lib/crater-agent-workspace/cargo-home:/opt/rustwide/cargo-home:ro,Z" "-v" "/var/lib/crater-agent-workspace/rustup-home:/opt/rustwide/rustup-home:ro,Z" "-e" "SOURCE_DIR=/opt/rustwide/workdir" "-e" "CARGO_TARGET_DIR=/opt/rustwide/target" "-e" "CARGO_INCREMENTAL=0" "-e" "RUST_BACKTRACE=full" "-e" "RUSTFLAGS=--cap-lints=warn" "-e" "CARGO_HOME=/opt/rustwide/cargo-home" "-e" "RUSTUP_HOME=/opt/rustwide/rustup-home" "-w" "/opt/rustwide/workdir" "-m" "1610612736" "--user" "0:0" "--network" "none" "ghcr.io/rust-lang/crates-build-env/linux@sha256:a89201d6b5b9fd45c15d5952ece0a0129e7e80cb26ec023fd59cf09bc26f1604" "/opt/rustwide/cargo-home/bin/cargo" "+1.55.0" "check" "--frozen" "--all" "--all-targets" "--message-format=json", kill_on_drop: false }`
[INFO] [stderr] WARNING: Your kernel does not support swap limit capabilities or the cgroup is not mounted. Memory limited without swap.
[INFO] [stdout] 51713f03b94f796732481feed98b1d4478a6dfb2167a094821aeeeee83484a99
[INFO] running `Command { std: "docker" "start" "-a" "51713f03b94f796732481feed98b1d4478a6dfb2167a094821aeeeee83484a99", kill_on_drop: false }`
[INFO] [stderr]     Blocking waiting for file lock on package cache
[INFO] [stderr]    Compiling syn v1.0.80
[INFO] [stderr]    Compiling strum v0.22.0
[INFO] [stderr]    Compiling proc-macro-error v1.0.4
[INFO] [stderr]    Compiling futures-macro v0.3.17
[INFO] [stderr]    Compiling pin-project-internal v0.4.28
[INFO] [stderr]    Compiling strum_macros v0.22.0
[INFO] [stderr]     Checking futures-util v0.3.17
[INFO] [stderr]     Checking pin-project v0.4.28
[INFO] [stderr]    Compiling paperclip-macros v0.5.1
[INFO] [stderr]     Checking futures-executor v0.3.17
[INFO] [stderr]     Checking actix-service v1.0.6
[INFO] [stderr]     Checking futures v0.3.17
[INFO] [stderr]     Checking paperclip-actix v0.4.0 (/opt/rustwide/workdir)
[INFO] [stdout] error[E0433]: failed to resolve: use of undeclared crate or module `actix_web`
[INFO] [stdout]  --> src/web.rs:3:9
[INFO] [stdout]   |
[INFO] [stdout] 3 | pub use actix_web::web::{
[INFO] [stdout]   |         ^^^^^^^^^ use of undeclared crate or module `actix_web`
[INFO] [stdout] 
[INFO] [stdout] 
[INFO] [stdout] error[E0433]: failed to resolve: use of undeclared crate or module `actix_web`
[INFO] [stdout]   --> src/web.rs:10:5
[INFO] [stdout]    |
[INFO] [stdout] 10 | use actix_web::{
[INFO] [stdout]    |     ^^^^^^^^^ use of undeclared crate or module `actix_web`
[INFO] [stdout] 
[INFO] [stdout] 
[INFO] [stdout] error[E0433]: failed to resolve: use of undeclared crate or module `paperclip_core`
[INFO] [stdout]   --> src/web.rs:16:5
[INFO] [stdout]    |
[INFO] [stdout] 16 | use paperclip_core::v2::{
[INFO] [stdout]    |     ^^^^^^^^^^^^^^ use of undeclared crate or module `paperclip_core`
[INFO] [stdout] 
[INFO] [stdout] 
[INFO] [stdout] error[E0433]: failed to resolve: use of undeclared crate or module `actix_web`
[INFO] [stdout]   --> src/lib.rs:19:5
[INFO] [stdout]    |
[INFO] [stdout] 19 | use actix_web::{
[INFO] [stdout]    |     ^^^^^^^^^ use of undeclared crate or module `actix_web`
[INFO] [stdout] 
[INFO] [stdout] 
[INFO] [stdout] error[E0432]: unresolved import `actix_web`
[INFO] [stdout]   --> src/web.rs:10:5
[INFO] [stdout]    |
[INFO] [stdout] 10 | use actix_web::{
[INFO] [stdout]    |     ^^^^^^^^^ use of undeclared crate or module `actix_web`
[INFO] [stdout] 
[INFO] [stdout] 
[INFO] [stdout] error[E0433]: failed to resolve: use of undeclared crate or module `paperclip_core`
[INFO] [stdout]   --> src/lib.rs:25:5
[INFO] [stdout]    |
[INFO] [stdout] 25 | use paperclip_core::v2::models::{
[INFO] [stdout]    |     ^^^^^^^^^^^^^^ use of undeclared crate or module `paperclip_core`
[INFO] [stdout] 
[INFO] [stdout] 
[INFO] [stdout] error[E0432]: unresolved import `actix_web`
[INFO] [stdout]   --> src/lib.rs:19:5
[INFO] [stdout]    |
[INFO] [stdout] 19 | use actix_web::{
[INFO] [stdout]    |     ^^^^^^^^^ use of undeclared crate or module `actix_web`
[INFO] [stdout] 
[INFO] [stdout] 
[INFO] [stdout] error[E0433]: failed to resolve: use of undeclared crate or module `actix_web`
[INFO] [stdout]  --> src/web.rs:3:9
[INFO] [stdout]   |
[INFO] [stdout] 3 | pub use actix_web::web::{
[INFO] [stdout]   |         ^^^^^^^^^ use of undeclared crate or module `actix_web`
[INFO] [stdout] 
[INFO] [stdout] 
[INFO] [stdout] error[E0433]: failed to resolve: use of undeclared crate or module `actix_web`
[INFO] [stdout]   --> src/web.rs:10:5
[INFO] [stdout]    |
[INFO] [stdout] 10 | use actix_web::{
[INFO] [stdout]    |     ^^^^^^^^^ use of undeclared crate or module `actix_web`
[INFO] [stdout] 
[INFO] [stdout] 
[INFO] [stdout] error[E0433]: failed to resolve: use of undeclared crate or module `paperclip_core`
[INFO] [stdout]   --> src/web.rs:16:5
[INFO] [stdout]    |
[INFO] [stdout] 16 | use paperclip_core::v2::{
[INFO] [stdout]    |     ^^^^^^^^^^^^^^ use of undeclared crate or module `paperclip_core`
[INFO] [stdout] 
[INFO] [stdout] 
[INFO] [stdout] error[E0433]: failed to resolve: use of undeclared crate or module `actix_web`
[INFO] [stdout]   --> src/lib.rs:19:5
[INFO] [stdout]    |
[INFO] [stdout] 19 | use actix_web::{
[INFO] [stdout]    |     ^^^^^^^^^ use of undeclared crate or module `actix_web`
[INFO] [stdout] 
[INFO] [stdout] 
[INFO] [stdout] error[E0432]: unresolved import `actix_web`
[INFO] [stdout]   --> src/web.rs:10:5
[INFO] [stdout]    |
[INFO] [stdout] 10 | use actix_web::{
[INFO] [stdout]    |     ^^^^^^^^^ use of undeclared crate or module `actix_web`
[INFO] [stdout] 
[INFO] [stdout] 
[INFO] [stdout] error[E0433]: failed to resolve: use of undeclared crate or module `paperclip_core`
[INFO] [stdout]   --> src/lib.rs:25:5
[INFO] [stdout]    |
[INFO] [stdout] 25 | use paperclip_core::v2::models::{
[INFO] [stdout]    |     ^^^^^^^^^^^^^^ use of undeclared crate or module `paperclip_core`
[INFO] [stdout] 
[INFO] [stdout] 
[INFO] [stdout] error[E0432]: unresolved import `actix_web`
[INFO] [stdout]   --> src/lib.rs:19:5
[INFO] [stdout]    |
[INFO] [stdout] 19 | use actix_web::{
[INFO] [stdout]    |     ^^^^^^^^^ use of undeclared crate or module `actix_web`
[INFO] [stdout] 
[INFO] [stdout] 
[INFO] [stdout] error[E0433]: failed to resolve: use of undeclared type `Method`
[INFO] [stdout]   --> src/web.rs:26:5
[INFO] [stdout]    |
[INFO] [stdout] 26 |     Method::GET,
[INFO] [stdout]    |     ^^^^^^ use of undeclared type `Method`
[INFO] [stdout] 
[INFO] [stdout] 
[INFO] [stdout] error[E0433]: failed to resolve: use of undeclared type `Method`
[INFO] [stdout]   --> src/web.rs:27:5
[INFO] [stdout]    |
[INFO] [stdout] 27 |     Method::PUT,
[INFO] [stdout]    |     ^^^^^^ use of undeclared type `Method`
[INFO] [stdout] 
[INFO] [stdout] 
[INFO] [stdout] error[E0433]: failed to resolve: use of undeclared type `Method`
[INFO] [stdout]   --> src/web.rs:28:5
[INFO] [stdout]    |
[INFO] [stdout] 28 |     Method::POST,
[INFO] [stdout]    |     ^^^^^^ use of undeclared type `Method`
[INFO] [stdout] 
[INFO] [stdout] 
[INFO] [stdout] error[E0433]: failed to resolve: use of undeclared type `Method`
[INFO] [stdout]   --> src/web.rs:29:5
[INFO] [stdout]    |
[INFO] [stdout] 29 |     Method::DELETE,
[INFO] [stdout]    |     ^^^^^^ use of undeclared type `Method`
[INFO] [stdout] 
[INFO] [stdout] 
[INFO] [stdout] error[E0433]: failed to resolve: use of undeclared type `Method`
[INFO] [stdout]   --> src/web.rs:30:5
[INFO] [stdout]    |
[INFO] [stdout] 30 |     Method::OPTIONS,
[INFO] [stdout]    |     ^^^^^^ use of undeclared type `Method`
[INFO] [stdout] 
[INFO] [stdout] 
[INFO] [stdout] error[E0433]: failed to resolve: use of undeclared type `Method`
[INFO] [stdout]   --> src/web.rs:31:5
[INFO] [stdout]    |
[INFO] [stdout] 31 |     Method::HEAD,
[INFO] [stdout]    |     ^^^^^^ use of undeclared type `Method`
[INFO] [stdout] 
[INFO] [stdout] 
[INFO] [stdout] error[E0433]: failed to resolve: use of undeclared type `Method`
[INFO] [stdout]   --> src/web.rs:32:5
[INFO] [stdout]    |
[INFO] [stdout] 32 |     Method::PATCH,
[INFO] [stdout]    |     ^^^^^^ use of undeclared type `Method`
[INFO] [stdout] 
[INFO] [stdout] 
[INFO] [stdout] error[E0433]: failed to resolve: use of undeclared crate or module `actix_web`
[INFO] [stdout]   --> src/web.rs:38:25
[INFO] [stdout]    |
[INFO] [stdout] 38 | pub struct Resource<R = actix_web::Resource> {
[INFO] [stdout]    |                         ^^^^^^^^^ use of undeclared crate or module `actix_web`
[INFO] [stdout] 
[INFO] [stdout] 
[INFO] [stdout] error[E0433]: failed to resolve: use of undeclared type `Method`
[INFO] [stdout]   --> src/web.rs:26:5
[INFO] [stdout]    |
[INFO] [stdout] 26 |     Method::GET,
[INFO] [stdout]    |     ^^^^^^ use of undeclared type `Method`
[INFO] [stdout] 
[INFO] [stdout] 
[INFO] [stdout] error[E0433]: failed to resolve: use of undeclared type `Method`
[INFO] [stdout]   --> src/web.rs:27:5
[INFO] [stdout]    |
[INFO] [stdout] 27 |     Method::PUT,
[INFO] [stdout]    |     ^^^^^^ use of undeclared type `Method`
[INFO] [stdout] 
[INFO] [stdout] 
[INFO] [stdout] error[E0433]: failed to resolve: use of undeclared type `Method`
[INFO] [stdout]   --> src/web.rs:28:5
[INFO] [stdout]    |
[INFO] [stdout] 28 |     Method::POST,
[INFO] [stdout]    |     ^^^^^^ use of undeclared type `Method`
[INFO] [stdout] 
[INFO] [stdout] 
[INFO] [stdout] error[E0433]: failed to resolve: use of undeclared type `Method`
[INFO] [stdout]   --> src/web.rs:29:5
[INFO] [stdout]    |
[INFO] [stdout] 29 |     Method::DELETE,
[INFO] [stdout]    |     ^^^^^^ use of undeclared type `Method`
[INFO] [stdout] 
[INFO] [stdout] 
[INFO] [stdout] error[E0433]: failed to resolve: use of undeclared type `Method`
[INFO] [stdout]   --> src/web.rs:30:5
[INFO] [stdout]    |
[INFO] [stdout] 30 |     Method::OPTIONS,
[INFO] [stdout]    |     ^^^^^^ use of undeclared type `Method`
[INFO] [stdout] 
[INFO] [stdout] 
[INFO] [stdout] error[E0433]: failed to resolve: use of undeclared type `Method`
[INFO] [stdout]   --> src/web.rs:31:5
[INFO] [stdout]    |
[INFO] [stdout] 31 |     Method::HEAD,
[INFO] [stdout]    |     ^^^^^^ use of undeclared type `Method`
[INFO] [stdout] 
[INFO] [stdout] 
[INFO] [stdout] error[E0433]: failed to resolve: use of undeclared type `Method`
[INFO] [stdout]   --> src/web.rs:32:5
[INFO] [stdout]    |
[INFO] [stdout] 32 |     Method::PATCH,
[INFO] [stdout]    |     ^^^^^^ use of undeclared type `Method`
[INFO] [stdout] 
[INFO] [stdout] 
[INFO] [stdout] error[E0433]: failed to resolve: use of undeclared crate or module `actix_web`
[INFO] [stdout]   --> src/web.rs:38:25
[INFO] [stdout]    |
[INFO] [stdout] 38 | pub struct Resource<R = actix_web::Resource> {
[INFO] [stdout]    |                         ^^^^^^^^^ use of undeclared crate or module `actix_web`
[INFO] [stdout] 
[INFO] [stdout] 
[INFO] [stdout] error[E0433]: failed to resolve: use of undeclared crate or module `actix_web`
[INFO] [stdout]   --> src/web.rs:59:41
[INFO] [stdout]    |
[INFO] [stdout] 59 | impl<T> HttpServiceFactory for Resource<actix_web::Resource<T>>
[INFO] [stdout]    |                                         ^^^^^^^^^ use of undeclared crate or module `actix_web`
[INFO] [stdout] 
[INFO] [stdout] 
[INFO] [stdout] error[E0433]: failed to resolve: use of undeclared crate or module `actix_web`
[INFO] [stdout]   --> src/web.rs:59:41
[INFO] [stdout]    |
[INFO] [stdout] 59 | impl<T> HttpServiceFactory for Resource<actix_web::Resource<T>>
[INFO] [stdout]    |                                         ^^^^^^^^^ use of undeclared crate or module `actix_web`
[INFO] [stdout] 
[INFO] [stdout] 
[INFO] [stdout] error[E0433]: failed to resolve: use of undeclared crate or module `actix_web`
[INFO] [stdout]   --> src/web.rs:74:44
[INFO] [stdout]    |
[INFO] [stdout] 74 | impl<T> IntoServiceFactory<T> for Resource<actix_web::Resource<T>>
[INFO] [stdout]    |                                            ^^^^^^^^^ use of undeclared crate or module `actix_web`
[INFO] [stdout] 
[INFO] [stdout] 
[INFO] [stdout] error[E0433]: failed to resolve: use of undeclared crate or module `actix_web`
[INFO] [stdout]   --> src/web.rs:74:44
[INFO] [stdout]    |
[INFO] [stdout] 74 | impl<T> IntoServiceFactory<T> for Resource<actix_web::Resource<T>>
[INFO] [stdout]    |                                            ^^^^^^^^^ use of undeclared crate or module `actix_web`
[INFO] [stdout] 
[INFO] [stdout] 
[INFO] [stdout] error[E0433]: failed to resolve: use of undeclared crate or module `actix_web`
[INFO] [stdout]    --> src/web.rs:107:18
[INFO] [stdout]     |
[INFO] [stdout] 107 | impl<T> Resource<actix_web::Resource<T>>
[INFO] [stdout]     |                  ^^^^^^^^^ use of undeclared crate or module `actix_web`
[INFO] [stdout] 
[INFO] [stdout] 
[INFO] [stdout] error[E0433]: failed to resolve: use of undeclared type `SecurityScheme`
[INFO] [stdout]    --> src/web.rs:138:9
[INFO] [stdout]     |
[INFO] [stdout] 138 |         SecurityScheme::append_map(w.security, &mut self.security);
[INFO] [stdout]     |         ^^^^^^^^^^^^^^ use of undeclared type `SecurityScheme`
[INFO] [stdout] 
[INFO] [stdout] 
[INFO] [stdout] error[E0433]: failed to resolve: use of undeclared crate or module `actix_web`
[INFO] [stdout]    --> src/web.rs:107:18
[INFO] [stdout]     |
[INFO] [stdout] 107 | impl<T> Resource<actix_web::Resource<T>>
[INFO] [stdout]     |                  ^^^^^^^^^ use of undeclared crate or module `actix_web`
[INFO] [stdout] 
[INFO] [stdout] 
[INFO] [stdout] error[E0433]: failed to resolve: use of undeclared type `SecurityScheme`
[INFO] [stdout]    --> src/web.rs:138:9
[INFO] [stdout]     |
[INFO] [stdout] 138 |         SecurityScheme::append_map(w.security, &mut self.security);
[INFO] [stdout]     |         ^^^^^^^^^^^^^^ use of undeclared type `SecurityScheme`
[INFO] [stdout] 
[INFO] [stdout] 
[INFO] [stdout] error[E0433]: failed to resolve: use of undeclared crate or module `actix_web`
[INFO] [stdout]    --> src/web.rs:180:9
[INFO] [stdout]     |
[INFO] [stdout] 180 |         actix_web::Resource<
[INFO] [stdout]     |         ^^^^^^^^^ use of undeclared crate or module `actix_web`
[INFO] [stdout] 
[INFO] [stdout] 
[INFO] [stdout] error[E0433]: failed to resolve: use of undeclared crate or module `actix_web`
[INFO] [stdout]    --> src/web.rs:215:9
[INFO] [stdout]     |
[INFO] [stdout] 215 |         actix_web::Resource<
[INFO] [stdout]     |         ^^^^^^^^^ use of undeclared crate or module `actix_web`
[INFO] [stdout] 
[INFO] [stdout] 
[INFO] [stdout] error[E0433]: failed to resolve: use of undeclared crate or module `actix_web`
[INFO] [stdout]    --> src/web.rs:180:9
[INFO] [stdout]     |
[INFO] [stdout] 180 |         actix_web::Resource<
[INFO] [stdout]     |         ^^^^^^^^^ use of undeclared crate or module `actix_web`
[INFO] [stdout] 
[INFO] [stdout] 
[INFO] [stdout] error[E0433]: failed to resolve: use of undeclared crate or module `actix_web`
[INFO] [stdout]    --> src/web.rs:215:9
[INFO] [stdout]     |
[INFO] [stdout] 215 |         actix_web::Resource<
[INFO] [stdout]     |         ^^^^^^^^^ use of undeclared crate or module `actix_web`
[INFO] [stdout] 
[INFO] [stdout] 
[INFO] [stdout] error[E0433]: failed to resolve: use of undeclared type `SecurityScheme`
[INFO] [stdout]    --> src/web.rs:269:9
[INFO] [stdout]     |
[INFO] [stdout] 269 |         SecurityScheme::append_map(U::security_definitions(), &mut self.security);
[INFO] [stdout]     |         ^^^^^^^^^^^^^^ use of undeclared type `SecurityScheme`
[INFO] [stdout] 
[INFO] [stdout] 
[INFO] [stdout] error[E0433]: failed to resolve: use of undeclared crate or module `actix_web`
[INFO] [stdout]    --> src/web.rs:281:22
[INFO] [stdout]     |
[INFO] [stdout] 281 | pub struct Scope<S = actix_web::Scope> {
[INFO] [stdout]     |                      ^^^^^^^^^ use of undeclared crate or module `actix_web`
[INFO] [stdout] 
[INFO] [stdout] 
[INFO] [stdout] error[E0433]: failed to resolve: use of undeclared crate or module `actix_web`
[INFO] [stdout]    --> src/web.rs:302:38
[INFO] [stdout]     |
[INFO] [stdout] 302 | impl<T> HttpServiceFactory for Scope<actix_web::Scope<T>>
[INFO] [stdout]     |                                      ^^^^^^^^^ use of undeclared crate or module `actix_web`
[INFO] [stdout] 
[INFO] [stdout] 
[INFO] [stdout] error[E0433]: failed to resolve: use of undeclared type `SecurityScheme`
[INFO] [stdout]    --> src/web.rs:269:9
[INFO] [stdout]     |
[INFO] [stdout] 269 |         SecurityScheme::append_map(U::security_definitions(), &mut self.security);
[INFO] [stdout]     |         ^^^^^^^^^^^^^^ use of undeclared type `SecurityScheme`
[INFO] [stdout] 
[INFO] [stdout] 
[INFO] [stdout] error[E0433]: failed to resolve: use of undeclared crate or module `actix_web`
[INFO] [stdout]    --> src/web.rs:281:22
[INFO] [stdout]     |
[INFO] [stdout] 281 | pub struct Scope<S = actix_web::Scope> {
[INFO] [stdout]     |                      ^^^^^^^^^ use of undeclared crate or module `actix_web`
[INFO] [stdout] 
[INFO] [stdout] 
[INFO] [stdout] error[E0433]: failed to resolve: use of undeclared crate or module `actix_web`
[INFO] [stdout]    --> src/web.rs:319:15
[INFO] [stdout]     |
[INFO] [stdout] 319 | impl<T> Scope<actix_web::Scope<T>>
[INFO] [stdout]     |               ^^^^^^^^^ use of undeclared crate or module `actix_web`
[INFO] [stdout] 
[INFO] [stdout] 
[INFO] [stdout] error[E0433]: failed to resolve: use of undeclared crate or module `actix_web`
[INFO] [stdout]    --> src/web.rs:302:38
[INFO] [stdout]     |
[INFO] [stdout] 302 | impl<T> HttpServiceFactory for Scope<actix_web::Scope<T>>
[INFO] [stdout]     |                                      ^^^^^^^^^ use of undeclared crate or module `actix_web`
[INFO] [stdout] 
[INFO] [stdout] 
[INFO] [stdout] error[E0433]: failed to resolve: use of undeclared crate or module `actix_web`
[INFO] [stdout]    --> src/web.rs:319:15
[INFO] [stdout]     |
[INFO] [stdout] 319 | impl<T> Scope<actix_web::Scope<T>>
[INFO] [stdout]     |               ^^^^^^^^^ use of undeclared crate or module `actix_web`
[INFO] [stdout] 
[INFO] [stdout] 
[INFO] [stdout] error[E0433]: failed to resolve: use of undeclared crate or module `actix_web`
[INFO] [stdout]    --> src/web.rs:412:9
[INFO] [stdout]     |
[INFO] [stdout] 412 |         actix_web::Scope<
[INFO] [stdout]     |         ^^^^^^^^^ use of undeclared crate or module `actix_web`
[INFO] [stdout] 
[INFO] [stdout] 
[INFO] [stdout] error[E0433]: failed to resolve: use of undeclared crate or module `actix_web`
[INFO] [stdout]    --> src/web.rs:447:9
[INFO] [stdout]     |
[INFO] [stdout] 447 |         actix_web::Scope<
[INFO] [stdout]     |         ^^^^^^^^^ use of undeclared crate or module `actix_web`
[INFO] [stdout] 
[INFO] [stdout] 
[INFO] [stdout] error[E0433]: failed to resolve: use of undeclared type `SecurityScheme`
[INFO] [stdout]    --> src/web.rs:487:9
[INFO] [stdout]     |
[INFO] [stdout] 487 |         SecurityScheme::append_map(factory.security_definitions(), &mut self.security);
[INFO] [stdout]     |         ^^^^^^^^^^^^^^ use of undeclared type `SecurityScheme`
[INFO] [stdout] 
[INFO] [stdout] 
[INFO] [stdout] error[E0433]: failed to resolve: use of undeclared crate or module `actix_web`
[INFO] [stdout]    --> src/web.rs:412:9
[INFO] [stdout]     |
[INFO] [stdout] 412 |         actix_web::Scope<
[INFO] [stdout]     |         ^^^^^^^^^ use of undeclared crate or module `actix_web`
[INFO] [stdout] 
[INFO] [stdout] 
[INFO] [stdout] error[E0433]: failed to resolve: use of undeclared crate or module `actix_web`
[INFO] [stdout]    --> src/web.rs:447:9
[INFO] [stdout]     |
[INFO] [stdout] 447 |         actix_web::Scope<
[INFO] [stdout]     |         ^^^^^^^^^ use of undeclared crate or module `actix_web`
[INFO] [stdout] 
[INFO] [stdout] 
[INFO] [stdout] error[E0433]: failed to resolve: use of undeclared crate or module `actix_web`
[INFO] [stdout]    --> src/web.rs:529:12
[INFO] [stdout]     |
[INFO] [stdout] 529 |     inner: actix_web::Route,
[INFO] [stdout]     |            ^^^^^^^^^ use of undeclared crate or module `actix_web`
[INFO] [stdout] 
[INFO] [stdout] 
[INFO] [stdout] error[E0433]: failed to resolve: use of undeclared type `SecurityScheme`
[INFO] [stdout]    --> src/web.rs:487:9
[INFO] [stdout]     |
[INFO] [stdout] 487 |         SecurityScheme::append_map(factory.security_definitions(), &mut self.security);
[INFO] [stdout]     |         ^^^^^^^^^^^^^^ use of undeclared type `SecurityScheme`
[INFO] [stdout] 
[INFO] [stdout] 
[INFO] [stdout] error[E0433]: failed to resolve: use of undeclared crate or module `actix_web`
[INFO] [stdout]    --> src/web.rs:538:21
[INFO] [stdout]     |
[INFO] [stdout] 538 |     type Service = <actix_web::Route as ServiceFactory>::Service;
[INFO] [stdout]     |                     ^^^^^^^^^ use of undeclared crate or module `actix_web`
[INFO] [stdout] 
[INFO] [stdout] 
[INFO] [stdout] error[E0433]: failed to resolve: use of undeclared crate or module `actix_web`
[INFO] [stdout]    --> src/web.rs:539:20
[INFO] [stdout]     |
[INFO] [stdout] 539 |     type Future = <actix_web::Route as ServiceFactory>::Future;
[INFO] [stdout]     |                    ^^^^^^^^^ use of undeclared crate or module `actix_web`
[INFO] [stdout] 
[INFO] [stdout] 
[INFO] [stdout] error[E0433]: failed to resolve: use of undeclared type `HttpMethod`
[INFO] [stdout]    --> src/web.rs:562:28
[INFO] [stdout]     |
[INFO] [stdout] 562 |         self.method = Some(HttpMethod::from(&method));
[INFO] [stdout]     |                            ^^^^^^^^^^ use of undeclared type `HttpMethod`
[INFO] [stdout] 
[INFO] [stdout] 
[INFO] [stdout] error[E0433]: failed to resolve: use of undeclared type `Method`
[INFO] [stdout]    --> src/web.rs:598:12
[INFO] [stdout]     |
[INFO] [stdout] 598 |     method(Method::GET)
[INFO] [stdout]     |            ^^^^^^ use of undeclared type `Method`
[INFO] [stdout] 
[INFO] [stdout] 
[INFO] [stdout] error[E0433]: failed to resolve: use of undeclared type `Method`
[INFO] [stdout]    --> src/web.rs:603:12
[INFO] [stdout]     |
[INFO] [stdout] 603 |     method(Method::PUT)
[INFO] [stdout]     |            ^^^^^^ use of undeclared type `Method`
[INFO] [stdout] 
[INFO] [stdout] 
[INFO] [stdout] error[E0433]: failed to resolve: use of undeclared type `Method`
[INFO] [stdout]    --> src/web.rs:608:12
[INFO] [stdout]     |
[INFO] [stdout] 608 |     method(Method::POST)
[INFO] [stdout]     |            ^^^^^^ use of undeclared type `Method`
[INFO] [stdout] 
[INFO] [stdout] 
[INFO] [stdout] error[E0433]: failed to resolve: use of undeclared type `Method`
[INFO] [stdout]    --> src/web.rs:613:12
[INFO] [stdout]     |
[INFO] [stdout] 613 |     method(Method::PATCH)
[INFO] [stdout]     |            ^^^^^^ use of undeclared type `Method`
[INFO] [stdout] 
[INFO] [stdout] 
[INFO] [stdout] error[E0433]: failed to resolve: use of undeclared type `Method`
[INFO] [stdout]    --> src/web.rs:618:12
[INFO] [stdout]     |
[INFO] [stdout] 618 |     method(Method::DELETE)
[INFO] [stdout]     |            ^^^^^^ use of undeclared type `Method`
[INFO] [stdout] 
[INFO] [stdout] 
[INFO] [stdout] error[E0433]: failed to resolve: use of undeclared type `Method`
[INFO] [stdout]    --> src/web.rs:623:12
[INFO] [stdout]     |
[INFO] [stdout] 623 |     method(Method::OPTIONS)
[INFO] [stdout]     |            ^^^^^^ use of undeclared type `Method`
[INFO] [stdout] 
[INFO] [stdout] 
[INFO] [stdout] error[E0433]: failed to resolve: use of undeclared type `Method`
[INFO] [stdout]    --> src/web.rs:628:12
[INFO] [stdout]     |
[INFO] [stdout] 628 |     method(Method::HEAD)
[INFO] [stdout]     |            ^^^^^^ use of undeclared type `Method`
[INFO] [stdout] 
[INFO] [stdout] 
[INFO] [stdout] error[E0433]: failed to resolve: use of undeclared crate or module `actix_web`
[INFO] [stdout]    --> src/web.rs:529:12
[INFO] [stdout]     |
[INFO] [stdout] 529 |     inner: actix_web::Route,
[INFO] [stdout]     |            ^^^^^^^^^ use of undeclared crate or module `actix_web`
[INFO] [stdout] 
[INFO] [stdout] 
[INFO] [stdout] error[E0433]: failed to resolve: use of undeclared crate or module `actix_web`
[INFO] [stdout]    --> src/web.rs:643:23
[INFO] [stdout]     |
[INFO] [stdout] 643 |     pub(crate) inner: actix_web::Route,
[INFO] [stdout]     |                       ^^^^^^^^^ use of undeclared crate or module `actix_web`
[INFO] [stdout] 
[INFO] [stdout] 
[INFO] [stdout] error[E0433]: failed to resolve: use of undeclared crate or module `actix_web`
[INFO] [stdout]    --> src/web.rs:538:21
[INFO] [stdout]     |
[INFO] [stdout] 538 |     type Service = <actix_web::Route as ServiceFactory>::Service;
[INFO] [stdout]     |                     ^^^^^^^^^ use of undeclared crate or module `actix_web`
[INFO] [stdout] 
[INFO] [stdout] 
[INFO] [stdout] error[E0433]: failed to resolve: use of undeclared crate or module `actix_web`
[INFO] [stdout]    --> src/web.rs:539:20
[INFO] [stdout]     |
[INFO] [stdout] 539 |     type Future = <actix_web::Route as ServiceFactory>::Future;
[INFO] [stdout]     |                    ^^^^^^^^^ use of undeclared crate or module `actix_web`
[INFO] [stdout] 
[INFO] [stdout] 
[INFO] [stdout] error[E0433]: failed to resolve: use of undeclared type `HttpMethod`
[INFO] [stdout]    --> src/web.rs:562:28
[INFO] [stdout]     |
[INFO] [stdout] 562 |         self.method = Some(HttpMethod::from(&method));
[INFO] [stdout]     |                            ^^^^^^^^^^ use of undeclared type `HttpMethod`
[INFO] [stdout] 
[INFO] [stdout] 
[INFO] [stdout] error[E0433]: failed to resolve: use of undeclared type `Method`
[INFO] [stdout]    --> src/web.rs:598:12
[INFO] [stdout]     |
[INFO] [stdout] 598 |     method(Method::GET)
[INFO] [stdout]     |            ^^^^^^ use of undeclared type `Method`
[INFO] [stdout] 
[INFO] [stdout] 
[INFO] [stdout] error[E0433]: failed to resolve: use of undeclared type `Method`
[INFO] [stdout]    --> src/web.rs:603:12
[INFO] [stdout]     |
[INFO] [stdout] 603 |     method(Method::PUT)
[INFO] [stdout]     |            ^^^^^^ use of undeclared type `Method`
[INFO] [stdout] 
[INFO] [stdout] 
[INFO] [stdout] error[E0433]: failed to resolve: use of undeclared type `Method`
[INFO] [stdout]    --> src/web.rs:608:12
[INFO] [stdout]     |
[INFO] [stdout] 608 |     method(Method::POST)
[INFO] [stdout]     |            ^^^^^^ use of undeclared type `Method`
[INFO] [stdout] 
[INFO] [stdout] 
[INFO] [stdout] error[E0433]: failed to resolve: use of undeclared type `Method`
[INFO] [stdout]    --> src/web.rs:613:12
[INFO] [stdout]     |
[INFO] [stdout] 613 |     method(Method::PATCH)
[INFO] [stdout]     |            ^^^^^^ use of undeclared type `Method`
[INFO] [stdout] 
[INFO] [stdout] 
[INFO] [stdout] error[E0433]: failed to resolve: use of undeclared crate or module `actix_web`
[INFO] [stdout]    --> src/web.rs:702:20
[INFO] [stdout]     |
[INFO] [stdout] 702 |     inner: &'a mut actix_web::web::ServiceConfig,
[INFO] [stdout]     |                    ^^^^^^^^^ use of undeclared crate or module `actix_web`
[INFO] [stdout] 
[INFO] [stdout] 
[INFO] [stdout] error[E0433]: failed to resolve: use of undeclared type `Method`
[INFO] [stdout]    --> src/web.rs:618:12
[INFO] [stdout]     |
[INFO] [stdout] 618 |     method(Method::DELETE)
[INFO] [stdout]     |            ^^^^^^ use of undeclared type `Method`
[INFO] [stdout] 
[INFO] [stdout] 
[INFO] [stdout] error[E0433]: failed to resolve: use of undeclared crate or module `actix_web`
[INFO] [stdout]    --> src/web.rs:705:23
[INFO] [stdout]     |
[INFO] [stdout] 705 | impl<'a> From<&'a mut actix_web::web::ServiceConfig> for ServiceConfig<'a> {
[INFO] [stdout]     |                       ^^^^^^^^^ use of undeclared crate or module `actix_web`
[INFO] [stdout] 
[INFO] [stdout] 
[INFO] [stdout] error[E0433]: failed to resolve: use of undeclared type `Method`
[INFO] [stdout]    --> src/web.rs:623:12
[INFO] [stdout]     |
[INFO] [stdout] 623 |     method(Method::OPTIONS)
[INFO] [stdout]     |            ^^^^^^ use of undeclared type `Method`
[INFO] [stdout] 
[INFO] [stdout] 
[INFO] [stdout] error[E0433]: failed to resolve: use of undeclared crate or module `actix_web`
[INFO] [stdout]    --> src/web.rs:706:26
[INFO] [stdout]     |
[INFO] [stdout] 706 |     fn from(cfg: &'a mut actix_web::web::ServiceConfig) -> Self {
[INFO] [stdout]     |                          ^^^^^^^^^ use of undeclared crate or module `actix_web`
[INFO] [stdout] 
[INFO] [stdout] 
[INFO] [stdout] error[E0433]: failed to resolve: use of undeclared type `Method`
[INFO] [stdout]    --> src/web.rs:628:12
[INFO] [stdout]     |
[INFO] [stdout] 628 |     method(Method::HEAD)
[INFO] [stdout]     |            ^^^^^^ use of undeclared type `Method`
[INFO] [stdout] 
[INFO] [stdout] 
[INFO] [stdout] error[E0433]: failed to resolve: use of undeclared crate or module `actix_web`
[INFO] [stdout]    --> src/web.rs:643:23
[INFO] [stdout]     |
[INFO] [stdout] 643 |     pub(crate) inner: actix_web::Route,
[INFO] [stdout]     |                       ^^^^^^^^^ use of undeclared crate or module `actix_web`
[INFO] [stdout] 
[INFO] [stdout] 
[INFO] [stdout] error[E0433]: failed to resolve: use of undeclared type `SecurityScheme`
[INFO] [stdout]    --> src/web.rs:749:9
[INFO] [stdout]     |
[INFO] [stdout] 749 |         SecurityScheme::append_map(w.security, &mut self.security);
[INFO] [stdout]     |         ^^^^^^^^^^^^^^ use of undeclared type `SecurityScheme`
[INFO] [stdout] 
[INFO] [stdout] 
[INFO] [stdout] error[E0433]: failed to resolve: use of undeclared type `SecurityScheme`
[INFO] [stdout]    --> src/web.rs:761:9
[INFO] [stdout]     |
[INFO] [stdout] 761 |         SecurityScheme::append_map(factory.security_definitions(), &mut self.security);
[INFO] [stdout]     |         ^^^^^^^^^^^^^^ use of undeclared type `SecurityScheme`
[INFO] [stdout] 
[INFO] [stdout] 
[INFO] [stdout] error[E0433]: failed to resolve: use of undeclared crate or module `actix_web`
[INFO] [stdout]   --> src/lib.rs:39:19
[INFO] [stdout]    |
[INFO] [stdout] 39 |     inner: Option<actix_web::App<T, B>>,
[INFO] [stdout]    |                   ^^^^^^^^^ use of undeclared crate or module `actix_web`
[INFO] [stdout] 
[INFO] [stdout] 
[INFO] [stdout] error[E0433]: failed to resolve: use of undeclared crate or module `actix_web`
[INFO] [stdout]   --> src/lib.rs:59:33
[INFO] [stdout]    |
[INFO] [stdout] 59 | impl<T, B> OpenApiExt<T, B> for actix_web::App<T, B> {
[INFO] [stdout]    |                                 ^^^^^^^^^ use of undeclared crate or module `actix_web`
[INFO] [stdout] 
[INFO] [stdout] 
[INFO] [stdout] error[E0433]: failed to resolve: use of undeclared type `DefaultApiRaw`
[INFO] [stdout]   --> src/lib.rs:64:40
[INFO] [stdout]    |
[INFO] [stdout] 64 |             spec: Arc::new(RwLock::new(DefaultApiRaw::default())),
[INFO] [stdout]    |                                        ^^^^^^^^^^^^^ use of undeclared type `DefaultApiRaw`
[INFO] [stdout] 
[INFO] [stdout] 
[INFO] [stdout] error[E0433]: failed to resolve: use of undeclared crate or module `actix_web`
[INFO] [stdout]    --> src/web.rs:702:20
[INFO] [stdout]     |
[INFO] [stdout] 702 |     inner: &'a mut actix_web::web::ServiceConfig,
[INFO] [stdout]     |                    ^^^^^^^^^ use of undeclared crate or module `actix_web`
[INFO] [stdout] 
[INFO] [stdout] 
[INFO] [stdout] error[E0433]: failed to resolve: use of undeclared crate or module `actix_web`
[INFO] [stdout]    --> src/web.rs:705:23
[INFO] [stdout]     |
[INFO] [stdout] 705 | impl<'a> From<&'a mut actix_web::web::ServiceConfig> for ServiceConfig<'a> {
[INFO] [stdout]     |                       ^^^^^^^^^ use of undeclared crate or module `actix_web`
[INFO] [stdout] 
[INFO] [stdout] 
[INFO] [stdout] error[E0433]: failed to resolve: use of undeclared crate or module `actix_web`
[INFO] [stdout]    --> src/web.rs:706:26
[INFO] [stdout]     |
[INFO] [stdout] 706 |     fn from(cfg: &'a mut actix_web::web::ServiceConfig) -> Self {
[INFO] [stdout]     |                          ^^^^^^^^^ use of undeclared crate or module `actix_web`
[INFO] [stdout] 
[INFO] [stdout] 
[INFO] [stdout] error[E0433]: failed to resolve: use of undeclared type `SecurityScheme`
[INFO] [stdout]    --> src/web.rs:749:9
[INFO] [stdout]     |
[INFO] [stdout] 749 |         SecurityScheme::append_map(w.security, &mut self.security);
[INFO] [stdout]     |         ^^^^^^^^^^^^^^ use of undeclared type `SecurityScheme`
[INFO] [stdout] 
[INFO] [stdout] 
[INFO] [stdout] error[E0433]: failed to resolve: use of undeclared type `SecurityScheme`
[INFO] [stdout]    --> src/web.rs:761:9
[INFO] [stdout]     |
[INFO] [stdout] 761 |         SecurityScheme::append_map(factory.security_definitions(), &mut self.security);
[INFO] [stdout]     |         ^^^^^^^^^^^^^^ use of undeclared type `SecurityScheme`
[INFO] [stdout] 
[INFO] [stdout] 
[INFO] [stdout] error[E0433]: failed to resolve: use of undeclared crate or module `actix_web`
[INFO] [stdout]   --> src/lib.rs:39:19
[INFO] [stdout]    |
[INFO] [stdout] 39 |     inner: Option<actix_web::App<T, B>>,
[INFO] [stdout]    |                   ^^^^^^^^^ use of undeclared crate or module `actix_web`
[INFO] [stdout] 
[INFO] [stdout] 
[INFO] [stdout] error[E0433]: failed to resolve: use of undeclared crate or module `actix_web`
[INFO] [stdout]   --> src/lib.rs:59:33
[INFO] [stdout]    |
[INFO] [stdout] 59 | impl<T, B> OpenApiExt<T, B> for actix_web::App<T, B> {
[INFO] [stdout]    |                                 ^^^^^^^^^ use of undeclared crate or module `actix_web`
[INFO] [stdout] 
[INFO] [stdout] 
[INFO] [stdout] error[E0433]: failed to resolve: use of undeclared type `DefaultApiRaw`
[INFO] [stdout]   --> src/lib.rs:64:40
[INFO] [stdout]    |
[INFO] [stdout] 64 |             spec: Arc::new(RwLock::new(DefaultApiRaw::default())),
[INFO] [stdout]    |                                        ^^^^^^^^^^^^^ use of undeclared type `DefaultApiRaw`
[INFO] [stdout] 
[INFO] [stdout] 
[INFO] [stdout] error[E0433]: failed to resolve: use of undeclared crate or module `actix_web`
[INFO] [stdout]    --> src/lib.rs:286:17
[INFO] [stdout]     |
[INFO] [stdout] 286 |                 actix_web::web::resource(path)
[INFO] [stdout]     |                 ^^^^^^^^^ use of undeclared crate or module `actix_web`
[INFO] [stdout] 
[INFO] [stdout] 
[INFO] [stdout] error[E0433]: failed to resolve: use of undeclared crate or module `actix_web`
[INFO] [stdout]    --> src/lib.rs:287:28
[INFO] [stdout]     |
[INFO] [stdout] 287 |                     .route(actix_web::web::get().to(SpecHandler(self.spec.clone()))),
[INFO] [stdout]     |                            ^^^^^^^^^ use of undeclared crate or module `actix_web`
[INFO] [stdout] 
[INFO] [stdout] 
[INFO] [stdout] error[E0433]: failed to resolve: use of undeclared crate or module `actix_web`
[INFO] [stdout]    --> src/lib.rs:386:27
[INFO] [stdout]     |
[INFO] [stdout] 386 |     pub fn build(self) -> actix_web::App<T, B> {
[INFO] [stdout]     |                           ^^^^^^^^^ use of undeclared crate or module `actix_web`
[INFO] [stdout] 
[INFO] [stdout] 
[INFO] [stdout] error[E0433]: failed to resolve: use of undeclared type `SecurityScheme`
[INFO] [stdout]    --> src/lib.rs:421:9
[INFO] [stdout]     |
[INFO] [stdout] 421 |         SecurityScheme::append_map(
[INFO] [stdout]     |         ^^^^^^^^^^^^^^ use of undeclared type `SecurityScheme`
[INFO] [stdout] 
[INFO] [stdout] 
[INFO] [stdout] error[E0433]: failed to resolve: use of undeclared crate or module `actix_web`
[INFO] [stdout]    --> src/lib.rs:437:6
[INFO] [stdout]     |
[INFO] [stdout] 437 | impl actix_web::dev::Factory<(), Ready<Result<HttpResponse, Error>>, Result<HttpResponse, Error>>
[INFO] [stdout]     |      ^^^^^^^^^ use of undeclared crate or module `actix_web`
[INFO] [stdout] 
[INFO] [stdout] 
[INFO] [stdout] error[E0433]: failed to resolve: use of undeclared type `HttpResponse`
[INFO] [stdout]    --> src/lib.rs:441:16
[INFO] [stdout]     |
[INFO] [stdout] 441 |         fut_ok(HttpResponse::Ok().json(&*self.0.read()))
[INFO] [stdout]     |                ^^^^^^^^^^^^ use of undeclared type `HttpResponse`
[INFO] [stdout] 
[INFO] [stdout] 
[INFO] [stdout] error[E0412]: cannot find type `Method` in this scope
[INFO] [stdout]   --> src/web.rs:25:18
[INFO] [stdout]    |
[INFO] [stdout] 25 | const METHODS: &[Method] = &[
[INFO] [stdout]    |                  ^^^^^^ not found in this scope
[INFO] [stdout] 
[INFO] [stdout] 
[INFO] [stdout] error[E0412]: cannot find type `HttpMethod` in this scope
[INFO] [stdout]   --> src/web.rs:40:26
[INFO] [stdout]    |
[INFO] [stdout] 38 | pub struct Resource<R = actix_web::Resource> {
[INFO] [stdout]    |                      - help: you might be missing a type parameter: `, HttpMethod`
[INFO] [stdout] 39 |     path: String,
[INFO] [stdout] 40 |     operations: BTreeMap<HttpMethod, DefaultOperationRaw>,
[INFO] [stdout]    |                          ^^^^^^^^^^ not found in this scope
[INFO] [stdout] 
[INFO] [stdout] 
[INFO] [stdout] error[E0412]: cannot find type `DefaultOperationRaw` in this scope
[INFO] [stdout]   --> src/web.rs:40:38
[INFO] [stdout]    |
[INFO] [stdout] 38 | pub struct Resource<R = actix_web::Resource> {
[INFO] [stdout]    |                      - help: you might be missing a type parameter: `, DefaultOperationRaw`
[INFO] [stdout] 39 |     path: String,
[INFO] [stdout] 40 |     operations: BTreeMap<HttpMethod, DefaultOperationRaw>,
[INFO] [stdout]    |                                      ^^^^^^^^^^^^^^^^^^^ not found in this scope
[INFO] [stdout] 
[INFO] [stdout] 
[INFO] [stdout] error[E0412]: cannot find type `DefaultSchemaRaw` in this scope
[INFO] [stdout]   --> src/web.rs:41:35
[INFO] [stdout]    |
[INFO] [stdout] 38 | pub struct Resource<R = actix_web::Resource> {
[INFO] [stdout]    |                      - help: you might be missing a type parameter: `, DefaultSchemaRaw`
[INFO] [stdout] ...
[INFO] [stdout] 41 |     definitions: BTreeMap<String, DefaultSchemaRaw>,
[INFO] [stdout]    |                                   ^^^^^^^^^^^^^^^^ not found in this scope
[INFO] [stdout] 
[INFO] [stdout] 
[INFO] [stdout] error[E0433]: failed to resolve: use of undeclared crate or module `actix_web`
[INFO] [stdout]    --> src/lib.rs:286:17
[INFO] [stdout]     |
[INFO] [stdout] 286 |                 actix_web::web::resource(path)
[INFO] [stdout]     |                 ^^^^^^^^^ use of undeclared crate or module `actix_web`
[INFO] [stdout] 
[INFO] [stdout] 
[INFO] [stdout] error[E0412]: cannot find type `SecurityScheme` in this scope
[INFO] [stdout]   --> src/web.rs:42:32
[INFO] [stdout]    |
[INFO] [stdout] 38 | pub struct Resource<R = actix_web::Resource> {
[INFO] [stdout]    |                      - help: you might be missing a type parameter: `, SecurityScheme`
[INFO] [stdout] ...
[INFO] [stdout] 42 |     security: BTreeMap<String, SecurityScheme>,
[INFO] [stdout]    |                                ^^^^^^^^^^^^^^ not found in this scope
[INFO] [stdout] 
[INFO] [stdout] 
[INFO] [stdout] error[E0433]: failed to resolve: use of undeclared crate or module `actix_web`
[INFO] [stdout]   --> src/web.rs:54:31
[INFO] [stdout]    |
[INFO] [stdout] 54 |             inner: actix_web::Resource::new(path),
[INFO] [stdout]    |                               ^^^^^^^^ not found in `actix_web`
[INFO] [stdout]    |
[INFO] [stdout] help: consider importing this struct
[INFO] [stdout]    |
[INFO] [stdout] 3  | use crate::Resource;
[INFO] [stdout]    |
[INFO] [stdout] 
[INFO] [stdout] 
[INFO] [stdout] error[E0433]: failed to resolve: use of undeclared crate or module `actix_web`
[INFO] [stdout]    --> src/lib.rs:287:28
[INFO] [stdout]     |
[INFO] [stdout] 287 |                     .route(actix_web::web::get().to(SpecHandler(self.spec.clone()))),
[INFO] [stdout]     |                            ^^^^^^^^^ use of undeclared crate or module `actix_web`
[INFO] [stdout] 
[INFO] [stdout] 
[INFO] [stdout] error[E0433]: failed to resolve: use of undeclared crate or module `actix_web`
[INFO] [stdout]    --> src/lib.rs:386:27
[INFO] [stdout]     |
[INFO] [stdout] 386 |     pub fn build(self) -> actix_web::App<T, B> {
[INFO] [stdout]     |                           ^^^^^^^^^ use of undeclared crate or module `actix_web`
[INFO] [stdout] 
[INFO] [stdout] 
[INFO] [stdout] error[E0405]: cannot find trait `HttpServiceFactory` in this scope
[INFO] [stdout]    --> src/web.rs:59:9
[INFO] [stdout]     |
[INFO] [stdout] 59  |   impl<T> HttpServiceFactory for Resource<actix_web::Resource<T>>
[INFO] [stdout]     |           ^^^^^^^^^^^^^^^^^^ help: a trait with a similar name exists: `IntoServiceFactory`
[INFO] [stdout]     | 
[INFO] [stdout]    ::: /opt/rustwide/cargo-home/registry/src/github.com-1ecc6299db9ec823/actix-service-1.0.6/src/lib.rs:329:1
[INFO] [stdout]     |
[INFO] [stdout] 329 | / pub trait IntoServiceFactory<T>
[INFO] [stdout] 330 | | where
[INFO] [stdout] 331 | |     T: ServiceFactory,
[INFO] [stdout] 332 | | {
[INFO] [stdout] 333 | |     /// Convert `Self` to a `ServiceFactory`
[INFO] [stdout] 334 | |     fn into_factory(self) -> T;
[INFO] [stdout] 335 | | }
[INFO] [stdout]     | |_- similarly named trait `IntoServiceFactory` defined here
[INFO] [stdout] 
[INFO] [stdout] 
[INFO] [stdout] error[E0412]: cannot find type `ServiceRequest` in this scope
[INFO] [stdout]   --> src/web.rs:63:23
[INFO] [stdout]    |
[INFO] [stdout] 63 |             Request = ServiceRequest,
[INFO] [stdout]    |                       ^^^^^^^^^^^^^^ not found in this scope
[INFO] [stdout] 
[INFO] [stdout] 
[INFO] [stdout] error[E0412]: cannot find type `ServiceResponse` in this scope
[INFO] [stdout]   --> src/web.rs:64:24
[INFO] [stdout]    |
[INFO] [stdout] 64 |             Response = ServiceResponse,
[INFO] [stdout]    |                        ^^^^^^^^^^^^^^^ not found in this scope
[INFO] [stdout] 
[INFO] [stdout] 
[INFO] [stdout] error[E0412]: cannot find type `AppService` in this scope
[INFO] [stdout]   --> src/web.rs:69:36
[INFO] [stdout]    |
[INFO] [stdout] 69 |     fn register(self, config: &mut AppService) {
[INFO] [stdout]    |                                    ^^^^^^^^^^ not found in this scope
[INFO] [stdout] 
[INFO] [stdout] 
[INFO] [stdout] error[E0412]: cannot find type `ServiceRequest` in this scope
[INFO] [stdout]   --> src/web.rs:78:23
[INFO] [stdout]    |
[INFO] [stdout] 78 |             Request = ServiceRequest,
[INFO] [stdout]    |                       ^^^^^^^^^^^^^^ not found in this scope
[INFO] [stdout] 
[INFO] [stdout] 
[INFO] [stdout] error[E0412]: cannot find type `ServiceResponse` in this scope
[INFO] [stdout]   --> src/web.rs:79:24
[INFO] [stdout]    |
[INFO] [stdout] 79 |             Response = ServiceResponse,
[INFO] [stdout]    |                        ^^^^^^^^^^^^^^^ not found in this scope
[INFO] [stdout] 
[INFO] [stdout] 
[INFO] [stdout] error[E0433]: failed to resolve: use of undeclared type `SecurityScheme`
[INFO] [stdout]    --> src/lib.rs:421:9
[INFO] [stdout]     |
[INFO] [stdout] 421 |         SecurityScheme::append_map(
[INFO] [stdout]     |         ^^^^^^^^^^^^^^ use of undeclared type `SecurityScheme`
[INFO] [stdout] 
[INFO] [stdout] 
[INFO] [stdout] error[E0433]: failed to resolve: use of undeclared crate or module `actix_web`
[INFO] [stdout]    --> src/lib.rs:437:6
[INFO] [stdout]     |
[INFO] [stdout] 437 | impl actix_web::dev::Factory<(), Ready<Result<HttpResponse, Error>>, Result<HttpResponse, Error>>
[INFO] [stdout]     |      ^^^^^^^^^ use of undeclared crate or module `actix_web`
[INFO] [stdout] 
[INFO] [stdout] 
[INFO] [stdout] error[E0412]: cannot find type `HttpMethod` in this scope
[INFO] [stdout]   --> src/web.rs:94:42
[INFO] [stdout]    |
[INFO] [stdout] 89 | impl<T> Mountable for Resource<T> {
[INFO] [stdout]    |       - help: you might be missing a type parameter: `, HttpMethod`
[INFO] [stdout] ...
[INFO] [stdout] 94 |     fn operations(&mut self) -> BTreeMap<HttpMethod, DefaultOperationRaw> {
[INFO] [stdout]    |                                          ^^^^^^^^^^ not found in this scope
[INFO] [stdout] 
[INFO] [stdout] 
[INFO] [stdout] error[E0412]: cannot find type `DefaultOperationRaw` in this scope
[INFO] [stdout]   --> src/web.rs:94:54
[INFO] [stdout]    |
[INFO] [stdout] 89 | impl<T> Mountable for Resource<T> {
[INFO] [stdout]    |       - help: you might be missing a type parameter: `, DefaultOperationRaw`
[INFO] [stdout] ...
[INFO] [stdout] 94 |     fn operations(&mut self) -> BTreeMap<HttpMethod, DefaultOperationRaw> {
[INFO] [stdout]    |                                                      ^^^^^^^^^^^^^^^^^^^ not found in this scope
[INFO] [stdout] 
[INFO] [stdout] 
[INFO] [stdout] error[E0412]: cannot find type `DefaultSchemaRaw` in this scope
[INFO] [stdout]   --> src/web.rs:98:51
[INFO] [stdout]    |
[INFO] [stdout] 89 | impl<T> Mountable for Resource<T> {
[INFO] [stdout]    |       - help: you might be missing a type parameter: `, DefaultSchemaRaw`
[INFO] [stdout] ...
[INFO] [stdout] 98 |     fn definitions(&mut self) -> BTreeMap<String, DefaultSchemaRaw> {
[INFO] [stdout]    |                                                   ^^^^^^^^^^^^^^^^ not found in this scope
[INFO] [stdout] 
[INFO] [stdout] 
[INFO] [stdout] error[E0412]: cannot find type `SecurityScheme` in this scope
[INFO] [stdout]    --> src/web.rs:102:60
[INFO] [stdout]     |
[INFO] [stdout] 89  | impl<T> Mountable for Resource<T> {
[INFO] [stdout]     |       - help: you might be missing a type parameter: `, SecurityScheme`
[INFO] [stdout] ...
[INFO] [stdout] 102 |     fn security_definitions(&mut self) -> BTreeMap<String, SecurityScheme> {
[INFO] [stdout]     |                                                            ^^^^^^^^^^^^^^ not found in this scope
[INFO] [stdout] 
[INFO] [stdout] 
[INFO] [stdout] error[E0412]: cannot find type `ServiceRequest` in this scope
[INFO] [stdout]    --> src/web.rs:111:19
[INFO] [stdout]     |
[INFO] [stdout] 111 |         Request = ServiceRequest,
[INFO] [stdout]     |                   ^^^^^^^^^^^^^^ not found in this scope
[INFO] [stdout] 
[INFO] [stdout] 
[INFO] [stdout] error[E0412]: cannot find type `ServiceResponse` in this scope
[INFO] [stdout]    --> src/web.rs:112:20
[INFO] [stdout]     |
[INFO] [stdout] 112 |         Response = ServiceResponse,
[INFO] [stdout]     |                    ^^^^^^^^^^^^^^^ not found in this scope
[INFO] [stdout] 
[INFO] [stdout] 
[INFO] [stdout] error[E0405]: cannot find trait `Guard` in this scope
[INFO] [stdout]    --> src/web.rs:128:21
[INFO] [stdout]     |
[INFO] [stdout] 128 |     pub fn guard<G: Guard + 'static>(mut self, guard: G) -> Self {
[INFO] [stdout]     |                     ^^^^^ not found in this scope
[INFO] [stdout] 
[INFO] [stdout] 
[INFO] [stdout] error[E0405]: cannot find trait `Factory` in this scope
[INFO] [stdout]    --> src/web.rs:163:12
[INFO] [stdout]     |
[INFO] [stdout] 163 |         F: Factory<I, R, U> + 'static,
[INFO] [stdout]     |            ^^^^^^^ not found in this scope
[INFO] [stdout] 
[INFO] [stdout] 
[INFO] [stdout] error[E0433]: failed to resolve: use of undeclared type `HttpResponse`
[INFO] [stdout]    --> src/lib.rs:441:16
[INFO] [stdout]     |
[INFO] [stdout] 441 |         fut_ok(HttpResponse::Ok().json(&*self.0.read()))
[INFO] [stdout]     |                ^^^^^^^^^^^^ use of undeclared type `HttpResponse`
[INFO] [stdout] 
[INFO] [stdout] 
[INFO] [stdout] error[E0405]: cannot find trait `Apiv2Operation` in this scope
[INFO] [stdout]    --> src/web.rs:165:12
[INFO] [stdout]     |
[INFO] [stdout] 165 |         R: Apiv2Operation + Future<Output = U> + 'static,
[INFO] [stdout]     |            ^^^^^^^^^^^^^^ not found in this scope
[INFO] [stdout] 
[INFO] [stdout] 
[INFO] [stdout] error[E0405]: cannot find trait `Transform` in this scope
[INFO] [stdout]    --> src/web.rs:191:12
[INFO] [stdout]     |
[INFO] [stdout] 191 |         M: Transform<
[INFO] [stdout]     |            ^^^^^^^^^ not found in this scope
[INFO] [stdout]     |
[INFO] [stdout] help: consider importing this trait
[INFO] [stdout]     |
[INFO] [stdout] 3   | use actix_service::Transform;
[INFO] [stdout]     |
[INFO] [stdout] 
[INFO] [stdout] 
[INFO] [stdout] error[E0412]: cannot find type `Method` in this scope
[INFO] [stdout]   --> src/web.rs:25:18
[INFO] [stdout]    |
[INFO] [stdout] 25 | const METHODS: &[Method] = &[
[INFO] [stdout]    |                  ^^^^^^ not found in this scope
[INFO] [stdout] 
[INFO] [stdout] 
[INFO] [stdout] error[E0412]: cannot find type `ServiceRequest` in this scope
[INFO] [stdout]    --> src/web.rs:193:23
[INFO] [stdout]     |
[INFO] [stdout] 193 |             Request = ServiceRequest,
[INFO] [stdout]     |                       ^^^^^^^^^^^^^^ not found in this scope
[INFO] [stdout] 
[INFO] [stdout] 
[INFO] [stdout] error[E0412]: cannot find type `ServiceResponse` in this scope
[INFO] [stdout]    --> src/web.rs:194:24
[INFO] [stdout]     |
[INFO] [stdout] 194 |             Response = ServiceResponse,
[INFO] [stdout]     |                        ^^^^^^^^^^^^^^^ not found in this scope
[INFO] [stdout] 
[INFO] [stdout] 
[INFO] [stdout] error[E0412]: cannot find type `HttpMethod` in this scope
[INFO] [stdout]   --> src/web.rs:40:26
[INFO] [stdout]    |
[INFO] [stdout] 38 | pub struct Resource<R = actix_web::Resource> {
[INFO] [stdout]    |                      - help: you might be missing a type parameter: `, HttpMethod`
[INFO] [stdout] 39 |     path: String,
[INFO] [stdout] 40 |     operations: BTreeMap<HttpMethod, DefaultOperationRaw>,
[INFO] [stdout]    |                          ^^^^^^^^^^ not found in this scope
[INFO] [stdout] 
[INFO] [stdout] 
[INFO] [stdout] error[E0412]: cannot find type `DefaultOperationRaw` in this scope
[INFO] [stdout]   --> src/web.rs:40:38
[INFO] [stdout]    |
[INFO] [stdout] 38 | pub struct Resource<R = actix_web::Resource> {
[INFO] [stdout]    |                      - help: you might be missing a type parameter: `, DefaultOperationRaw`
[INFO] [stdout] 39 |     path: String,
[INFO] [stdout] 40 |     operations: BTreeMap<HttpMethod, DefaultOperationRaw>,
[INFO] [stdout]    |                                      ^^^^^^^^^^^^^^^^^^^ not found in this scope
[INFO] [stdout] 
[INFO] [stdout] 
[INFO] [stdout] error[E0412]: cannot find type `ServiceRequest` in this scope
[INFO] [stdout]    --> src/web.rs:183:27
[INFO] [stdout]     |
[INFO] [stdout] 107 | impl<T> Resource<actix_web::Resource<T>>
[INFO] [stdout]     |       - help: you might be missing a type parameter: `, ServiceRequest`
[INFO] [stdout] ...
[INFO] [stdout] 183 |                 Request = ServiceRequest,
[INFO] [stdout]     |                           ^^^^^^^^^^^^^^ not found in this scope
[INFO] [stdout] 
[INFO] [stdout] 
[INFO] [stdout] error[E0412]: cannot find type `ServiceResponse` in this scope
[INFO] [stdout]    --> src/web.rs:184:28
[INFO] [stdout]     |
[INFO] [stdout] 107 | impl<T> Resource<actix_web::Resource<T>>
[INFO] [stdout]     |       - help: you might be missing a type parameter: `, ServiceResponse`
[INFO] [stdout] ...
[INFO] [stdout] 184 |                 Response = ServiceResponse,
[INFO] [stdout]     |                            ^^^^^^^^^^^^^^^ not found in this scope
[INFO] [stdout] 
[INFO] [stdout] 
[INFO] [stdout] error[E0412]: cannot find type `DefaultSchemaRaw` in this scope
[INFO] [stdout]   --> src/web.rs:41:35
[INFO] [stdout]    |
[INFO] [stdout] 38 | pub struct Resource<R = actix_web::Resource> {
[INFO] [stdout]    |                      - help: you might be missing a type parameter: `, DefaultSchemaRaw`
[INFO] [stdout] ...
[INFO] [stdout] 41 |     definitions: BTreeMap<String, DefaultSchemaRaw>,
[INFO] [stdout]    |                                   ^^^^^^^^^^^^^^^^ not found in this scope
[INFO] [stdout] 
[INFO] [stdout] 
[INFO] [stdout] error[E0412]: cannot find type `ServiceRequest` in this scope
[INFO] [stdout]    --> src/web.rs:226:18
[INFO] [stdout]     |
[INFO] [stdout] 226 |         F: FnMut(ServiceRequest, &mut T::Service) -> R + Clone,
[INFO] [stdout]     |                  ^^^^^^^^^^^^^^ not found in this scope
[INFO] [stdout] 
[INFO] [stdout] 
[INFO] [stdout] error[E0412]: cannot find type `SecurityScheme` in this scope
[INFO] [stdout]   --> src/web.rs:42:32
[INFO] [stdout]    |
[INFO] [stdout] 38 | pub struct Resource<R = actix_web::Resource> {
[INFO] [stdout]    |                      - help: you might be missing a type parameter: `, SecurityScheme`
[INFO] [stdout] ...
[INFO] [stdout] 42 |     security: BTreeMap<String, SecurityScheme>,
[INFO] [stdout]    |                                ^^^^^^^^^^^^^^ not found in this scope
[INFO] [stdout] 
[INFO] [stdout] 
[INFO] [stdout] error[E0412]: cannot find type `ServiceResponse` in this scope
[INFO] [stdout]    --> src/web.rs:227:35
[INFO] [stdout]     |
[INFO] [stdout] 107 | impl<T> Resource<actix_web::Resource<T>>
[INFO] [stdout]     |       - help: you might be missing a type parameter: `, ServiceResponse`
[INFO] [stdout] ...
[INFO] [stdout] 227 |         R: Future<Output = Result<ServiceResponse, Error>>,
[INFO] [stdout]     |                                   ^^^^^^^^^^^^^^^ not found in this scope
[INFO] [stdout] 
[INFO] [stdout] 
[INFO] [stdout] error[E0433]: failed to resolve: use of undeclared crate or module `actix_web`
[INFO] [stdout]   --> src/web.rs:54:31
[INFO] [stdout]    |
[INFO] [stdout] 54 |             inner: actix_web::Resource::new(path),
[INFO] [stdout]    |                               ^^^^^^^^ not found in `actix_web`
[INFO] [stdout]    |
[INFO] [stdout] help: consider importing this struct
[INFO] [stdout]    |
[INFO] [stdout] 3  | use crate::Resource;
[INFO] [stdout]    |
[INFO] [stdout] 
[INFO] [stdout] 
[INFO] [stdout] error[E0412]: cannot find type `ServiceRequest` in this scope
[INFO] [stdout]    --> src/web.rs:218:27
[INFO] [stdout]     |
[INFO] [stdout] 107 | impl<T> Resource<actix_web::Resource<T>>
[INFO] [stdout]     |       - help: you might be missing a type parameter: `, ServiceRequest`
[INFO] [stdout] ...
[INFO] [stdout] 218 |                 Request = ServiceRequest,
[INFO] [stdout]     |                           ^^^^^^^^^^^^^^ not found in this scope
[INFO] [stdout] 
[INFO] [stdout] 
[INFO] [stdout] error[E0412]: cannot find type `ServiceResponse` in this scope
[INFO] [stdout]    --> src/web.rs:219:28
[INFO] [stdout]     |
[INFO] [stdout] 107 | impl<T> Resource<actix_web::Resource<T>>
[INFO] [stdout]     |       - help: you might be missing a type parameter: `, ServiceResponse`
[INFO] [stdout] ...
[INFO] [stdout] 219 |                 Response = ServiceResponse,
[INFO] [stdout]     |                            ^^^^^^^^^^^^^^^ not found in this scope
[INFO] [stdout] 
[INFO] [stdout] 
[INFO] [stdout] error[E0405]: cannot find trait `HttpServiceFactory` in this scope
[INFO] [stdout]    --> src/web.rs:59:9
[INFO] [stdout]     |
[INFO] [stdout] 59  |   impl<T> HttpServiceFactory for Resource<actix_web::Resource<T>>
[INFO] [stdout]     |           ^^^^^^^^^^^^^^^^^^ help: a trait with a similar name exists: `IntoServiceFactory`
[INFO] [stdout]     | 
[INFO] [stdout]    ::: /opt/rustwide/cargo-home/registry/src/github.com-1ecc6299db9ec823/actix-service-1.0.6/src/lib.rs:329:1
[INFO] [stdout]     |
[INFO] [stdout] 329 | / pub trait IntoServiceFactory<T>
[INFO] [stdout] 330 | | where
[INFO] [stdout] 331 | |     T: ServiceFactory,
[INFO] [stdout] 332 | | {
[INFO] [stdout] 333 | |     /// Convert `Self` to a `ServiceFactory`
[INFO] [stdout] 334 | |     fn into_factory(self) -> T;
[INFO] [stdout] 335 | | }
[INFO] [stdout]     | |_- similarly named trait `IntoServiceFactory` defined here
[INFO] [stdout] 
[INFO] [stdout] 
[INFO] [stdout] error[E0412]: cannot find type `ServiceRequest` in this scope
[INFO] [stdout]   --> src/web.rs:63:23
[INFO] [stdout]    |
[INFO] [stdout] 63 |             Request = ServiceRequest,
[INFO] [stdout]    |                       ^^^^^^^^^^^^^^ not found in this scope
[INFO] [stdout] 
[INFO] [stdout] 
[INFO] [stdout] error[E0412]: cannot find type `ServiceResponse` in this scope
[INFO] [stdout]   --> src/web.rs:64:24
[INFO] [stdout]    |
[INFO] [stdout] 64 |             Response = ServiceResponse,
[INFO] [stdout]    |                        ^^^^^^^^^^^^^^^ not found in this scope
[INFO] [stdout] 
[INFO] [stdout] 
[INFO] [stdout] error[E0412]: cannot find type `AppService` in this scope
[INFO] [stdout]   --> src/web.rs:69:36
[INFO] [stdout]    |
[INFO] [stdout] 69 |     fn register(self, config: &mut AppService) {
[INFO] [stdout]    |                                    ^^^^^^^^^^ not found in this scope
[INFO] [stdout] 
[INFO] [stdout] 
[INFO] [stdout] error[E0412]: cannot find type `ServiceRequest` in this scope
[INFO] [stdout]   --> src/web.rs:78:23
[INFO] [stdout]    |
[INFO] [stdout] 78 |             Request = ServiceRequest,
[INFO] [stdout]    |                       ^^^^^^^^^^^^^^ not found in this scope
[INFO] [stdout] 
[INFO] [stdout] 
[INFO] [stdout] error[E0412]: cannot find type `ServiceResponse` in this scope
[INFO] [stdout]   --> src/web.rs:79:24
[INFO] [stdout]    |
[INFO] [stdout] 79 |             Response = ServiceResponse,
[INFO] [stdout]    |                        ^^^^^^^^^^^^^^^ not found in this scope
[INFO] [stdout] 
[INFO] [stdout] 
[INFO] [stdout] error[E0412]: cannot find type `HttpMethod` in this scope
[INFO] [stdout]   --> src/web.rs:94:42
[INFO] [stdout]    |
[INFO] [stdout] 89 | impl<T> Mountable for Resource<T> {
[INFO] [stdout]    |       - help: you might be missing a type parameter: `, HttpMethod`
[INFO] [stdout] ...
[INFO] [stdout] 94 |     fn operations(&mut self) -> BTreeMap<HttpMethod, DefaultOperationRaw> {
[INFO] [stdout]    |                                          ^^^^^^^^^^ not found in this scope
[INFO] [stdout] 
[INFO] [stdout] 
[INFO] [stdout] error[E0412]: cannot find type `DefaultOperationRaw` in this scope
[INFO] [stdout]   --> src/web.rs:94:54
[INFO] [stdout]    |
[INFO] [stdout] 89 | impl<T> Mountable for Resource<T> {
[INFO] [stdout]    |       - help: you might be missing a type parameter: `, DefaultOperationRaw`
[INFO] [stdout] ...
[INFO] [stdout] 94 |     fn operations(&mut self) -> BTreeMap<HttpMethod, DefaultOperationRaw> {
[INFO] [stdout]    |                                                      ^^^^^^^^^^^^^^^^^^^ not found in this scope
[INFO] [stdout] 
[INFO] [stdout] 
[INFO] [stdout] error[E0412]: cannot find type `DefaultSchemaRaw` in this scope
[INFO] [stdout]   --> src/web.rs:98:51
[INFO] [stdout]    |
[INFO] [stdout] 89 | impl<T> Mountable for Resource<T> {
[INFO] [stdout]    |       - help: you might be missing a type parameter: `, DefaultSchemaRaw`
[INFO] [stdout] ...
[INFO] [stdout] 98 |     fn definitions(&mut self) -> BTreeMap<String, DefaultSchemaRaw> {
[INFO] [stdout]    |                                                   ^^^^^^^^^^^^^^^^ not found in this scope
[INFO] [stdout] 
[INFO] [stdout] 
[INFO] [stdout] error[E0412]: cannot find type `SecurityScheme` in this scope
[INFO] [stdout]    --> src/web.rs:102:60
[INFO] [stdout]     |
[INFO] [stdout] 89  | impl<T> Mountable for Resource<T> {
[INFO] [stdout]     |       - help: you might be missing a type parameter: `, SecurityScheme`
[INFO] [stdout] ...
[INFO] [stdout] 102 |     fn security_definitions(&mut self) -> BTreeMap<String, SecurityScheme> {
[INFO] [stdout]     |                                                            ^^^^^^^^^^^^^^ not found in this scope
[INFO] [stdout] 
[INFO] [stdout] 
[INFO] [stdout] error[E0412]: cannot find type `ServiceRequest` in this scope
[INFO] [stdout]    --> src/web.rs:111:19
[INFO] [stdout]     |
[INFO] [stdout] 111 |         Request = ServiceRequest,
[INFO] [stdout]     |                   ^^^^^^^^^^^^^^ not found in this scope
[INFO] [stdout] 
[INFO] [stdout] 
[INFO] [stdout] error[E0412]: cannot find type `ServiceResponse` in this scope
[INFO] [stdout]    --> src/web.rs:112:20
[INFO] [stdout]     |
[INFO] [stdout] 112 |         Response = ServiceResponse,
[INFO] [stdout]     |                    ^^^^^^^^^^^^^^^ not found in this scope
[INFO] [stdout] 
[INFO] [stdout] 
[INFO] [stdout] error[E0405]: cannot find trait `Guard` in this scope
[INFO] [stdout]    --> src/web.rs:128:21
[INFO] [stdout]     |
[INFO] [stdout] 128 |     pub fn guard<G: Guard + 'static>(mut self, guard: G) -> Self {
[INFO] [stdout]     |                     ^^^^^ not found in this scope
[INFO] [stdout] 
[INFO] [stdout] 
[INFO] [stdout] error[E0405]: cannot find trait `Factory` in this scope
[INFO] [stdout]    --> src/web.rs:163:12
[INFO] [stdout]     |
[INFO] [stdout] 163 |         F: Factory<I, R, U> + 'static,
[INFO] [stdout]     |            ^^^^^^^ not found in this scope
[INFO] [stdout] 
[INFO] [stdout] 
[INFO] [stdout] error[E0405]: cannot find trait `Apiv2Operation` in this scope
[INFO] [stdout]    --> src/web.rs:165:12
[INFO] [stdout]     |
[INFO] [stdout] 165 |         R: Apiv2Operation + Future<Output = U> + 'static,
[INFO] [stdout]     |            ^^^^^^^^^^^^^^ not found in this scope
[INFO] [stdout] 
[INFO] [stdout] 
[INFO] [stdout] error[E0405]: cannot find trait `Transform` in this scope
[INFO] [stdout]    --> src/web.rs:191:12
[INFO] [stdout]     |
[INFO] [stdout] 191 |         M: Transform<
[INFO] [stdout]     |            ^^^^^^^^^ not found in this scope
[INFO] [stdout]     |
[INFO] [stdout] help: consider importing this trait
[INFO] [stdout]     |
[INFO] [stdout] 3   | use actix_service::Transform;
[INFO] [stdout]     |
[INFO] [stdout] 
[INFO] [stdout] 
[INFO] [stdout] error[E0412]: cannot find type `ServiceRequest` in this scope
[INFO] [stdout]    --> src/web.rs:193:23
[INFO] [stdout]     |
[INFO] [stdout] 193 |             Request = ServiceRequest,
[INFO] [stdout]     |                       ^^^^^^^^^^^^^^ not found in this scope
[INFO] [stdout] 
[INFO] [stdout] 
[INFO] [stdout] error[E0412]: cannot find type `ServiceResponse` in this scope
[INFO] [stdout]    --> src/web.rs:194:24
[INFO] [stdout]     |
[INFO] [stdout] 194 |             Response = ServiceResponse,
[INFO] [stdout]     |                        ^^^^^^^^^^^^^^^ not found in this scope
[INFO] [stdout] 
[INFO] [stdout] 
[INFO] [stdout] error[E0412]: cannot find type `ServiceRequest` in this scope
[INFO] [stdout]    --> src/web.rs:183:27
[INFO] [stdout]     |
[INFO] [stdout] 107 | impl<T> Resource<actix_web::Resource<T>>
[INFO] [stdout]     |       - help: you might be missing a type parameter: `, ServiceRequest`
[INFO] [stdout] ...
[INFO] [stdout] 183 |                 Request = ServiceRequest,
[INFO] [stdout]     |                           ^^^^^^^^^^^^^^ not found in this scope
[INFO] [stdout] 
[INFO] [stdout] 
[INFO] [stdout] error[E0412]: cannot find type `ServiceResponse` in this scope
[INFO] [stdout]    --> src/web.rs:184:28
[INFO] [stdout]     |
[INFO] [stdout] 107 | impl<T> Resource<actix_web::Resource<T>>
[INFO] [stdout]     |       - help: you might be missing a type parameter: `, ServiceResponse`
[INFO] [stdout] ...
[INFO] [stdout] 184 |                 Response = ServiceResponse,
[INFO] [stdout]     |                            ^^^^^^^^^^^^^^^ not found in this scope
[INFO] [stdout] 
[INFO] [stdout] 
[INFO] [stdout] error[E0412]: cannot find type `ServiceRequest` in this scope
[INFO] [stdout]    --> src/web.rs:226:18
[INFO] [stdout]     |
[INFO] [stdout] 226 |         F: FnMut(ServiceRequest, &mut T::Service) -> R + Clone,
[INFO] [stdout]     |                  ^^^^^^^^^^^^^^ not found in this scope
[INFO] [stdout] 
[INFO] [stdout] 
[INFO] [stdout] error[E0412]: cannot find type `ServiceResponse` in this scope
[INFO] [stdout]    --> src/web.rs:227:35
[INFO] [stdout]     |
[INFO] [stdout] 107 | impl<T> Resource<actix_web::Resource<T>>
[INFO] [stdout]     |       - help: you might be missing a type parameter: `, ServiceResponse`
[INFO] [stdout] ...
[INFO] [stdout] 227 |         R: Future<Output = Result<ServiceResponse, Error>>,
[INFO] [stdout]     |                                   ^^^^^^^^^^^^^^^ not found in this scope
[INFO] [stdout] 
[INFO] [stdout] 
[INFO] [stdout] error[E0412]: cannot find type `ServiceRequest` in this scope
[INFO] [stdout]    --> src/web.rs:218:27
[INFO] [stdout]     |
[INFO] [stdout] 107 | impl<T> Resource<actix_web::Resource<T>>
[INFO] [stdout]     |       - help: you might be missing a type parameter: `, ServiceRequest`
[INFO] [stdout] ...
[INFO] [stdout] 218 |                 Request = ServiceRequest,
[INFO] [stdout]     |                           ^^^^^^^^^^^^^^ not found in this scope
[INFO] [stdout] 
[INFO] [stdout] 
[INFO] [stdout] error[E0412]: cannot find type `ServiceResponse` in this scope
[INFO] [stdout]    --> src/web.rs:219:28
[INFO] [stdout]     |
[INFO] [stdout] 107 | impl<T> Resource<actix_web::Resource<T>>
[INFO] [stdout]     |       - help: you might be missing a type parameter: `, ServiceResponse`
[INFO] [stdout] ...
[INFO] [stdout] 219 |                 Response = ServiceResponse,
[INFO] [stdout]     |                            ^^^^^^^^^^^^^^^ not found in this scope
[INFO] [stdout] 
[INFO] [stdout] 
[INFO] [stdout] error[E0412]: cannot find type `ServiceRequest` in this scope
[INFO] [stdout]    --> src/web.rs:246:27
[INFO] [stdout]     |
[INFO] [stdout] 246 |                 Request = ServiceRequest,
[INFO] [stdout]     |                           ^^^^^^^^^^^^^^ not found in this scope
[INFO] [stdout] 
[INFO] [stdout] 
[INFO] [stdout] error[E0412]: cannot find type `ServiceResponse` in this scope
[INFO] [stdout]    --> src/web.rs:247:28
[INFO] [stdout]     |
[INFO] [stdout] 247 |                 Response = ServiceResponse,
[INFO] [stdout]     |                            ^^^^^^^^^^^^^^^ not found in this scope
[INFO] [stdout] 
[INFO] [stdout] 
[INFO] [stdout] error[E0405]: cannot find trait `Apiv2Operation` in this scope
[INFO] [stdout]    --> src/web.rs:260:12
[INFO] [stdout]     |
[INFO] [stdout] 260 |         U: Apiv2Operation,
[INFO] [stdout]     |            ^^^^^^^^^^^^^^ not found in this scope
[INFO] [stdout] 
[INFO] [stdout] 
[INFO] [stdout] error[E0412]: cannot find type `DefaultPathItemRaw` in this scope
[INFO] [stdout]    --> src/web.rs:283:32
[INFO] [stdout]     |
[INFO] [stdout] 281 | pub struct Scope<S = actix_web::Scope> {
[INFO] [stdout]     |                   - help: you might be missing a type parameter: `, DefaultPathItemRaw`
[INFO] [stdout] 282 |     path: String,
[INFO] [stdout] 283 |     path_map: BTreeMap<String, DefaultPathItemRaw>,
[INFO] [stdout]     |                                ^^^^^^^^^^^^^^^^^^ not found in this scope
[INFO] [stdout] 
[INFO] [stdout] 
[INFO] [stdout] error[E0412]: cannot find type `DefaultSchemaRaw` in this scope
[INFO] [stdout]    --> src/web.rs:284:35
[INFO] [stdout]     |
[INFO] [stdout] 281 | pub struct Scope<S = actix_web::Scope> {
[INFO] [stdout]     |                   - help: you might be missing a type parameter: `, DefaultSchemaRaw`
[INFO] [stdout] ...
[INFO] [stdout] 284 |     definitions: BTreeMap<String, DefaultSchemaRaw>,
[INFO] [stdout]     |                                   ^^^^^^^^^^^^^^^^ not found in this scope
[INFO] [stdout] 
[INFO] [stdout] 
[INFO] [stdout] error[E0412]: cannot find type `SecurityScheme` in this scope
[INFO] [stdout]    --> src/web.rs:285:32
[INFO] [stdout]     |
[INFO] [stdout] 281 | pub struct Scope<S = actix_web::Scope> {
[INFO] [stdout]     |                   - help: you might be missing a type parameter: `, SecurityScheme`
[INFO] [stdout] ...
[INFO] [stdout] 285 |     security: BTreeMap<String, SecurityScheme>,
[INFO] [stdout]     |                                ^^^^^^^^^^^^^^ not found in this scope
[INFO] [stdout] 
[INFO] [stdout] 
[INFO] [stdout] error[E0433]: failed to resolve: use of undeclared crate or module `actix_web`
[INFO] [stdout]    --> src/web.rs:297:36
[INFO] [stdout]     |
[INFO] [stdout] 297 |             inner: Some(actix_web::Scope::new(path)),
[INFO] [stdout]     |                                    ^^^^^ not found in `actix_web`
[INFO] [stdout]     |
[INFO] [stdout] help: consider importing this struct
[INFO] [stdout]     |
[INFO] [stdout] 3   | use crate::Scope;
[INFO] [stdout]     |
[INFO] [stdout] 
[INFO] [stdout] 
[INFO] [stdout] error[E0405]: cannot find trait `HttpServiceFactory` in this scope
[INFO] [stdout]    --> src/web.rs:302:9
[INFO] [stdout]     |
[INFO] [stdout] 302 |   impl<T> HttpServiceFactory for Scope<actix_web::Scope<T>>
[INFO] [stdout]     |           ^^^^^^^^^^^^^^^^^^ help: a trait with a similar name exists: `IntoServiceFactory`
[INFO] [stdout]     | 
[INFO] [stdout]    ::: /opt/rustwide/cargo-home/registry/src/github.com-1ecc6299db9ec823/actix-service-1.0.6/src/lib.rs:329:1
[INFO] [stdout]     |
[INFO] [stdout] 329 | / pub trait IntoServiceFactory<T>
[INFO] [stdout] 330 | | where
[INFO] [stdout] 331 | |     T: ServiceFactory,
[INFO] [stdout] 332 | | {
[INFO] [stdout] 333 | |     /// Convert `Self` to a `ServiceFactory`
[INFO] [stdout] 334 | |     fn into_factory(self) -> T;
[INFO] [stdout] 335 | | }
[INFO] [stdout]     | |_- similarly named trait `IntoServiceFactory` defined here
[INFO] [stdout] 
[INFO] [stdout] 
[INFO] [stdout] error[E0412]: cannot find type `ServiceRequest` in this scope
[INFO] [stdout]    --> src/web.rs:306:23
[INFO] [stdout]     |
[INFO] [stdout] 306 |             Request = ServiceRequest,
[INFO] [stdout]     |                       ^^^^^^^^^^^^^^ not found in this scope
[INFO] [stdout] 
[INFO] [stdout] 
[INFO] [stdout] error[E0412]: cannot find type `ServiceResponse` in this scope
[INFO] [stdout]    --> src/web.rs:307:24
[INFO] [stdout]     |
[INFO] [stdout] 307 |             Response = ServiceResponse,
[INFO] [stdout]     |                        ^^^^^^^^^^^^^^^ not found in this scope
[INFO] [stdout] 
[INFO] [stdout] 
[INFO] [stdout] error[E0412]: cannot find type `ServiceRequest` in this scope
[INFO] [stdout]    --> src/web.rs:246:27
[INFO] [stdout]     |
[INFO] [stdout] 246 |                 Request = ServiceRequest,
[INFO] [stdout]     |                           ^^^^^^^^^^^^^^ not found in this scope
[INFO] [stdout] 
[INFO] [stdout] 
[INFO] [stdout] error[E0412]: cannot find type `AppService` in this scope
[INFO] [stdout]    --> src/web.rs:312:36
[INFO] [stdout]     |
[INFO] [stdout] 312 |     fn register(self, config: &mut AppService) {
[INFO] [stdout]     |                                    ^^^^^^^^^^ not found in this scope
[INFO] [stdout] 
[INFO] [stdout] 
[INFO] [stdout] error[E0412]: cannot find type `ServiceResponse` in this scope
[INFO] [stdout]    --> src/web.rs:247:28
[INFO] [stdout]     |
[INFO] [stdout] 247 |                 Response = ServiceResponse,
[INFO] [stdout]     |                            ^^^^^^^^^^^^^^^ not found in this scope
[INFO] [stdout] 
[INFO] [stdout] 
[INFO] [stdout] error[E0412]: cannot find type `ServiceRequest` in this scope
[INFO] [stdout]    --> src/web.rs:323:19
[INFO] [stdout]     |
[INFO] [stdout] 323 |         Request = ServiceRequest,
[INFO] [stdout]     |                   ^^^^^^^^^^^^^^ not found in this scope
[INFO] [stdout] 
[INFO] [stdout] 
[INFO] [stdout] error[E0405]: cannot find trait `Apiv2Operation` in this scope
[INFO] [stdout]    --> src/web.rs:260:12
[INFO] [stdout]     |
[INFO] [stdout] 260 |         U: Apiv2Operation,
[INFO] [stdout]     |            ^^^^^^^^^^^^^^ not found in this scope
[INFO] [stdout] 
[INFO] [stdout] 
[INFO] [stdout] error[E0412]: cannot find type `ServiceResponse` in this scope
[INFO] [stdout]    --> src/web.rs:324:20
[INFO] [stdout]     |
[INFO] [stdout] 324 |         Response = ServiceResponse,
[INFO] [stdout]     |                    ^^^^^^^^^^^^^^^ not found in this scope
[INFO] [stdout] 
[INFO] [stdout] 
[INFO] [stdout] error[E0405]: cannot find trait `Guard` in this scope
[INFO] [stdout]    --> src/web.rs:332:21
[INFO] [stdout]     |
[INFO] [stdout] 332 |     pub fn guard<G: Guard + 'static>(mut self, guard: G) -> Self {
[INFO] [stdout]     |                     ^^^^^ not found in this scope
[INFO] [stdout] 
[INFO] [stdout] 
[INFO] [stdout] error[E0412]: cannot find type `DefaultPathItemRaw` in this scope
[INFO] [stdout]    --> src/web.rs:283:32
[INFO] [stdout]     |
[INFO] [stdout] 281 | pub struct Scope<S = actix_web::Scope> {
[INFO] [stdout]     |                   - help: you might be missing a type parameter: `, DefaultPathItemRaw`
[INFO] [stdout] 282 |     path: String,
[INFO] [stdout] 283 |     path_map: BTreeMap<String, DefaultPathItemRaw>,
[INFO] [stdout]     |                                ^^^^^^^^^^^^^^^^^^ not found in this scope
[INFO] [stdout] 
[INFO] [stdout] 
[INFO] [stdout] error[E0412]: cannot find type `DefaultSchemaRaw` in this scope
[INFO] [stdout]    --> src/web.rs:284:35
[INFO] [stdout]     |
[INFO] [stdout] 281 | pub struct Scope<S = actix_web::Scope> {
[INFO] [stdout]     |                   - help: you might be missing a type parameter: `, DefaultSchemaRaw`
[INFO] [stdout] ...
[INFO] [stdout] 284 |     definitions: BTreeMap<String, DefaultSchemaRaw>,
[INFO] [stdout]     |                                   ^^^^^^^^^^^^^^^^ not found in this scope
[INFO] [stdout] 
[INFO] [stdout] 
[INFO] [stdout] error[E0405]: cannot find trait `HttpServiceFactory` in this scope
[INFO] [stdout]    --> src/web.rs:371:24
[INFO] [stdout]     |
[INFO] [stdout] 371 |           F: Mountable + HttpServiceFactory + 'static,
[INFO] [stdout]     |                          ^^^^^^^^^^^^^^^^^^ help: a trait with a similar name exists: `IntoServiceFactory`
[INFO] [stdout]     | 
[INFO] [stdout]    ::: /opt/rustwide/cargo-home/registry/src/github.com-1ecc6299db9ec823/actix-service-1.0.6/src/lib.rs:329:1
[INFO] [stdout]     |
[INFO] [stdout] 329 | / pub trait IntoServiceFactory<T>
[INFO] [stdout] 330 | | where
[INFO] [stdout] 331 | |     T: ServiceFactory,
[INFO] [stdout] 332 | | {
[INFO] [stdout] 333 | |     /// Convert `Self` to a `ServiceFactory`
[INFO] [stdout] 334 | |     fn into_factory(self) -> T;
[INFO] [stdout] 335 | | }
[INFO] [stdout]     | |_- similarly named trait `IntoServiceFactory` defined here
[INFO] [stdout] 
[INFO] [stdout] 
[INFO] [stdout] error[E0412]: cannot find type `ServiceRequest` in this scope
[INFO] [stdout]    --> src/web.rs:394:27
[INFO] [stdout]     |
[INFO] [stdout] 394 |                 Request = ServiceRequest,
[INFO] [stdout]     |                           ^^^^^^^^^^^^^^ not found in this scope
[INFO] [stdout] 
[INFO] [stdout] 
[INFO] [stdout] error[E0412]: cannot find type `ServiceResponse` in this scope
[INFO] [stdout]    --> src/web.rs:395:28
[INFO] [stdout]     |
[INFO] [stdout] 395 |                 Response = ServiceResponse,
[INFO] [stdout]     |                            ^^^^^^^^^^^^^^^ not found in this scope
[INFO] [stdout] 
[INFO] [stdout] 
[INFO] [stdout] error[E0405]: cannot find trait `Transform` in this scope
[INFO] [stdout]    --> src/web.rs:423:12
[INFO] [stdout]     |
[INFO] [stdout] 423 |         M: Transform<
[INFO] [stdout]     |            ^^^^^^^^^ not found in this scope
[INFO] [stdout]     |
[INFO] [stdout] help: consider importing this trait
[INFO] [stdout]     |
[INFO] [stdout] 3   | use actix_service::Transform;
[INFO] [stdout]     |
[INFO] [stdout] 
[INFO] [stdout] 
[INFO] [stdout] error[E0412]: cannot find type `ServiceRequest` in this scope
[INFO] [stdout]    --> src/web.rs:425:23
[INFO] [stdout]     |
[INFO] [stdout] 425 |             Request = ServiceRequest,
[INFO] [stdout]     |                       ^^^^^^^^^^^^^^ not found in this scope
[INFO] [stdout] 
[INFO] [stdout] 
[INFO] [stdout] error[E0412]: cannot find type `ServiceResponse` in this scope
[INFO] [stdout]    --> src/web.rs:426:24
[INFO] [stdout]     |
[INFO] [stdout] 426 |             Response = ServiceResponse,
[INFO] [stdout]     |                        ^^^^^^^^^^^^^^^ not found in this scope
[INFO] [stdout] 
[INFO] [stdout] 
[INFO] [stdout] error[E0412]: cannot find type `ServiceRequest` in this scope
[INFO] [stdout]    --> src/web.rs:415:27
[INFO] [stdout]     |
[INFO] [stdout] 319 | impl<T> Scope<actix_web::Scope<T>>
[INFO] [stdout]     |       - help: you might be missing a type parameter: `, ServiceRequest`
[INFO] [stdout] ...
[INFO] [stdout] 415 |                 Request = ServiceRequest,
[INFO] [stdout]     |                           ^^^^^^^^^^^^^^ not found in this scope
[INFO] [stdout] 
[INFO] [stdout] 
[INFO] [stdout] error[E0412]: cannot find type `ServiceResponse` in this scope
[INFO] [stdout]    --> src/web.rs:416:28
[INFO] [stdout]     |
[INFO] [stdout] 319 | impl<T> Scope<actix_web::Scope<T>>
[INFO] [stdout]     |       - help: you might be missing a type parameter: `, ServiceResponse`
[INFO] [stdout] ...
[INFO] [stdout] 416 |                 Response = ServiceResponse,
[INFO] [stdout]     |                            ^^^^^^^^^^^^^^^ not found in this scope
[INFO] [stdout] 
[INFO] [stdout] 
[INFO] [stdout] error[E0412]: cannot find type `ServiceRequest` in this scope
[INFO] [stdout]    --> src/web.rs:458:18
[INFO] [stdout]     |
[INFO] [stdout] 458 |         F: FnMut(ServiceRequest, &mut T::Service) -> R + Clone,
[INFO] [stdout]     |                  ^^^^^^^^^^^^^^ not found in this scope
[INFO] [stdout] 
[INFO] [stdout] 
[INFO] [stdout] error[E0412]: cannot find type `ServiceResponse` in this scope
[INFO] [stdout]    --> src/web.rs:459:35
[INFO] [stdout]     |
[INFO] [stdout] 319 | impl<T> Scope<actix_web::Scope<T>>
[INFO] [stdout]     |       - help: you might be missing a type parameter: `, ServiceResponse`
[INFO] [stdout] ...
[INFO] [stdout] 459 |         R: Future<Output = Result<ServiceResponse, Error>>,
[INFO] [stdout]     |                                   ^^^^^^^^^^^^^^^ not found in this scope
[INFO] [stdout] 
[INFO] [stdout] 
[INFO] [stdout] error[E0412]: cannot find type `ServiceRequest` in this scope
[INFO] [stdout]    --> src/web.rs:450:27
[INFO] [stdout]     |
[INFO] [stdout] 319 | impl<T> Scope<actix_web::Scope<T>>
[INFO] [stdout]     |       - help: you might be missing a type parameter: `, ServiceRequest`
[INFO] [stdout] ...
[INFO] [stdout] 450 |                 Request = ServiceRequest,
[INFO] [stdout]     |                           ^^^^^^^^^^^^^^ not found in this scope
[INFO] [stdout] 
[INFO] [stdout] 
[INFO] [stdout] error[E0412]: cannot find type `ServiceResponse` in this scope
[INFO] [stdout]    --> src/web.rs:451:28
[INFO] [stdout]     |
[INFO] [stdout] 319 | impl<T> Scope<actix_web::Scope<T>>
[INFO] [stdout]     |       - help: you might be missing a type parameter: `, ServiceResponse`
[INFO] [stdout] ...
[INFO] [stdout] 451 |                 Response = ServiceResponse,
[INFO] [stdout]     |                            ^^^^^^^^^^^^^^^ not found in this scope
[INFO] [stdout] 
[INFO] [stdout] 
[INFO] [stdout] error[E0412]: cannot find type `HttpMethod` in this scope
[INFO] [stdout]    --> src/web.rs:496:42
[INFO] [stdout]     |
[INFO] [stdout] 491 | impl<T> Mountable for Scope<T> {
[INFO] [stdout]     |       - help: you might be missing a type parameter: `, HttpMethod`
[INFO] [stdout] ...
[INFO] [stdout] 496 |     fn operations(&mut self) -> BTreeMap<HttpMethod, DefaultOperationRaw> {
[INFO] [stdout]     |                                          ^^^^^^^^^^ not found in this scope
[INFO] [stdout] 
[INFO] [stdout] 
[INFO] [stdout] error[E0412]: cannot find type `DefaultOperationRaw` in this scope
[INFO] [stdout]    --> src/web.rs:496:54
[INFO] [stdout]     |
[INFO] [stdout] 491 | impl<T> Mountable for Scope<T> {
[INFO] [stdout]     |       - help: you might be missing a type parameter: `, DefaultOperationRaw`
[INFO] [stdout] ...
[INFO] [stdout] 496 |     fn operations(&mut self) -> BTreeMap<HttpMethod, DefaultOperationRaw> {
[INFO] [stdout]     |                                                      ^^^^^^^^^^^^^^^^^^^ not found in this scope
[INFO] [stdout] 
[INFO] [stdout] 
[INFO] [stdout] error[E0412]: cannot find type `SecurityScheme` in this scope
[INFO] [stdout]    --> src/web.rs:500:60
[INFO] [stdout]     |
[INFO] [stdout] 491 | impl<T> Mountable for Scope<T> {
[INFO] [stdout]     |       - help: you might be missing a type parameter: `, SecurityScheme`
[INFO] [stdout] ...
[INFO] [stdout] 500 |     fn security_definitions(&mut self) -> BTreeMap<String, SecurityScheme> {
[INFO] [stdout]     |                                                            ^^^^^^^^^^^^^^ not found in this scope
[INFO] [stdout] 
[INFO] [stdout] 
[INFO] [stdout] error[E0412]: cannot find type `DefaultSchemaRaw` in this scope
[INFO] [stdout]    --> src/web.rs:504:51
[INFO] [stdout]     |
[INFO] [stdout] 491 | impl<T> Mountable for Scope<T> {
[INFO] [stdout]     |       - help: you might be missing a type parameter: `, DefaultSchemaRaw`
[INFO] [stdout] ...
[INFO] [stdout] 504 |     fn definitions(&mut self) -> BTreeMap<String, DefaultSchemaRaw> {
[INFO] [stdout]     |                                                   ^^^^^^^^^^^^^^^^ not found in this scope
[INFO] [stdout] 
[INFO] [stdout] 
[INFO] [stdout] error[E0412]: cannot find type `DefaultPathItemRaw` in this scope
[INFO] [stdout]    --> src/web.rs:508:64
[INFO] [stdout]     |
[INFO] [stdout] 491 | impl<T> Mountable for Scope<T> {
[INFO] [stdout]     |       - help: you might be missing a type parameter: `, DefaultPathItemRaw`
[INFO] [stdout] ...
[INFO] [stdout] 508 |     fn update_operations(&mut self, map: &mut BTreeMap<String, DefaultPathItemRaw>) {
[INFO] [stdout]     |                                                                ^^^^^^^^^^^^^^^^^^ not found in this scope
[INFO] [stdout] 
[INFO] [stdout] 
[INFO] [stdout] error[E0412]: cannot find type `HttpMethod` in this scope
[INFO] [stdout]    --> src/web.rs:525:20
[INFO] [stdout]     |
[INFO] [stdout] 524 | pub struct Route {
[INFO] [stdout]     |                 - help: you might be missing a type parameter: `<HttpMethod>`
[INFO] [stdout] 525 |     method: Option<HttpMethod>,
[INFO] [stdout]     |                    ^^^^^^^^^^ not found in this scope
[INFO] [stdout] 
[INFO] [stdout] 
[INFO] [stdout] error[E0412]: cannot find type `DefaultOperationRaw` in this scope
[INFO] [stdout]    --> src/web.rs:526:23
[INFO] [stdout]     |
[INFO] [stdout] 524 | pub struct Route {
[INFO] [stdout]     |                 - help: you might be missing a type parameter: `<DefaultOperationRaw>`
[INFO] [stdout] 525 |     method: Option<HttpMethod>,
[INFO] [stdout] 526 |     operation: Option<DefaultOperationRaw>,
[INFO] [stdout]     |                       ^^^^^^^^^^^^^^^^^^^ not found in this scope
[INFO] [stdout] 
[INFO] [stdout] 
[INFO] [stdout] error[E0412]: cannot find type `DefaultSchemaRaw` in this scope
[INFO] [stdout]    --> src/web.rs:527:35
[INFO] [stdout]     |
[INFO] [stdout] 524 | pub struct Route {
[INFO] [stdout]     |                 - help: you might be missing a type parameter: `<DefaultSchemaRaw>`
[INFO] [stdout] ...
[INFO] [stdout] 527 |     definitions: BTreeMap<String, DefaultSchemaRaw>,
[INFO] [stdout]     |                                   ^^^^^^^^^^^^^^^^ not found in this scope
[INFO] [stdout] 
[INFO] [stdout] 
[INFO] [stdout] error[E0412]: cannot find type `SecurityScheme` in this scope
[INFO] [stdout]    --> src/web.rs:528:32
[INFO] [stdout]     |
[INFO] [stdout] 524 | pub struct Route {
[INFO] [stdout]     |                 - help: you might be missing a type parameter: `<SecurityScheme>`
[INFO] [stdout] ...
[INFO] [stdout] 528 |     security: BTreeMap<String, SecurityScheme>,
[INFO] [stdout]     |                                ^^^^^^^^^^^^^^ not found in this scope
[INFO] [stdout] 
[INFO] [stdout] 
[INFO] [stdout] error[E0412]: cannot find type `ServiceRequest` in this scope
[INFO] [stdout]    --> src/web.rs:534:20
[INFO] [stdout]     |
[INFO] [stdout] 534 |     type Request = ServiceRequest;
[INFO] [stdout]     |                    ^^^^^^^^^^^^^^ not found in this scope
[INFO] [stdout] 
[INFO] [stdout] 
[INFO] [stdout] error[E0412]: cannot find type `ServiceResponse` in this scope
[INFO] [stdout]    --> src/web.rs:535:21
[INFO] [stdout]     |
[INFO] [stdout] 535 |     type Response = ServiceResponse;
[INFO] [stdout]     |                     ^^^^^^^^^^^^^^^ not found in this scope
[INFO] [stdout] 
[INFO] [stdout] 
[INFO] [stdout] error[E0433]: failed to resolve: use of undeclared crate or module `actix_web`
[INFO] [stdout]    --> src/web.rs:556:31
[INFO] [stdout]     |
[INFO] [stdout] 556 |             inner: actix_web::Route::new(),
[INFO] [stdout]     |                               ^^^^^ not found in `actix_web`
[INFO] [stdout]     |
[INFO] [stdout] help: consider importing this struct
[INFO] [stdout]     |
[INFO] [stdout] 3   | use crate::Route;
[INFO] [stdout]     |
[INFO] [stdout] 
[INFO] [stdout] 
[INFO] [stdout] error[E0412]: cannot find type `Method` in this scope
[INFO] [stdout]    --> src/web.rs:561:37
[INFO] [stdout]     |
[INFO] [stdout] 561 |     pub fn method(mut self, method: Method) -> Self {
[INFO] [stdout]     |                                     ^^^^^^ not found in this scope
[INFO] [stdout] 
[INFO] [stdout] 
[INFO] [stdout] error[E0405]: cannot find trait `Guard` in this scope
[INFO] [stdout]    --> src/web.rs:570:21
[INFO] [stdout]     |
[INFO] [stdout] 570 |     pub fn guard<G: Guard + 'static>(mut self, guard: G) -> Self {
[INFO] [stdout]     |                     ^^^^^ not found in this scope
[INFO] [stdout] 
[INFO] [stdout] 
[INFO] [stdout] error[E0405]: cannot find trait `Factory` in this scope
[INFO] [stdout]    --> src/web.rs:578:12
[INFO] [stdout]     |
[INFO] [stdout] 578 |         F: Factory<I, R, U>,
[INFO] [stdout]     |            ^^^^^^^ not found in this scope
[INFO] [stdout] 
[INFO] [stdout] 
[INFO] [stdout] error[E0405]: cannot find trait `Apiv2Operation` in this scope
[INFO] [stdout]    --> src/web.rs:580:12
[INFO] [stdout]     |
[INFO] [stdout] 580 |         R: Apiv2Operation + Future<Output = U> + 'static,
[INFO] [stdout]     |            ^^^^^^^^^^^^^^ not found in this scope
[INFO] [stdout] 
[INFO] [stdout] 
[INFO] [stdout] error[E0412]: cannot find type `Method` in this scope
[INFO] [stdout]    --> src/web.rs:592:23
[INFO] [stdout]     |
[INFO] [stdout] 592 | pub fn method(method: Method) -> Route {
[INFO] [stdout]     |                       ^^^^^^ not found in this scope
[INFO] [stdout] 
[INFO] [stdout] 
[INFO] [stdout] error[E0412]: cannot find type `HttpMethod` in this scope
[INFO] [stdout]    --> src/web.rs:640:37
[INFO] [stdout]     |
[INFO] [stdout] 638 | pub(crate) struct RouteWrapper<S> {
[INFO] [stdout]     |                                 - help: you might be missing a type parameter: `, HttpMethod`
[INFO] [stdout] 639 |     path: S,
[INFO] [stdout] 640 |     pub(crate) operations: BTreeMap<HttpMethod, DefaultOperationRaw>,
[INFO] [stdout]     |                                     ^^^^^^^^^^ not found in this scope
[INFO] [stdout] 
[INFO] [stdout] 
[INFO] [stdout] error[E0412]: cannot find type `DefaultOperationRaw` in this scope
[INFO] [stdout]    --> src/web.rs:640:49
[INFO] [stdout]     |
[INFO] [stdout] 638 | pub(crate) struct RouteWrapper<S> {
[INFO] [stdout]     |                                 - help: you might be missing a type parameter: `, DefaultOperationRaw`
[INFO] [stdout] 639 |     path: S,
[INFO] [stdout] 640 |     pub(crate) operations: BTreeMap<HttpMethod, DefaultOperationRaw>,
[INFO] [stdout]     |                                                 ^^^^^^^^^^^^^^^^^^^ not found in this scope
[INFO] [stdout] 
[INFO] [stdout] 
[INFO] [stdout] error[E0412]: cannot find type `DefaultSchemaRaw` in this scope
[INFO] [stdout]    --> src/web.rs:641:46
[INFO] [stdout]     |
[INFO] [stdout] 638 | pub(crate) struct RouteWrapper<S> {
[INFO] [stdout]     |                                 - help: you might be missing a type parameter: `, DefaultSchemaRaw`
[INFO] [stdout] ...
[INFO] [stdout] 641 |     pub(crate) definitions: BTreeMap<String, DefaultSchemaRaw>,
[INFO] [stdout]     |                                              ^^^^^^^^^^^^^^^^ not found in this scope
[INFO] [stdout] 
[INFO] [stdout] 
[INFO] [stdout] error[E0412]: cannot find type `SecurityScheme` in this scope
[INFO] [stdout]    --> src/web.rs:642:43
[INFO] [stdout]     |
[INFO] [stdout] 638 | pub(crate) struct RouteWrapper<S> {
[INFO] [stdout]     |                                 - help: you might be missing a type parameter: `, SecurityScheme`
[INFO] [stdout] ...
[INFO] [stdout] 642 |     pub(crate) security: BTreeMap<String, SecurityScheme>,
[INFO] [stdout]     |                                           ^^^^^^^^^^^^^^ not found in this scope
[INFO] [stdout] 
[INFO] [stdout] 
[INFO] [stdout] error[E0412]: cannot find type `HttpMethod` in this scope
[INFO] [stdout]    --> src/web.rs:682:42
[INFO] [stdout]     |
[INFO] [stdout] 674 | impl<S> Mountable for RouteWrapper<S>
[INFO] [stdout]     |       - help: you might be missing a type parameter: `, HttpMethod`
[INFO] [stdout] ...
[INFO] [stdout] 682 |     fn operations(&mut self) -> BTreeMap<HttpMethod, DefaultOperationRaw> {
[INFO] [stdout]     |                                          ^^^^^^^^^^ not found in this scope
[INFO] [stdout] 
[INFO] [stdout] 
[INFO] [stdout] error[E0412]: cannot find type `DefaultOperationRaw` in this scope
[INFO] [stdout]    --> src/web.rs:682:54
[INFO] [stdout]     |
[INFO] [stdout] 674 | impl<S> Mountable for RouteWrapper<S>
[INFO] [stdout]     |       - help: you might be missing a type parameter: `, DefaultOperationRaw`
[INFO] [stdout] ...
[INFO] [stdout] 682 |     fn operations(&mut self) -> BTreeMap<HttpMethod, DefaultOperationRaw> {
[INFO] [stdout]     |                                                      ^^^^^^^^^^^^^^^^^^^ not found in this scope
[INFO] [stdout] 
[INFO] [stdout] 
[INFO] [stdout] error[E0412]: cannot find type `SecurityScheme` in this scope
[INFO] [stdout]    --> src/web.rs:686:60
[INFO] [stdout]     |
[INFO] [stdout] 674 | impl<S> Mountable for RouteWrapper<S>
[INFO] [stdout]     |       - help: you might be missing a type parameter: `, SecurityScheme`
[INFO] [stdout] ...
[INFO] [stdout] 686 |     fn security_definitions(&mut self) -> BTreeMap<String, SecurityScheme> {
[INFO] [stdout]     |                                                            ^^^^^^^^^^^^^^ not found in this scope
[INFO] [stdout] 
[INFO] [stdout] 
[INFO] [stdout] error[E0412]: cannot find type `DefaultSchemaRaw` in this scope
[INFO] [stdout]    --> src/web.rs:690:51
[INFO] [stdout]     |
[INFO] [stdout] 674 | impl<S> Mountable for RouteWrapper<S>
[INFO] [stdout]     |       - help: you might be missing a type parameter: `, DefaultSchemaRaw`
[INFO] [stdout] ...
[INFO] [stdout] 690 |     fn definitions(&mut self) -> BTreeMap<String, DefaultSchemaRaw> {
[INFO] [stdout]     |                                                   ^^^^^^^^^^^^^^^^ not found in this scope
[INFO] [stdout] 
[INFO] [stdout] 
[INFO] [stdout] error[E0412]: cannot find type `DefaultPathItemRaw` in this scope
[INFO] [stdout]    --> src/web.rs:699:32
[INFO] [stdout]     |
[INFO] [stdout] 698 | pub struct ServiceConfig<'a> {
[INFO] [stdout]     |                            - help: you might be missing a type parameter: `, DefaultPathItemRaw`
[INFO] [stdout] 699 |     path_map: BTreeMap<String, DefaultPathItemRaw>,
[INFO] [stdout]     |                                ^^^^^^^^^^^^^^^^^^ not found in this scope
[INFO] [stdout] 
[INFO] [stdout] 
[INFO] [stdout] error[E0412]: cannot find type `DefaultSchemaRaw` in this scope
[INFO] [stdout]    --> src/web.rs:700:35
[INFO] [stdout]     |
[INFO] [stdout] 698 | pub struct ServiceConfig<'a> {
[INFO] [stdout]     |                            - help: you might be missing a type parameter: `, DefaultSchemaRaw`
[INFO] [stdout] 699 |     path_map: BTreeMap<String, DefaultPathItemRaw>,
[INFO] [stdout] 700 |     definitions: BTreeMap<String, DefaultSchemaRaw>,
[INFO] [stdout]     |                                   ^^^^^^^^^^^^^^^^ not found in this scope
[INFO] [stdout] 
[INFO] [stdout] 
[INFO] [stdout] error[E0412]: cannot find type `SecurityScheme` in this scope
[INFO] [stdout]    --> src/web.rs:701:32
[INFO] [stdout]     |
[INFO] [stdout] 698 | pub struct ServiceConfig<'a> {
[INFO] [stdout]     |                            - help: you might be missing a type parameter: `, SecurityScheme`
[INFO] [stdout] ...
[INFO] [stdout] 701 |     security: BTreeMap<String, SecurityScheme>,
[INFO] [stdout]     |                                ^^^^^^^^^^^^^^ not found in this scope
[INFO] [stdout] 
[INFO] [stdout] 
[INFO] [stdout] error[E0412]: cannot find type `HttpMethod` in this scope
[INFO] [stdout]    --> src/web.rs:721:42
[INFO] [stdout]     |
[INFO] [stdout] 716 | impl<'a> Mountable for ServiceConfig<'a> {
[INFO] [stdout]     |        - help: you might be missing a type parameter: `, HttpMethod`
[INFO] [stdout] ...
[INFO] [stdout] 721 |     fn operations(&mut self) -> BTreeMap<HttpMethod, DefaultOperationRaw> {
[INFO] [stdout]     |                                          ^^^^^^^^^^ not found in this scope
[INFO] [stdout] 
[INFO] [stdout] 
[INFO] [stdout] error[E0412]: cannot find type `DefaultOperationRaw` in this scope
[INFO] [stdout]    --> src/web.rs:721:54
[INFO] [stdout]     |
[INFO] [stdout] 716 | impl<'a> Mountable for ServiceConfig<'a> {
[INFO] [stdout]     |        - help: you might be missing a type parameter: `, DefaultOperationRaw`
[INFO] [stdout] ...
[INFO] [stdout] 721 |     fn operations(&mut self) -> BTreeMap<HttpMethod, DefaultOperationRaw> {
[INFO] [stdout]     |                                                      ^^^^^^^^^^^^^^^^^^^ not found in this scope
[INFO] [stdout] 
[INFO] [stdout] 
[INFO] [stdout] error[E0412]: cannot find type `SecurityScheme` in this scope
[INFO] [stdout]    --> src/web.rs:727:60
[INFO] [stdout]     |
[INFO] [stdout] 716 | impl<'a> Mountable for ServiceConfig<'a> {
[INFO] [stdout]     |        - help: you might be missing a type parameter: `, SecurityScheme`
[INFO] [stdout] ...
[INFO] [stdout] 727 |     fn security_definitions(&mut self) -> BTreeMap<String, SecurityScheme> {
[INFO] [stdout]     |                                                            ^^^^^^^^^^^^^^ not found in this scope
[INFO] [stdout] 
[INFO] [stdout] 
[INFO] [stdout] error[E0412]: cannot find type `DefaultSchemaRaw` in this scope
[INFO] [stdout]    --> src/web.rs:731:51
[INFO] [stdout]     |
[INFO] [stdout] 716 | impl<'a> Mountable for ServiceConfig<'a> {
[INFO] [stdout]     |        - help: you might be missing a type parameter: `, DefaultSchemaRaw`
[INFO] [stdout] ...
[INFO] [stdout] 731 |     fn definitions(&mut self) -> BTreeMap<String, DefaultSchemaRaw> {
[INFO] [stdout]     |                                                   ^^^^^^^^^^^^^^^^ not found in this scope
[INFO] [stdout] 
[INFO] [stdout] 
[INFO] [stdout] error[E0412]: cannot find type `DefaultPathItemRaw` in this scope
[INFO] [stdout]    --> src/web.rs:735:64
[INFO] [stdout]     |
[INFO] [stdout] 716 | impl<'a> Mountable for ServiceConfig<'a> {
[INFO] [stdout]     |        - help: you might be missing a type parameter: `, DefaultPathItemRaw`
[INFO] [stdout] ...
[INFO] [stdout] 735 |     fn update_operations(&mut self, map: &mut BTreeMap<String, DefaultPathItemRaw>) {
[INFO] [stdout]     |                                                                ^^^^^^^^^^^^^^^^^^ not found in this scope
[INFO] [stdout] 
[INFO] [stdout] 
[INFO] [stdout] error[E0405]: cannot find trait `HttpServiceFactory` in this scope
[INFO] [stdout]    --> src/web.rs:757:24
[INFO] [stdout]     |
[INFO] [stdout] 757 |           F: Mountable + HttpServiceFactory + 'static,
[INFO] [stdout]     |                          ^^^^^^^^^^^^^^^^^^ help: a trait with a similar name exists: `IntoServiceFactory`
[INFO] [stdout]     | 
[INFO] [stdout]    ::: /opt/rustwide/cargo-home/registry/src/github.com-1ecc6299db9ec823/actix-service-1.0.6/src/lib.rs:329:1
[INFO] [stdout]     |
[INFO] [stdout] 329 | / pub trait IntoServiceFactory<T>
[INFO] [stdout] 330 | | where
[INFO] [stdout] 331 | |     T: ServiceFactory,
[INFO] [stdout] 332 | | {
[INFO] [stdout] 333 | |     /// Convert `Self` to a `ServiceFactory`
[INFO] [stdout] 334 | |     fn into_factory(self) -> T;
[INFO] [stdout] 335 | | }
[INFO] [stdout]     | |_- similarly named trait `IntoServiceFactory` defined here
[INFO] [stdout] 
[INFO] [stdout] 
[INFO] [stdout] error[E0412]: cannot find type `DefaultApiRaw` in this scope
[INFO] [stdout]   --> src/lib.rs:35:22
[INFO] [stdout]    |
[INFO] [stdout] 34 | pub struct App<T, B> {
[INFO] [stdout]    |                    - help: you might be missing a type parameter: `, DefaultApiRaw`
[INFO] [stdout] 35 |     spec: Arc<RwLock<DefaultApiRaw>>,
[INFO] [stdout]    |                      ^^^^^^^^^^^^^ not found in this scope
[INFO] [stdout] 
[INFO] [stdout] 
[INFO] [stdout] error[E0412]: cannot find type `DefaultApiRaw` in this scope
[INFO] [stdout]   --> src/lib.rs:56:39
[INFO] [stdout]    |
[INFO] [stdout] 56 |     fn wrap_api_with_spec(self, spec: DefaultApiRaw) -> Self::Wrapper;
[INFO] [stdout]    |                                       ^^^^^^^^^^^^^ not found in this scope
[INFO] [stdout] 
[INFO] [stdout] 
[INFO] [stdout] error[E0412]: cannot find type `DefaultApiRaw` in this scope
[INFO] [stdout]   --> src/lib.rs:72:39
[INFO] [stdout]    |
[INFO] [stdout] 72 |     fn wrap_api_with_spec(self, spec: DefaultApiRaw) -> Self::Wrapper {
[INFO] [stdout]    |                                       ^^^^^^^^^^^^^ not found in this scope
[INFO] [stdout] 
[INFO] [stdout] 
[INFO] [stdout] error[E0412]: cannot find type `SecurityScheme` in this scope
[INFO] [stdout]    --> src/web.rs:285:32
[INFO] [stdout]     |
[INFO] [stdout] 281 | pub struct Scope<S = actix_web::Scope> {
[INFO] [stdout]     |                   - help: you might be missing a type parameter: `, SecurityScheme`
[INFO] [stdout] ...
[INFO] [stdout] 285 |     security: BTreeMap<String, SecurityScheme>,
[INFO] [stdout]     |                                ^^^^^^^^^^^^^^ not found in this scope
[INFO] [stdout] 
[INFO] [stdout] 
[INFO] [stdout] error[E0412]: cannot find type `HttpMethod` in this scope
[INFO] [stdout]   --> src/lib.rs:89:42
[INFO] [stdout]    |
[INFO] [stdout] 84 | pub trait Mountable {
[INFO] [stdout]    |                    - help: you might be missing a type parameter: `<HttpMethod>`
[INFO] [stdout] ...
[INFO] [stdout] 89 |     fn operations(&mut self) -> BTreeMap<HttpMethod, DefaultOperationRaw>;
[INFO] [stdout]    |                                          ^^^^^^^^^^ not found in this scope
[INFO] [stdout] 
[INFO] [stdout] 
[INFO] [stdout] error[E0412]: cannot find type `DefaultOperationRaw` in this scope
[INFO] [stdout]   --> src/lib.rs:89:54
[INFO] [stdout]    |
[INFO] [stdout] 84 | pub trait Mountable {
[INFO] [stdout]    |                    - help: you might be missing a type parameter: `<DefaultOperationRaw>`
[INFO] [stdout] ...
[INFO] [stdout] 89 |     fn operations(&mut self) -> BTreeMap<HttpMethod, DefaultOperationRaw>;
[INFO] [stdout]    |                                                      ^^^^^^^^^^^^^^^^^^^ not found in this scope
[INFO] [stdout] 
[INFO] [stdout] 
[INFO] [stdout] error[E0433]: failed to resolve: use of undeclared crate or module `actix_web`
[INFO] [stdout]    --> src/web.rs:297:36
[INFO] [stdout]     |
[INFO] [stdout] 297 |             inner: Some(actix_web::Scope::new(path)),
[INFO] [stdout]     |                                    ^^^^^ not found in `actix_web`
[INFO] [stdout]     |
[INFO] [stdout] help: consider importing this struct
[INFO] [stdout]     |
[INFO] [stdout] 3   | use crate::Scope;
[INFO] [stdout]     |
[INFO] [stdout] 
[INFO] [stdout] 
[INFO] [stdout] error[E0412]: cannot find type `DefaultSchemaRaw` in this scope
[INFO] [stdout]   --> src/lib.rs:92:51
[INFO] [stdout]    |
[INFO] [stdout] 84 | pub trait Mountable {
[INFO] [stdout]    |                    - help: you might be missing a type parameter: `<DefaultSchemaRaw>`
[INFO] [stdout] ...
[INFO] [stdout] 92 |     fn definitions(&mut self) -> BTreeMap<String, DefaultSchemaRaw>;
[INFO] [stdout]    |                                                   ^^^^^^^^^^^^^^^^ not found in this scope
[INFO] [stdout] 
[INFO] [stdout] 
[INFO] [stdout] error[E0412]: cannot find type `SecurityScheme` in this scope
[INFO] [stdout]   --> src/lib.rs:95:60
[INFO] [stdout]    |
[INFO] [stdout] 84 | pub trait Mountable {
[INFO] [stdout]    |                    - help: you might be missing a type parameter: `<SecurityScheme>`
[INFO] [stdout] ...
[INFO] [stdout] 95 |     fn security_definitions(&mut self) -> BTreeMap<String, SecurityScheme>;
[INFO] [stdout]    |                                                            ^^^^^^^^^^^^^^ not found in this scope
[INFO] [stdout] 
[INFO] [stdout] 
[INFO] [stdout] error[E0405]: cannot find trait `HttpServiceFactory` in this scope
[INFO] [stdout]    --> src/web.rs:302:9
[INFO] [stdout]     |
[INFO] [stdout] 302 |   impl<T> HttpServiceFactory for Scope<actix_web::Scope<T>>
[INFO] [stdout]     |           ^^^^^^^^^^^^^^^^^^ help: a trait with a similar name exists: `IntoServiceFactory`
[INFO] [stdout]     | 
[INFO] [stdout]    ::: /opt/rustwide/cargo-home/registry/src/github.com-1ecc6299db9ec823/actix-service-1.0.6/src/lib.rs:329:1
[INFO] [stdout]     |
[INFO] [stdout] 329 | / pub trait IntoServiceFactory<T>
[INFO] [stdout] 330 | | where
[INFO] [stdout] 331 | |     T: ServiceFactory,
[INFO] [stdout] 332 | | {
[INFO] [stdout] 333 | |     /// Convert `Self` to a `ServiceFactory`
[INFO] [stdout] 334 | |     fn into_factory(self) -> T;
[INFO] [stdout] 335 | | }
[INFO] [stdout]     | |_- similarly named trait `IntoServiceFactory` defined here
[INFO] [stdout] 
[INFO] [stdout] 
[INFO] [stdout] error[E0412]: cannot find type `DefaultPathItemRaw` in this scope
[INFO] [stdout]    --> src/lib.rs:101:64
[INFO] [stdout]     |
[INFO] [stdout] 84  | pub trait Mountable {
[INFO] [stdout]     |                    - help: you might be missing a type parameter: `<DefaultPathItemRaw>`
[INFO] [stdout] ...
[INFO] [stdout] 101 |     fn update_operations(&mut self, map: &mut BTreeMap<String, DefaultPathItemRaw>) {
[INFO] [stdout]     |                                                                ^^^^^^^^^^^^^^^^^^ not found in this scope
[INFO] [stdout] 
[INFO] [stdout] 
[INFO] [stdout] error[E0412]: cannot find type `ServiceRequest` in this scope
[INFO] [stdout]    --> src/web.rs:306:23
[INFO] [stdout]     |
[INFO] [stdout] 306 |             Request = ServiceRequest,
[INFO] [stdout]     |                       ^^^^^^^^^^^^^^ not found in this scope
[INFO] [stdout] 
[INFO] [stdout] 
[INFO] [stdout] error[E0405]: cannot find trait `MessageBody` in this scope
[INFO] [stdout]    --> src/lib.rs:111:8
[INFO] [stdout]     |
[INFO] [stdout] 111 |     B: MessageBody,
[INFO] [stdout]     |        ^^^^^^^^^^^ not found in this scope
[INFO] [stdout] 
[INFO] [stdout] 
[INFO] [stdout] error[E0412]: cannot find type `ServiceResponse` in this scope
[INFO] [stdout]    --> src/web.rs:307:24
[INFO] [stdout]     |
[INFO] [stdout] 307 |             Response = ServiceResponse,
[INFO] [stdout]     |                        ^^^^^^^^^^^^^^^ not found in this scope
[INFO] [stdout] 
[INFO] [stdout] 
[INFO] [stdout] error[E0412]: cannot find type `ServiceRequest` in this scope
[INFO] [stdout]    --> src/lib.rs:114:19
[INFO] [stdout]     |
[INFO] [stdout] 114 |         Request = ServiceRequest,
[INFO] [stdout]     |                   ^^^^^^^^^^^^^^ not found in this scope
[INFO] [stdout] 
[INFO] [stdout] 
[INFO] [stdout] error[E0412]: cannot find type `AppService` in this scope
[INFO] [stdout]    --> src/web.rs:312:36
[INFO] [stdout]     |
[INFO] [stdout] 312 |     fn register(self, config: &mut AppService) {
[INFO] [stdout]     |                                    ^^^^^^^^^^ not found in this scope
[INFO] [stdout] 
[INFO] [stdout] 
[INFO] [stdout] error[E0412]: cannot find type `ServiceResponse` in this scope
[INFO] [stdout]    --> src/lib.rs:115:20
[INFO] [stdout]     |
[INFO] [stdout] 115 |         Response = ServiceResponse<B>,
[INFO] [stdout]     |                    ^^^^^^^^^^^^^^^ not found in this scope
[INFO] [stdout] 
[INFO] [stdout] 
[INFO] [stdout] error[E0412]: cannot find type `ServiceRequest` in this scope
[INFO] [stdout]    --> src/web.rs:323:19
[INFO] [stdout]     |
[INFO] [stdout] 323 |         Request = ServiceRequest,
[INFO] [stdout]     |                   ^^^^^^^^^^^^^^ not found in this scope
[INFO] [stdout] 
[INFO] [stdout] 
[INFO] [stdout] error[E0405]: cannot find trait `HttpServiceFactory` in this scope
[INFO] [stdout]    --> src/lib.rs:176:24
[INFO] [stdout]     |
[INFO] [stdout] 176 |         F: Mountable + HttpServiceFactory + 'static,
[INFO] [stdout]     |                        ^^^^^^^^^^^^^^^^^^ help: a trait with a similar name exists: `ServiceFactory`
[INFO] [stdout]     | 
[INFO] [stdout]    ::: /opt/rustwide/cargo-home/registry/src/github.com-1ecc6299db9ec823/actix-service-1.0.6/src/lib.rs:155:1
[INFO] [stdout]     |
[INFO] [stdout] 155 | pub trait ServiceFactory {
[INFO] [stdout]     | ------------------------ similarly named trait `ServiceFactory` defined here
[INFO] [stdout] 
[INFO] [stdout] 
[INFO] [stdout] error[E0412]: cannot find type `ServiceResponse` in this scope
[INFO] [stdout]    --> src/web.rs:324:20
[INFO] [stdout]     |
[INFO] [stdout] 324 |         Response = ServiceResponse,
[INFO] [stdout]     |                    ^^^^^^^^^^^^^^^ not found in this scope
[INFO] [stdout] 
[INFO] [stdout] 
[INFO] [stdout] error[E0405]: cannot find trait `Guard` in this scope
[INFO] [stdout]    --> src/web.rs:332:21
[INFO] [stdout]     |
[INFO] [stdout] 332 |     pub fn guard<G: Guard + 'static>(mut self, guard: G) -> Self {
[INFO] [stdout]     |                     ^^^^^ not found in this scope
[INFO] [stdout] 
[INFO] [stdout] 
[INFO] [stdout] error[E0412]: cannot find type `ServiceRequest` in this scope
[INFO] [stdout]    --> src/lib.rs:191:27
[INFO] [stdout]     |
[INFO] [stdout] 191 |                 Request = ServiceRequest,
[INFO] [stdout]     |                           ^^^^^^^^^^^^^^ not found in this scope
[INFO] [stdout] 
[INFO] [stdout] 
[INFO] [stdout] error[E0412]: cannot find type `ServiceResponse` in this scope
[INFO] [stdout]    --> src/lib.rs:192:28
[INFO] [stdout]     |
[INFO] [stdout] 192 |                 Response = ServiceResponse,
[INFO] [stdout]     |                            ^^^^^^^^^^^^^^^ not found in this scope
[INFO] [stdout] 
[INFO] [stdout] 
[INFO] [stdout] error[E0405]: cannot find trait `Transform` in this scope
[INFO] [stdout]    --> src/lib.rs:231:12
[INFO] [stdout]     |
[INFO] [stdout] 231 |         M: Transform<
[INFO] [stdout]     |            ^^^^^^^^^ not found in this scope
[INFO] [stdout]     |
[INFO] [stdout] help: consider importing this trait
[INFO] [stdout]     |
[INFO] [stdout] 11  | use actix_service::Transform;
[INFO] [stdout]     |
[INFO] [stdout] 
[INFO] [stdout] 
[INFO] [stdout] error[E0405]: cannot find trait `HttpServiceFactory` in this scope
[INFO] [stdout]    --> src/web.rs:371:24
[INFO] [stdout]     |
[INFO] [stdout] 371 |           F: Mountable + HttpServiceFactory + 'static,
[INFO] [stdout]     |                          ^^^^^^^^^^^^^^^^^^ help: a trait with a similar name exists: `IntoServiceFactory`
[INFO] [stdout]     | 
[INFO] [stdout]    ::: /opt/rustwide/cargo-home/registry/src/github.com-1ecc6299db9ec823/actix-service-1.0.6/src/lib.rs:329:1
[INFO] [stdout]     |
[INFO] [stdout] 329 | / pub trait IntoServiceFactory<T>
[INFO] [stdout] 330 | | where
[INFO] [stdout] 331 | |     T: ServiceFactory,
[INFO] [stdout] 332 | | {
[INFO] [stdout] 333 | |     /// Convert `Self` to a `ServiceFactory`
[INFO] [stdout] 334 | |     fn into_factory(self) -> T;
[INFO] [stdout] 335 | | }
[INFO] [stdout]     | |_- similarly named trait `IntoServiceFactory` defined here
[INFO] [stdout] 
[INFO] [stdout] 
[INFO] [stdout] error[E0412]: cannot find type `ServiceRequest` in this scope
[INFO] [stdout]    --> src/lib.rs:233:23
[INFO] [stdout]     |
[INFO] [stdout] 233 |             Request = ServiceRequest,
[INFO] [stdout]     |                       ^^^^^^^^^^^^^^ not found in this scope
[INFO] [stdout] 
[INFO] [stdout] 
[INFO] [stdout] error[E0412]: cannot find type `ServiceResponse` in this scope
[INFO] [stdout]    --> src/lib.rs:234:24
[INFO] [stdout]     |
[INFO] [stdout] 234 |             Response = ServiceResponse<B1>,
[INFO] [stdout]     |                        ^^^^^^^^^^^^^^^ not found in this scope
[INFO] [stdout] 
[INFO] [stdout] 
[INFO] [stdout] error[E0412]: cannot find type `ServiceRequest` in this scope
[INFO] [stdout]    --> src/web.rs:394:27
[INFO] [stdout]     |
[INFO] [stdout] 394 |                 Request = ServiceRequest,
[INFO] [stdout]     |                           ^^^^^^^^^^^^^^ not found in this scope
[INFO] [stdout] 
[INFO] [stdout] 
[INFO] [stdout] error[E0405]: cannot find trait `MessageBody` in this scope
[INFO] [stdout]    --> src/lib.rs:238:13
[INFO] [stdout]     |
[INFO] [stdout] 238 |         B1: MessageBody,
[INFO] [stdout]     |             ^^^^^^^^^^^ not found in this scope
[INFO] [stdout] 
[INFO] [stdout] 
[INFO] [stdout] error[E0412]: cannot find type `ServiceResponse` in this scope
[INFO] [stdout]    --> src/web.rs:395:28
[INFO] [stdout]     |
[INFO] [stdout] 395 |                 Response = ServiceResponse,
[INFO] [stdout]     |                            ^^^^^^^^^^^^^^^ not found in this scope
[INFO] [stdout] 
[INFO] [stdout] 
[INFO] [stdout] error[E0412]: cannot find type `ServiceRequest` in this scope
[INFO] [stdout]    --> src/lib.rs:223:23
[INFO] [stdout]     |
[INFO] [stdout] 109 | impl<T, B> App<T, B>
[INFO] [stdout]     |          - help: you might be missing a type parameter: `, ServiceRequest`
[INFO] [stdout] ...
[INFO] [stdout] 223 |             Request = ServiceRequest,
[INFO] [stdout]     |                       ^^^^^^^^^^^^^^ not found in this scope
[INFO] [stdout] 
[INFO] [stdout] 
[INFO] [stdout] error[E0405]: cannot find trait `Transform` in this scope
[INFO] [stdout]    --> src/web.rs:423:12
[INFO] [stdout]     |
[INFO] [stdout] 423 |         M: Transform<
[INFO] [stdout]     |            ^^^^^^^^^ not found in this scope
[INFO] [stdout]     |
[INFO] [stdout] help: consider importing this trait
[INFO] [stdout]     |
[INFO] [stdout] 3   | use actix_service::Transform;
[INFO] [stdout]     |
[INFO] [stdout] 
[INFO] [stdout] 
[INFO] [stdout] error[E0412]: cannot find type `ServiceResponse` in this scope
[INFO] [stdout]    --> src/lib.rs:224:24
[INFO] [stdout]     |
[INFO] [stdout] 224 |             Response = ServiceResponse<B1>,
[INFO] [stdout]     |                        ^^^^^^^^^^^^^^^ not found in this scope
[INFO] [stdout] 
[INFO] [stdout] 
[INFO] [stdout] error[E0405]: cannot find trait `MessageBody` in this scope
[INFO] [stdout]    --> src/lib.rs:266:13
[INFO] [stdout]     |
[INFO] [stdout] 266 |         B1: MessageBody,
[INFO] [stdout]     |             ^^^^^^^^^^^ not found in this scope
[INFO] [stdout] 
[INFO] [stdout] 
[INFO] [stdout] error[E0412]: cannot find type `ServiceRequest` in this scope
[INFO] [stdout]    --> src/web.rs:425:23
[INFO] [stdout]     |
[INFO] [stdout] 425 |             Request = ServiceRequest,
[INFO] [stdout]     |                       ^^^^^^^^^^^^^^ not found in this scope
[INFO] [stdout] 
[INFO] [stdout] 
[INFO] [stdout] error[E0412]: cannot find type `ServiceRequest` in this scope
[INFO] [stdout]    --> src/lib.rs:267:18
[INFO] [stdout]     |
[INFO] [stdout] 267 |         F: FnMut(ServiceRequest, &mut T::Service) -> R + Clone,
[INFO] [stdout]     |                  ^^^^^^^^^^^^^^ not found in this scope
[INFO] [stdout] 
[INFO] [stdout] 
[INFO] [stdout] error[E0412]: cannot find type `ServiceResponse` in this scope
[INFO] [stdout]    --> src/lib.rs:268:35
[INFO] [stdout]     |
[INFO] [stdout] 268 |         R: Future<Output = Result<ServiceResponse<B1>, Error>>,
[INFO] [stdout]     |                                   ^^^^^^^^^^^^^^^ not found in this scope
[INFO] [stdout] 
[INFO] [stdout] 
[INFO] [stdout] error[E0412]: cannot find type `ServiceResponse` in this scope
[INFO] [stdout]    --> src/web.rs:426:24
[INFO] [stdout]     |
[INFO] [stdout] 426 |             Response = ServiceResponse,
[INFO] [stdout]     |                        ^^^^^^^^^^^^^^^ not found in this scope
[INFO] [stdout] 
[INFO] [stdout] 
[INFO] [stdout] error[E0412]: cannot find type `ServiceRequest` in this scope
[INFO] [stdout]    --> src/lib.rs:258:23
[INFO] [stdout]     |
[INFO] [stdout] 109 | impl<T, B> App<T, B>
[INFO] [stdout]     |          - help: you might be missing a type parameter: `, ServiceRequest`
[INFO] [stdout] ...
[INFO] [stdout] 258 |             Request = ServiceRequest,
[INFO] [stdout]     |                       ^^^^^^^^^^^^^^ not found in this scope
[INFO] [stdout] 
[INFO] [stdout] 
[INFO] [stdout] error[E0412]: cannot find type `ServiceRequest` in this scope
[INFO] [stdout]    --> src/web.rs:415:27
[INFO] [stdout]     |
[INFO] [stdout] 319 | impl<T> Scope<actix_web::Scope<T>>
[INFO] [stdout]     |       - help: you might be missing a type parameter: `, ServiceRequest`
[INFO] [stdout] ...
[INFO] [stdout] 415 |                 Request = ServiceRequest,
[INFO] [stdout]     |                           ^^^^^^^^^^^^^^ not found in this scope
[INFO] [stdout] 
[INFO] [stdout] 
[INFO] [stdout] error[E0412]: cannot find type `ServiceResponse` in this scope
[INFO] [stdout]    --> src/lib.rs:259:24
[INFO] [stdout]     |
[INFO] [stdout] 259 |             Response = ServiceResponse<B1>,
[INFO] [stdout]     |                        ^^^^^^^^^^^^^^^ not found in this scope
[INFO] [stdout] 
[INFO] [stdout] 
[INFO] [stdout] error[E0412]: cannot find type `ServiceResponse` in this scope
[INFO] [stdout]    --> src/web.rs:416:28
[INFO] [stdout]     |
[INFO] [stdout] 319 | impl<T> Scope<actix_web::Scope<T>>
[INFO] [stdout]     |       - help: you might be missing a type parameter: `, ServiceResponse`
[INFO] [stdout] ...
[INFO] [stdout] 416 |                 Response = ServiceResponse,
[INFO] [stdout]     |                            ^^^^^^^^^^^^^^^ not found in this scope
[INFO] [stdout] 
[INFO] [stdout] 
[INFO] [stdout] error[E0412]: cannot find type `DefaultApiRaw` in this scope
[INFO] [stdout]    --> src/lib.rs:435:31
[INFO] [stdout]     |
[INFO] [stdout] 435 | struct SpecHandler(Arc<RwLock<DefaultApiRaw>>);
[INFO] [stdout]     |                   -           ^^^^^^^^^^^^^ not found in this scope
[INFO] [stdout]     |                   |
[INFO] [stdout]     |                   help: you might be missing a type parameter: `<DefaultApiRaw>`
[INFO] [stdout] 
[INFO] [stdout] 
[INFO] [stdout] error[E0412]: cannot find type `ServiceRequest` in this scope
[INFO] [stdout]    --> src/web.rs:458:18
[INFO] [stdout]     |
[INFO] [stdout] 458 |         F: FnMut(ServiceRequest, &mut T::Service) -> R + Clone,
[INFO] [stdout]     |                  ^^^^^^^^^^^^^^ not found in this scope
[INFO] [stdout] 
[INFO] [stdout] 
[INFO] [stdout] error[E0412]: cannot find type `HttpResponse` in this scope
[INFO] [stdout]    --> src/lib.rs:437:47
[INFO] [stdout]     |
[INFO] [stdout] 437 | impl actix_web::dev::Factory<(), Ready<Result<HttpResponse, Error>>, Result<HttpResponse, Error>>
[INFO] [stdout]     |     -                                         ^^^^^^^^^^^^ not found in this scope
[INFO] [stdout]     |     |
[INFO] [stdout]     |     help: you might be missing a type parameter: `<HttpResponse>`
[INFO] [stdout] 
[INFO] [stdout] 
[INFO] [stdout] error[E0412]: cannot find type `HttpResponse` in this scope
[INFO] [stdout]    --> src/lib.rs:437:77
[INFO] [stdout]     |
[INFO] [stdout] 437 | impl actix_web::dev::Factory<(), Ready<Result<HttpResponse, Error>>, Result<HttpResponse, Error>>
[INFO] [stdout]     |     - help: you might be missing a type parameter: `<HttpResponse>`         ^^^^^^^^^^^^ not found in this scope
[INFO] [stdout] 
[INFO] [stdout] 
[INFO] [stdout] error[E0412]: cannot find type `ServiceResponse` in this scope
[INFO] [stdout]    --> src/web.rs:459:35
[INFO] [stdout]     |
[INFO] [stdout] 319 | impl<T> Scope<actix_web::Scope<T>>
[INFO] [stdout]     |       - help: you might be missing a type parameter: `, ServiceResponse`
[INFO] [stdout] ...
[INFO] [stdout] 459 |         R: Future<Output = Result<ServiceResponse, Error>>,
[INFO] [stdout]     |                                   ^^^^^^^^^^^^^^^ not found in this scope
[INFO] [stdout] 
[INFO] [stdout] 
[INFO] [stdout] error[E0412]: cannot find type `HttpResponse` in this scope
[INFO] [stdout]    --> src/lib.rs:440:43
[INFO] [stdout]     |
[INFO] [stdout] 437 | impl actix_web::dev::Factory<(), Ready<Result<HttpResponse, Error>>, Result<HttpResponse, Error>>
[INFO] [stdout]     |     - help: you might be missing a type parameter: `<HttpResponse>`
[INFO] [stdout] ...
[INFO] [stdout] 440 |     fn call(&self, _: ()) -> Ready<Result<HttpResponse, Error>> {
[INFO] [stdout]     |                                           ^^^^^^^^^^^^ not found in this scope
[INFO] [stdout] 
[INFO] [stdout] 
[INFO] [stdout] error[E0412]: cannot find type `ServiceRequest` in this scope
[INFO] [stdout]    --> src/web.rs:450:27
[INFO] [stdout]     |
[INFO] [stdout] 319 | impl<T> Scope<actix_web::Scope<T>>
[INFO] [stdout]     |       - help: you might be missing a type parameter: `, ServiceRequest`
[INFO] [stdout] ...
[INFO] [stdout] 450 |                 Request = ServiceRequest,
[INFO] [stdout]     |                           ^^^^^^^^^^^^^^ not found in this scope
[INFO] [stdout] 
[INFO] [stdout] 
[INFO] [stdout] error[E0412]: cannot find type `ServiceResponse` in this scope
[INFO] [stdout]    --> src/web.rs:451:28
[INFO] [stdout]     |
[INFO] [stdout] 319 | impl<T> Scope<actix_web::Scope<T>>
[INFO] [stdout]     |       - help: you might be missing a type parameter: `, ServiceResponse`
[INFO] [stdout] ...
[INFO] [stdout] 451 |                 Response = ServiceResponse,
[INFO] [stdout]     |                            ^^^^^^^^^^^^^^^ not found in this scope
[INFO] [stdout] 
[INFO] [stdout] 
[INFO] [stdout] error[E0412]: cannot find type `HttpMethod` in this scope
[INFO] [stdout]    --> src/web.rs:496:42
[INFO] [stdout]     |
[INFO] [stdout] 491 | impl<T> Mountable for Scope<T> {
[INFO] [stdout]     |       - help: you might be missing a type parameter: `, HttpMethod`
[INFO] [stdout] ...
[INFO] [stdout] 496 |     fn operations(&mut self) -> BTreeMap<HttpMethod, DefaultOperationRaw> {
[INFO] [stdout]     |                                          ^^^^^^^^^^ not found in this scope
[INFO] [stdout] 
[INFO] [stdout] 
[INFO] [stdout] error[E0412]: cannot find type `DefaultOperationRaw` in this scope
[INFO] [stdout]    --> src/web.rs:496:54
[INFO] [stdout]     |
[INFO] [stdout] 491 | impl<T> Mountable for Scope<T> {
[INFO] [stdout]     |       - help: you might be missing a type parameter: `, DefaultOperationRaw`
[INFO] [stdout] ...
[INFO] [stdout] 496 |     fn operations(&mut self) -> BTreeMap<HttpMethod, DefaultOperationRaw> {
[INFO] [stdout]     |                                                      ^^^^^^^^^^^^^^^^^^^ not found in this scope
[INFO] [stdout] 
[INFO] [stdout] 
[INFO] [stdout] error[E0412]: cannot find type `SecurityScheme` in this scope
[INFO] [stdout]    --> src/web.rs:500:60
[INFO] [stdout]     |
[INFO] [stdout] 491 | impl<T> Mountable for Scope<T> {
[INFO] [stdout]     |       - help: you might be missing a type parameter: `, SecurityScheme`
[INFO] [stdout] ...
[INFO] [stdout] 500 |     fn security_definitions(&mut self) -> BTreeMap<String, SecurityScheme> {
[INFO] [stdout]     |                                                            ^^^^^^^^^^^^^^ not found in this scope
[INFO] [stdout] 
[INFO] [stdout] 
[INFO] [stdout] error[E0412]: cannot find type `DefaultSchemaRaw` in this scope
[INFO] [stdout]    --> src/web.rs:504:51
[INFO] [stdout]     |
[INFO] [stdout] 491 | impl<T> Mountable for Scope<T> {
[INFO] [stdout]     |       - help: you might be missing a type parameter: `, DefaultSchemaRaw`
[INFO] [stdout] ...
[INFO] [stdout] 504 |     fn definitions(&mut self) -> BTreeMap<String, DefaultSchemaRaw> {
[INFO] [stdout]     |                                                   ^^^^^^^^^^^^^^^^ not found in this scope
[INFO] [stdout] 
[INFO] [stdout] 
[INFO] [stdout] error[E0412]: cannot find type `DefaultPathItemRaw` in this scope
[INFO] [stdout]    --> src/web.rs:508:64
[INFO] [stdout]     |
[INFO] [stdout] 491 | impl<T> Mountable for Scope<T> {
[INFO] [stdout]     |       - help: you might be missing a type parameter: `, DefaultPathItemRaw`
[INFO] [stdout] ...
[INFO] [stdout] 508 |     fn update_operations(&mut self, map: &mut BTreeMap<String, DefaultPathItemRaw>) {
[INFO] [stdout]     |                                                                ^^^^^^^^^^^^^^^^^^ not found in this scope
[INFO] [stdout] 
[INFO] [stdout] 
[INFO] [stdout] error[E0412]: cannot find type `HttpMethod` in this scope
[INFO] [stdout]    --> src/web.rs:525:20
[INFO] [stdout]     |
[INFO] [stdout] 524 | pub struct Route {
[INFO] [stdout]     |                 - help: you might be missing a type parameter: `<HttpMethod>`
[INFO] [stdout] 525 |     method: Option<HttpMethod>,
[INFO] [stdout]     |                    ^^^^^^^^^^ not found in this scope
[INFO] [stdout] 
[INFO] [stdout] 
[INFO] [stdout] error[E0412]: cannot find type `DefaultOperationRaw` in this scope
[INFO] [stdout]    --> src/web.rs:526:23
[INFO] [stdout]     |
[INFO] [stdout] 524 | pub struct Route {
[INFO] [stdout]     |                 - help: you might be missing a type parameter: `<DefaultOperationRaw>`
[INFO] [stdout] 525 |     method: Option<HttpMethod>,
[INFO] [stdout] 526 |     operation: Option<DefaultOperationRaw>,
[INFO] [stdout]     |                       ^^^^^^^^^^^^^^^^^^^ not found in this scope
[INFO] [stdout] 
[INFO] [stdout] 
[INFO] [stdout] error[E0412]: cannot find type `DefaultSchemaRaw` in this scope
[INFO] [stdout]    --> src/web.rs:527:35
[INFO] [stdout]     |
[INFO] [stdout] 524 | pub struct Route {
[INFO] [stdout]     |                 - help: you might be missing a type parameter: `<DefaultSchemaRaw>`
[INFO] [stdout] ...
[INFO] [stdout] 527 |     definitions: BTreeMap<String, DefaultSchemaRaw>,
[INFO] [stdout]     |                                   ^^^^^^^^^^^^^^^^ not found in this scope
[INFO] [stdout] 
[INFO] [stdout] 
[INFO] [stdout] error[E0412]: cannot find type `SecurityScheme` in this scope
[INFO] [stdout]    --> src/web.rs:528:32
[INFO] [stdout]     |
[INFO] [stdout] 524 | pub struct Route {
[INFO] [stdout]     |                 - help: you might be missing a type parameter: `<SecurityScheme>`
[INFO] [stdout] ...
[INFO] [stdout] 528 |     security: BTreeMap<String, SecurityScheme>,
[INFO] [stdout]     |                                ^^^^^^^^^^^^^^ not found in this scope
[INFO] [stdout] 
[INFO] [stdout] 
[INFO] [stdout] error[E0412]: cannot find type `ServiceRequest` in this scope
[INFO] [stdout]    --> src/web.rs:534:20
[INFO] [stdout]     |
[INFO] [stdout] 534 |     type Request = ServiceRequest;
[INFO] [stdout]     |                    ^^^^^^^^^^^^^^ not found in this scope
[INFO] [stdout] 
[INFO] [stdout] 
[INFO] [stdout] error[E0412]: cannot find type `ServiceResponse` in this scope
[INFO] [stdout]    --> src/web.rs:535:21
[INFO] [stdout]     |
[INFO] [stdout] 535 |     type Response = ServiceResponse;
[INFO] [stdout]     |                     ^^^^^^^^^^^^^^^ not found in this scope
[INFO] [stdout] 
[INFO] [stdout] 
[INFO] [stdout] error[E0433]: failed to resolve: use of undeclared crate or module `actix_web`
[INFO] [stdout]    --> src/web.rs:556:31
[INFO] [stdout]     |
[INFO] [stdout] 556 |             inner: actix_web::Route::new(),
[INFO] [stdout]     |                               ^^^^^ not found in `actix_web`
[INFO] [stdout]     |
[INFO] [stdout] help: consider importing this struct
[INFO] [stdout]     |
[INFO] [stdout] 3   | use crate::Route;
[INFO] [stdout]     |
[INFO] [stdout] 
[INFO] [stdout] 
[INFO] [stdout] error[E0412]: cannot find type `Method` in this scope
[INFO] [stdout]    --> src/web.rs:561:37
[INFO] [stdout]     |
[INFO] [stdout] 561 |     pub fn method(mut self, method: Method) -> Self {
[INFO] [stdout]     |                                     ^^^^^^ not found in this scope
[INFO] [stdout] 
[INFO] [stdout] 
[INFO] [stdout] error[E0405]: cannot find trait `Guard` in this scope
[INFO] [stdout]    --> src/web.rs:570:21
[INFO] [stdout]     |
[INFO] [stdout] 570 |     pub fn guard<G: Guard + 'static>(mut self, guard: G) -> Self {
[INFO] [stdout]     |                     ^^^^^ not found in this scope
[INFO] [stdout] 
[INFO] [stdout] 
[INFO] [stdout] error[E0405]: cannot find trait `Factory` in this scope
[INFO] [stdout]    --> src/web.rs:578:12
[INFO] [stdout]     |
[INFO] [stdout] 578 |         F: Factory<I, R, U>,
[INFO] [stdout]     |            ^^^^^^^ not found in this scope
[INFO] [stdout] 
[INFO] [stdout] 
[INFO] [stdout] error[E0405]: cannot find trait `Apiv2Operation` in this scope
[INFO] [stdout]    --> src/web.rs:580:12
[INFO] [stdout]     |
[INFO] [stdout] 580 |         R: Apiv2Operation + Future<Output = U> + 'static,
[INFO] [stdout]     |            ^^^^^^^^^^^^^^ not found in this scope
[INFO] [stdout] 
[INFO] [stdout] 
[INFO] [stdout] error[E0412]: cannot find type `Method` in this scope
[INFO] [stdout]    --> src/web.rs:592:23
[INFO] [stdout]     |
[INFO] [stdout] 592 | pub fn method(method: Method) -> Route {
[INFO] [stdout]     |                       ^^^^^^ not found in this scope
[INFO] [stdout] 
[INFO] [stdout] 
[INFO] [stdout] error[E0412]: cannot find type `HttpMethod` in this scope
[INFO] [stdout]    --> src/web.rs:640:37
[INFO] [stdout]     |
[INFO] [stdout] 638 | pub(crate) struct RouteWrapper<S> {
[INFO] [stdout]     |                                 - help: you might be missing a type parameter: `, HttpMethod`
[INFO] [stdout] 639 |     path: S,
[INFO] [stdout] 640 |     pub(crate) operations: BTreeMap<HttpMethod, DefaultOperationRaw>,
[INFO] [stdout]     |                                     ^^^^^^^^^^ not found in this scope
[INFO] [stdout] 
[INFO] [stdout] 
[INFO] [stdout] error[E0412]: cannot find type `DefaultOperationRaw` in this scope
[INFO] [stdout]    --> src/web.rs:640:49
[INFO] [stdout]     |
[INFO] [stdout] 638 | pub(crate) struct RouteWrapper<S> {
[INFO] [stdout]     |                                 - help: you might be missing a type parameter: `, DefaultOperationRaw`
[INFO] [stdout] 639 |     path: S,
[INFO] [stdout] 640 |     pub(crate) operations: BTreeMap<HttpMethod, DefaultOperationRaw>,
[INFO] [stdout]     |                                                 ^^^^^^^^^^^^^^^^^^^ not found in this scope
[INFO] [stdout] 
[INFO] [stdout] 
[INFO] [stdout] error[E0412]: cannot find type `DefaultSchemaRaw` in this scope
[INFO] [stdout]    --> src/web.rs:641:46
[INFO] [stdout]     |
[INFO] [stdout] 638 | pub(crate) struct RouteWrapper<S> {
[INFO] [stdout]     |                                 - help: you might be missing a type parameter: `, DefaultSchemaRaw`
[INFO] [stdout] ...
[INFO] [stdout] 641 |     pub(crate) definitions: BTreeMap<String, DefaultSchemaRaw>,
[INFO] [stdout]     |                                              ^^^^^^^^^^^^^^^^ not found in this scope
[INFO] [stdout] 
[INFO] [stdout] 
[INFO] [stdout] error[E0412]: cannot find type `SecurityScheme` in this scope
[INFO] [stdout]    --> src/web.rs:642:43
[INFO] [stdout]     |
[INFO] [stdout] 638 | pub(crate) struct RouteWrapper<S> {
[INFO] [stdout]     |                                 - help: you might be missing a type parameter: `, SecurityScheme`
[INFO] [stdout] ...
[INFO] [stdout] 642 |     pub(crate) security: BTreeMap<String, SecurityScheme>,
[INFO] [stdout]     |                                           ^^^^^^^^^^^^^^ not found in this scope
[INFO] [stdout] 
[INFO] [stdout] 
[INFO] [stdout] error[E0412]: cannot find type `HttpMethod` in this scope
[INFO] [stdout]    --> src/web.rs:682:42
[INFO] [stdout]     |
[INFO] [stdout] 674 | impl<S> Mountable for RouteWrapper<S>
[INFO] [stdout]     |       - help: you might be missing a type parameter: `, HttpMethod`
[INFO] [stdout] ...
[INFO] [stdout] 682 |     fn operations(&mut self) -> BTreeMap<HttpMethod, DefaultOperationRaw> {
[INFO] [stdout]     |                                          ^^^^^^^^^^ not found in this scope
[INFO] [stdout] 
[INFO] [stdout] 
[INFO] [stdout] error[E0412]: cannot find type `DefaultOperationRaw` in this scope
[INFO] [stdout]    --> src/web.rs:682:54
[INFO] [stdout]     |
[INFO] [stdout] 674 | impl<S> Mountable for RouteWrapper<S>
[INFO] [stdout]     |       - help: you might be missing a type parameter: `, DefaultOperationRaw`
[INFO] [stdout] ...
[INFO] [stdout] 682 |     fn operations(&mut self) -> BTreeMap<HttpMethod, DefaultOperationRaw> {
[INFO] [stdout]     |                                                      ^^^^^^^^^^^^^^^^^^^ not found in this scope
[INFO] [stdout] 
[INFO] [stdout] 
[INFO] [stdout] error[E0412]: cannot find type `SecurityScheme` in this scope
[INFO] [stdout]    --> src/web.rs:686:60
[INFO] [stdout]     |
[INFO] [stdout] 674 | impl<S> Mountable for RouteWrapper<S>
[INFO] [stdout]     |       - help: you might be missing a type parameter: `, SecurityScheme`
[INFO] [stdout] ...
[INFO] [stdout] 686 |     fn security_definitions(&mut self) -> BTreeMap<String, SecurityScheme> {
[INFO] [stdout]     |                                                            ^^^^^^^^^^^^^^ not found in this scope
[INFO] [stdout] 
[INFO] [stdout] 
[INFO] [stdout] error: aborting due to 173 previous errors
[INFO] [stdout] 
[INFO] [stdout] 
[INFO] [stdout] Some errors have detailed explanations: E0405, E0412, E0432, E0433.
[INFO] [stdout] 
[INFO] [stdout] For more information about an error, try `rustc --explain E0405`.
[INFO] [stdout] 
[INFO] [stderr] error: could not compile `paperclip-actix` due to 174 previous errors
[INFO] [stderr] warning: build failed, waiting for other jobs to finish...
[INFO] [stdout] error[E0412]: cannot find type `DefaultSchemaRaw` in this scope
[INFO] [stdout]    --> src/web.rs:690:51
[INFO] [stdout]     |
[INFO] [stdout] 674 | impl<S> Mountable for RouteWrapper<S>
[INFO] [stdout]     |       - help: you might be missing a type parameter: `, DefaultSchemaRaw`
[INFO] [stdout] ...
[INFO] [stdout] 690 |     fn definitions(&mut self) -> BTreeMap<String, DefaultSchemaRaw> {
[INFO] [stdout]     |                                                   ^^^^^^^^^^^^^^^^ not found in this scope
[INFO] [stdout] 
[INFO] [stdout] 
[INFO] [stdout] error[E0412]: cannot find type `DefaultPathItemRaw` in this scope
[INFO] [stdout]    --> src/web.rs:699:32
[INFO] [stdout]     |
[INFO] [stdout] 698 | pub struct ServiceConfig<'a> {
[INFO] [stdout]     |                            - help: you might be missing a type parameter: `, DefaultPathItemRaw`
[INFO] [stdout] 699 |     path_map: BTreeMap<String, DefaultPathItemRaw>,
[INFO] [stdout]     |                                ^^^^^^^^^^^^^^^^^^ not found in this scope
[INFO] [stdout] 
[INFO] [stdout] 
[INFO] [stdout] error[E0412]: cannot find type `DefaultSchemaRaw` in this scope
[INFO] [stdout]    --> src/web.rs:700:35
[INFO] [stdout]     |
[INFO] [stdout] 698 | pub struct ServiceConfig<'a> {
[INFO] [stdout]     |                            - help: you might be missing a type parameter: `, DefaultSchemaRaw`
[INFO] [stdout] 699 |     path_map: BTreeMap<String, DefaultPathItemRaw>,
[INFO] [stdout] 700 |     definitions: BTreeMap<String, DefaultSchemaRaw>,
[INFO] [stdout]     |                                   ^^^^^^^^^^^^^^^^ not found in this scope
[INFO] [stdout] 
[INFO] [stdout] 
[INFO] [stdout] error[E0412]: cannot find type `SecurityScheme` in this scope
[INFO] [stdout]    --> src/web.rs:701:32
[INFO] [stdout]     |
[INFO] [stdout] 698 | pub struct ServiceConfig<'a> {
[INFO] [stdout]     |                            - help: you might be missing a type parameter: `, SecurityScheme`
[INFO] [stdout] ...
[INFO] [stdout] 701 |     security: BTreeMap<String, SecurityScheme>,
[INFO] [stdout]     |                                ^^^^^^^^^^^^^^ not found in this scope
[INFO] [stdout] 
[INFO] [stdout] 
[INFO] [stdout] error[E0412]: cannot find type `HttpMethod` in this scope
[INFO] [stdout]    --> src/web.rs:721:42
[INFO] [stdout]     |
[INFO] [stdout] 716 | impl<'a> Mountable for ServiceConfig<'a> {
[INFO] [stdout]     |        - help: you might be missing a type parameter: `, HttpMethod`
[INFO] [stdout] ...
[INFO] [stdout] 721 |     fn operations(&mut self) -> BTreeMap<HttpMethod, DefaultOperationRaw> {
[INFO] [stdout]     |                                          ^^^^^^^^^^ not found in this scope
[INFO] [stdout] 
[INFO] [stdout] 
[INFO] [stdout] error[E0412]: cannot find type `DefaultOperationRaw` in this scope
[INFO] [stdout]    --> src/web.rs:721:54
[INFO] [stdout]     |
[INFO] [stdout] 716 | impl<'a> Mountable for ServiceConfig<'a> {
[INFO] [stdout]     |        - help: you might be missing a type parameter: `, DefaultOperationRaw`
[INFO] [stdout] ...
[INFO] [stdout] 721 |     fn operations(&mut self) -> BTreeMap<HttpMethod, DefaultOperationRaw> {
[INFO] [stdout]     |                                                      ^^^^^^^^^^^^^^^^^^^ not found in this scope
[INFO] [stdout] 
[INFO] [stdout] 
[INFO] [stdout] error[E0412]: cannot find type `SecurityScheme` in this scope
[INFO] [stdout]    --> src/web.rs:727:60
[INFO] [stdout]     |
[INFO] [stdout] 716 | impl<'a> Mountable for ServiceConfig<'a> {
[INFO] [stdout]     |        - help: you might be missing a type parameter: `, SecurityScheme`
[INFO] [stdout] ...
[INFO] [stdout] 727 |     fn security_definitions(&mut self) -> BTreeMap<String, SecurityScheme> {
[INFO] [stdout]     |                                                            ^^^^^^^^^^^^^^ not found in this scope
[INFO] [stdout] 
[INFO] [stdout] 
[INFO] [stdout] error[E0412]: cannot find type `DefaultSchemaRaw` in this scope
[INFO] [stdout]    --> src/web.rs:731:51
[INFO] [stdout]     |
[INFO] [stdout] 716 | impl<'a> Mountable for ServiceConfig<'a> {
[INFO] [stdout]     |        - help: you might be missing a type parameter: `, DefaultSchemaRaw`
[INFO] [stdout] ...
[INFO] [stdout] 731 |     fn definitions(&mut self) -> BTreeMap<String, DefaultSchemaRaw> {
[INFO] [stdout]     |                                                   ^^^^^^^^^^^^^^^^ not found in this scope
[INFO] [stdout] 
[INFO] [stdout] 
[INFO] [stdout] error[E0412]: cannot find type `DefaultPathItemRaw` in this scope
[INFO] [stdout]    --> src/web.rs:735:64
[INFO] [stdout]     |
[INFO] [stdout] 716 | impl<'a> Mountable for ServiceConfig<'a> {
[INFO] [stdout]     |        - help: you might be missing a type parameter: `, DefaultPathItemRaw`
[INFO] [stdout] ...
[INFO] [stdout] 735 |     fn update_operations(&mut self, map: &mut BTreeMap<String, DefaultPathItemRaw>) {
[INFO] [stdout]     |                                                                ^^^^^^^^^^^^^^^^^^ not found in this scope
[INFO] [stdout] 
[INFO] [stdout] 
[INFO] [stdout] error[E0405]: cannot find trait `HttpServiceFactory` in this scope
[INFO] [stdout]    --> src/web.rs:757:24
[INFO] [stdout]     |
[INFO] [stdout] 757 |           F: Mountable + HttpServiceFactory + 'static,
[INFO] [stdout]     |                          ^^^^^^^^^^^^^^^^^^ help: a trait with a similar name exists: `IntoServiceFactory`
[INFO] [stdout]     | 
[INFO] [stdout]    ::: /opt/rustwide/cargo-home/registry/src/github.com-1ecc6299db9ec823/actix-service-1.0.6/src/lib.rs:329:1
[INFO] [stdout]     |
[INFO] [stdout] 329 | / pub trait IntoServiceFactory<T>
[INFO] [stdout] 330 | | where
[INFO] [stdout] 331 | |     T: ServiceFactory,
[INFO] [stdout] 332 | | {
[INFO] [stdout] 333 | |     /// Convert `Self` to a `ServiceFactory`
[INFO] [stdout] 334 | |     fn into_factory(self) -> T;
[INFO] [stdout] 335 | | }
[INFO] [stdout]     | |_- similarly named trait `IntoServiceFactory` defined here
[INFO] [stdout] 
[INFO] [stdout] 
[INFO] [stdout] error[E0412]: cannot find type `DefaultApiRaw` in this scope
[INFO] [stdout]   --> src/lib.rs:35:22
[INFO] [stdout]    |
[INFO] [stdout] 34 | pub struct App<T, B> {
[INFO] [stdout]    |                    - help: you might be missing a type parameter: `, DefaultApiRaw`
[INFO] [stdout] 35 |     spec: Arc<RwLock<DefaultApiRaw>>,
[INFO] [stdout]    |                      ^^^^^^^^^^^^^ not found in this scope
[INFO] [stdout] 
[INFO] [stdout] 
[INFO] [stdout] error[E0412]: cannot find type `DefaultApiRaw` in this scope
[INFO] [stdout]   --> src/lib.rs:56:39
[INFO] [stdout]    |
[INFO] [stdout] 56 |     fn wrap_api_with_spec(self, spec: DefaultApiRaw) -> Self::Wrapper;
[INFO] [stdout]    |                                       ^^^^^^^^^^^^^ not found in this scope
[INFO] [stdout] 
[INFO] [stdout] 
[INFO] [stdout] error[E0412]: cannot find type `DefaultApiRaw` in this scope
[INFO] [stdout]   --> src/lib.rs:72:39
[INFO] [stdout]    |
[INFO] [stdout] 72 |     fn wrap_api_with_spec(self, spec: DefaultApiRaw) -> Self::Wrapper {
[INFO] [stdout]    |                                       ^^^^^^^^^^^^^ not found in this scope
[INFO] [stdout] 
[INFO] [stdout] 
[INFO] [stdout] error[E0412]: cannot find type `HttpMethod` in this scope
[INFO] [stdout]   --> src/lib.rs:89:42
[INFO] [stdout]    |
[INFO] [stdout] 84 | pub trait Mountable {
[INFO] [stdout]    |                    - help: you might be missing a type parameter: `<HttpMethod>`
[INFO] [stdout] ...
[INFO] [stdout] 89 |     fn operations(&mut self) -> BTreeMap<HttpMethod, DefaultOperationRaw>;
[INFO] [stdout]    |                                          ^^^^^^^^^^ not found in this scope
[INFO] [stdout] 
[INFO] [stdout] 
[INFO] [stdout] error[E0412]: cannot find type `DefaultOperationRaw` in this scope
[INFO] [stdout]   --> src/lib.rs:89:54
[INFO] [stdout]    |
[INFO] [stdout] 84 | pub trait Mountable {
[INFO] [stdout]    |                    - help: you might be missing a type parameter: `<DefaultOperationRaw>`
[INFO] [stdout] ...
[INFO] [stdout] 89 |     fn operations(&mut self) -> BTreeMap<HttpMethod, DefaultOperationRaw>;
[INFO] [stdout]    |                                                      ^^^^^^^^^^^^^^^^^^^ not found in this scope
[INFO] [stdout] 
[INFO] [stdout] 
[INFO] [stdout] error[E0412]: cannot find type `DefaultSchemaRaw` in this scope
[INFO] [stdout]   --> src/lib.rs:92:51
[INFO] [stdout]    |
[INFO] [stdout] 84 | pub trait Mountable {
[INFO] [stdout]    |                    - help: you might be missing a type parameter: `<DefaultSchemaRaw>`
[INFO] [stdout] ...
[INFO] [stdout] 92 |     fn definitions(&mut self) -> BTreeMap<String, DefaultSchemaRaw>;
[INFO] [stdout]    |                                                   ^^^^^^^^^^^^^^^^ not found in this scope
[INFO] [stdout] 
[INFO] [stdout] 
[INFO] [stdout] error[E0412]: cannot find type `SecurityScheme` in this scope
[INFO] [stdout]   --> src/lib.rs:95:60
[INFO] [stdout]    |
[INFO] [stdout] 84 | pub trait Mountable {
[INFO] [stdout]    |                    - help: you might be missing a type parameter: `<SecurityScheme>`
[INFO] [stdout] ...
[INFO] [stdout] 95 |     fn security_definitions(&mut self) -> BTreeMap<String, SecurityScheme>;
[INFO] [stdout]    |                                                            ^^^^^^^^^^^^^^ not found in this scope
[INFO] [stdout] 
[INFO] [stdout] 
[INFO] [stdout] error[E0412]: cannot find type `DefaultPathItemRaw` in this scope
[INFO] [stdout]    --> src/lib.rs:101:64
[INFO] [stdout]     |
[INFO] [stdout] 84  | pub trait Mountable {
[INFO] [stdout]     |                    - help: you might be missing a type parameter: `<DefaultPathItemRaw>`
[INFO] [stdout] ...
[INFO] [stdout] 101 |     fn update_operations(&mut self, map: &mut BTreeMap<String, DefaultPathItemRaw>) {
[INFO] [stdout]     |                                                                ^^^^^^^^^^^^^^^^^^ not found in this scope
[INFO] [stdout] 
[INFO] [stdout] 
[INFO] [stdout] error[E0405]: cannot find trait `MessageBody` in this scope
[INFO] [stdout]    --> src/lib.rs:111:8
[INFO] [stdout]     |
[INFO] [stdout] 111 |     B: MessageBody,
[INFO] [stdout]     |        ^^^^^^^^^^^ not found in this scope
[INFO] [stdout] 
[INFO] [stdout] 
[INFO] [stdout] error[E0412]: cannot find type `ServiceRequest` in this scope
[INFO] [stdout]    --> src/lib.rs:114:19
[INFO] [stdout]     |
[INFO] [stdout] 114 |         Request = ServiceRequest,
[INFO] [stdout]     |                   ^^^^^^^^^^^^^^ not found in this scope
[INFO] [stdout] 
[INFO] [stdout] 
[INFO] [stdout] error[E0412]: cannot find type `ServiceResponse` in this scope
[INFO] [stdout]    --> src/lib.rs:115:20
[INFO] [stdout]     |
[INFO] [stdout] 115 |         Response = ServiceResponse<B>,
[INFO] [stdout]     |                    ^^^^^^^^^^^^^^^ not found in this scope
[INFO] [stdout] 
[INFO] [stdout] 
[INFO] [stdout] error[E0405]: cannot find trait `HttpServiceFactory` in this scope
[INFO] [stdout]    --> src/lib.rs:176:24
[INFO] [stdout]     |
[INFO] [stdout] 176 |         F: Mountable + HttpServiceFactory + 'static,
[INFO] [stdout]     |                        ^^^^^^^^^^^^^^^^^^ help: a trait with a similar name exists: `ServiceFactory`
[INFO] [stdout]     | 
[INFO] [stdout]    ::: /opt/rustwide/cargo-home/registry/src/github.com-1ecc6299db9ec823/actix-service-1.0.6/src/lib.rs:155:1
[INFO] [stdout]     |
[INFO] [stdout] 155 | pub trait ServiceFactory {
[INFO] [stdout]     | ------------------------ similarly named trait `ServiceFactory` defined here
[INFO] [stdout] 
[INFO] [stdout] 
[INFO] [stdout] error[E0412]: cannot find type `ServiceRequest` in this scope
[INFO] [stdout]    --> src/lib.rs:191:27
[INFO] [stdout]     |
[INFO] [stdout] 191 |                 Request = ServiceRequest,
[INFO] [stdout]     |                           ^^^^^^^^^^^^^^ not found in this scope
[INFO] [stdout] 
[INFO] [stdout] 
[INFO] [stdout] error[E0412]: cannot find type `ServiceResponse` in this scope
[INFO] [stdout]    --> src/lib.rs:192:28
[INFO] [stdout]     |
[INFO] [stdout] 192 |                 Response = ServiceResponse,
[INFO] [stdout]     |                            ^^^^^^^^^^^^^^^ not found in this scope
[INFO] [stdout] 
[INFO] [stdout] 
[INFO] [stdout] error[E0405]: cannot find trait `Transform` in this scope
[INFO] [stdout]    --> src/lib.rs:231:12
[INFO] [stdout]     |
[INFO] [stdout] 231 |         M: Transform<
[INFO] [stdout]     |            ^^^^^^^^^ not found in this scope
[INFO] [stdout]     |
[INFO] [stdout] help: consider importing this trait
[INFO] [stdout]     |
[INFO] [stdout] 11  | use actix_service::Transform;
[INFO] [stdout]     |
[INFO] [stdout] 
[INFO] [stdout] 
[INFO] [stdout] error[E0412]: cannot find type `ServiceRequest` in this scope
[INFO] [stdout]    --> src/lib.rs:233:23
[INFO] [stdout]     |
[INFO] [stdout] 233 |             Request = ServiceRequest,
[INFO] [stdout]     |                       ^^^^^^^^^^^^^^ not found in this scope
[INFO] [stdout] 
[INFO] [stdout] 
[INFO] [stdout] error[E0412]: cannot find type `ServiceResponse` in this scope
[INFO] [stdout]    --> src/lib.rs:234:24
[INFO] [stdout]     |
[INFO] [stdout] 234 |             Response = ServiceResponse<B1>,
[INFO] [stdout]     |                        ^^^^^^^^^^^^^^^ not found in this scope
[INFO] [stdout] 
[INFO] [stdout] 
[INFO] [stdout] error[E0405]: cannot find trait `MessageBody` in this scope
[INFO] [stdout]    --> src/lib.rs:238:13
[INFO] [stdout]     |
[INFO] [stdout] 238 |         B1: MessageBody,
[INFO] [stdout]     |             ^^^^^^^^^^^ not found in this scope
[INFO] [stdout] 
[INFO] [stdout] 
[INFO] [stdout] error[E0412]: cannot find type `ServiceRequest` in this scope
[INFO] [stdout]    --> src/lib.rs:223:23
[INFO] [stdout]     |
[INFO] [stdout] 109 | impl<T, B> App<T, B>
[INFO] [stdout]     |          - help: you might be missing a type parameter: `, ServiceRequest`
[INFO] [stdout] ...
[INFO] [stdout] 223 |             Request = ServiceRequest,
[INFO] [stdout]     |                       ^^^^^^^^^^^^^^ not found in this scope
[INFO] [stdout] 
[INFO] [stdout] 
[INFO] [stdout] error[E0412]: cannot find type `ServiceResponse` in this scope
[INFO] [stdout]    --> src/lib.rs:224:24
[INFO] [stdout]     |
[INFO] [stdout] 224 |             Response = ServiceResponse<B1>,
[INFO] [stdout]     |                        ^^^^^^^^^^^^^^^ not found in this scope
[INFO] [stdout] 
[INFO] [stdout] 
[INFO] [stdout] error[E0405]: cannot find trait `MessageBody` in this scope
[INFO] [stdout]    --> src/lib.rs:266:13
[INFO] [stdout]     |
[INFO] [stdout] 266 |         B1: MessageBody,
[INFO] [stdout]     |             ^^^^^^^^^^^ not found in this scope
[INFO] [stdout] 
[INFO] [stdout] 
[INFO] [stdout] error[E0412]: cannot find type `ServiceRequest` in this scope
[INFO] [stdout]    --> src/lib.rs:267:18
[INFO] [stdout]     |
[INFO] [stdout] 267 |         F: FnMut(ServiceRequest, &mut T::Service) -> R + Clone,
[INFO] [stdout]     |                  ^^^^^^^^^^^^^^ not found in this scope
[INFO] [stdout] 
[INFO] [stdout] 
[INFO] [stdout] error[E0412]: cannot find type `ServiceResponse` in this scope
[INFO] [stdout]    --> src/lib.rs:268:35
[INFO] [stdout]     |
[INFO] [stdout] 268 |         R: Future<Output = Result<ServiceResponse<B1>, Error>>,
[INFO] [stdout]     |                                   ^^^^^^^^^^^^^^^ not found in this scope
[INFO] [stdout] 
[INFO] [stdout] 
[INFO] [stdout] error[E0412]: cannot find type `ServiceRequest` in this scope
[INFO] [stdout]    --> src/lib.rs:258:23
[INFO] [stdout]     |
[INFO] [stdout] 109 | impl<T, B> App<T, B>
[INFO] [stdout]     |          - help: you might be missing a type parameter: `, ServiceRequest`
[INFO] [stdout] ...
[INFO] [stdout] 258 |             Request = ServiceRequest,
[INFO] [stdout]     |                       ^^^^^^^^^^^^^^ not found in this scope
[INFO] [stdout] 
[INFO] [stdout] 
[INFO] [stdout] error[E0412]: cannot find type `ServiceResponse` in this scope
[INFO] [stdout]    --> src/lib.rs:259:24
[INFO] [stdout]     |
[INFO] [stdout] 259 |             Response = ServiceResponse<B1>,
[INFO] [stdout]     |                        ^^^^^^^^^^^^^^^ not found in this scope
[INFO] [stdout] 
[INFO] [stdout] 
[INFO] [stdout] error[E0412]: cannot find type `DefaultApiRaw` in this scope
[INFO] [stdout]    --> src/lib.rs:435:31
[INFO] [stdout]     |
[INFO] [stdout] 435 | struct SpecHandler(Arc<RwLock<DefaultApiRaw>>);
[INFO] [stdout]     |                   -           ^^^^^^^^^^^^^ not found in this scope
[INFO] [stdout]     |                   |
[INFO] [stdout]     |                   help: you might be missing a type parameter: `<DefaultApiRaw>`
[INFO] [stdout] 
[INFO] [stdout] 
[INFO] [stdout] error[E0412]: cannot find type `HttpResponse` in this scope
[INFO] [stdout]    --> src/lib.rs:437:47
[INFO] [stdout]     |
[INFO] [stdout] 437 | impl actix_web::dev::Factory<(), Ready<Result<HttpResponse, Error>>, Result<HttpResponse, Error>>
[INFO] [stdout]     |     -                                         ^^^^^^^^^^^^ not found in this scope
[INFO] [stdout]     |     |
[INFO] [stdout]     |     help: you might be missing a type parameter: `<HttpResponse>`
[INFO] [stdout] 
[INFO] [stdout] 
[INFO] [stdout] error[E0412]: cannot find type `HttpResponse` in this scope
[INFO] [stdout]    --> src/lib.rs:437:77
[INFO] [stdout]     |
[INFO] [stdout] 437 | impl actix_web::dev::Factory<(), Ready<Result<HttpResponse, Error>>, Result<HttpResponse, Error>>
[INFO] [stdout]     |     - help: you might be missing a type parameter: `<HttpResponse>`         ^^^^^^^^^^^^ not found in this scope
[INFO] [stdout] 
[INFO] [stdout] 
[INFO] [stdout] error[E0412]: cannot find type `HttpResponse` in this scope
[INFO] [stdout]    --> src/lib.rs:440:43
[INFO] [stdout]     |
[INFO] [stdout] 437 | impl actix_web::dev::Factory<(), Ready<Result<HttpResponse, Error>>, Result<HttpResponse, Error>>
[INFO] [stdout]     |     - help: you might be missing a type parameter: `<HttpResponse>`
[INFO] [stdout] ...
[INFO] [stdout] 440 |     fn call(&self, _: ()) -> Ready<Result<HttpResponse, Error>> {
[INFO] [stdout]     |                                           ^^^^^^^^^^^^ not found in this scope
[INFO] [stdout] 
[INFO] [stdout] 
[INFO] [stdout] error: aborting due to 173 previous errors
[INFO] [stdout] 
[INFO] [stdout] 
[INFO] [stdout] Some errors have detailed explanations: E0405, E0412, E0432, E0433.
[INFO] [stdout] 
[INFO] [stdout] For more information about an error, try `rustc --explain E0405`.
[INFO] [stdout] 
[INFO] [stderr] error: build failed
[INFO] running `Command { std: "docker" "inspect" "51713f03b94f796732481feed98b1d4478a6dfb2167a094821aeeeee83484a99", kill_on_drop: false }`
[INFO] running `Command { std: "docker" "rm" "-f" "51713f03b94f796732481feed98b1d4478a6dfb2167a094821aeeeee83484a99", kill_on_drop: false }`
[INFO] [stdout] 51713f03b94f796732481feed98b1d4478a6dfb2167a094821aeeeee83484a99
