[INFO] fetching crate panoramix-derive 0.0.2...
[INFO] checking panoramix-derive-0.0.2 against 1.55.0 for beta-1.56-3
[INFO] extracting crate panoramix-derive 0.0.2 into /workspace/builds/worker-5/source
[INFO] validating manifest of crates.io crate panoramix-derive 0.0.2 on toolchain 1.55.0
[INFO] running `Command { std: "/workspace/cargo-home/bin/cargo" "+1.55.0" "metadata" "--manifest-path" "Cargo.toml" "--no-deps", kill_on_drop: false }`
[INFO] started tweaking crates.io crate panoramix-derive 0.0.2
[INFO] finished tweaking crates.io crate panoramix-derive 0.0.2
[INFO] tweaked toml for crates.io crate panoramix-derive 0.0.2 written to /workspace/builds/worker-5/source/Cargo.toml
[INFO] running `Command { std: "/workspace/cargo-home/bin/cargo" "+1.55.0" "generate-lockfile" "--manifest-path" "Cargo.toml" "-Zno-index-update", kill_on_drop: false }`
[INFO] [stderr]     Blocking waiting for file lock on package cache
[INFO] running `Command { std: "/workspace/cargo-home/bin/cargo" "+1.55.0" "fetch" "--manifest-path" "Cargo.toml", kill_on_drop: false }`
[INFO] [stderr]     Blocking waiting for file lock on package cache
[INFO] [stderr]     Blocking waiting for file lock on package cache
[INFO] running `Command { std: "docker" "create" "-v" "/var/lib/crater-agent-workspace/builds/worker-5/target:/opt/rustwide/target:rw,Z" "-v" "/var/lib/crater-agent-workspace/builds/worker-5/source:/opt/rustwide/workdir:ro,Z" "-v" "/var/lib/crater-agent-workspace/cargo-home:/opt/rustwide/cargo-home:ro,Z" "-v" "/var/lib/crater-agent-workspace/rustup-home:/opt/rustwide/rustup-home:ro,Z" "-e" "SOURCE_DIR=/opt/rustwide/workdir" "-e" "CARGO_TARGET_DIR=/opt/rustwide/target" "-e" "CARGO_HOME=/opt/rustwide/cargo-home" "-e" "RUSTUP_HOME=/opt/rustwide/rustup-home" "-w" "/opt/rustwide/workdir" "-m" "1610612736" "--user" "0:0" "--network" "none" "ghcr.io/rust-lang/crates-build-env/linux@sha256:a89201d6b5b9fd45c15d5952ece0a0129e7e80cb26ec023fd59cf09bc26f1604" "/opt/rustwide/cargo-home/bin/cargo" "+1.55.0" "metadata" "--no-deps" "--format-version=1", kill_on_drop: false }`
[INFO] [stdout] cef120a674e8a5375c4b8a1f7906e7a9072289f20843662fcfbe984035172195
[INFO] [stderr] WARNING: Your kernel does not support swap limit capabilities or the cgroup is not mounted. Memory limited without swap.
[INFO] running `Command { std: "docker" "start" "-a" "cef120a674e8a5375c4b8a1f7906e7a9072289f20843662fcfbe984035172195", kill_on_drop: false }`
[INFO] running `Command { std: "docker" "inspect" "cef120a674e8a5375c4b8a1f7906e7a9072289f20843662fcfbe984035172195", kill_on_drop: false }`
[INFO] running `Command { std: "docker" "rm" "-f" "cef120a674e8a5375c4b8a1f7906e7a9072289f20843662fcfbe984035172195", kill_on_drop: false }`
[INFO] [stdout] cef120a674e8a5375c4b8a1f7906e7a9072289f20843662fcfbe984035172195
[INFO] running `Command { std: "docker" "create" "-v" "/var/lib/crater-agent-workspace/builds/worker-5/target:/opt/rustwide/target:rw,Z" "-v" "/var/lib/crater-agent-workspace/builds/worker-5/source:/opt/rustwide/workdir:ro,Z" "-v" "/var/lib/crater-agent-workspace/cargo-home:/opt/rustwide/cargo-home:ro,Z" "-v" "/var/lib/crater-agent-workspace/rustup-home:/opt/rustwide/rustup-home:ro,Z" "-e" "SOURCE_DIR=/opt/rustwide/workdir" "-e" "CARGO_TARGET_DIR=/opt/rustwide/target" "-e" "CARGO_INCREMENTAL=0" "-e" "RUST_BACKTRACE=full" "-e" "RUSTFLAGS=--cap-lints=warn" "-e" "CARGO_HOME=/opt/rustwide/cargo-home" "-e" "RUSTUP_HOME=/opt/rustwide/rustup-home" "-w" "/opt/rustwide/workdir" "-m" "1610612736" "--user" "0:0" "--network" "none" "ghcr.io/rust-lang/crates-build-env/linux@sha256:a89201d6b5b9fd45c15d5952ece0a0129e7e80cb26ec023fd59cf09bc26f1604" "/opt/rustwide/cargo-home/bin/cargo" "+1.55.0" "check" "--frozen" "--all" "--all-targets" "--message-format=json", kill_on_drop: false }`
[INFO] [stdout] 5c748005fe8c971fa26817b7ace0c6efe1e553f6ce44dc75e1f54d3f75bf4d0b
[INFO] [stderr] WARNING: Your kernel does not support swap limit capabilities or the cgroup is not mounted. Memory limited without swap.
[INFO] running `Command { std: "docker" "start" "-a" "5c748005fe8c971fa26817b7ace0c6efe1e553f6ce44dc75e1f54d3f75bf4d0b", kill_on_drop: false }`
[INFO] [stderr]    Compiling cairo-rs v0.9.1
[INFO] [stderr]     Checking tinystr v0.3.4
[INFO] [stderr]    Compiling gdk v0.13.2
[INFO] [stderr]     Checking xi-unicode v0.2.1
[INFO] [stderr]     Checking stable_deref_trait v1.2.0
[INFO] [stderr]     Checking fluent-syntax v0.9.3
[INFO] [stderr]     Checking xi-unicode v0.3.0
[INFO] [stderr]    Compiling gtk v0.9.2
[INFO] [stderr]    Compiling time v0.2.27
[INFO] [stderr]    Compiling itertools v0.9.0
[INFO] [stderr]     Checking keyboard-types v0.5.0
[INFO] [stderr]     Checking kurbo v0.7.1
[INFO] [stderr]    Compiling tracing-core v0.1.21
[INFO] [stderr]     Checking type-map v0.4.0
[INFO] [stderr]     Checking unic-ucd-bidi v0.9.0
[INFO] [stderr]     Checking simple_logger v1.13.0
[INFO] [stderr]    Compiling syn v1.0.80
[INFO] [stderr]     Checking unic-langid-impl v0.9.0
[INFO] [stderr]     Checking unic-bidi v0.9.0
[INFO] [stderr]     Checking unic-langid v0.9.0
[INFO] [stderr]     Checking intl_pluralrules v7.0.1
[INFO] [stderr]     Checking fluent-langneg v0.13.0
[INFO] [stderr]     Checking intl-memoizer v0.5.1
[INFO] [stderr]     Checking piet v0.3.1
[INFO] [stderr]    Compiling proc-macro-error v1.0.4
[INFO] [stderr]    Compiling thiserror-impl v1.0.30
[INFO] [stderr]    Compiling strum_macros v0.18.0
[INFO] [stderr]    Compiling futures-macro v0.3.17
[INFO] [stderr]    Compiling glib-macros v0.10.1
[INFO] [stderr]    Compiling tracing-attributes v0.1.18
[INFO] [stderr]    Compiling time-macros-impl v0.1.2
[INFO] [stderr]    Compiling derive_more v0.99.16
[INFO] [stderr]    Compiling rental-impl v0.5.5
[INFO] [stderr]    Compiling druid-derive v0.4.0
[INFO] [stderr]    Compiling derivative v2.2.0
[INFO] [stderr]     Checking time-macros v0.1.1
[INFO] [stderr]     Checking tracing v0.1.29
[INFO] [stderr]     Checking futures-util v0.3.17
[INFO] [stderr]     Checking tracing-unwrap v0.9.2
[INFO] [stderr]     Checking tracing-subscriber v0.2.25
[INFO] [stderr]    Compiling thiserror v1.0.30
[INFO] [stderr]    Compiling system-deps v1.3.2
[INFO] [stderr]    Compiling glib-sys v0.10.1
[INFO] [stderr]    Compiling gobject-sys v0.10.0
[INFO] [stderr]    Compiling gio-sys v0.10.1
[INFO] [stderr]    Compiling cairo-sys-rs v0.10.0
[INFO] [stderr]    Compiling pango-sys v0.10.0
[INFO] [stderr]    Compiling gdk-pixbuf-sys v0.10.0
[INFO] [stderr]    Compiling atk-sys v0.10.0
[INFO] [stderr]    Compiling gdk-sys v0.10.0
[INFO] [stderr]    Compiling gtk-sys v0.10.0
[INFO] [stderr]    Compiling panoramix-derive v0.0.1
[INFO] [stderr]    Compiling panoramix-derive v0.0.2 (/opt/rustwide/workdir)
[INFO] [stderr]    Compiling pango v0.9.1
[INFO] [stderr]    Compiling gio v0.9.1
[INFO] [stderr]    Compiling atk v0.9.0
[INFO] [stderr]    Compiling gdk-pixbuf v0.9.0
[INFO] [stderr]     Checking futures-executor v0.3.17
[INFO] [stderr]     Checking glib v0.10.3
[INFO] [stderr]     Checking futures v0.3.17
[INFO] [stderr]     Checking rental v0.5.6
[INFO] [stderr]     Checking fluent-bundle v0.12.0
[INFO] [stderr]     Checking piet-cairo v0.3.0
[INFO] [stderr]     Checking piet-common v0.3.2
[INFO] [stderr]     Checking druid-shell v0.7.0
[INFO] [stderr]     Checking druid v0.7.0
[INFO] [stderr]     Checking panoramix v0.0.2
[INFO] [stdout] error[E0433]: failed to resolve: could not find `Component` in `elements`
[INFO] [stdout]  --> tests/empty_component.rs:6:1
[INFO] [stdout]   |
[INFO] [stdout] 6 | #[component]
[INFO] [stdout]   | ^^^^^^^^^^^^ could not find `Component` in `elements`
[INFO] [stdout]   |
[INFO] [stdout]   = note: this error originates in the attribute macro `component` (in Nightly builds, run with -Z macro-backtrace for more info)
[INFO] [stdout] 
[INFO] [stdout] 
[INFO] [stdout] error[E0433]: failed to resolve: could not find `any_element` in `elements`
[INFO] [stdout]  --> tests/empty_component.rs:6:1
[INFO] [stdout]   |
[INFO] [stdout] 6 | #[component]
[INFO] [stdout]   | ^^^^^^^^^^^^ could not find `any_element` in `elements`
[INFO] [stdout]   |
[INFO] [stdout]   = note: this error originates in the attribute macro `component` (in Nightly builds, run with -Z macro-backtrace for more info)
[INFO] [stdout] 
[INFO] [stdout] 
[INFO] [stdout] error[E0405]: cannot find trait `Component` in module `panoramix::elements`
[INFO] [stdout]  --> tests/empty_component.rs:6:1
[INFO] [stdout]   |
[INFO] [stdout] 6 | #[component]
[INFO] [stdout]   | ^^^^^^^^^^^^ not found in `panoramix::elements`
[INFO] [stdout]   |
[INFO] [stdout]   = note: this error originates in the attribute macro `component` (in Nightly builds, run with -Z macro-backtrace for more info)
[INFO] [stdout] help: consider importing this trait
[INFO] [stdout]   |
[INFO] [stdout] 1 | use panoramix::elements::component::Component;
[INFO] [stdout]   |
[INFO] [stdout] 
[INFO] [stdout] 
[INFO] [stdout] error[E0412]: cannot find type `ComponentHolder` in module `panoramix::elements::backend`
[INFO] [stdout]  --> tests/empty_component.rs:6:1
[INFO] [stdout]   |
[INFO] [stdout] 6 | #[component]
[INFO] [stdout]   | ^^^^^^^^^^^^ not found in `panoramix::elements::backend`
[INFO] [stdout]   |
[INFO] [stdout]   = note: this error originates in the attribute macro `component` (in Nightly builds, run with -Z macro-backtrace for more info)
[INFO] [stdout] help: consider importing this struct
[INFO] [stdout]   |
[INFO] [stdout] 1 | use panoramix::elements::component::ComponentHolder;
[INFO] [stdout]   |
[INFO] [stdout] 
[INFO] [stdout] 
[INFO] [stdout] error[E0433]: failed to resolve: could not find `ComponentHolder` in `backend`
[INFO] [stdout]  --> tests/empty_component.rs:6:1
[INFO] [stdout]   |
[INFO] [stdout] 6 | #[component]
[INFO] [stdout]   | ^^^^^^^^^^^^ not found in `panoramix::elements::backend`
[INFO] [stdout]   |
[INFO] [stdout]   = note: this error originates in the attribute macro `component` (in Nightly builds, run with -Z macro-backtrace for more info)
[INFO] [stdout] help: consider importing this struct
[INFO] [stdout]   |
[INFO] [stdout] 1 | use panoramix::elements::component::ComponentHolder;
[INFO] [stdout]   |
[INFO] [stdout] 
[INFO] [stdout] 
[INFO] [stdout] error: aborting due to 5 previous errors
[INFO] [stdout] 
[INFO] [stdout] 
[INFO] [stdout] Some errors have detailed explanations: E0405, E0412, E0433.
[INFO] [stdout] 
[INFO] [stdout] For more information about an error, try `rustc --explain E0405`.
[INFO] [stdout] 
[INFO] [stderr] error: could not compile `panoramix-derive` due to 6 previous errors
[INFO] running `Command { std: "docker" "inspect" "5c748005fe8c971fa26817b7ace0c6efe1e553f6ce44dc75e1f54d3f75bf4d0b", kill_on_drop: false }`
[INFO] running `Command { std: "docker" "rm" "-f" "5c748005fe8c971fa26817b7ace0c6efe1e553f6ce44dc75e1f54d3f75bf4d0b", kill_on_drop: false }`
[INFO] [stdout] 5c748005fe8c971fa26817b7ace0c6efe1e553f6ce44dc75e1f54d3f75bf4d0b
