[INFO] fetching crate pallet-recovery 3.0.0...
[INFO] checking pallet-recovery-3.0.0 against 1.55.0 for beta-1.56-3
[INFO] extracting crate pallet-recovery 3.0.0 into /workspace/builds/worker-10/source
[INFO] validating manifest of crates.io crate pallet-recovery 3.0.0 on toolchain 1.55.0
[INFO] running `Command { std: "/workspace/cargo-home/bin/cargo" "+1.55.0" "metadata" "--manifest-path" "Cargo.toml" "--no-deps", kill_on_drop: false }`
[INFO] started tweaking crates.io crate pallet-recovery 3.0.0
[INFO] finished tweaking crates.io crate pallet-recovery 3.0.0
[INFO] tweaked toml for crates.io crate pallet-recovery 3.0.0 written to /workspace/builds/worker-10/source/Cargo.toml
[INFO] running `Command { std: "/workspace/cargo-home/bin/cargo" "+1.55.0" "generate-lockfile" "--manifest-path" "Cargo.toml" "-Zno-index-update", kill_on_drop: false }`
[INFO] running `Command { std: "/workspace/cargo-home/bin/cargo" "+1.55.0" "fetch" "--manifest-path" "Cargo.toml", kill_on_drop: false }`
[INFO] running `Command { std: "docker" "create" "-v" "/var/lib/crater-agent-workspace/builds/worker-10/target:/opt/rustwide/target:rw,Z" "-v" "/var/lib/crater-agent-workspace/builds/worker-10/source:/opt/rustwide/workdir:ro,Z" "-v" "/var/lib/crater-agent-workspace/cargo-home:/opt/rustwide/cargo-home:ro,Z" "-v" "/var/lib/crater-agent-workspace/rustup-home:/opt/rustwide/rustup-home:ro,Z" "-e" "SOURCE_DIR=/opt/rustwide/workdir" "-e" "CARGO_TARGET_DIR=/opt/rustwide/target" "-e" "CARGO_HOME=/opt/rustwide/cargo-home" "-e" "RUSTUP_HOME=/opt/rustwide/rustup-home" "-w" "/opt/rustwide/workdir" "-m" "1610612736" "--user" "0:0" "--network" "none" "ghcr.io/rust-lang/crates-build-env/linux@sha256:a89201d6b5b9fd45c15d5952ece0a0129e7e80cb26ec023fd59cf09bc26f1604" "/opt/rustwide/cargo-home/bin/cargo" "+1.55.0" "metadata" "--no-deps" "--format-version=1", kill_on_drop: false }`
[INFO] [stderr] WARNING: Your kernel does not support swap limit capabilities or the cgroup is not mounted. Memory limited without swap.
[INFO] [stdout] 311b67a824674f0b09d8ee226fdeecbfa6a0cc62778653e9bf008ba3dbc10cf5
[INFO] running `Command { std: "docker" "start" "-a" "311b67a824674f0b09d8ee226fdeecbfa6a0cc62778653e9bf008ba3dbc10cf5", kill_on_drop: false }`
[INFO] running `Command { std: "docker" "inspect" "311b67a824674f0b09d8ee226fdeecbfa6a0cc62778653e9bf008ba3dbc10cf5", kill_on_drop: false }`
[INFO] running `Command { std: "docker" "rm" "-f" "311b67a824674f0b09d8ee226fdeecbfa6a0cc62778653e9bf008ba3dbc10cf5", kill_on_drop: false }`
[INFO] [stdout] 311b67a824674f0b09d8ee226fdeecbfa6a0cc62778653e9bf008ba3dbc10cf5
[INFO] running `Command { std: "docker" "create" "-v" "/var/lib/crater-agent-workspace/builds/worker-10/target:/opt/rustwide/target:rw,Z" "-v" "/var/lib/crater-agent-workspace/builds/worker-10/source:/opt/rustwide/workdir:ro,Z" "-v" "/var/lib/crater-agent-workspace/cargo-home:/opt/rustwide/cargo-home:ro,Z" "-v" "/var/lib/crater-agent-workspace/rustup-home:/opt/rustwide/rustup-home:ro,Z" "-e" "SOURCE_DIR=/opt/rustwide/workdir" "-e" "CARGO_TARGET_DIR=/opt/rustwide/target" "-e" "CARGO_INCREMENTAL=0" "-e" "RUST_BACKTRACE=full" "-e" "RUSTFLAGS=--cap-lints=warn" "-e" "CARGO_HOME=/opt/rustwide/cargo-home" "-e" "RUSTUP_HOME=/opt/rustwide/rustup-home" "-w" "/opt/rustwide/workdir" "-m" "1610612736" "--user" "0:0" "--network" "none" "ghcr.io/rust-lang/crates-build-env/linux@sha256:a89201d6b5b9fd45c15d5952ece0a0129e7e80cb26ec023fd59cf09bc26f1604" "/opt/rustwide/cargo-home/bin/cargo" "+1.55.0" "check" "--frozen" "--all" "--all-targets" "--message-format=json", kill_on_drop: false }`
[INFO] [stdout] b66f70d7fa548a8ff1113f088b779721c68fc0e356d5ff82244a046638802e94
[INFO] [stderr] WARNING: Your kernel does not support swap limit capabilities or the cgroup is not mounted. Memory limited without swap.
[INFO] running `Command { std: "docker" "start" "-a" "b66f70d7fa548a8ff1113f088b779721c68fc0e356d5ff82244a046638802e94", kill_on_drop: false }`
[INFO] [stderr]     Checking hex v0.4.3
[INFO] [stderr]     Checking trie-root v0.16.0
[INFO] [stderr]     Checking integer-sqrt v0.1.5
[INFO] [stderr]    Compiling enumflags2_derive v0.6.4
[INFO] [stderr]    Compiling zeroize_derive v1.2.0
[INFO] [stderr]    Compiling parity-util-mem-derive v0.1.0
[INFO] [stderr]     Checking ref-cast v1.0.6
[INFO] [stderr]     Checking futures-util v0.3.17
[INFO] [stderr]     Checking dyn-clonable v0.9.0
[INFO] [stderr]     Checking sp-panic-handler v3.0.0
[INFO] [stderr]    Compiling toml v0.5.8
[INFO] [stderr]     Checking impl-serde v0.3.1
[INFO] [stderr]     Checking serde_json v1.0.68
[INFO] [stderr]     Checking tracing-serde v0.1.2
[INFO] [stderr]     Checking trie-db v0.22.6
[INFO] [stderr]     Checking libsecp256k1 v0.3.5
[INFO] [stderr]     Checking uint v0.9.1
[INFO] [stderr]     Checking zeroize v1.4.2
[INFO] [stderr]     Checking enumflags2 v0.6.4
[INFO] [stderr]     Checking tracing-subscriber v0.2.25
[INFO] [stderr]     Checking merlin v2.0.1
[INFO] [stderr]     Checking curve25519-dalek v2.1.3
[INFO] [stderr]     Checking curve25519-dalek v3.2.0
[INFO] [stderr]     Checking tiny-bip39 v0.8.2
[INFO] [stderr]     Checking secrecy v0.7.0
[INFO] [stderr]    Compiling proc-macro-crate v1.1.0
[INFO] [stderr]    Compiling proc-macro-crate v0.1.5
[INFO] [stderr]    Compiling frame-support-procedural-tools v3.0.0
[INFO] [stderr]    Compiling sp-runtime-interface-proc-macro v3.0.0
[INFO] [stderr]    Compiling parity-scale-codec-derive v2.3.1
[INFO] [stderr]    Compiling frame-support-procedural v3.0.0
[INFO] [stderr]     Checking schnorrkel v0.9.1
[INFO] [stderr]     Checking ed25519-dalek v1.0.1
[INFO] [stderr]     Checking substrate-bip39 v0.4.4
[INFO] [stderr]     Checking futures-executor v0.3.17
[INFO] [stderr]     Checking futures v0.3.17
[INFO] [stderr]     Checking parity-scale-codec v2.3.1
[INFO] [stderr]     Checking impl-codec v0.5.1
[INFO] [stderr]     Checking sp-storage v3.0.0
[INFO] [stderr]     Checking sp-tracing v3.0.0
[INFO] [stderr]     Checking sp-wasm-interface v3.0.0
[INFO] [stderr]     Checking sp-arithmetic v3.0.0
[INFO] [stderr]     Checking primitive-types v0.9.1
[INFO] [stderr]     Checking sp-externalities v0.9.0
[INFO] [stderr]     Checking parity-util-mem v0.9.0
[INFO] [stderr]     Checking sp-runtime-interface v3.0.0
[INFO] [stderr]     Checking memory-db v0.26.0
[INFO] [stderr]     Checking sp-core v3.0.0
[INFO] [stderr]     Checking sp-trie v3.0.0
[INFO] [stderr]     Checking sp-keystore v0.9.0
[INFO] [stderr]     Checking frame-metadata v13.0.0
[INFO] [stderr]     Checking sp-inherents v3.0.0
[INFO] [stderr]     Checking sp-state-machine v0.9.0
[INFO] [stderr]     Checking sp-io v3.0.0
[INFO] [stderr]     Checking sp-application-crypto v3.0.0
[INFO] [stderr]     Checking sp-runtime v3.0.0
[INFO] [stderr]     Checking sp-staking v3.0.0
[INFO] [stderr]     Checking sp-version v3.0.0
[INFO] [stderr]     Checking frame-support v3.0.0
[INFO] [stderr]     Checking frame-system v3.0.0
[INFO] [stderr]     Checking pallet-recovery v3.0.0 (/opt/rustwide/workdir)
[INFO] [stdout] error[E0432]: unresolved import `sp_core`
[INFO] [stdout]   --> src/mock.rs:23:5
[INFO] [stdout]    |
[INFO] [stdout] 23 | use sp_core::H256;
[INFO] [stdout]    |     ^^^^^^^ use of undeclared crate or module `sp_core`
[INFO] [stdout] 
[INFO] [stdout] 
[INFO] [stdout] error[E0433]: failed to resolve: use of undeclared crate or module `pallet_balances`
[INFO] [stdout]   --> src/mock.rs:39:13
[INFO] [stdout]    |
[INFO] [stdout] 39 |         Balances: pallet_balances::{Module, Call, Storage, Config<T>, Event<T>},
[INFO] [stdout]    |                   ^^^^^^^^^^^^^^^ use of undeclared crate or module `pallet_balances`
[INFO] [stdout] 
[INFO] [stdout] 
[INFO] [stdout] error[E0433]: failed to resolve: use of undeclared crate or module `pallet_balances`
[INFO] [stdout]   --> src/mock.rs:68:21
[INFO] [stdout]    |
[INFO] [stdout] 68 |     type AccountData = pallet_balances::AccountData<u128>;
[INFO] [stdout]    |                        ^^^^^^^^^^^^^^^ use of undeclared crate or module `pallet_balances`
[INFO] [stdout] 
[INFO] [stdout] 
[INFO] [stdout] error[E0433]: failed to resolve: use of undeclared crate or module `pallet_balances`
[INFO] [stdout]   --> src/mock.rs:79:6
[INFO] [stdout]    |
[INFO] [stdout] 79 | impl pallet_balances::Config for Test {
[INFO] [stdout]    |      ^^^^^^^^^^^^^^^ use of undeclared crate or module `pallet_balances`
[INFO] [stdout] 
[INFO] [stdout] 
[INFO] [stdout] error[E0433]: failed to resolve: use of undeclared crate or module `pallet_balances`
[INFO] [stdout]    --> src/mock.rs:106:25
[INFO] [stdout]     |
[INFO] [stdout] 106 | pub type BalancesCall = pallet_balances::Call<Test>;
[INFO] [stdout]     |                         ^^^^^^^^^^^^^^^ use of undeclared crate or module `pallet_balances`
[INFO] [stdout] 
[INFO] [stdout] 
[INFO] [stdout] error[E0433]: failed to resolve: use of undeclared crate or module `pallet_balances`
[INFO] [stdout]    --> src/mock.rs:111:2
[INFO] [stdout]     |
[INFO] [stdout] 111 |     pallet_balances::GenesisConfig::<Test> {
[INFO] [stdout]     |     ^^^^^^^^^^^^^^^ use of undeclared crate or module `pallet_balances`
[INFO] [stdout] 
[INFO] [stdout] 
[INFO] [stdout] error[E0433]: failed to resolve: use of undeclared crate or module `pallet_balances`
[INFO] [stdout]   --> src/mock.rs:32:1
[INFO] [stdout]    |
[INFO] [stdout] 32 | / frame_support::construct_runtime!(
[INFO] [stdout] 33 | |     pub enum Test where
[INFO] [stdout] 34 | |         Block = Block,
[INFO] [stdout] 35 | |         NodeBlock = Block,
[INFO] [stdout] ...  |
[INFO] [stdout] 41 | |     }
[INFO] [stdout] 42 | | );
[INFO] [stdout]    | |__^ not found in `pallet_balances`
[INFO] [stdout]    |
[INFO] [stdout]    = note: this error originates in the macro `$crate::__impl_outer_event_json_metadata` (in Nightly builds, run with -Z macro-backtrace for more info)
[INFO] [stdout] help: consider importing one of these items
[INFO] [stdout]    |
[INFO] [stdout] 20 | use crate::Event;
[INFO] [stdout]    |
[INFO] [stdout] 20 | use crate::system::Event;
[INFO] [stdout]    |
[INFO] [stdout] 20 | use frame_system::Event;
[INFO] [stdout]    |
[INFO] [stdout] 
[INFO] [stdout] 
[INFO] [stdout] error: aborting due to 7 previous errors
[INFO] [stdout] 
[INFO] [stdout] 
[INFO] [stdout] Some errors have detailed explanations: E0432, E0433.
[INFO] [stdout] 
[INFO] [stdout] For more information about an error, try `rustc --explain E0432`.
[INFO] [stdout] 
[INFO] [stderr] error: could not compile `pallet-recovery` due to 8 previous errors
[INFO] [stderr] warning: build failed, waiting for other jobs to finish...
[INFO] [stderr] error: build failed
[INFO] running `Command { std: "docker" "inspect" "b66f70d7fa548a8ff1113f088b779721c68fc0e356d5ff82244a046638802e94", kill_on_drop: false }`
[INFO] running `Command { std: "docker" "rm" "-f" "b66f70d7fa548a8ff1113f088b779721c68fc0e356d5ff82244a046638802e94", kill_on_drop: false }`
[INFO] [stdout] b66f70d7fa548a8ff1113f088b779721c68fc0e356d5ff82244a046638802e94
