[INFO] fetching crate pallet-plasm-rewards 1.3.0...
[INFO] checking pallet-plasm-rewards-1.3.0 against beta-2021-10-15 for beta-1.56-3
[INFO] extracting crate pallet-plasm-rewards 1.3.0 into /workspace/builds/worker-1/source
[INFO] validating manifest of crates.io crate pallet-plasm-rewards 1.3.0 on toolchain beta-2021-10-15
[INFO] running `Command { std: "/workspace/cargo-home/bin/cargo" "+beta-2021-10-15" "metadata" "--manifest-path" "Cargo.toml" "--no-deps", kill_on_drop: false }`
[INFO] started tweaking crates.io crate pallet-plasm-rewards 1.3.0
[INFO] finished tweaking crates.io crate pallet-plasm-rewards 1.3.0
[INFO] tweaked toml for crates.io crate pallet-plasm-rewards 1.3.0 written to /workspace/builds/worker-1/source/Cargo.toml
[INFO] running `Command { std: "/workspace/cargo-home/bin/cargo" "+beta-2021-10-15" "generate-lockfile" "--manifest-path" "Cargo.toml" "-Zno-index-update", kill_on_drop: false }`
[INFO] running `Command { std: "/workspace/cargo-home/bin/cargo" "+beta-2021-10-15" "fetch" "--manifest-path" "Cargo.toml", kill_on_drop: false }`
[INFO] [stderr]     Blocking waiting for file lock on package cache
[INFO] running `Command { std: "docker" "create" "-v" "/var/lib/crater-agent-workspace/builds/worker-1/target:/opt/rustwide/target:rw,Z" "-v" "/var/lib/crater-agent-workspace/builds/worker-1/source:/opt/rustwide/workdir:ro,Z" "-v" "/var/lib/crater-agent-workspace/cargo-home:/opt/rustwide/cargo-home:ro,Z" "-v" "/var/lib/crater-agent-workspace/rustup-home:/opt/rustwide/rustup-home:ro,Z" "-e" "SOURCE_DIR=/opt/rustwide/workdir" "-e" "CARGO_TARGET_DIR=/opt/rustwide/target" "-e" "CARGO_HOME=/opt/rustwide/cargo-home" "-e" "RUSTUP_HOME=/opt/rustwide/rustup-home" "-w" "/opt/rustwide/workdir" "-m" "1610612736" "--user" "0:0" "--network" "none" "ghcr.io/rust-lang/crates-build-env/linux@sha256:a89201d6b5b9fd45c15d5952ece0a0129e7e80cb26ec023fd59cf09bc26f1604" "/opt/rustwide/cargo-home/bin/cargo" "+beta-2021-10-15" "metadata" "--no-deps" "--format-version=1", kill_on_drop: false }`
[INFO] [stdout] 1cc5efb7d17a1d0300846ce55fa5c14ac1b4b53aa31f29491847cec48040a27f
[INFO] [stderr] WARNING: Your kernel does not support swap limit capabilities or the cgroup is not mounted. Memory limited without swap.
[INFO] running `Command { std: "docker" "start" "-a" "1cc5efb7d17a1d0300846ce55fa5c14ac1b4b53aa31f29491847cec48040a27f", kill_on_drop: false }`
[INFO] running `Command { std: "docker" "inspect" "1cc5efb7d17a1d0300846ce55fa5c14ac1b4b53aa31f29491847cec48040a27f", kill_on_drop: false }`
[INFO] running `Command { std: "docker" "rm" "-f" "1cc5efb7d17a1d0300846ce55fa5c14ac1b4b53aa31f29491847cec48040a27f", kill_on_drop: false }`
[INFO] [stdout] 1cc5efb7d17a1d0300846ce55fa5c14ac1b4b53aa31f29491847cec48040a27f
[INFO] running `Command { std: "docker" "create" "-v" "/var/lib/crater-agent-workspace/builds/worker-1/target:/opt/rustwide/target:rw,Z" "-v" "/var/lib/crater-agent-workspace/builds/worker-1/source:/opt/rustwide/workdir:ro,Z" "-v" "/var/lib/crater-agent-workspace/cargo-home:/opt/rustwide/cargo-home:ro,Z" "-v" "/var/lib/crater-agent-workspace/rustup-home:/opt/rustwide/rustup-home:ro,Z" "-e" "SOURCE_DIR=/opt/rustwide/workdir" "-e" "CARGO_TARGET_DIR=/opt/rustwide/target" "-e" "CARGO_INCREMENTAL=0" "-e" "RUST_BACKTRACE=full" "-e" "RUSTFLAGS=--cap-lints=warn" "-e" "CARGO_HOME=/opt/rustwide/cargo-home" "-e" "RUSTUP_HOME=/opt/rustwide/rustup-home" "-w" "/opt/rustwide/workdir" "-m" "1610612736" "--user" "0:0" "--network" "none" "ghcr.io/rust-lang/crates-build-env/linux@sha256:a89201d6b5b9fd45c15d5952ece0a0129e7e80cb26ec023fd59cf09bc26f1604" "/opt/rustwide/cargo-home/bin/cargo" "+beta-2021-10-15" "check" "--frozen" "--all" "--all-targets" "--message-format=json", kill_on_drop: false }`
[INFO] [stdout] b8c3ed735cde20b800c44bc53bba33ca5c97005342492b306a73d494c41ed1c6
[INFO] [stderr] WARNING: Your kernel does not support swap limit capabilities or the cgroup is not mounted. Memory limited without swap.
[INFO] running `Command { std: "docker" "start" "-a" "b8c3ed735cde20b800c44bc53bba33ca5c97005342492b306a73d494c41ed1c6", kill_on_drop: false }`
[INFO] [stderr]    Compiling num-traits v0.2.14
[INFO] [stderr]    Compiling num-complex v0.2.4
[INFO] [stderr]     Checking matrixmultiply v0.2.4
[INFO] [stderr]     Checking statrs v0.10.0
[INFO] [stderr]     Checking once_cell v1.8.0
[INFO] [stderr]     Checking rand v0.6.5
[INFO] [stderr]    Compiling sp-api-proc-macro v2.0.1
[INFO] [stderr]    Compiling sp-npos-elections-compact v2.0.1
[INFO] [stderr]     Checking wasm-timer v0.2.5
[INFO] [stderr]     Checking memory-db v0.24.1
[INFO] [stderr]     Checking thread_local v1.1.3
[INFO] [stderr]     Checking tiny-bip39 v0.7.3
[INFO] [stderr]     Checking ahash v0.7.6
[INFO] [stderr]     Checking hashbrown v0.11.2
[INFO] [stderr]     Checking trie-db v0.22.6
[INFO] [stderr]     Checking num-integer v0.1.44
[INFO] [stderr]     Checking integer-sqrt v0.1.5
[INFO] [stderr]     Checking approx v0.3.2
[INFO] [stderr]     Checking sp-arithmetic v2.0.1
[INFO] [stderr]     Checking num-bigint v0.2.6
[INFO] [stderr]     Checking chrono v0.4.19
[INFO] [stderr]     Checking alga v0.9.3
[INFO] [stderr]     Checking sp-npos-elections v2.0.1
[INFO] [stderr]     Checking tracing-subscriber v0.2.25
[INFO] [stderr]     Checking num-rational v0.2.4
[INFO] [stderr]     Checking wasmi v0.6.2
[INFO] [stderr]     Checking nalgebra v0.18.1
[INFO] [stderr]     Checking sp-tracing v2.0.1
[INFO] [stderr]     Checking sp-wasm-interface v2.0.1
[INFO] [stderr]     Checking sp-runtime-interface v2.0.1
[INFO] [stderr]     Checking sp-core v2.0.1
[INFO] [stderr]     Checking sp-trie v2.0.1
[INFO] [stderr]     Checking sp-inherents v2.0.1
[INFO] [stderr]     Checking frame-metadata v12.0.1
[INFO] [stderr]     Checking sp-state-machine v0.8.1
[INFO] [stderr]     Checking sp-io v2.0.1
[INFO] [stderr]     Checking sp-application-crypto v2.0.1
[INFO] [stderr]     Checking linregress v0.1.7
[INFO] [stderr]     Checking sp-runtime v2.0.1
[INFO] [stderr]     Checking sp-version v2.0.1
[INFO] [stderr]     Checking frame-support v2.0.1
[INFO] [stderr]     Checking sp-staking v2.0.1
[INFO] [stderr]     Checking sp-authorship v2.0.1
[INFO] [stderr]     Checking sp-api v2.0.1
[INFO] [stderr]     Checking sp-timestamp v2.0.1
[INFO] [stderr]     Checking sp-session v2.0.1
[INFO] [stderr]     Checking frame-system v2.0.1
[INFO] [stderr]     Checking frame-benchmarking v2.0.1
[INFO] [stderr]     Checking pallet-authorship v2.0.1
[INFO] [stderr]     Checking pallet-randomness-collective-flip v2.0.1
[INFO] [stderr]     Checking pallet-timestamp v2.0.1
[INFO] [stderr]     Checking pallet-balances v2.0.1
[INFO] [stderr]     Checking pallet-session v2.0.1
[INFO] [stderr]     Checking pallet-staking v2.0.1
[INFO] [stderr]     Checking pallet-plasm-rewards v1.3.0 (/opt/rustwide/workdir)
[INFO] [stdout] warning: unused import: `self as system`
[INFO] [stdout]   --> src/lib.rs:23:20
[INFO] [stdout]    |
[INFO] [stdout] 23 | use frame_system::{self as system, ensure_root};
[INFO] [stdout]    |                    ^^^^^^^^^^^^^^
[INFO] [stdout]    |
[INFO] [stdout]    = note: `#[warn(unused_imports)]` on by default
[INFO] [stdout] 
[INFO] [stdout] 
[INFO] [stdout] error[E0437]: type `ModuleToIndex` is not a member of trait `frame_system::Trait`
[INFO] [stdout]   --> src/mock.rs:86:5
[INFO] [stdout]    |
[INFO] [stdout] 86 |     type ModuleToIndex = ();
[INFO] [stdout]    |     ^^^^^^^^^^^^^^^^^^^^^^^^ not a member of trait `frame_system::Trait`
[INFO] [stdout] 
[INFO] [stdout] 
[INFO] [stdout] warning: unused import: `self as system`
[INFO] [stdout]   --> src/lib.rs:23:20
[INFO] [stdout]    |
[INFO] [stdout] 23 | use frame_system::{self as system, ensure_root};
[INFO] [stdout]    |                    ^^^^^^^^^^^^^^
[INFO] [stdout]    |
[INFO] [stdout]    = note: `#[warn(unused_imports)]` on by default
[INFO] [stdout] 
[INFO] [stdout] 
[INFO] [stdout] error[E0277]: the trait bound `<<T as Trait>::Currency as Currency<<T as frame_system::Trait>::AccountId>>::Balance: From<i32>` is not satisfied
[INFO] [stdout]   --> src/traits.rs:17:11
[INFO] [stdout]    |
[INFO] [stdout] 17 |         0.into()
[INFO] [stdout]    |           ^^^^ the trait `From<i32>` is not implemented for `<<T as Trait>::Currency as Currency<<T as frame_system::Trait>::AccountId>>::Balance`
[INFO] [stdout]    |
[INFO] [stdout]    = note: required because of the requirements on the impl of `Into<<<T as Trait>::Currency as Currency<<T as frame_system::Trait>::AccountId>>::Balance>` for `i32`
[INFO] [stdout] help: consider further restricting the associated type
[INFO] [stdout]    |
[INFO] [stdout] 16 |     fn compute(_era: &EraIndex) -> BalanceOf<T> where <<T as Trait>::Currency as Currency<<T as frame_system::Trait>::AccountId>>::Balance: From<i32> {
[INFO] [stdout]    |                                                 +++++++++++++++++++++++++++++++++++++++++++++++++++++++++++++++++++++++++++++++++++++++++++++++++++++
[INFO] [stdout] 
[INFO] [stdout] 
[INFO] [stdout] error: aborting due to previous error; 1 warning emitted
[INFO] [stdout] 
[INFO] [stdout] 
[INFO] [stdout] For more information about this error, try `rustc --explain E0277`.
[INFO] [stdout] 
[INFO] [stderr] error: could not compile `pallet-plasm-rewards` due to 2 previous errors; 1 warning emitted
[INFO] [stderr] warning: build failed, waiting for other jobs to finish...
[INFO] [stdout] error[E0046]: not all trait items implemented, missing: `PalletInfo`, `SystemWeightInfo`
[INFO] [stdout]   --> src/mock.rs:69:1
[INFO] [stdout]    |
[INFO] [stdout] 69 | impl frame_system::Trait for Test {
[INFO] [stdout]    | ^^^^^^^^^^^^^^^^^^^^^^^^^^^^^^^^^ missing `PalletInfo`, `SystemWeightInfo` in implementation
[INFO] [stdout]    |
[INFO] [stdout]    = help: implement the missing item: `type PalletInfo = Type;`
[INFO] [stdout]    = help: implement the missing item: `type SystemWeightInfo = Type;`
[INFO] [stdout] 
[INFO] [stdout] 
[INFO] [stdout] error[E0046]: not all trait items implemented, missing: `WeightInfo`
[INFO] [stdout]   --> src/mock.rs:99:1
[INFO] [stdout]    |
[INFO] [stdout] 99 | impl pallet_timestamp::Trait for Test {
[INFO] [stdout]    | ^^^^^^^^^^^^^^^^^^^^^^^^^^^^^^^^^^^^^ missing `WeightInfo` in implementation
[INFO] [stdout]    |
[INFO] [stdout]    = help: implement the missing item: `type WeightInfo = Type;`
[INFO] [stdout] 
[INFO] [stdout] 
[INFO] [stdout] error[E0046]: not all trait items implemented, missing: `WeightInfo`
[INFO] [stdout]    --> src/mock.rs:125:1
[INFO] [stdout]     |
[INFO] [stdout] 125 | impl pallet_session::Trait for Test {
[INFO] [stdout]     | ^^^^^^^^^^^^^^^^^^^^^^^^^^^^^^^^^^^ missing `WeightInfo` in implementation
[INFO] [stdout]     |
[INFO] [stdout]     = help: implement the missing item: `type WeightInfo = Type;`
[INFO] [stdout] 
[INFO] [stdout] 
[INFO] [stdout] error[E0046]: not all trait items implemented, missing: `WeightInfo`, `MaxLocks`
[INFO] [stdout]    --> src/mock.rs:141:1
[INFO] [stdout]     |
[INFO] [stdout] 141 | impl pallet_balances::Trait for Test {
[INFO] [stdout]     | ^^^^^^^^^^^^^^^^^^^^^^^^^^^^^^^^^^^^ missing `WeightInfo`, `MaxLocks` in implementation
[INFO] [stdout]     |
[INFO] [stdout]     = help: implement the missing item: `type WeightInfo = Type;`
[INFO] [stdout]     = help: implement the missing item: `type MaxLocks = Type;`
[INFO] [stdout] 
[INFO] [stdout] 
[INFO] [stdout] error[E0277]: the trait bound `<<T as Trait>::Currency as Currency<<T as frame_system::Trait>::AccountId>>::Balance: From<i32>` is not satisfied
[INFO] [stdout]   --> src/traits.rs:17:11
[INFO] [stdout]    |
[INFO] [stdout] 17 |         0.into()
[INFO] [stdout]    |           ^^^^ the trait `From<i32>` is not implemented for `<<T as Trait>::Currency as Currency<<T as frame_system::Trait>::AccountId>>::Balance`
[INFO] [stdout]    |
[INFO] [stdout]    = note: required because of the requirements on the impl of `Into<<<T as Trait>::Currency as Currency<<T as frame_system::Trait>::AccountId>>::Balance>` for `i32`
[INFO] [stdout] help: consider further restricting the associated type
[INFO] [stdout]    |
[INFO] [stdout] 16 |     fn compute(_era: &EraIndex) -> BalanceOf<T> where <<T as Trait>::Currency as Currency<<T as frame_system::Trait>::AccountId>>::Balance: From<i32> {
[INFO] [stdout]    |                                                 +++++++++++++++++++++++++++++++++++++++++++++++++++++++++++++++++++++++++++++++++++++++++++++++++++++
[INFO] [stdout] 
[INFO] [stdout] 
[INFO] [stdout] error: aborting due to 6 previous errors; 1 warning emitted
[INFO] [stdout] 
[INFO] [stdout] 
[INFO] [stdout] Some errors have detailed explanations: E0046, E0277, E0437.
[INFO] [stdout] 
[INFO] [stdout] For more information about an error, try `rustc --explain E0046`.
[INFO] [stdout] 
[INFO] [stderr] error: build failed
[INFO] running `Command { std: "docker" "inspect" "b8c3ed735cde20b800c44bc53bba33ca5c97005342492b306a73d494c41ed1c6", kill_on_drop: false }`
[INFO] running `Command { std: "docker" "rm" "-f" "b8c3ed735cde20b800c44bc53bba33ca5c97005342492b306a73d494c41ed1c6", kill_on_drop: false }`
[INFO] [stdout] b8c3ed735cde20b800c44bc53bba33ca5c97005342492b306a73d494c41ed1c6
