[INFO] fetching crate pallet-plasm-lockdrop 1.3.0...
[INFO] checking pallet-plasm-lockdrop-1.3.0 against beta-2021-10-15 for beta-1.56-3
[INFO] extracting crate pallet-plasm-lockdrop 1.3.0 into /workspace/builds/worker-14/source
[INFO] validating manifest of crates.io crate pallet-plasm-lockdrop 1.3.0 on toolchain beta-2021-10-15
[INFO] running `Command { std: "/workspace/cargo-home/bin/cargo" "+beta-2021-10-15" "metadata" "--manifest-path" "Cargo.toml" "--no-deps", kill_on_drop: false }`
[INFO] started tweaking crates.io crate pallet-plasm-lockdrop 1.3.0
[INFO] finished tweaking crates.io crate pallet-plasm-lockdrop 1.3.0
[INFO] tweaked toml for crates.io crate pallet-plasm-lockdrop 1.3.0 written to /workspace/builds/worker-14/source/Cargo.toml
[INFO] running `Command { std: "/workspace/cargo-home/bin/cargo" "+beta-2021-10-15" "generate-lockfile" "--manifest-path" "Cargo.toml" "-Zno-index-update", kill_on_drop: false }`
[INFO] running `Command { std: "/workspace/cargo-home/bin/cargo" "+beta-2021-10-15" "fetch" "--manifest-path" "Cargo.toml", kill_on_drop: false }`
[INFO] [stderr]  Downloading crates ...
[INFO] [stderr]   Downloaded median v0.3.2
[INFO] running `Command { std: "docker" "create" "-v" "/var/lib/crater-agent-workspace/builds/worker-14/target:/opt/rustwide/target:rw,Z" "-v" "/var/lib/crater-agent-workspace/builds/worker-14/source:/opt/rustwide/workdir:ro,Z" "-v" "/var/lib/crater-agent-workspace/cargo-home:/opt/rustwide/cargo-home:ro,Z" "-v" "/var/lib/crater-agent-workspace/rustup-home:/opt/rustwide/rustup-home:ro,Z" "-e" "SOURCE_DIR=/opt/rustwide/workdir" "-e" "CARGO_TARGET_DIR=/opt/rustwide/target" "-e" "CARGO_HOME=/opt/rustwide/cargo-home" "-e" "RUSTUP_HOME=/opt/rustwide/rustup-home" "-w" "/opt/rustwide/workdir" "-m" "1610612736" "--user" "0:0" "--network" "none" "ghcr.io/rust-lang/crates-build-env/linux@sha256:a89201d6b5b9fd45c15d5952ece0a0129e7e80cb26ec023fd59cf09bc26f1604" "/opt/rustwide/cargo-home/bin/cargo" "+beta-2021-10-15" "metadata" "--no-deps" "--format-version=1", kill_on_drop: false }`
[INFO] [stdout] 35aa849ba901a5b0045df882bf8fb494d455b0d56f9f87d0669f5d58bb9c2673
[INFO] [stderr] WARNING: Your kernel does not support swap limit capabilities or the cgroup is not mounted. Memory limited without swap.
[INFO] running `Command { std: "docker" "start" "-a" "35aa849ba901a5b0045df882bf8fb494d455b0d56f9f87d0669f5d58bb9c2673", kill_on_drop: false }`
[INFO] running `Command { std: "docker" "inspect" "35aa849ba901a5b0045df882bf8fb494d455b0d56f9f87d0669f5d58bb9c2673", kill_on_drop: false }`
[INFO] running `Command { std: "docker" "rm" "-f" "35aa849ba901a5b0045df882bf8fb494d455b0d56f9f87d0669f5d58bb9c2673", kill_on_drop: false }`
[INFO] [stdout] 35aa849ba901a5b0045df882bf8fb494d455b0d56f9f87d0669f5d58bb9c2673
[INFO] running `Command { std: "docker" "create" "-v" "/var/lib/crater-agent-workspace/builds/worker-14/target:/opt/rustwide/target:rw,Z" "-v" "/var/lib/crater-agent-workspace/builds/worker-14/source:/opt/rustwide/workdir:ro,Z" "-v" "/var/lib/crater-agent-workspace/cargo-home:/opt/rustwide/cargo-home:ro,Z" "-v" "/var/lib/crater-agent-workspace/rustup-home:/opt/rustwide/rustup-home:ro,Z" "-e" "SOURCE_DIR=/opt/rustwide/workdir" "-e" "CARGO_TARGET_DIR=/opt/rustwide/target" "-e" "CARGO_INCREMENTAL=0" "-e" "RUST_BACKTRACE=full" "-e" "RUSTFLAGS=--cap-lints=warn" "-e" "CARGO_HOME=/opt/rustwide/cargo-home" "-e" "RUSTUP_HOME=/opt/rustwide/rustup-home" "-w" "/opt/rustwide/workdir" "-m" "1610612736" "--user" "0:0" "--network" "none" "ghcr.io/rust-lang/crates-build-env/linux@sha256:a89201d6b5b9fd45c15d5952ece0a0129e7e80cb26ec023fd59cf09bc26f1604" "/opt/rustwide/cargo-home/bin/cargo" "+beta-2021-10-15" "check" "--frozen" "--all" "--all-targets" "--message-format=json", kill_on_drop: false }`
[INFO] [stdout] b003b2a9fff81cefaabe33163c6dcd2697501c68dacbe628c045f2f577d974d9
[INFO] [stderr] WARNING: Your kernel does not support swap limit capabilities or the cgroup is not mounted. Memory limited without swap.
[INFO] running `Command { std: "docker" "start" "-a" "b003b2a9fff81cefaabe33163c6dcd2697501c68dacbe628c045f2f577d974d9", kill_on_drop: false }`
[INFO] [stderr]    Compiling serde v1.0.130
[INFO] [stderr]     Checking byteorder v1.4.3
[INFO] [stderr]    Compiling crunchy v0.2.2
[INFO] [stderr]     Checking sp-std v2.0.1
[INFO] [stderr]     Checking parity-wasm v0.41.0
[INFO] [stderr]    Compiling parity-util-mem v0.7.0
[INFO] [stderr]     Checking hash-db v0.15.2
[INFO] [stderr]     Checking ahash v0.3.8
[INFO] [stderr]     Checking memory_units v0.3.0
[INFO] [stderr]     Checking environmental v1.1.3
[INFO] [stderr]     Checking hex v0.4.3
[INFO] [stderr]     Checking base58 v0.1.0
[INFO] [stderr]     Checking bitmask v0.5.0
[INFO] [stderr]     Checking bs58 v0.3.1
[INFO] [stderr]    Compiling num-traits v0.2.14
[INFO] [stderr]    Compiling num-rational v0.2.4
[INFO] [stderr]    Compiling hashbrown v0.8.2
[INFO] [stderr]     Checking bitvec v0.17.4
[INFO] [stderr]     Checking tracing-core v0.1.21
[INFO] [stderr]     Checking sharded-slab v0.1.4
[INFO] [stderr]     Checking regex-automata v0.1.10
[INFO] [stderr]     Checking trie-root v0.16.0
[INFO] [stderr]    Compiling arrayvec v0.4.12
[INFO] [stderr]     Checking generic-array v0.11.2
[INFO] [stderr]    Compiling hex-literal-impl v0.2.2
[INFO] [stderr]     Checking blake2-rfc v0.2.18
[INFO] [stderr]     Checking rand_chacha v0.1.1
[INFO] [stderr]     Checking statrs v0.10.0
[INFO] [stderr]     Checking crypto-mac v0.7.0
[INFO] [stderr]     Checking crypto-mac v0.11.1
[INFO] [stderr]     Checking median v0.3.2
[INFO] [stderr]     Checking block-buffer v0.7.3
[INFO] [stderr]    Compiling futures-macro v0.3.17
[INFO] [stderr]    Compiling ref-cast-impl v1.0.6
[INFO] [stderr]    Compiling sp-debug-derive v2.0.1
[INFO] [stderr]    Compiling dyn-clonable-impl v0.9.0
[INFO] [stderr]    Compiling derive_more v0.99.16
[INFO] [stderr]    Compiling frame-support-procedural-tools-derive v2.0.1
[INFO] [stderr]    Compiling strum_macros v0.16.0
[INFO] [stderr]     Checking once_cell v1.8.0
[INFO] [stderr]     Checking sp-panic-handler v2.0.1
[INFO] [stderr]     Checking rand v0.6.5
[INFO] [stderr]    Compiling zeroize_derive v1.2.0
[INFO] [stderr]    Compiling failure_derive v0.1.8
[INFO] [stderr]    Compiling parity-util-mem-derive v0.1.0
[INFO] [stderr]     Checking hmac v0.7.1
[INFO] [stderr]     Checking pbkdf2 v0.3.0
[INFO] [stderr]     Checking hmac v0.11.0
[INFO] [stderr]     Checking pbkdf2 v0.8.0
[INFO] [stderr]     Checking sha2 v0.8.2
[INFO] [stderr]     Checking tracing v0.1.29
[INFO] [stderr]     Checking tracing-log v0.1.2
[INFO] [stderr]     Checking thread_local v1.1.3
[INFO] [stderr]     Checking ahash v0.7.6
[INFO] [stderr]     Checking hex-literal v0.2.1
[INFO] [stderr]     Checking matchers v0.0.1
[INFO] [stderr]     Checking hmac-drbg v0.2.0
[INFO] [stderr]     Checking wasmi-validation v0.3.0
[INFO] [stderr]     Checking fixed-hash v0.6.1
[INFO] [stderr]     Checking twox-hash v1.6.1
[INFO] [stderr]     Checking ref-cast v1.0.6
[INFO] [stderr]     Checking dyn-clonable v0.9.0
[INFO] [stderr]     Checking uint v0.8.5
[INFO] [stderr]     Checking tiny-keccak v2.0.2
[INFO] [stderr]     Checking hash256-std-hasher v0.15.2
[INFO] [stderr]     Checking hashbrown v0.11.2
[INFO] [stderr]     Checking libsecp256k1 v0.3.5
[INFO] [stderr]     Checking zeroize v1.4.2
[INFO] [stderr]     Checking merlin v2.0.1
[INFO] [stderr]     Checking curve25519-dalek v2.1.3
[INFO] [stderr]     Checking curve25519-dalek v3.2.0
[INFO] [stderr]     Checking secrecy v0.6.0
[INFO] [stderr]     Checking failure v0.1.8
[INFO] [stderr]     Checking futures-util v0.3.17
[INFO] [stderr]     Checking num-integer v0.1.44
[INFO] [stderr]     Checking integer-sqrt v0.1.5
[INFO] [stderr]     Checking approx v0.3.2
[INFO] [stderr]     Checking num-complex v0.2.4
[INFO] [stderr]     Checking trie-db v0.22.6
[INFO] [stderr]     Checking tiny-bip39 v0.7.3
[INFO] [stderr]     Checking strum v0.16.0
[INFO] [stderr]     Checking num-bigint v0.2.6
[INFO] [stderr]     Checking chrono v0.4.19
[INFO] [stderr]     Checking schnorrkel v0.9.1
[INFO] [stderr]     Checking alga v0.9.3
[INFO] [stderr]     Checking substrate-bip39 v0.4.4
[INFO] [stderr]     Checking impl-serde v0.3.1
[INFO] [stderr]     Checking tracing-serde v0.1.2
[INFO] [stderr]     Checking serde_json v1.0.68
[INFO] [stderr]     Checking ed25519-dalek v1.0.1
[INFO] [stderr]     Checking wasmi v0.6.2
[INFO] [stderr]     Checking nalgebra v0.18.1
[INFO] [stderr]    Compiling toml v0.5.8
[INFO] [stderr]     Checking futures-executor v0.3.17
[INFO] [stderr]     Checking tracing-subscriber v0.2.25
[INFO] [stderr]     Checking futures v0.3.17
[INFO] [stderr]     Checking wasm-timer v0.2.5
[INFO] [stderr]    Compiling proc-macro-crate v0.1.5
[INFO] [stderr]    Compiling frame-support-procedural-tools v2.0.1
[INFO] [stderr]    Compiling parity-scale-codec-derive v1.2.3
[INFO] [stderr]    Compiling sp-runtime-interface-proc-macro v2.0.1
[INFO] [stderr]    Compiling sp-api-proc-macro v2.0.1
[INFO] [stderr]    Compiling frame-support-procedural v2.0.1
[INFO] [stderr]     Checking parity-scale-codec v1.3.7
[INFO] [stderr]     Checking impl-codec v0.4.2
[INFO] [stderr]     Checking sp-storage v2.0.1
[INFO] [stderr]     Checking sp-tracing v2.0.1
[INFO] [stderr]     Checking sp-wasm-interface v2.0.1
[INFO] [stderr]     Checking sp-arithmetic v2.0.1
[INFO] [stderr]     Checking primitive-types v0.7.3
[INFO] [stderr]     Checking sp-externalities v0.8.1
[INFO] [stderr]     Checking linregress v0.1.7
[INFO] [stderr]     Checking sp-runtime-interface v2.0.1
[INFO] [stderr]     Checking memory-db v0.24.1
[INFO] [stderr]     Checking sp-core v2.0.1
[INFO] [stderr]     Checking sp-trie v2.0.1
[INFO] [stderr]     Checking sp-inherents v2.0.1
[INFO] [stderr]     Checking frame-metadata v12.0.1
[INFO] [stderr]     Checking sp-state-machine v0.8.1
[INFO] [stderr]     Checking sp-io v2.0.1
[INFO] [stderr]     Checking sp-application-crypto v2.0.1
[INFO] [stderr]     Checking sp-runtime v2.0.1
[INFO] [stderr]     Checking sp-version v2.0.1
[INFO] [stderr]     Checking frame-support v2.0.1
[INFO] [stderr]     Checking sp-staking v2.0.1
[INFO] [stderr]     Checking sp-keyring v2.0.1
[INFO] [stderr]     Checking sp-api v2.0.1
[INFO] [stderr]     Checking sp-timestamp v2.0.1
[INFO] [stderr]     Checking sp-session v2.0.1
[INFO] [stderr]     Checking frame-system v2.0.1
[INFO] [stderr]     Checking frame-benchmarking v2.0.1
[INFO] [stderr]     Checking pallet-timestamp v2.0.1
[INFO] [stderr]     Checking pallet-balances v2.0.1
[INFO] [stderr]     Checking pallet-session v2.0.1
[INFO] [stderr]     Checking pallet-plasm-lockdrop v1.3.0 (/opt/rustwide/workdir)
[INFO] [stdout] error[E0432]: unresolved import `plasm_primitives`
[INFO] [stdout]  --> src/mock.rs:6:5
[INFO] [stdout]   |
[INFO] [stdout] 6 | use plasm_primitives::{AccountId, Balance, Moment};
[INFO] [stdout]   |     ^^^^^^^^^^^^^^^^ use of undeclared crate or module `plasm_primitives`
[INFO] [stdout] 
[INFO] [stdout] 
[INFO] [stdout] error[E0432]: unresolved import `plasm_primitives`
[INFO] [stdout]   --> src/tests.rs:11:5
[INFO] [stdout]    |
[INFO] [stdout] 11 | use plasm_primitives::AccountId;
[INFO] [stdout]    |     ^^^^^^^^^^^^^^^^ use of undeclared crate or module `plasm_primitives`
[INFO] [stdout] 
[INFO] [stdout] 
[INFO] [stdout] error[E0437]: type `ModuleToIndex` is not a member of trait `frame_system::Trait`
[INFO] [stdout]   --> src/mock.rs:55:5
[INFO] [stdout]    |
[INFO] [stdout] 55 |     type ModuleToIndex = ();
[INFO] [stdout]    |     ^^^^^^^^^^^^^^^^^^^^^^^^ not a member of trait `frame_system::Trait`
[INFO] [stdout] 
[INFO] [stdout] 
[INFO] [stdout] error[E0119]: conflicting implementations of trait `std::convert::Into<std::result::Result<frame_system::RawOrigin<[type error]>, mock::Origin>>` for type `mock::Origin`
[INFO] [stdout]   --> src/mock.rs:17:1
[INFO] [stdout]    |
[INFO] [stdout] 17 | / impl_outer_origin! {
[INFO] [stdout] 18 | |     pub enum Origin for Runtime {}
[INFO] [stdout] 19 | | }
[INFO] [stdout]    | |_^
[INFO] [stdout]    |
[INFO] [stdout]    = note: conflicting implementation in crate `core`:
[INFO] [stdout]            - impl<T, U> Into<U> for T
[INFO] [stdout]              where U: From<T>;
[INFO] [stdout]    = note: this error originates in the macro `$crate::impl_outer_origin` (in Nightly builds, run with -Z macro-backtrace for more info)
[INFO] [stdout] 
[INFO] [stdout] 
[INFO] [stdout] error: aborting due to 4 previous errors
[INFO] [stdout] 
[INFO] [stdout] 
[INFO] [stdout] Some errors have detailed explanations: E0119, E0432, E0437.
[INFO] [stdout] 
[INFO] [stdout] For more information about an error, try `rustc --explain E0119`.
[INFO] [stdout] 
[INFO] [stderr] error: could not compile `pallet-plasm-lockdrop` due to 5 previous errors
[INFO] [stderr] warning: build failed, waiting for other jobs to finish...
[INFO] [stdout] error[E0277]: the trait bound `<T as Trait>::MedianFilterWidth: generic_array::ArrayLength<ListNode<<T as Trait>::DollarRate>>` is not satisfied
[INFO] [stdout]    --> src/lib.rs:454:33
[INFO] [stdout]     |
[INFO] [stdout] 454 |             let mut btc_filter: Filter<T::DollarRate, T::MedianFilterWidth> = Filter::new();
[INFO] [stdout]     |                                 ^^^^^^^^^^^^^^^^^^^^^^^^^^^^^^^^^^^^^^^^^^^ the trait `generic_array::ArrayLength<ListNode<<T as Trait>::DollarRate>>` is not implemented for `<T as Trait>::MedianFilterWidth`
[INFO] [stdout]     |
[INFO] [stdout] note: required by a bound in `median::Filter`
[INFO] [stdout]    --> /opt/rustwide/cargo-home/registry/src/github.com-1ecc6299db9ec823/median-0.3.2/src/stack.rs:38:8
[INFO] [stdout]     |
[INFO] [stdout] 38  |     N: ArrayLength<ListNode<T>>,
[INFO] [stdout]     |        ^^^^^^^^^^^^^^^^^^^^^^^^ required by this bound in `median::Filter`
[INFO] [stdout] 
[INFO] [stdout] 
[INFO] [stdout] error[E0277]: the trait bound `<T as Trait>::MedianFilterWidth: generic_array::ArrayLength<ListNode<<T as Trait>::DollarRate>>` is not satisfied
[INFO] [stdout]    --> src/lib.rs:454:79
[INFO] [stdout]     |
[INFO] [stdout] 454 |             let mut btc_filter: Filter<T::DollarRate, T::MedianFilterWidth> = Filter::new();
[INFO] [stdout]     |                                                                               ^^^^^^^^^^^ the trait `generic_array::ArrayLength<ListNode<<T as Trait>::DollarRate>>` is not implemented for `<T as Trait>::MedianFilterWidth`
[INFO] [stdout]     |
[INFO] [stdout] note: required by `median::Filter::<T, N>::new`
[INFO] [stdout]    --> /opt/rustwide/cargo-home/registry/src/github.com-1ecc6299db9ec823/median-0.3.2/src/stack.rs:86:5
[INFO] [stdout]     |
[INFO] [stdout] 86  |     pub fn new() -> Self {
[INFO] [stdout]     |     ^^^^^^^^^^^^^^^^^^^^
[INFO] [stdout] 
[INFO] [stdout] 
[INFO] [stdout] error[E0277]: the trait bound `<T as Trait>::MedianFilterWidth: generic_array::ArrayLength<ListNode<<T as Trait>::DollarRate>>` is not satisfied
[INFO] [stdout]    --> src/lib.rs:454:79
[INFO] [stdout]     |
[INFO] [stdout] 454 |             let mut btc_filter: Filter<T::DollarRate, T::MedianFilterWidth> = Filter::new();
[INFO] [stdout]     |                                                                               ^^^^^^ the trait `generic_array::ArrayLength<ListNode<<T as Trait>::DollarRate>>` is not implemented for `<T as Trait>::MedianFilterWidth`
[INFO] [stdout]     |
[INFO] [stdout] note: required by a bound in `median::Filter`
[INFO] [stdout]    --> /opt/rustwide/cargo-home/registry/src/github.com-1ecc6299db9ec823/median-0.3.2/src/stack.rs:38:8
[INFO] [stdout]     |
[INFO] [stdout] 38  |     N: ArrayLength<ListNode<T>>,
[INFO] [stdout]     |        ^^^^^^^^^^^^^^^^^^^^^^^^ required by this bound in `median::Filter`
[INFO] [stdout] 
[INFO] [stdout] 
[INFO] [stdout] error[E0277]: the trait bound `<T as Trait>::MedianFilterWidth: generic_array::ArrayLength<ListNode<<T as Trait>::DollarRate>>` is not satisfied
[INFO] [stdout]    --> src/lib.rs:455:79
[INFO] [stdout]     |
[INFO] [stdout] 455 |             let mut eth_filter: Filter<T::DollarRate, T::MedianFilterWidth> = Filter::new();
[INFO] [stdout]     |                                                                               ^^^^^^^^^^^ the trait `generic_array::ArrayLength<ListNode<<T as Trait>::DollarRate>>` is not implemented for `<T as Trait>::MedianFilterWidth`
[INFO] [stdout]     |
[INFO] [stdout] note: required by `median::Filter::<T, N>::new`
[INFO] [stdout]    --> /opt/rustwide/cargo-home/registry/src/github.com-1ecc6299db9ec823/median-0.3.2/src/stack.rs:86:5
[INFO] [stdout]     |
[INFO] [stdout] 86  |     pub fn new() -> Self {
[INFO] [stdout]     |     ^^^^^^^^^^^^^^^^^^^^
[INFO] [stdout] 
[INFO] [stdout] 
[INFO] [stdout] error[E0277]: the trait bound `<T as Trait>::MedianFilterWidth: generic_array::ArrayLength<ListNode<<T as Trait>::DollarRate>>` is not satisfied
[INFO] [stdout]    --> src/lib.rs:455:79
[INFO] [stdout]     |
[INFO] [stdout] 455 |             let mut eth_filter: Filter<T::DollarRate, T::MedianFilterWidth> = Filter::new();
[INFO] [stdout]     |                                                                               ^^^^^^ the trait `generic_array::ArrayLength<ListNode<<T as Trait>::DollarRate>>` is not implemented for `<T as Trait>::MedianFilterWidth`
[INFO] [stdout]     |
[INFO] [stdout] note: required by a bound in `median::Filter`
[INFO] [stdout]    --> /opt/rustwide/cargo-home/registry/src/github.com-1ecc6299db9ec823/median-0.3.2/src/stack.rs:38:8
[INFO] [stdout]     |
[INFO] [stdout] 38  |     N: ArrayLength<ListNode<T>>,
[INFO] [stdout]     |        ^^^^^^^^^^^^^^^^^^^^^^^^ required by this bound in `median::Filter`
[INFO] [stdout] 
[INFO] [stdout] 
[INFO] [stdout] error[E0599]: the method `consume` exists for struct `median::Filter<<T as Trait>::DollarRate, <T as Trait>::MedianFilterWidth>`, but its trait bounds were not satisfied
[INFO] [stdout]    --> src/lib.rs:460:52
[INFO] [stdout]     |
[INFO] [stdout] 460 |                     btc_filtered_rate = btc_filter.consume(item.1);
[INFO] [stdout]     |                                                    ^^^^^^^ method cannot be called on `median::Filter<<T as Trait>::DollarRate, <T as Trait>::MedianFilterWidth>` due to unsatisfied trait bounds
[INFO] [stdout]     |
[INFO] [stdout]     = note: the following trait bounds were not satisfied:
[INFO] [stdout]             `<T as Trait>::MedianFilterWidth: generic_array::ArrayLength<ListNode<<T as Trait>::DollarRate>>`
[INFO] [stdout] 
[INFO] [stdout] 
[INFO] [stdout] error[E0599]: the method `consume` exists for struct `median::Filter<<T as Trait>::DollarRate, <T as Trait>::MedianFilterWidth>`, but its trait bounds were not satisfied
[INFO] [stdout]    --> src/lib.rs:461:52
[INFO] [stdout]     |
[INFO] [stdout] 461 |                     eth_filtered_rate = eth_filter.consume(item.2);
[INFO] [stdout]     |                                                    ^^^^^^^ method cannot be called on `median::Filter<<T as Trait>::DollarRate, <T as Trait>::MedianFilterWidth>` due to unsatisfied trait bounds
[INFO] [stdout]     |
[INFO] [stdout]     = note: the following trait bounds were not satisfied:
[INFO] [stdout]             `<T as Trait>::MedianFilterWidth: generic_array::ArrayLength<ListNode<<T as Trait>::DollarRate>>`
[INFO] [stdout] 
[INFO] [stdout] 
[INFO] [stdout] error: aborting due to 7 previous errors
[INFO] [stdout] 
[INFO] [stdout] 
[INFO] [stdout] Some errors have detailed explanations: E0277, E0599.
[INFO] [stdout] 
[INFO] [stdout] For more information about an error, try `rustc --explain E0277`.
[INFO] [stdout] 
[INFO] [stderr] error: build failed
[INFO] running `Command { std: "docker" "inspect" "b003b2a9fff81cefaabe33163c6dcd2697501c68dacbe628c045f2f577d974d9", kill_on_drop: false }`
[INFO] running `Command { std: "docker" "rm" "-f" "b003b2a9fff81cefaabe33163c6dcd2697501c68dacbe628c045f2f577d974d9", kill_on_drop: false }`
[INFO] [stdout] b003b2a9fff81cefaabe33163c6dcd2697501c68dacbe628c045f2f577d974d9
