[INFO] fetching crate pallet-operator-trading 1.3.0...
[INFO] checking pallet-operator-trading-1.3.0 against beta-2021-10-15 for beta-1.56-3
[INFO] extracting crate pallet-operator-trading 1.3.0 into /workspace/builds/worker-7/source
[INFO] validating manifest of crates.io crate pallet-operator-trading 1.3.0 on toolchain beta-2021-10-15
[INFO] running `Command { std: "/workspace/cargo-home/bin/cargo" "+beta-2021-10-15" "metadata" "--manifest-path" "Cargo.toml" "--no-deps", kill_on_drop: false }`
[INFO] started tweaking crates.io crate pallet-operator-trading 1.3.0
[INFO] finished tweaking crates.io crate pallet-operator-trading 1.3.0
[INFO] tweaked toml for crates.io crate pallet-operator-trading 1.3.0 written to /workspace/builds/worker-7/source/Cargo.toml
[INFO] running `Command { std: "/workspace/cargo-home/bin/cargo" "+beta-2021-10-15" "generate-lockfile" "--manifest-path" "Cargo.toml" "-Zno-index-update", kill_on_drop: false }`
[INFO] running `Command { std: "/workspace/cargo-home/bin/cargo" "+beta-2021-10-15" "fetch" "--manifest-path" "Cargo.toml", kill_on_drop: false }`
[INFO] [stderr]  Downloading crates ...
[INFO] [stderr]   Downloaded pallet-contracts-primitives v2.0.1
[INFO] [stderr]   Downloaded pallet-contract-operator v1.3.0
[INFO] [stderr]   Downloaded pallet-contracts v2.0.1
[INFO] [stderr]   Downloaded sp-sandbox v0.8.1
[INFO] running `Command { std: "docker" "create" "-v" "/var/lib/crater-agent-workspace/builds/worker-7/target:/opt/rustwide/target:rw,Z" "-v" "/var/lib/crater-agent-workspace/builds/worker-7/source:/opt/rustwide/workdir:ro,Z" "-v" "/var/lib/crater-agent-workspace/cargo-home:/opt/rustwide/cargo-home:ro,Z" "-v" "/var/lib/crater-agent-workspace/rustup-home:/opt/rustwide/rustup-home:ro,Z" "-e" "SOURCE_DIR=/opt/rustwide/workdir" "-e" "CARGO_TARGET_DIR=/opt/rustwide/target" "-e" "CARGO_HOME=/opt/rustwide/cargo-home" "-e" "RUSTUP_HOME=/opt/rustwide/rustup-home" "-w" "/opt/rustwide/workdir" "-m" "1610612736" "--user" "0:0" "--network" "none" "ghcr.io/rust-lang/crates-build-env/linux@sha256:a89201d6b5b9fd45c15d5952ece0a0129e7e80cb26ec023fd59cf09bc26f1604" "/opt/rustwide/cargo-home/bin/cargo" "+beta-2021-10-15" "metadata" "--no-deps" "--format-version=1", kill_on_drop: false }`
[INFO] [stdout] a2f9ae54ccc405293a7b7509327b8ee2baab8239b9b57cdec7cd9bc78728c9cf
[INFO] [stderr] WARNING: Your kernel does not support swap limit capabilities or the cgroup is not mounted. Memory limited without swap.
[INFO] running `Command { std: "docker" "start" "-a" "a2f9ae54ccc405293a7b7509327b8ee2baab8239b9b57cdec7cd9bc78728c9cf", kill_on_drop: false }`
[INFO] running `Command { std: "docker" "inspect" "a2f9ae54ccc405293a7b7509327b8ee2baab8239b9b57cdec7cd9bc78728c9cf", kill_on_drop: false }`
[INFO] running `Command { std: "docker" "rm" "-f" "a2f9ae54ccc405293a7b7509327b8ee2baab8239b9b57cdec7cd9bc78728c9cf", kill_on_drop: false }`
[INFO] [stdout] a2f9ae54ccc405293a7b7509327b8ee2baab8239b9b57cdec7cd9bc78728c9cf
[INFO] running `Command { std: "docker" "create" "-v" "/var/lib/crater-agent-workspace/builds/worker-7/target:/opt/rustwide/target:rw,Z" "-v" "/var/lib/crater-agent-workspace/builds/worker-7/source:/opt/rustwide/workdir:ro,Z" "-v" "/var/lib/crater-agent-workspace/cargo-home:/opt/rustwide/cargo-home:ro,Z" "-v" "/var/lib/crater-agent-workspace/rustup-home:/opt/rustwide/rustup-home:ro,Z" "-e" "SOURCE_DIR=/opt/rustwide/workdir" "-e" "CARGO_TARGET_DIR=/opt/rustwide/target" "-e" "CARGO_INCREMENTAL=0" "-e" "RUST_BACKTRACE=full" "-e" "RUSTFLAGS=--cap-lints=warn" "-e" "CARGO_HOME=/opt/rustwide/cargo-home" "-e" "RUSTUP_HOME=/opt/rustwide/rustup-home" "-w" "/opt/rustwide/workdir" "-m" "1610612736" "--user" "0:0" "--network" "none" "ghcr.io/rust-lang/crates-build-env/linux@sha256:a89201d6b5b9fd45c15d5952ece0a0129e7e80cb26ec023fd59cf09bc26f1604" "/opt/rustwide/cargo-home/bin/cargo" "+beta-2021-10-15" "check" "--frozen" "--all" "--all-targets" "--message-format=json", kill_on_drop: false }`
[INFO] [stdout] 6f24c3090a3d2cb7ca1b8f6e3430183aa1597a90f695af4938b2af4f1f7d54f2
[INFO] [stderr] WARNING: Your kernel does not support swap limit capabilities or the cgroup is not mounted. Memory limited without swap.
[INFO] running `Command { std: "docker" "start" "-a" "6f24c3090a3d2cb7ca1b8f6e3430183aa1597a90f695af4938b2af4f1f7d54f2", kill_on_drop: false }`
[INFO] [stderr]     Checking arrayvec v0.5.2
[INFO] [stderr]     Checking radium v0.3.0
[INFO] [stderr]     Checking byte-slice-cast v0.3.5
[INFO] [stderr]     Checking sp-std v2.0.1
[INFO] [stderr]    Compiling parity-util-mem v0.7.0
[INFO] [stderr]     Checking bitmask v0.5.0
[INFO] [stderr]    Compiling hashbrown v0.8.2
[INFO] [stderr]    Compiling num-complex v0.2.4
[INFO] [stderr]     Checking uint v0.8.5
[INFO] [stderr]     Checking pwasm-utils v0.14.0
[INFO] [stderr]     Checking statrs v0.10.0
[INFO] [stderr]     Checking integer-sqrt v0.1.5
[INFO] [stderr]     Checking rand v0.6.5
[INFO] [stderr]     Checking rand_pcg v0.2.1
[INFO] [stderr]     Checking once_cell v1.8.0
[INFO] [stderr]    Compiling futures-macro v0.3.17
[INFO] [stderr]    Compiling ref-cast-impl v1.0.6
[INFO] [stderr]    Compiling impl-trait-for-tuples v0.1.3
[INFO] [stderr]     Checking sha2 v0.8.2
[INFO] [stderr]    Compiling sp-debug-derive v2.0.1
[INFO] [stderr]     Checking pbkdf2 v0.3.0
[INFO] [stderr]    Compiling dyn-clonable-impl v0.9.0
[INFO] [stderr]    Compiling derive_more v0.99.16
[INFO] [stderr]    Compiling frame-support-procedural-tools-derive v2.0.1
[INFO] [stderr]     Checking chrono v0.4.19
[INFO] [stderr]     Checking sp-panic-handler v2.0.1
[INFO] [stderr]    Compiling serde v1.0.130
[INFO] [stderr]    Compiling zeroize_derive v1.2.0
[INFO] [stderr]    Compiling parity-util-mem-derive v0.1.0
[INFO] [stderr]     Checking rand v0.7.3
[INFO] [stderr]     Checking thread_local v1.1.3
[INFO] [stderr]     Checking ahash v0.7.6
[INFO] [stderr]     Checking bitvec v0.17.4
[INFO] [stderr]     Checking num-rational v0.2.4
[INFO] [stderr]     Checking failure v0.1.8
[INFO] [stderr]     Checking hashbrown v0.11.2
[INFO] [stderr]     Checking dyn-clonable v0.9.0
[INFO] [stderr]     Checking wasmi v0.6.2
[INFO] [stderr]     Checking fixed-hash v0.6.1
[INFO] [stderr]     Checking libsecp256k1 v0.3.5
[INFO] [stderr]     Checking ref-cast v1.0.6
[INFO] [stderr]     Checking tiny-bip39 v0.7.3
[INFO] [stderr]     Checking alga v0.9.3
[INFO] [stderr]     Checking trie-db v0.22.6
[INFO] [stderr]     Checking zeroize v1.4.2
[INFO] [stderr]     Checking futures-util v0.3.17
[INFO] [stderr]     Checking curve25519-dalek v2.1.3
[INFO] [stderr]     Checking merlin v2.0.1
[INFO] [stderr]     Checking curve25519-dalek v3.2.0
[INFO] [stderr]     Checking secrecy v0.6.0
[INFO] [stderr]     Checking nalgebra v0.18.1
[INFO] [stderr]     Checking schnorrkel v0.9.1
[INFO] [stderr]     Checking impl-serde v0.3.1
[INFO] [stderr]     Checking serde_json v1.0.68
[INFO] [stderr]     Checking tracing-serde v0.1.2
[INFO] [stderr]     Checking ed25519-dalek v1.0.1
[INFO] [stderr]     Checking substrate-bip39 v0.4.4
[INFO] [stderr]    Compiling toml v0.5.8
[INFO] [stderr]     Checking tracing-subscriber v0.2.25
[INFO] [stderr]     Checking futures-executor v0.3.17
[INFO] [stderr]    Compiling proc-macro-crate v0.1.5
[INFO] [stderr]     Checking futures v0.3.17
[INFO] [stderr]     Checking wasm-timer v0.2.5
[INFO] [stderr]    Compiling frame-support-procedural-tools v2.0.1
[INFO] [stderr]    Compiling parity-scale-codec-derive v1.2.3
[INFO] [stderr]    Compiling sp-runtime-interface-proc-macro v2.0.1
[INFO] [stderr]    Compiling sp-api-proc-macro v2.0.1
[INFO] [stderr]    Compiling frame-support-procedural v2.0.1
[INFO] [stderr]     Checking parity-scale-codec v1.3.7
[INFO] [stderr]     Checking linregress v0.1.7
[INFO] [stderr]     Checking impl-codec v0.4.2
[INFO] [stderr]     Checking sp-storage v2.0.1
[INFO] [stderr]     Checking sp-tracing v2.0.1
[INFO] [stderr]     Checking sp-wasm-interface v2.0.1
[INFO] [stderr]     Checking sp-arithmetic v2.0.1
[INFO] [stderr]     Checking primitive-types v0.7.3
[INFO] [stderr]     Checking sp-externalities v0.8.1
[INFO] [stderr]     Checking sp-runtime-interface v2.0.1
[INFO] [stderr]     Checking memory-db v0.24.1
[INFO] [stderr]     Checking sp-core v2.0.1
[INFO] [stderr]     Checking sp-trie v2.0.1
[INFO] [stderr]     Checking sp-inherents v2.0.1
[INFO] [stderr]     Checking frame-metadata v12.0.1
[INFO] [stderr]     Checking sp-state-machine v0.8.1
[INFO] [stderr]     Checking sp-io v2.0.1
[INFO] [stderr]     Checking sp-application-crypto v2.0.1
[INFO] [stderr]     Checking sp-sandbox v0.8.1
[INFO] [stderr]     Checking sp-runtime v2.0.1
[INFO] [stderr]     Checking sp-version v2.0.1
[INFO] [stderr]     Checking frame-support v2.0.1
[INFO] [stderr]     Checking pallet-contracts-primitives v2.0.1
[INFO] [stderr]     Checking sp-api v2.0.1
[INFO] [stderr]     Checking sp-timestamp v2.0.1
[INFO] [stderr]     Checking frame-system v2.0.1
[INFO] [stderr]     Checking frame-benchmarking v2.0.1
[INFO] [stderr]     Checking pallet-contracts v2.0.1
[INFO] [stderr]     Checking pallet-timestamp v2.0.1
[INFO] [stderr]     Checking pallet-balances v2.0.1
[INFO] [stderr]     Checking pallet-contract-operator v1.3.0
[INFO] [stderr]     Checking pallet-operator-trading v1.3.0 (/opt/rustwide/workdir)
[INFO] [stdout] error[E0437]: type `ModuleToIndex` is not a member of trait `frame_system::Trait`
[INFO] [stdout]   --> src/tests.rs:56:5
[INFO] [stdout]    |
[INFO] [stdout] 56 |     type ModuleToIndex = ();
[INFO] [stdout]    |     ^^^^^^^^^^^^^^^^^^^^^^^^ not a member of trait `frame_system::Trait`
[INFO] [stdout] 
[INFO] [stdout] 
[INFO] [stdout] warning: unused import: `self as system`
[INFO] [stdout]  --> src/lib.rs:8:20
[INFO] [stdout]   |
[INFO] [stdout] 8 | use frame_system::{self as system, ensure_signed};
[INFO] [stdout]   |                    ^^^^^^^^^^^^^^
[INFO] [stdout]   |
[INFO] [stdout]   = note: `#[warn(unused_imports)]` on by default
[INFO] [stdout] 
[INFO] [stdout] 
[INFO] [stdout] error[E0046]: not all trait items implemented, missing: `PalletInfo`, `SystemWeightInfo`
[INFO] [stdout]   --> src/tests.rs:39:1
[INFO] [stdout]    |
[INFO] [stdout] 39 | impl frame_system::Trait for Test {
[INFO] [stdout]    | ^^^^^^^^^^^^^^^^^^^^^^^^^^^^^^^^^ missing `PalletInfo`, `SystemWeightInfo` in implementation
[INFO] [stdout]    |
[INFO] [stdout]    = help: implement the missing item: `type PalletInfo = Type;`
[INFO] [stdout]    = help: implement the missing item: `type SystemWeightInfo = Type;`
[INFO] [stdout] 
[INFO] [stdout] 
[INFO] [stdout] error[E0046]: not all trait items implemented, missing: `WeightInfo`, `MaxLocks`
[INFO] [stdout]   --> src/tests.rs:68:1
[INFO] [stdout]    |
[INFO] [stdout] 68 | impl pallet_balances::Trait for Test {
[INFO] [stdout]    | ^^^^^^^^^^^^^^^^^^^^^^^^^^^^^^^^^^^^ missing `WeightInfo`, `MaxLocks` in implementation
[INFO] [stdout]    |
[INFO] [stdout]    = help: implement the missing item: `type WeightInfo = Type;`
[INFO] [stdout]    = help: implement the missing item: `type MaxLocks = Type;`
[INFO] [stdout] 
[INFO] [stdout] 
[INFO] [stdout] error[E0046]: not all trait items implemented, missing: `WeightInfo`
[INFO] [stdout]   --> src/tests.rs:78:1
[INFO] [stdout]    |
[INFO] [stdout] 78 | impl pallet_timestamp::Trait for Test {
[INFO] [stdout]    | ^^^^^^^^^^^^^^^^^^^^^^^^^^^^^^^^^^^^^ missing `WeightInfo` in implementation
[INFO] [stdout]    |
[INFO] [stdout]    = help: implement the missing item: `type WeightInfo = Type;`
[INFO] [stdout] 
[INFO] [stdout] 
[INFO] [stdout] error: aborting due to 4 previous errors
[INFO] [stdout] 
[INFO] [stdout] 
[INFO] [stdout] Some errors have detailed explanations: E0046, E0437.
[INFO] [stdout] 
[INFO] [stdout] For more information about an error, try `rustc --explain E0046`.
[INFO] [stdout] 
[INFO] [stderr] error: could not compile `pallet-operator-trading` due to 5 previous errors
[INFO] [stderr] warning: build failed, waiting for other jobs to finish...
[INFO] [stdout] warning: 1 warning emitted
[INFO] [stdout] 
[INFO] [stdout] 
[INFO] [stderr] error: build failed
[INFO] running `Command { std: "docker" "inspect" "6f24c3090a3d2cb7ca1b8f6e3430183aa1597a90f695af4938b2af4f1f7d54f2", kill_on_drop: false }`
[INFO] running `Command { std: "docker" "rm" "-f" "6f24c3090a3d2cb7ca1b8f6e3430183aa1597a90f695af4938b2af4f1f7d54f2", kill_on_drop: false }`
[INFO] [stdout] 6f24c3090a3d2cb7ca1b8f6e3430183aa1597a90f695af4938b2af4f1f7d54f2
