[INFO] fetching crate pallet-bounties 3.0.0...
[INFO] checking pallet-bounties-3.0.0 against beta-2021-10-15 for beta-1.56-3
[INFO] extracting crate pallet-bounties 3.0.0 into /workspace/builds/worker-12/source
[INFO] validating manifest of crates.io crate pallet-bounties 3.0.0 on toolchain beta-2021-10-15
[INFO] running `Command { std: "/workspace/cargo-home/bin/cargo" "+beta-2021-10-15" "metadata" "--manifest-path" "Cargo.toml" "--no-deps", kill_on_drop: false }`
[INFO] started tweaking crates.io crate pallet-bounties 3.0.0
[INFO] finished tweaking crates.io crate pallet-bounties 3.0.0
[INFO] tweaked toml for crates.io crate pallet-bounties 3.0.0 written to /workspace/builds/worker-12/source/Cargo.toml
[INFO] running `Command { std: "/workspace/cargo-home/bin/cargo" "+beta-2021-10-15" "generate-lockfile" "--manifest-path" "Cargo.toml" "-Zno-index-update", kill_on_drop: false }`
[INFO] [stderr]     Blocking waiting for file lock on package cache
[INFO] running `Command { std: "/workspace/cargo-home/bin/cargo" "+beta-2021-10-15" "fetch" "--manifest-path" "Cargo.toml", kill_on_drop: false }`
[INFO] running `Command { std: "docker" "create" "-v" "/var/lib/crater-agent-workspace/builds/worker-12/target:/opt/rustwide/target:rw,Z" "-v" "/var/lib/crater-agent-workspace/builds/worker-12/source:/opt/rustwide/workdir:ro,Z" "-v" "/var/lib/crater-agent-workspace/cargo-home:/opt/rustwide/cargo-home:ro,Z" "-v" "/var/lib/crater-agent-workspace/rustup-home:/opt/rustwide/rustup-home:ro,Z" "-e" "SOURCE_DIR=/opt/rustwide/workdir" "-e" "CARGO_TARGET_DIR=/opt/rustwide/target" "-e" "CARGO_HOME=/opt/rustwide/cargo-home" "-e" "RUSTUP_HOME=/opt/rustwide/rustup-home" "-w" "/opt/rustwide/workdir" "-m" "1610612736" "--user" "0:0" "--network" "none" "ghcr.io/rust-lang/crates-build-env/linux@sha256:a89201d6b5b9fd45c15d5952ece0a0129e7e80cb26ec023fd59cf09bc26f1604" "/opt/rustwide/cargo-home/bin/cargo" "+beta-2021-10-15" "metadata" "--no-deps" "--format-version=1", kill_on_drop: false }`
[INFO] [stdout] a2c76433d7449b3e549cbcc02eaa04a154b84abc96cb2ec4fbd26b3c6a9e359e
[INFO] [stderr] WARNING: Your kernel does not support swap limit capabilities or the cgroup is not mounted. Memory limited without swap.
[INFO] running `Command { std: "docker" "start" "-a" "a2c76433d7449b3e549cbcc02eaa04a154b84abc96cb2ec4fbd26b3c6a9e359e", kill_on_drop: false }`
[INFO] running `Command { std: "docker" "inspect" "a2c76433d7449b3e549cbcc02eaa04a154b84abc96cb2ec4fbd26b3c6a9e359e", kill_on_drop: false }`
[INFO] running `Command { std: "docker" "rm" "-f" "a2c76433d7449b3e549cbcc02eaa04a154b84abc96cb2ec4fbd26b3c6a9e359e", kill_on_drop: false }`
[INFO] [stdout] a2c76433d7449b3e549cbcc02eaa04a154b84abc96cb2ec4fbd26b3c6a9e359e
[INFO] running `Command { std: "docker" "create" "-v" "/var/lib/crater-agent-workspace/builds/worker-12/target:/opt/rustwide/target:rw,Z" "-v" "/var/lib/crater-agent-workspace/builds/worker-12/source:/opt/rustwide/workdir:ro,Z" "-v" "/var/lib/crater-agent-workspace/cargo-home:/opt/rustwide/cargo-home:ro,Z" "-v" "/var/lib/crater-agent-workspace/rustup-home:/opt/rustwide/rustup-home:ro,Z" "-e" "SOURCE_DIR=/opt/rustwide/workdir" "-e" "CARGO_TARGET_DIR=/opt/rustwide/target" "-e" "CARGO_INCREMENTAL=0" "-e" "RUST_BACKTRACE=full" "-e" "RUSTFLAGS=--cap-lints=warn" "-e" "CARGO_HOME=/opt/rustwide/cargo-home" "-e" "RUSTUP_HOME=/opt/rustwide/rustup-home" "-w" "/opt/rustwide/workdir" "-m" "1610612736" "--user" "0:0" "--network" "none" "ghcr.io/rust-lang/crates-build-env/linux@sha256:a89201d6b5b9fd45c15d5952ece0a0129e7e80cb26ec023fd59cf09bc26f1604" "/opt/rustwide/cargo-home/bin/cargo" "+beta-2021-10-15" "check" "--frozen" "--all" "--all-targets" "--message-format=json", kill_on_drop: false }`
[INFO] [stdout] bfbe9bce191a20803475c836eb5e51583e67bd6827aa760dead12fc4c7a4b3e8
[INFO] [stderr] WARNING: Your kernel does not support swap limit capabilities or the cgroup is not mounted. Memory limited without swap.
[INFO] running `Command { std: "docker" "start" "-a" "bfbe9bce191a20803475c836eb5e51583e67bd6827aa760dead12fc4c7a4b3e8", kill_on_drop: false }`
[INFO] [stderr]     Blocking waiting for file lock on package cache
[INFO] [stderr]     Blocking waiting for file lock on package cache
[INFO] [stderr]     Checking pallet-balances v3.0.0
[INFO] [stderr]     Checking pallet-treasury v3.0.0
[INFO] [stderr]     Checking pallet-bounties v3.0.0 (/opt/rustwide/workdir)
[INFO] [stdout] error[E0432]: unresolved import `sp_core`
[INFO] [stdout]   --> src/tests.rs:30:5
[INFO] [stdout]    |
[INFO] [stdout] 30 | use sp_core::H256;
[INFO] [stdout]    |     ^^^^^^^ use of undeclared crate or module `sp_core`
[INFO] [stdout] 
[INFO] [stdout] 
[INFO] [stdout] error[E0433]: failed to resolve: use of undeclared crate or module `pallet_balances`
[INFO] [stdout]   --> src/tests.rs:47:13
[INFO] [stdout]    |
[INFO] [stdout] 47 |         Balances: pallet_balances::{Module, Call, Storage, Config<T>, Event<T>},
[INFO] [stdout]    |                   ^^^^^^^^^^^^^^^ use of undeclared crate or module `pallet_balances`
[INFO] [stdout] 
[INFO] [stdout] 
[INFO] [stdout] error[E0433]: failed to resolve: use of undeclared crate or module `pallet_balances`
[INFO] [stdout]   --> src/tests.rs:78:21
[INFO] [stdout]    |
[INFO] [stdout] 78 |     type AccountData = pallet_balances::AccountData<u64>;
[INFO] [stdout]    |                        ^^^^^^^^^^^^^^^ use of undeclared crate or module `pallet_balances`
[INFO] [stdout] 
[INFO] [stdout] 
[INFO] [stdout] error[E0433]: failed to resolve: use of undeclared crate or module `pallet_balances`
[INFO] [stdout]   --> src/tests.rs:87:6
[INFO] [stdout]    |
[INFO] [stdout] 87 | impl pallet_balances::Config for Test {
[INFO] [stdout]    |      ^^^^^^^^^^^^^^^ use of undeclared crate or module `pallet_balances`
[INFO] [stdout] 
[INFO] [stdout] 
[INFO] [stdout] error[E0433]: failed to resolve: use of undeclared crate or module `pallet_balances`
[INFO] [stdout]    --> src/tests.rs:110:18
[INFO] [stdout]     |
[INFO] [stdout] 110 |     type Currency = pallet_balances::Module<Test>;
[INFO] [stdout]     |                     ^^^^^^^^^^^^^^^ use of undeclared crate or module `pallet_balances`
[INFO] [stdout] 
[INFO] [stdout] 
[INFO] [stdout] error[E0433]: failed to resolve: use of undeclared crate or module `sp_io`
[INFO] [stdout]    --> src/tests.rs:145:26
[INFO] [stdout]     |
[INFO] [stdout] 145 | pub fn new_test_ext() -> sp_io::TestExternalities {
[INFO] [stdout]     |                          ^^^^^ use of undeclared crate or module `sp_io`
[INFO] [stdout] 
[INFO] [stdout] 
[INFO] [stdout] error[E0433]: failed to resolve: use of undeclared crate or module `pallet_balances`
[INFO] [stdout]    --> src/tests.rs:147:2
[INFO] [stdout]     |
[INFO] [stdout] 147 |     pallet_balances::GenesisConfig::<Test>{
[INFO] [stdout]     |     ^^^^^^^^^^^^^^^ use of undeclared crate or module `pallet_balances`
[INFO] [stdout] 
[INFO] [stdout] 
[INFO] [stdout] error[E0433]: failed to resolve: use of undeclared crate or module `pallet_balances`
[INFO] [stdout]    --> src/tests.rs:350:2
[INFO] [stdout]     |
[INFO] [stdout] 350 |     pallet_balances::GenesisConfig::<Test>{
[INFO] [stdout]     |     ^^^^^^^^^^^^^^^ use of undeclared crate or module `pallet_balances`
[INFO] [stdout] 
[INFO] [stdout] 
[INFO] [stdout] error[E0433]: failed to resolve: use of undeclared crate or module `sp_io`
[INFO] [stdout]    --> src/tests.rs:354:13
[INFO] [stdout]     |
[INFO] [stdout] 354 |     let mut t: sp_io::TestExternalities = t.into();
[INFO] [stdout]     |                ^^^^^ use of undeclared crate or module `sp_io`
[INFO] [stdout] 
[INFO] [stdout] 
[INFO] [stdout] error[E0433]: failed to resolve: use of undeclared crate or module `pallet_balances`
[INFO] [stdout]    --> src/tests.rs:540:64
[INFO] [stdout]     |
[INFO] [stdout] 540 |         assert_noop!(Bounties::accept_curator(Origin::signed(4), 0), pallet_balances::Error::<Test, _>::InsufficientBalance);
[INFO] [stdout]     |                                                                      ^^^^^^^^^^^^^^^ use of undeclared crate or module `pallet_balances`
[INFO] [stdout] 
[INFO] [stdout] 
[INFO] [stdout] error[E0433]: failed to resolve: use of undeclared crate or module `pallet_balances`
[INFO] [stdout]    --> src/tests.rs:889:2
[INFO] [stdout]     |
[INFO] [stdout] 889 |     pallet_balances::GenesisConfig::<Test>{
[INFO] [stdout]     |     ^^^^^^^^^^^^^^^ use of undeclared crate or module `pallet_balances`
[INFO] [stdout] 
[INFO] [stdout] 
[INFO] [stdout] error[E0433]: failed to resolve: use of undeclared crate or module `sp_io`
[INFO] [stdout]    --> src/tests.rs:894:13
[INFO] [stdout]     |
[INFO] [stdout] 894 |     let mut t: sp_io::TestExternalities = t.into();
[INFO] [stdout]     |                ^^^^^ use of undeclared crate or module `sp_io`
[INFO] [stdout] 
[INFO] [stdout] 
[INFO] [stdout] error[E0433]: failed to resolve: use of undeclared crate or module `pallet_balances`
[INFO] [stdout]   --> src/tests.rs:40:1
[INFO] [stdout]    |
[INFO] [stdout] 40 | / frame_support::construct_runtime!(
[INFO] [stdout] 41 | |     pub enum Test where
[INFO] [stdout] 42 | |         Block = Block,
[INFO] [stdout] 43 | |         NodeBlock = Block,
[INFO] [stdout] ...  |
[INFO] [stdout] 50 | |     }
[INFO] [stdout] 51 | | );
[INFO] [stdout]    | |__^ not found in `pallet_balances`
[INFO] [stdout]    |
[INFO] [stdout]    = note: this error originates in the macro `$crate::__impl_outer_event_json_metadata` (in Nightly builds, run with -Z macro-backtrace for more info)
[INFO] [stdout] help: consider importing one of these items
[INFO] [stdout]    |
[INFO] [stdout] 22 | use crate::Event;
[INFO] [stdout]    |
[INFO] [stdout] 22 | use crate::system::Event;
[INFO] [stdout]    |
[INFO] [stdout] 22 | use frame_system::Event;
[INFO] [stdout]    |
[INFO] [stdout] 22 | use pallet_treasury::Event;
[INFO] [stdout]    |
[INFO] [stdout] 
[INFO] [stdout] 
[INFO] [stdout] error: aborting due to 13 previous errors
[INFO] [stdout] 
[INFO] [stdout] 
[INFO] [stdout] Some errors have detailed explanations: E0432, E0433.
[INFO] [stdout] 
[INFO] [stdout] For more information about an error, try `rustc --explain E0432`.
[INFO] [stdout] 
[INFO] [stderr] error: could not compile `pallet-bounties` due to 14 previous errors
[INFO] [stderr] warning: build failed, waiting for other jobs to finish...
[INFO] [stderr] error: build failed
[INFO] running `Command { std: "docker" "inspect" "bfbe9bce191a20803475c836eb5e51583e67bd6827aa760dead12fc4c7a4b3e8", kill_on_drop: false }`
[INFO] running `Command { std: "docker" "rm" "-f" "bfbe9bce191a20803475c836eb5e51583e67bd6827aa760dead12fc4c7a4b3e8", kill_on_drop: false }`
[INFO] [stdout] bfbe9bce191a20803475c836eb5e51583e67bd6827aa760dead12fc4c7a4b3e8
