[INFO] fetching crate pallet-balances 3.0.0...
[INFO] checking pallet-balances-3.0.0 against 1.55.0 for beta-1.56-3
[INFO] extracting crate pallet-balances 3.0.0 into /workspace/builds/worker-0/source
[INFO] validating manifest of crates.io crate pallet-balances 3.0.0 on toolchain 1.55.0
[INFO] running `Command { std: "/workspace/cargo-home/bin/cargo" "+1.55.0" "metadata" "--manifest-path" "Cargo.toml" "--no-deps", kill_on_drop: false }`
[INFO] started tweaking crates.io crate pallet-balances 3.0.0
[INFO] finished tweaking crates.io crate pallet-balances 3.0.0
[INFO] tweaked toml for crates.io crate pallet-balances 3.0.0 written to /workspace/builds/worker-0/source/Cargo.toml
[INFO] running `Command { std: "/workspace/cargo-home/bin/cargo" "+1.55.0" "generate-lockfile" "--manifest-path" "Cargo.toml" "-Zno-index-update", kill_on_drop: false }`
[INFO] running `Command { std: "/workspace/cargo-home/bin/cargo" "+1.55.0" "fetch" "--manifest-path" "Cargo.toml", kill_on_drop: false }`
[INFO] running `Command { std: "docker" "create" "-v" "/var/lib/crater-agent-workspace/builds/worker-0/target:/opt/rustwide/target:rw,Z" "-v" "/var/lib/crater-agent-workspace/builds/worker-0/source:/opt/rustwide/workdir:ro,Z" "-v" "/var/lib/crater-agent-workspace/cargo-home:/opt/rustwide/cargo-home:ro,Z" "-v" "/var/lib/crater-agent-workspace/rustup-home:/opt/rustwide/rustup-home:ro,Z" "-e" "SOURCE_DIR=/opt/rustwide/workdir" "-e" "CARGO_TARGET_DIR=/opt/rustwide/target" "-e" "CARGO_HOME=/opt/rustwide/cargo-home" "-e" "RUSTUP_HOME=/opt/rustwide/rustup-home" "-w" "/opt/rustwide/workdir" "-m" "1610612736" "--user" "0:0" "--network" "none" "ghcr.io/rust-lang/crates-build-env/linux@sha256:a89201d6b5b9fd45c15d5952ece0a0129e7e80cb26ec023fd59cf09bc26f1604" "/opt/rustwide/cargo-home/bin/cargo" "+1.55.0" "metadata" "--no-deps" "--format-version=1", kill_on_drop: false }`
[INFO] [stdout] 37ccaaa24ab88898cbc0cd9020be586d70941f2d240ece7b86d65038fa050b4a
[INFO] [stderr] WARNING: Your kernel does not support swap limit capabilities or the cgroup is not mounted. Memory limited without swap.
[INFO] running `Command { std: "docker" "start" "-a" "37ccaaa24ab88898cbc0cd9020be586d70941f2d240ece7b86d65038fa050b4a", kill_on_drop: false }`
[INFO] running `Command { std: "docker" "inspect" "37ccaaa24ab88898cbc0cd9020be586d70941f2d240ece7b86d65038fa050b4a", kill_on_drop: false }`
[INFO] running `Command { std: "docker" "rm" "-f" "37ccaaa24ab88898cbc0cd9020be586d70941f2d240ece7b86d65038fa050b4a", kill_on_drop: false }`
[INFO] [stdout] 37ccaaa24ab88898cbc0cd9020be586d70941f2d240ece7b86d65038fa050b4a
[INFO] running `Command { std: "docker" "create" "-v" "/var/lib/crater-agent-workspace/builds/worker-0/target:/opt/rustwide/target:rw,Z" "-v" "/var/lib/crater-agent-workspace/builds/worker-0/source:/opt/rustwide/workdir:ro,Z" "-v" "/var/lib/crater-agent-workspace/cargo-home:/opt/rustwide/cargo-home:ro,Z" "-v" "/var/lib/crater-agent-workspace/rustup-home:/opt/rustwide/rustup-home:ro,Z" "-e" "SOURCE_DIR=/opt/rustwide/workdir" "-e" "CARGO_TARGET_DIR=/opt/rustwide/target" "-e" "CARGO_INCREMENTAL=0" "-e" "RUST_BACKTRACE=full" "-e" "RUSTFLAGS=--cap-lints=warn" "-e" "CARGO_HOME=/opt/rustwide/cargo-home" "-e" "RUSTUP_HOME=/opt/rustwide/rustup-home" "-w" "/opt/rustwide/workdir" "-m" "1610612736" "--user" "0:0" "--network" "none" "ghcr.io/rust-lang/crates-build-env/linux@sha256:a89201d6b5b9fd45c15d5952ece0a0129e7e80cb26ec023fd59cf09bc26f1604" "/opt/rustwide/cargo-home/bin/cargo" "+1.55.0" "check" "--frozen" "--all" "--all-targets" "--message-format=json", kill_on_drop: false }`
[INFO] [stdout] 1ae474c5a62edee995f5042060daa9598feac4efb754f5bc3f54611fa0eb4c31
[INFO] [stderr] WARNING: Your kernel does not support swap limit capabilities or the cgroup is not mounted. Memory limited without swap.
[INFO] running `Command { std: "docker" "start" "-a" "1ae474c5a62edee995f5042060daa9598feac4efb754f5bc3f54611fa0eb4c31", kill_on_drop: false }`
[INFO] [stderr]    Compiling serde v1.0.130
[INFO] [stderr]    Compiling thiserror v1.0.30
[INFO] [stderr]     Checking num-rational v0.2.4
[INFO] [stderr]     Checking zeroize v1.4.2
[INFO] [stderr]     Checking futures-executor v0.3.17
[INFO] [stderr]     Checking libsecp256k1 v0.3.5
[INFO] [stderr]     Checking nalgebra v0.27.1
[INFO] [stderr]     Checking curve25519-dalek v2.1.3
[INFO] [stderr]     Checking merlin v2.0.1
[INFO] [stderr]     Checking curve25519-dalek v3.2.0
[INFO] [stderr]     Checking tiny-bip39 v0.8.2
[INFO] [stderr]     Checking secrecy v0.7.0
[INFO] [stderr]     Checking futures v0.3.17
[INFO] [stderr]     Checking wasmi v0.6.2
[INFO] [stderr]     Checking impl-serde v0.3.1
[INFO] [stderr]     Checking tracing-serde v0.1.2
[INFO] [stderr]     Checking serde_json v1.0.68
[INFO] [stderr]     Checking schnorrkel v0.9.1
[INFO] [stderr]     Checking ed25519-dalek v1.0.1
[INFO] [stderr]    Compiling toml v0.5.8
[INFO] [stderr]     Checking tracing-subscriber v0.2.25
[INFO] [stderr]     Checking substrate-bip39 v0.4.4
[INFO] [stderr]    Compiling proc-macro-crate v1.1.0
[INFO] [stderr]    Compiling proc-macro-crate v0.1.5
[INFO] [stderr]    Compiling frame-support-procedural-tools v3.0.0
[INFO] [stderr]    Compiling parity-scale-codec-derive v2.3.1
[INFO] [stderr]    Compiling sp-runtime-interface-proc-macro v3.0.0
[INFO] [stderr]    Compiling sp-api-proc-macro v3.0.0
[INFO] [stderr]    Compiling frame-support-procedural v3.0.0
[INFO] [stderr]     Checking parity-scale-codec v2.3.1
[INFO] [stderr]     Checking impl-codec v0.5.1
[INFO] [stderr]     Checking sp-storage v3.0.0
[INFO] [stderr]     Checking sp-tracing v3.0.0
[INFO] [stderr]     Checking sp-wasm-interface v3.0.0
[INFO] [stderr]     Checking sp-arithmetic v3.0.0
[INFO] [stderr]     Checking primitive-types v0.9.1
[INFO] [stderr]     Checking sp-externalities v0.9.0
[INFO] [stderr]     Checking statrs v0.15.0
[INFO] [stderr]     Checking linregress v0.4.4
[INFO] [stderr]     Checking parity-util-mem v0.9.0
[INFO] [stderr]     Checking sp-runtime-interface v3.0.0
[INFO] [stderr]     Checking memory-db v0.26.0
[INFO] [stderr]     Checking sp-core v3.0.0
[INFO] [stderr]     Checking sp-trie v3.0.0
[INFO] [stderr]     Checking sp-keystore v0.9.0
[INFO] [stderr]     Checking sp-inherents v3.0.0
[INFO] [stderr]     Checking frame-metadata v13.0.0
[INFO] [stderr]     Checking sp-state-machine v0.9.0
[INFO] [stderr]     Checking sp-io v3.0.0
[INFO] [stderr]     Checking sp-application-crypto v3.0.0
[INFO] [stderr]     Checking sp-runtime v3.0.0
[INFO] [stderr]     Checking sp-staking v3.0.0
[INFO] [stderr]     Checking sp-version v3.0.0
[INFO] [stderr]     Checking frame-support v3.0.0
[INFO] [stderr]     Checking sp-api v3.0.0
[INFO] [stderr]     Checking frame-system v3.0.0
[INFO] [stderr]     Checking frame-benchmarking v3.1.0
[INFO] [stderr]     Checking pallet-balances v3.0.0 (/opt/rustwide/workdir)
[INFO] [stdout] error[E0432]: unresolved import `pallet_transaction_payment`
[INFO] [stdout]    --> src/tests.rs:35:7
[INFO] [stdout]     |
[INFO] [stdout] 35  |         use pallet_transaction_payment::{ChargeTransactionPayment, Multiplier};
[INFO] [stdout]     |             ^^^^^^^^^^^^^^^^^^^^^^^^^^ use of undeclared crate or module `pallet_transaction_payment`
[INFO] [stdout]     | 
[INFO] [stdout]    ::: src/tests_local.rs:158:1
[INFO] [stdout]     |
[INFO] [stdout] 158 | decl_tests!{ Test, ExtBuilder, EXISTENTIAL_DEPOSIT }
[INFO] [stdout]     | ---------------------------------------------------- in this macro invocation
[INFO] [stdout]     |
[INFO] [stdout]     = note: this error originates in the macro `decl_tests` (in Nightly builds, run with -Z macro-backtrace for more info)
[INFO] [stdout] 
[INFO] [stdout] 
[INFO] [stdout] error[E0432]: unresolved import `pallet_transaction_payment`
[INFO] [stdout]    --> src/tests.rs:35:7
[INFO] [stdout]     |
[INFO] [stdout] 35  |         use pallet_transaction_payment::{ChargeTransactionPayment, Multiplier};
[INFO] [stdout]     |             ^^^^^^^^^^^^^^^^^^^^^^^^^^ use of undeclared crate or module `pallet_transaction_payment`
[INFO] [stdout]     | 
[INFO] [stdout]    ::: src/tests_composite.rs:146:1
[INFO] [stdout]     |
[INFO] [stdout] 146 | decl_tests!{ Test, ExtBuilder, EXISTENTIAL_DEPOSIT }
[INFO] [stdout]     | ---------------------------------------------------- in this macro invocation
[INFO] [stdout]     |
[INFO] [stdout]     = note: this error originates in the macro `decl_tests` (in Nightly builds, run with -Z macro-backtrace for more info)
[INFO] [stdout] 
[INFO] [stdout] 
[INFO] [stdout] error[E0432]: unresolved import `sp_core`
[INFO] [stdout]   --> src/tests_local.rs:26:5
[INFO] [stdout]    |
[INFO] [stdout] 26 | use sp_core::H256;
[INFO] [stdout]    |     ^^^^^^^ use of undeclared crate or module `sp_core`
[INFO] [stdout] 
[INFO] [stdout] 
[INFO] [stdout] error[E0432]: unresolved import `sp_io`
[INFO] [stdout]   --> src/tests_local.rs:27:5
[INFO] [stdout]    |
[INFO] [stdout] 27 | use sp_io;
[INFO] [stdout]    |     ^^^^^ no external crate `sp_io`
[INFO] [stdout] 
[INFO] [stdout] 
[INFO] [stdout] error[E0432]: unresolved import `pallet_transaction_payment`
[INFO] [stdout]   --> src/tests_local.rs:35:5
[INFO] [stdout]    |
[INFO] [stdout] 35 | use pallet_transaction_payment::CurrencyAdapter;
[INFO] [stdout]    |     ^^^^^^^^^^^^^^^^^^^^^^^^^^ use of undeclared crate or module `pallet_transaction_payment`
[INFO] [stdout] 
[INFO] [stdout] 
[INFO] [stdout] error[E0432]: unresolved import `sp_core`
[INFO] [stdout]   --> src/tests_composite.rs:26:5
[INFO] [stdout]    |
[INFO] [stdout] 26 | use sp_core::H256;
[INFO] [stdout]    |     ^^^^^^^ use of undeclared crate or module `sp_core`
[INFO] [stdout] 
[INFO] [stdout] 
[INFO] [stdout] error[E0432]: unresolved import `sp_io`
[INFO] [stdout]   --> src/tests_composite.rs:27:5
[INFO] [stdout]    |
[INFO] [stdout] 27 | use sp_io;
[INFO] [stdout]    |     ^^^^^ no external crate `sp_io`
[INFO] [stdout] 
[INFO] [stdout] 
[INFO] [stdout] error[E0432]: unresolved import `pallet_transaction_payment`
[INFO] [stdout]   --> src/tests_composite.rs:30:5
[INFO] [stdout]    |
[INFO] [stdout] 30 | use pallet_transaction_payment::CurrencyAdapter;
[INFO] [stdout]    |     ^^^^^^^^^^^^^^^^^^^^^^^^^^ use of undeclared crate or module `pallet_transaction_payment`
[INFO] [stdout] 
[INFO] [stdout] 
[INFO] [stdout] error[E0433]: failed to resolve: use of undeclared crate or module `pallet_transaction_payment`
[INFO] [stdout]   --> src/tests_local.rs:84:6
[INFO] [stdout]    |
[INFO] [stdout] 84 | impl pallet_transaction_payment::Config for Test {
[INFO] [stdout]    |      ^^^^^^^^^^^^^^^^^^^^^^^^^^ use of undeclared crate or module `pallet_transaction_payment`
[INFO] [stdout] 
[INFO] [stdout] 
[INFO] [stdout] error[E0433]: failed to resolve: use of undeclared crate or module `pallet_transaction_payment`
[INFO] [stdout]    --> src/tests.rs:155:6
[INFO] [stdout]     |
[INFO] [stdout] 155 |                     pallet_transaction_payment::NextFeeMultiplier::put(Multiplier::saturating_from_integer(1));
[INFO] [stdout]     |                     ^^^^^^^^^^^^^^^^^^^^^^^^^^ use of undeclared crate or module `pallet_transaction_payment`
[INFO] [stdout]     | 
[INFO] [stdout]    ::: src/tests_local.rs:158:1
[INFO] [stdout]     |
[INFO] [stdout] 158 | decl_tests!{ Test, ExtBuilder, EXISTENTIAL_DEPOSIT }
[INFO] [stdout]     | ---------------------------------------------------- in this macro invocation
[INFO] [stdout]     |
[INFO] [stdout]     = note: this error originates in the macro `decl_tests` (in Nightly builds, run with -Z macro-backtrace for more info)
[INFO] [stdout] 
[INFO] [stdout] 
[INFO] [stdout] error[E0433]: failed to resolve: use of undeclared crate or module `pallet_transaction_payment`
[INFO] [stdout]   --> src/tests_composite.rs:82:6
[INFO] [stdout]    |
[INFO] [stdout] 82 | impl pallet_transaction_payment::Config for Test {
[INFO] [stdout]    |      ^^^^^^^^^^^^^^^^^^^^^^^^^^ use of undeclared crate or module `pallet_transaction_payment`
[INFO] [stdout] 
[INFO] [stdout] 
[INFO] [stdout] error[E0433]: failed to resolve: use of undeclared crate or module `pallet_transaction_payment`
[INFO] [stdout]    --> src/tests.rs:155:6
[INFO] [stdout]     |
[INFO] [stdout] 155 |                     pallet_transaction_payment::NextFeeMultiplier::put(Multiplier::saturating_from_integer(1));
[INFO] [stdout]     |                     ^^^^^^^^^^^^^^^^^^^^^^^^^^ use of undeclared crate or module `pallet_transaction_payment`
[INFO] [stdout]     | 
[INFO] [stdout]    ::: src/tests_composite.rs:146:1
[INFO] [stdout]     |
[INFO] [stdout] 146 | decl_tests!{ Test, ExtBuilder, EXISTENTIAL_DEPOSIT }
[INFO] [stdout]     | ---------------------------------------------------- in this macro invocation
[INFO] [stdout]     |
[INFO] [stdout]     = note: this error originates in the macro `decl_tests` (in Nightly builds, run with -Z macro-backtrace for more info)
[INFO] [stdout] 
[INFO] [stdout] 
[INFO] [stdout] error: aborting due to 12 previous errors
[INFO] [stdout] 
[INFO] [stdout] 
[INFO] [stdout] Some errors have detailed explanations: E0432, E0433.
[INFO] [stdout] 
[INFO] [stdout] For more information about an error, try `rustc --explain E0432`.
[INFO] [stdout] 
[INFO] [stderr] error: could not compile `pallet-balances` due to 13 previous errors
[INFO] [stderr] warning: build failed, waiting for other jobs to finish...
[INFO] [stderr] error: build failed
[INFO] running `Command { std: "docker" "inspect" "1ae474c5a62edee995f5042060daa9598feac4efb754f5bc3f54611fa0eb4c31", kill_on_drop: false }`
[INFO] running `Command { std: "docker" "rm" "-f" "1ae474c5a62edee995f5042060daa9598feac4efb754f5bc3f54611fa0eb4c31", kill_on_drop: false }`
[INFO] [stdout] 1ae474c5a62edee995f5042060daa9598feac4efb754f5bc3f54611fa0eb4c31
