[INFO] fetching crate pallet-assets 3.0.0...
[INFO] checking pallet-assets-3.0.0 against beta-2021-10-15 for beta-1.56-3
[INFO] extracting crate pallet-assets 3.0.0 into /workspace/builds/worker-5/source
[INFO] validating manifest of crates.io crate pallet-assets 3.0.0 on toolchain beta-2021-10-15
[INFO] running `Command { std: "/workspace/cargo-home/bin/cargo" "+beta-2021-10-15" "metadata" "--manifest-path" "Cargo.toml" "--no-deps", kill_on_drop: false }`
[INFO] started tweaking crates.io crate pallet-assets 3.0.0
[INFO] finished tweaking crates.io crate pallet-assets 3.0.0
[INFO] tweaked toml for crates.io crate pallet-assets 3.0.0 written to /workspace/builds/worker-5/source/Cargo.toml
[INFO] running `Command { std: "/workspace/cargo-home/bin/cargo" "+beta-2021-10-15" "generate-lockfile" "--manifest-path" "Cargo.toml" "-Zno-index-update", kill_on_drop: false }`
[INFO] running `Command { std: "/workspace/cargo-home/bin/cargo" "+beta-2021-10-15" "fetch" "--manifest-path" "Cargo.toml", kill_on_drop: false }`
[INFO] running `Command { std: "docker" "create" "-v" "/var/lib/crater-agent-workspace/builds/worker-5/target:/opt/rustwide/target:rw,Z" "-v" "/var/lib/crater-agent-workspace/builds/worker-5/source:/opt/rustwide/workdir:ro,Z" "-v" "/var/lib/crater-agent-workspace/cargo-home:/opt/rustwide/cargo-home:ro,Z" "-v" "/var/lib/crater-agent-workspace/rustup-home:/opt/rustwide/rustup-home:ro,Z" "-e" "SOURCE_DIR=/opt/rustwide/workdir" "-e" "CARGO_TARGET_DIR=/opt/rustwide/target" "-e" "CARGO_HOME=/opt/rustwide/cargo-home" "-e" "RUSTUP_HOME=/opt/rustwide/rustup-home" "-w" "/opt/rustwide/workdir" "-m" "1610612736" "--user" "0:0" "--network" "none" "ghcr.io/rust-lang/crates-build-env/linux@sha256:a89201d6b5b9fd45c15d5952ece0a0129e7e80cb26ec023fd59cf09bc26f1604" "/opt/rustwide/cargo-home/bin/cargo" "+beta-2021-10-15" "metadata" "--no-deps" "--format-version=1", kill_on_drop: false }`
[INFO] [stdout] 9425d0cf207adb48706907cea16ef1b2f88527d67b8d1e6e066720e356921a43
[INFO] [stderr] WARNING: Your kernel does not support swap limit capabilities or the cgroup is not mounted. Memory limited without swap.
[INFO] running `Command { std: "docker" "start" "-a" "9425d0cf207adb48706907cea16ef1b2f88527d67b8d1e6e066720e356921a43", kill_on_drop: false }`
[INFO] running `Command { std: "docker" "inspect" "9425d0cf207adb48706907cea16ef1b2f88527d67b8d1e6e066720e356921a43", kill_on_drop: false }`
[INFO] running `Command { std: "docker" "rm" "-f" "9425d0cf207adb48706907cea16ef1b2f88527d67b8d1e6e066720e356921a43", kill_on_drop: false }`
[INFO] [stdout] 9425d0cf207adb48706907cea16ef1b2f88527d67b8d1e6e066720e356921a43
[INFO] running `Command { std: "docker" "create" "-v" "/var/lib/crater-agent-workspace/builds/worker-5/target:/opt/rustwide/target:rw,Z" "-v" "/var/lib/crater-agent-workspace/builds/worker-5/source:/opt/rustwide/workdir:ro,Z" "-v" "/var/lib/crater-agent-workspace/cargo-home:/opt/rustwide/cargo-home:ro,Z" "-v" "/var/lib/crater-agent-workspace/rustup-home:/opt/rustwide/rustup-home:ro,Z" "-e" "SOURCE_DIR=/opt/rustwide/workdir" "-e" "CARGO_TARGET_DIR=/opt/rustwide/target" "-e" "CARGO_INCREMENTAL=0" "-e" "RUST_BACKTRACE=full" "-e" "RUSTFLAGS=--cap-lints=warn" "-e" "CARGO_HOME=/opt/rustwide/cargo-home" "-e" "RUSTUP_HOME=/opt/rustwide/rustup-home" "-w" "/opt/rustwide/workdir" "-m" "1610612736" "--user" "0:0" "--network" "none" "ghcr.io/rust-lang/crates-build-env/linux@sha256:a89201d6b5b9fd45c15d5952ece0a0129e7e80cb26ec023fd59cf09bc26f1604" "/opt/rustwide/cargo-home/bin/cargo" "+beta-2021-10-15" "check" "--frozen" "--all" "--all-targets" "--message-format=json", kill_on_drop: false }`
[INFO] [stderr] WARNING: Your kernel does not support swap limit capabilities or the cgroup is not mounted. Memory limited without swap.
[INFO] [stdout] e60ed3c7c04569380629d4b598929d59664e1e5381459f1dc5dab0cec84bf1e6
[INFO] running `Command { std: "docker" "start" "-a" "e60ed3c7c04569380629d4b598929d59664e1e5381459f1dc5dab0cec84bf1e6", kill_on_drop: false }`
[INFO] [stderr]     Blocking waiting for file lock on package cache
[INFO] [stderr]     Checking num-rational v0.2.4
[INFO] [stderr]     Checking tracing-subscriber v0.2.25
[INFO] [stderr]     Checking nalgebra v0.27.1
[INFO] [stderr]    Compiling sp-api-proc-macro v3.0.0
[INFO] [stderr]     Checking sp-arithmetic v3.0.0
[INFO] [stderr]     Checking memory-db v0.26.0
[INFO] [stderr]     Checking wasmi v0.6.2
[INFO] [stderr]     Checking sp-tracing v3.0.0
[INFO] [stderr]     Checking sp-wasm-interface v3.0.0
[INFO] [stderr]     Checking sp-runtime-interface v3.0.0
[INFO] [stderr]     Checking sp-core v3.0.0
[INFO] [stderr]     Checking sp-trie v3.0.0
[INFO] [stderr]     Checking sp-keystore v0.9.0
[INFO] [stderr]     Checking frame-metadata v13.0.0
[INFO] [stderr]     Checking sp-inherents v3.0.0
[INFO] [stderr]     Checking sp-state-machine v0.9.0
[INFO] [stderr]     Checking sp-io v3.0.0
[INFO] [stderr]     Checking sp-application-crypto v3.0.0
[INFO] [stderr]     Checking statrs v0.15.0
[INFO] [stderr]     Checking sp-runtime v3.0.0
[INFO] [stderr]     Checking linregress v0.4.4
[INFO] [stderr]     Checking sp-staking v3.0.0
[INFO] [stderr]     Checking sp-version v3.0.0
[INFO] [stderr]     Checking frame-support v3.0.0
[INFO] [stderr]     Checking sp-api v3.0.0
[INFO] [stderr]     Checking frame-system v3.0.0
[INFO] [stderr]     Checking frame-benchmarking v3.1.0
[INFO] [stderr]     Checking pallet-assets v3.0.0 (/opt/rustwide/workdir)
[INFO] [stdout] error[E0432]: unresolved import `sp_core`
[INFO] [stdout]     --> src/lib.rs:1148:6
[INFO] [stdout]      |
[INFO] [stdout] 1148 |     use sp_core::H256;
[INFO] [stdout]      |         ^^^^^^^ use of undeclared crate or module `sp_core`
[INFO] [stdout] 
[INFO] [stdout] 
[INFO] [stdout] error[E0432]: unresolved import `pallet_balances`
[INFO] [stdout]     --> src/lib.rs:1150:6
[INFO] [stdout]      |
[INFO] [stdout] 1150 |     use pallet_balances::Error as BalancesError;
[INFO] [stdout]      |         ^^^^^^^^^^^^^^^ use of undeclared crate or module `pallet_balances`
[INFO] [stdout] 
[INFO] [stdout] 
[INFO] [stdout] error[E0433]: failed to resolve: use of undeclared crate or module `pallet_balances`
[INFO] [stdout]     --> src/lib.rs:1162:14
[INFO] [stdout]      |
[INFO] [stdout] 1162 |             Balances: pallet_balances::{Module, Call, Storage, Config<T>, Event<T>},
[INFO] [stdout]      |                       ^^^^^^^^^^^^^^^ use of undeclared crate or module `pallet_balances`
[INFO] [stdout] 
[INFO] [stdout] 
[INFO] [stdout] error[E0433]: failed to resolve: use of undeclared crate or module `pallet_balances`
[INFO] [stdout]     --> src/lib.rs:1188:22
[INFO] [stdout]      |
[INFO] [stdout] 1188 |         type AccountData = pallet_balances::AccountData<u64>;
[INFO] [stdout]      |                            ^^^^^^^^^^^^^^^ use of undeclared crate or module `pallet_balances`
[INFO] [stdout] 
[INFO] [stdout] 
[INFO] [stdout] error[E0433]: failed to resolve: use of undeclared crate or module `pallet_balances`
[INFO] [stdout]     --> src/lib.rs:1199:7
[INFO] [stdout]      |
[INFO] [stdout] 1199 |     impl pallet_balances::Config for Test {
[INFO] [stdout]      |          ^^^^^^^^^^^^^^^ use of undeclared crate or module `pallet_balances`
[INFO] [stdout] 
[INFO] [stdout] 
[INFO] [stdout] error[E0433]: failed to resolve: use of undeclared crate or module `sp_io`
[INFO] [stdout]     --> src/lib.rs:1231:34
[INFO] [stdout]      |
[INFO] [stdout] 1231 |     pub(crate) fn new_test_ext() -> sp_io::TestExternalities {
[INFO] [stdout]      |                                     ^^^^^ use of undeclared crate or module `sp_io`
[INFO] [stdout] 
[INFO] [stdout] 
[INFO] [stdout] error[E0433]: failed to resolve: use of undeclared crate or module `pallet_balances`
[INFO] [stdout]     --> src/lib.rs:1155:2
[INFO] [stdout]      |
[INFO] [stdout] 1155 | /     frame_support::construct_runtime!(
[INFO] [stdout] 1156 | |         pub enum Test where
[INFO] [stdout] 1157 | |             Block = Block,
[INFO] [stdout] 1158 | |             NodeBlock = Block,
[INFO] [stdout] ...    |
[INFO] [stdout] 1164 | |         }
[INFO] [stdout] 1165 | |     );
[INFO] [stdout]      | |______^ not found in `pallet_balances`
[INFO] [stdout]      |
[INFO] [stdout]      = note: this error originates in the macro `$crate::__impl_outer_event_json_metadata` (in Nightly builds, run with -Z macro-backtrace for more info)
[INFO] [stdout] help: consider importing one of these items
[INFO] [stdout]      |
[INFO] [stdout] 1144 |     use crate::Event;
[INFO] [stdout]      |
[INFO] [stdout] 1144 |     use frame_system::Event;
[INFO] [stdout]      |
[INFO] [stdout] 
[INFO] [stdout] 
[INFO] [stdout] error: aborting due to 7 previous errors
[INFO] [stdout] 
[INFO] [stdout] 
[INFO] [stdout] Some errors have detailed explanations: E0432, E0433.
[INFO] [stdout] 
[INFO] [stdout] For more information about an error, try `rustc --explain E0432`.
[INFO] [stdout] 
[INFO] [stderr] error: could not compile `pallet-assets` due to 8 previous errors
[INFO] [stderr] warning: build failed, waiting for other jobs to finish...
[INFO] [stderr] error: build failed
[INFO] running `Command { std: "docker" "inspect" "e60ed3c7c04569380629d4b598929d59664e1e5381459f1dc5dab0cec84bf1e6", kill_on_drop: false }`
[INFO] running `Command { std: "docker" "rm" "-f" "e60ed3c7c04569380629d4b598929d59664e1e5381459f1dc5dab0cec84bf1e6", kill_on_drop: false }`
[INFO] [stdout] e60ed3c7c04569380629d4b598929d59664e1e5381459f1dc5dab0cec84bf1e6
