[INFO] fetching crate padantic 0.1.0...
[INFO] checking padantic-0.1.0 against beta-2021-10-15 for beta-1.56-3
[INFO] extracting crate padantic 0.1.0 into /workspace/builds/worker-5/source
[INFO] validating manifest of crates.io crate padantic 0.1.0 on toolchain beta-2021-10-15
[INFO] running `Command { std: "/workspace/cargo-home/bin/cargo" "+beta-2021-10-15" "metadata" "--manifest-path" "Cargo.toml" "--no-deps", kill_on_drop: false }`
[INFO] started tweaking crates.io crate padantic 0.1.0
[INFO] finished tweaking crates.io crate padantic 0.1.0
[INFO] tweaked toml for crates.io crate padantic 0.1.0 written to /workspace/builds/worker-5/source/Cargo.toml
[INFO] crate crates.io crate padantic 0.1.0 already has a lockfile, it will not be regenerated
[INFO] running `Command { std: "/workspace/cargo-home/bin/cargo" "+beta-2021-10-15" "fetch" "--manifest-path" "Cargo.toml", kill_on_drop: false }`
[INFO] [stderr]     Blocking waiting for file lock on package cache
[INFO] running `Command { std: "docker" "create" "-v" "/var/lib/crater-agent-workspace/builds/worker-5/target:/opt/rustwide/target:rw,Z" "-v" "/var/lib/crater-agent-workspace/builds/worker-5/source:/opt/rustwide/workdir:ro,Z" "-v" "/var/lib/crater-agent-workspace/cargo-home:/opt/rustwide/cargo-home:ro,Z" "-v" "/var/lib/crater-agent-workspace/rustup-home:/opt/rustwide/rustup-home:ro,Z" "-e" "SOURCE_DIR=/opt/rustwide/workdir" "-e" "CARGO_TARGET_DIR=/opt/rustwide/target" "-e" "CARGO_HOME=/opt/rustwide/cargo-home" "-e" "RUSTUP_HOME=/opt/rustwide/rustup-home" "-w" "/opt/rustwide/workdir" "-m" "1610612736" "--user" "0:0" "--network" "none" "ghcr.io/rust-lang/crates-build-env/linux@sha256:a89201d6b5b9fd45c15d5952ece0a0129e7e80cb26ec023fd59cf09bc26f1604" "/opt/rustwide/cargo-home/bin/cargo" "+beta-2021-10-15" "metadata" "--no-deps" "--format-version=1", kill_on_drop: false }`
[INFO] [stdout] 80750b76ae1cd80868ff52dcfc5f6813f22c77c181b424ab3630cc4bb78d89f2
[INFO] [stderr] WARNING: Your kernel does not support swap limit capabilities or the cgroup is not mounted. Memory limited without swap.
[INFO] running `Command { std: "docker" "start" "-a" "80750b76ae1cd80868ff52dcfc5f6813f22c77c181b424ab3630cc4bb78d89f2", kill_on_drop: false }`
[INFO] running `Command { std: "docker" "inspect" "80750b76ae1cd80868ff52dcfc5f6813f22c77c181b424ab3630cc4bb78d89f2", kill_on_drop: false }`
[INFO] running `Command { std: "docker" "rm" "-f" "80750b76ae1cd80868ff52dcfc5f6813f22c77c181b424ab3630cc4bb78d89f2", kill_on_drop: false }`
[INFO] [stdout] 80750b76ae1cd80868ff52dcfc5f6813f22c77c181b424ab3630cc4bb78d89f2
[INFO] running `Command { std: "docker" "create" "-v" "/var/lib/crater-agent-workspace/builds/worker-5/target:/opt/rustwide/target:rw,Z" "-v" "/var/lib/crater-agent-workspace/builds/worker-5/source:/opt/rustwide/workdir:ro,Z" "-v" "/var/lib/crater-agent-workspace/cargo-home:/opt/rustwide/cargo-home:ro,Z" "-v" "/var/lib/crater-agent-workspace/rustup-home:/opt/rustwide/rustup-home:ro,Z" "-e" "SOURCE_DIR=/opt/rustwide/workdir" "-e" "CARGO_TARGET_DIR=/opt/rustwide/target" "-e" "CARGO_INCREMENTAL=0" "-e" "RUST_BACKTRACE=full" "-e" "RUSTFLAGS=--cap-lints=warn" "-e" "CARGO_HOME=/opt/rustwide/cargo-home" "-e" "RUSTUP_HOME=/opt/rustwide/rustup-home" "-w" "/opt/rustwide/workdir" "-m" "1610612736" "--user" "0:0" "--network" "none" "ghcr.io/rust-lang/crates-build-env/linux@sha256:a89201d6b5b9fd45c15d5952ece0a0129e7e80cb26ec023fd59cf09bc26f1604" "/opt/rustwide/cargo-home/bin/cargo" "+beta-2021-10-15" "check" "--frozen" "--all" "--all-targets" "--message-format=json", kill_on_drop: false }`
[INFO] [stdout] 15e2c62d63bd70423991014903e62d2482c477d46408d5f0ce8af825d51a5eef
[INFO] [stderr] WARNING: Your kernel does not support swap limit capabilities or the cgroup is not mounted. Memory limited without swap.
[INFO] running `Command { std: "docker" "start" "-a" "15e2c62d63bd70423991014903e62d2482c477d46408d5f0ce8af825d51a5eef", kill_on_drop: false }`
[INFO] [stderr]    Compiling syn v1.0.16
[INFO] [stderr]    Compiling doc-comment v0.3.2
[INFO] [stderr]     Checking cassowary v0.3.0
[INFO] [stderr]     Checking unicode-segmentation v1.6.0
[INFO] [stderr]     Checking itertools v0.8.2
[INFO] [stderr]     Checking signal-hook-registry v1.2.0
[INFO] [stderr]     Checking parking_lot_core v0.7.0
[INFO] [stderr]     Checking dirs-sys v0.3.4
[INFO] [stderr]    Compiling quote v1.0.2
[INFO] [stderr]     Checking chrono v0.4.11
[INFO] [stderr]     Checking crossbeam v0.7.3
[INFO] [stderr]     Checking signal-hook v0.1.13
[INFO] [stderr]     Checking dirs v2.0.2
[INFO] [stderr]     Checking parking_lot v0.10.0
[INFO] [stderr]     Checking term v0.6.1
[INFO] [stderr]     Checking crossterm v0.14.2
[INFO] [stderr]     Checking crossterm v0.16.0
[INFO] [stderr]     Checking simplelog v0.7.4
[INFO] [stderr]     Checking tui v0.8.0
[INFO] [stderr]    Compiling snafu-derive v0.6.2
[INFO] [stderr]     Checking snafu v0.6.2
[INFO] [stderr]     Checking padantic v0.1.0 (/opt/rustwide/workdir)
[INFO] [stdout] error[E0554]: `#![feature]` may not be used on the beta release channel
[INFO] [stdout]  --> src/main.rs:1:1
[INFO] [stdout]   |
[INFO] [stdout] 1 | #![feature(try_find)]
[INFO] [stdout]   | ^^^^^^^^^^^^^^^^^^^^^
[INFO] [stdout] 
[INFO] [stdout] 
[INFO] [stdout] error[E0554]: `#![feature]` may not be used on the beta release channel
[INFO] [stdout]  --> src/main.rs:2:1
[INFO] [stdout]   |
[INFO] [stdout] 2 | #![feature(trait_alias)]
[INFO] [stdout]   | ^^^^^^^^^^^^^^^^^^^^^^^^
[INFO] [stdout] 
[INFO] [stdout] 
[INFO] [stdout] error[E0554]: `#![feature]` may not be used on the beta release channel
[INFO] [stdout]  --> src/main.rs:1:1
[INFO] [stdout]   |
[INFO] [stdout] 1 | #![feature(try_find)]
[INFO] [stdout]   | ^^^^^^^^^^^^^^^^^^^^^
[INFO] [stdout] 
[INFO] [stdout] 
[INFO] [stdout] error[E0554]: `#![feature]` may not be used on the beta release channel
[INFO] [stdout]  --> src/main.rs:2:1
[INFO] [stdout]   |
[INFO] [stdout] 2 | #![feature(trait_alias)]
[INFO] [stdout]   | ^^^^^^^^^^^^^^^^^^^^^^^^
[INFO] [stdout] 
[INFO] [stdout] 
[INFO] [stdout] error: aborting due to 2 previous errors
[INFO] [stdout] 
[INFO] [stdout] 
[INFO] [stdout] For more information about this error, try `rustc --explain E0554`.
[INFO] [stdout] 
[INFO] [stderr] error: could not compile `padantic` due to 3 previous errors
[INFO] [stderr] warning: build failed, waiting for other jobs to finish...
[INFO] [stdout] error: aborting due to 2 previous errors
[INFO] [stdout] 
[INFO] [stdout] 
[INFO] [stderr] error: build failed
[INFO] [stdout] For more information about this error, try `rustc --explain E0554`.
[INFO] [stdout] 
[INFO] running `Command { std: "docker" "inspect" "15e2c62d63bd70423991014903e62d2482c477d46408d5f0ce8af825d51a5eef", kill_on_drop: false }`
[INFO] running `Command { std: "docker" "rm" "-f" "15e2c62d63bd70423991014903e62d2482c477d46408d5f0ce8af825d51a5eef", kill_on_drop: false }`
[INFO] [stdout] 15e2c62d63bd70423991014903e62d2482c477d46408d5f0ce8af825d51a5eef
