[INFO] fetching crate pact_verifier_ffi 0.0.6...
[INFO] checking pact_verifier_ffi-0.0.6 against 1.55.0 for beta-1.56-3
[INFO] extracting crate pact_verifier_ffi 0.0.6 into /workspace/builds/worker-3/source
[INFO] validating manifest of crates.io crate pact_verifier_ffi 0.0.6 on toolchain 1.55.0
[INFO] running `Command { std: "/workspace/cargo-home/bin/cargo" "+1.55.0" "metadata" "--manifest-path" "Cargo.toml" "--no-deps", kill_on_drop: false }`
[INFO] started tweaking crates.io crate pact_verifier_ffi 0.0.6
[INFO] finished tweaking crates.io crate pact_verifier_ffi 0.0.6
[INFO] tweaked toml for crates.io crate pact_verifier_ffi 0.0.6 written to /workspace/builds/worker-3/source/Cargo.toml
[INFO] running `Command { std: "/workspace/cargo-home/bin/cargo" "+1.55.0" "generate-lockfile" "--manifest-path" "Cargo.toml" "-Zno-index-update", kill_on_drop: false }`
[INFO] [stderr]     Blocking waiting for file lock on package cache
[INFO] running `Command { std: "/workspace/cargo-home/bin/cargo" "+1.55.0" "fetch" "--manifest-path" "Cargo.toml", kill_on_drop: false }`
[INFO] [stderr]     Blocking waiting for file lock on package cache
[INFO] [stderr]  Downloading crates ...
[INFO] [stderr]   Downloaded tree_magic_mini v3.0.2
[INFO] [stderr]   Downloaded tree_magic_mini v2.0.0
[INFO] [stderr]   Downloaded pact_verifier v0.10.13
[INFO] [stderr]   Downloaded pact_matching v0.10.3
[INFO] [stderr]   Downloaded pact_matching v0.9.4
[INFO] [stderr]   Downloaded pact_models v0.0.5
[INFO] running `Command { std: "docker" "create" "-v" "/var/lib/crater-agent-workspace/builds/worker-3/target:/opt/rustwide/target:rw,Z" "-v" "/var/lib/crater-agent-workspace/builds/worker-3/source:/opt/rustwide/workdir:ro,Z" "-v" "/var/lib/crater-agent-workspace/cargo-home:/opt/rustwide/cargo-home:ro,Z" "-v" "/var/lib/crater-agent-workspace/rustup-home:/opt/rustwide/rustup-home:ro,Z" "-e" "SOURCE_DIR=/opt/rustwide/workdir" "-e" "CARGO_TARGET_DIR=/opt/rustwide/target" "-e" "CARGO_HOME=/opt/rustwide/cargo-home" "-e" "RUSTUP_HOME=/opt/rustwide/rustup-home" "-w" "/opt/rustwide/workdir" "-m" "1610612736" "--user" "0:0" "--network" "none" "ghcr.io/rust-lang/crates-build-env/linux@sha256:a89201d6b5b9fd45c15d5952ece0a0129e7e80cb26ec023fd59cf09bc26f1604" "/opt/rustwide/cargo-home/bin/cargo" "+1.55.0" "metadata" "--no-deps" "--format-version=1", kill_on_drop: false }`
[INFO] [stdout] 31044653dd74fa6acdc261b17e22b4d177e29c63ab6454ff7fc5bfb61392d8df
[INFO] [stderr] WARNING: Your kernel does not support swap limit capabilities or the cgroup is not mounted. Memory limited without swap.
[INFO] running `Command { std: "docker" "start" "-a" "31044653dd74fa6acdc261b17e22b4d177e29c63ab6454ff7fc5bfb61392d8df", kill_on_drop: false }`
[INFO] running `Command { std: "docker" "inspect" "31044653dd74fa6acdc261b17e22b4d177e29c63ab6454ff7fc5bfb61392d8df", kill_on_drop: false }`
[INFO] running `Command { std: "docker" "rm" "-f" "31044653dd74fa6acdc261b17e22b4d177e29c63ab6454ff7fc5bfb61392d8df", kill_on_drop: false }`
[INFO] [stdout] 31044653dd74fa6acdc261b17e22b4d177e29c63ab6454ff7fc5bfb61392d8df
[INFO] running `Command { std: "docker" "create" "-v" "/var/lib/crater-agent-workspace/builds/worker-3/target:/opt/rustwide/target:rw,Z" "-v" "/var/lib/crater-agent-workspace/builds/worker-3/source:/opt/rustwide/workdir:ro,Z" "-v" "/var/lib/crater-agent-workspace/cargo-home:/opt/rustwide/cargo-home:ro,Z" "-v" "/var/lib/crater-agent-workspace/rustup-home:/opt/rustwide/rustup-home:ro,Z" "-e" "SOURCE_DIR=/opt/rustwide/workdir" "-e" "CARGO_TARGET_DIR=/opt/rustwide/target" "-e" "CARGO_INCREMENTAL=0" "-e" "RUST_BACKTRACE=full" "-e" "RUSTFLAGS=--cap-lints=warn" "-e" "CARGO_HOME=/opt/rustwide/cargo-home" "-e" "RUSTUP_HOME=/opt/rustwide/rustup-home" "-w" "/opt/rustwide/workdir" "-m" "1610612736" "--user" "0:0" "--network" "none" "ghcr.io/rust-lang/crates-build-env/linux@sha256:a89201d6b5b9fd45c15d5952ece0a0129e7e80cb26ec023fd59cf09bc26f1604" "/opt/rustwide/cargo-home/bin/cargo" "+1.55.0" "check" "--frozen" "--all" "--all-targets" "--message-format=json", kill_on_drop: false }`
[INFO] [stdout] 47e29d08cf0c445c10d152e86e249f20ac360102398f3cec15e9751e3ce288fd
[INFO] [stderr] WARNING: Your kernel does not support swap limit capabilities or the cgroup is not mounted. Memory limited without swap.
[INFO] running `Command { std: "docker" "start" "-a" "47e29d08cf0c445c10d152e86e249f20ac360102398f3cec15e9751e3ce288fd", kill_on_drop: false }`
[INFO] [stderr]     Checking typed-arena v1.7.0
[INFO] [stderr]     Checking peresil v0.3.0
[INFO] [stderr]     Checking indextree v4.3.1
[INFO] [stderr]     Checking fixedbitset v0.4.0
[INFO] [stderr]    Compiling cbindgen v0.19.0
[INFO] [stderr]    Compiling nom v6.2.1
[INFO] [stderr]    Compiling onig_sys v69.7.1
[INFO] [stderr]     Checking semver v1.0.4
[INFO] [stderr]     Checking mio v0.7.13
[INFO] [stderr]    Compiling getrandom v0.2.3
[INFO] [stderr]     Checking fs2 v0.4.3
[INFO] [stderr]     Checking buf_redux v0.8.4
[INFO] [stderr]     Checking twoway v0.1.8
[INFO] [stderr]     Checking ring v0.16.20
[INFO] [stderr]    Compiling os_info v3.0.7
[INFO] [stderr]     Checking nom v7.0.0
[INFO] [stderr]     Checking petgraph v0.5.1
[INFO] [stderr]     Checking regex v1.4.6
[INFO] [stderr]     Checking uuid v0.8.2
[INFO] [stderr]     Checking expectest v0.12.0
[INFO] [stderr]    Compiling darling_core v0.13.0
[INFO] [stderr]     Checking rand_chacha v0.3.1
[INFO] [stderr]    Compiling rand_core v0.6.3
[INFO] [stderr]     Checking sxd-document v0.3.2
[INFO] [stderr]     Checking petgraph v0.6.0
[INFO] [stderr]     Checking serde v1.0.130
[INFO] [stderr]     Checking futures-util v0.3.17
[INFO] [stderr]     Checking lenient_semver_version_builder v0.4.2
[INFO] [stderr]     Checking simplelog v0.9.0
[INFO] [stderr]     Checking rand v0.8.4
[INFO] [stderr]     Checking lenient_semver_parser v0.4.2
[INFO] [stderr]     Checking lenient_semver v0.4.2
[INFO] [stderr]     Checking webpki v0.21.4
[INFO] [stderr]     Checking sct v0.6.1
[INFO] [stderr]     Checking env_logger v0.8.4
[INFO] [stderr]     Checking rustls v0.19.1
[INFO] [stderr]     Checking webpki-roots v0.21.1
[INFO] [stderr]     Checking rand_regex v0.15.1
[INFO] [stderr]     Checking tempfile v3.2.0
[INFO] [stderr]    Compiling parse-zoneinfo v0.3.0
[INFO] [stderr]     Checking quickcheck v1.0.3
[INFO] [stderr]     Checking multipart v0.17.1
[INFO] [stderr]     Checking tree_magic_mini v3.0.2
[INFO] [stderr]     Checking tree_magic_mini v2.0.0
[INFO] [stderr]    Compiling darling_macro v0.13.0
[INFO] [stderr]    Compiling chrono-tz v0.5.3
[INFO] [stderr]    Compiling pact_models v0.1.4
[INFO] [stderr]    Compiling pact_models v0.0.5
[INFO] [stderr]     Checking futures-executor v0.3.17
[INFO] [stderr]     Checking rustls-native-certs v0.5.0
[INFO] [stderr]     Checking bytes v1.1.0
[INFO] [stderr]     Checking serde_json v1.0.68
[INFO] [stderr]     Checking serde_urlencoded v0.7.0
[INFO] [stderr]     Checking futures v0.3.17
[INFO] [stderr]     Checking onig v6.3.0
[INFO] [stderr]    Compiling toml v0.5.8
[INFO] [stderr]     Checking tokio v1.12.0
[INFO] [stderr]     Checking http v0.2.5
[INFO] [stderr]    Compiling darling v0.13.0
[INFO] [stderr]    Compiling serde_with_macros v1.5.0
[INFO] [stderr]     Checking http-body v0.4.3
[INFO] [stderr]     Checking serde_with v1.10.0
[INFO] [stderr]     Checking tokio-util v0.6.8
[INFO] [stderr]     Checking tokio-rustls v0.22.0
[INFO] [stderr]     Checking h2 v0.3.6
[INFO] [stderr]    Compiling pact_verifier_ffi v0.0.6 (/opt/rustwide/workdir)
[INFO] [stderr]     Checking hyper v0.14.13
[INFO] [stderr]     Checking hyper-rustls v0.22.1
[INFO] [stderr]     Checking reqwest v0.11.5
[INFO] [stderr]     Checking pact_matching v0.9.4
[INFO] [stderr]     Checking pact_matching v0.10.3
[INFO] [stderr]     Checking pact_verifier v0.10.13
[INFO] [stdout] error[E0308]: mismatched types
[INFO] [stdout]   --> src/verifier.rs:31:32
[INFO] [stdout]    |
[INFO] [stdout] 31 |           PactSource::URL(s!(v), matches.value_of("user").map(|user| {
[INFO] [stdout]    |  ________________________________^
[INFO] [stdout] 32 | |           HttpAuth::User(user.to_string(), matches.value_of("password").map(|p| p.to_string()))
[INFO] [stdout] 33 | |         }))
[INFO] [stdout]    | |__________^ expected enum `pact_models::http_utils::HttpAuth`, found enum `HttpAuth`
[INFO] [stdout]    |
[INFO] [stdout]    = note: expected enum `Option<pact_models::http_utils::HttpAuth>`
[INFO] [stdout]               found enum `Option<HttpAuth>`
[INFO] [stdout]    = note: perhaps two different versions of crate `pact_models` are being used?
[INFO] [stdout] 
[INFO] [stdout] 
[INFO] [stdout] error[E0308]: mismatched types
[INFO] [stdout]   --> src/verifier.rs:31:32
[INFO] [stdout]    |
[INFO] [stdout] 31 |           PactSource::URL(s!(v), matches.value_of("user").map(|user| {
[INFO] [stdout]    |  ________________________________^
[INFO] [stdout] 32 | |           HttpAuth::User(user.to_string(), matches.value_of("password").map(|p| p.to_string()))
[INFO] [stdout] 33 | |         }))
[INFO] [stdout]    | |__________^ expected enum `pact_models::http_utils::HttpAuth`, found enum `HttpAuth`
[INFO] [stdout]    |
[INFO] [stdout]    = note: expected enum `Option<pact_models::http_utils::HttpAuth>`
[INFO] [stdout]               found enum `Option<HttpAuth>`
[INFO] [stdout]    = note: perhaps two different versions of crate `pact_models` are being used?
[INFO] [stdout] 
[INFO] [stdout] 
[INFO] [stdout] error[E0308]: mismatched types
[INFO] [stdout]   --> src/verifier.rs:35:32
[INFO] [stdout]    |
[INFO] [stdout] 35 |         PactSource::URL(s!(v), matches.value_of("token").map(|token| HttpAuth::Token(token.to_string())))
[INFO] [stdout]    |                                ^^^^^^^^^^^^^^^^^^^^^^^^^^^^^^^^^^^^^^^^^^^^^^^^^^^^^^^^^^^^^^^^^^^^^^^^^ expected enum `pact_models::http_utils::HttpAuth`, found enum `HttpAuth`
[INFO] [stdout]    |
[INFO] [stdout]    = note: expected enum `Option<pact_models::http_utils::HttpAuth>`
[INFO] [stdout]               found enum `Option<HttpAuth>`
[INFO] [stdout]    = note: perhaps two different versions of crate `pact_models` are being used?
[INFO] [stdout] 
[INFO] [stdout] 
[INFO] [stdout] error[E0308]: mismatched types
[INFO] [stdout]   --> src/verifier.rs:35:32
[INFO] [stdout]    |
[INFO] [stdout] 35 |         PactSource::URL(s!(v), matches.value_of("token").map(|token| HttpAuth::Token(token.to_string())))
[INFO] [stdout]    |                                ^^^^^^^^^^^^^^^^^^^^^^^^^^^^^^^^^^^^^^^^^^^^^^^^^^^^^^^^^^^^^^^^^^^^^^^^^ expected enum `pact_models::http_utils::HttpAuth`, found enum `HttpAuth`
[INFO] [stdout]    |
[INFO] [stdout]    = note: expected enum `Option<pact_models::http_utils::HttpAuth>`
[INFO] [stdout]               found enum `Option<HttpAuth>`
[INFO] [stdout]    = note: perhaps two different versions of crate `pact_models` are being used?
[INFO] [stdout] 
[INFO] [stdout] 
[INFO] [stdout] error[E0308]: mismatched types
[INFO] [stdout]   --> src/verifier.rs:68:19
[INFO] [stdout]    |
[INFO] [stdout] 68 |             auth: matches.value_of("token").map(|token| HttpAuth::Token(token.to_string())),
[INFO] [stdout]    |                   ^^^^^^^^^^^^^^^^^^^^^^^^^^^^^^^^^^^^^^^^^^^^^^^^^^^^^^^^^^^^^^^^^^^^^^^^^ expected enum `pact_models::http_utils::HttpAuth`, found enum `HttpAuth`
[INFO] [stdout]    |
[INFO] [stdout]    = note: expected enum `Option<pact_models::http_utils::HttpAuth>`
[INFO] [stdout]               found enum `Option<HttpAuth>`
[INFO] [stdout]    = note: perhaps two different versions of crate `pact_models` are being used?
[INFO] [stdout] 
[INFO] [stdout] 
[INFO] [stdout] error[E0308]: mismatched types
[INFO] [stdout]   --> src/verifier.rs:68:19
[INFO] [stdout]    |
[INFO] [stdout] 68 |             auth: matches.value_of("token").map(|token| HttpAuth::Token(token.to_string())),
[INFO] [stdout]    |                   ^^^^^^^^^^^^^^^^^^^^^^^^^^^^^^^^^^^^^^^^^^^^^^^^^^^^^^^^^^^^^^^^^^^^^^^^^ expected enum `pact_models::http_utils::HttpAuth`, found enum `HttpAuth`
[INFO] [stdout]    |
[INFO] [stdout]    = note: expected enum `Option<pact_models::http_utils::HttpAuth>`
[INFO] [stdout]               found enum `Option<HttpAuth>`
[INFO] [stdout]    = note: perhaps two different versions of crate `pact_models` are being used?
[INFO] [stdout] 
[INFO] [stdout] 
[INFO] [stdout] error[E0308]: mismatched types
[INFO] [stdout]   --> src/verifier.rs:82:13
[INFO] [stdout]    |
[INFO] [stdout] 82 |             auth,
[INFO] [stdout]    |             ^^^^ expected enum `pact_models::http_utils::HttpAuth`, found enum `HttpAuth`
[INFO] [stdout]    |
[INFO] [stdout]    = note: expected enum `Option<pact_models::http_utils::HttpAuth>`
[INFO] [stdout]               found enum `Option<HttpAuth>`
[INFO] [stdout]    = note: perhaps two different versions of crate `pact_models` are being used?
[INFO] [stdout] 
[INFO] [stdout] 
[INFO] [stdout] error[E0308]: mismatched types
[INFO] [stdout]   --> src/verifier.rs:99:12
[INFO] [stdout]    |
[INFO] [stdout] 99 |       tag: t.to_string(),
[INFO] [stdout]    |            ^^^^^^^^^^^^^
[INFO] [stdout]    |            |
[INFO] [stdout]    |            expected enum `Option`, found struct `std::string::String`
[INFO] [stdout]    |            help: try using a variant of the expected enum: `Some(t.to_string())`
[INFO] [stdout]    |
[INFO] [stdout]    = note: expected enum `Option<std::string::String>`
[INFO] [stdout]             found struct `std::string::String`
[INFO] [stdout] 
[INFO] [stdout] 
[INFO] [stdout] error[E0063]: missing fields `branch`, `deployed`, `deployed_or_released` and 3 other fields in initializer of `ConsumerVersionSelector`
[INFO] [stdout]   --> src/verifier.rs:96:5
[INFO] [stdout]    |
[INFO] [stdout] 96 |     pact_verifier::ConsumerVersionSelector {
[INFO] [stdout]    |     ^^^^^^^^^^^^^^^^^^^^^^^^^^^^^^^^^^^^^^ missing `branch`, `deployed`, `deployed_or_released` and 3 other fields
[INFO] [stdout] 
[INFO] [stdout] 
[INFO] [stdout] error: aborting due to 6 previous errors
[INFO] [stdout] 
[INFO] [stdout] 
[INFO] [stdout] Some errors have detailed explanations: E0063, E0308.
[INFO] [stdout] 
[INFO] [stdout] For more information about an error, try `rustc --explain E0063`.
[INFO] [stdout] 
[INFO] [stderr] error: could not compile `pact_verifier_ffi` due to 7 previous errors
[INFO] [stderr] warning: build failed, waiting for other jobs to finish...
[INFO] [stdout] error[E0308]: mismatched types
[INFO] [stdout]   --> src/verifier.rs:82:13
[INFO] [stdout]    |
[INFO] [stdout] 82 |             auth,
[INFO] [stdout]    |             ^^^^ expected enum `pact_models::http_utils::HttpAuth`, found enum `HttpAuth`
[INFO] [stdout]    |
[INFO] [stdout]    = note: expected enum `Option<pact_models::http_utils::HttpAuth>`
[INFO] [stdout]               found enum `Option<HttpAuth>`
[INFO] [stdout]    = note: perhaps two different versions of crate `pact_models` are being used?
[INFO] [stdout] 
[INFO] [stdout] 
[INFO] [stdout] error[E0308]: mismatched types
[INFO] [stdout]   --> src/verifier.rs:99:12
[INFO] [stdout]    |
[INFO] [stdout] 99 |       tag: t.to_string(),
[INFO] [stdout]    |            ^^^^^^^^^^^^^
[INFO] [stdout]    |            |
[INFO] [stdout]    |            expected enum `Option`, found struct `std::string::String`
[INFO] [stdout]    |            help: try using a variant of the expected enum: `Some(t.to_string())`
[INFO] [stdout]    |
[INFO] [stdout]    = note: expected enum `Option<std::string::String>`
[INFO] [stdout]             found struct `std::string::String`
[INFO] [stdout] 
[INFO] [stdout] 
[INFO] [stdout] error[E0063]: missing fields `branch`, `deployed`, `deployed_or_released` and 3 other fields in initializer of `ConsumerVersionSelector`
[INFO] [stdout]   --> src/verifier.rs:96:5
[INFO] [stdout]    |
[INFO] [stdout] 96 |     pact_verifier::ConsumerVersionSelector {
[INFO] [stdout]    |     ^^^^^^^^^^^^^^^^^^^^^^^^^^^^^^^^^^^^^^ missing `branch`, `deployed`, `deployed_or_released` and 3 other fields
[INFO] [stdout] 
[INFO] [stdout] 
[INFO] [stdout] error: aborting due to 6 previous errors
[INFO] [stdout] 
[INFO] [stdout] 
[INFO] [stdout] Some errors have detailed explanations: E0063, E0308.
[INFO] [stdout] 
[INFO] [stdout] For more information about an error, try `rustc --explain E0063`.
[INFO] [stdout] 
[INFO] [stderr] error: build failed
[INFO] running `Command { std: "docker" "inspect" "47e29d08cf0c445c10d152e86e249f20ac360102398f3cec15e9751e3ce288fd", kill_on_drop: false }`
[INFO] running `Command { std: "docker" "rm" "-f" "47e29d08cf0c445c10d152e86e249f20ac360102398f3cec15e9751e3ce288fd", kill_on_drop: false }`
[INFO] [stdout] 47e29d08cf0c445c10d152e86e249f20ac360102398f3cec15e9751e3ce288fd
