[INFO] fetching crate pact_mock_server_ffi 0.1.1...
[INFO] checking pact_mock_server_ffi-0.1.1 against beta-2021-10-15 for beta-1.56-3
[INFO] extracting crate pact_mock_server_ffi 0.1.1 into /workspace/builds/worker-14/source
[INFO] validating manifest of crates.io crate pact_mock_server_ffi 0.1.1 on toolchain beta-2021-10-15
[INFO] running `Command { std: "/workspace/cargo-home/bin/cargo" "+beta-2021-10-15" "metadata" "--manifest-path" "Cargo.toml" "--no-deps", kill_on_drop: false }`
[INFO] started tweaking crates.io crate pact_mock_server_ffi 0.1.1
[INFO] finished tweaking crates.io crate pact_mock_server_ffi 0.1.1
[INFO] tweaked toml for crates.io crate pact_mock_server_ffi 0.1.1 written to /workspace/builds/worker-14/source/Cargo.toml
[INFO] running `Command { std: "/workspace/cargo-home/bin/cargo" "+beta-2021-10-15" "generate-lockfile" "--manifest-path" "Cargo.toml" "-Zno-index-update", kill_on_drop: false }`
[INFO] running `Command { std: "/workspace/cargo-home/bin/cargo" "+beta-2021-10-15" "fetch" "--manifest-path" "Cargo.toml", kill_on_drop: false }`
[INFO] [stderr]  Downloading crates ...
[INFO] [stderr]   Downloaded pact_matching_ffi v0.0.5
[INFO] running `Command { std: "docker" "create" "-v" "/var/lib/crater-agent-workspace/builds/worker-14/target:/opt/rustwide/target:rw,Z" "-v" "/var/lib/crater-agent-workspace/builds/worker-14/source:/opt/rustwide/workdir:ro,Z" "-v" "/var/lib/crater-agent-workspace/cargo-home:/opt/rustwide/cargo-home:ro,Z" "-v" "/var/lib/crater-agent-workspace/rustup-home:/opt/rustwide/rustup-home:ro,Z" "-e" "SOURCE_DIR=/opt/rustwide/workdir" "-e" "CARGO_TARGET_DIR=/opt/rustwide/target" "-e" "CARGO_HOME=/opt/rustwide/cargo-home" "-e" "RUSTUP_HOME=/opt/rustwide/rustup-home" "-w" "/opt/rustwide/workdir" "-m" "1610612736" "--user" "0:0" "--network" "none" "ghcr.io/rust-lang/crates-build-env/linux@sha256:a89201d6b5b9fd45c15d5952ece0a0129e7e80cb26ec023fd59cf09bc26f1604" "/opt/rustwide/cargo-home/bin/cargo" "+beta-2021-10-15" "metadata" "--no-deps" "--format-version=1", kill_on_drop: false }`
[INFO] [stdout] 66ffac0725b06377db1f4845189da94924562c4d601f02775dc3b4d5a6322a1c
[INFO] [stderr] WARNING: Your kernel does not support swap limit capabilities or the cgroup is not mounted. Memory limited without swap.
[INFO] running `Command { std: "docker" "start" "-a" "66ffac0725b06377db1f4845189da94924562c4d601f02775dc3b4d5a6322a1c", kill_on_drop: false }`
[INFO] running `Command { std: "docker" "inspect" "66ffac0725b06377db1f4845189da94924562c4d601f02775dc3b4d5a6322a1c", kill_on_drop: false }`
[INFO] running `Command { std: "docker" "rm" "-f" "66ffac0725b06377db1f4845189da94924562c4d601f02775dc3b4d5a6322a1c", kill_on_drop: false }`
[INFO] [stdout] 66ffac0725b06377db1f4845189da94924562c4d601f02775dc3b4d5a6322a1c
[INFO] running `Command { std: "docker" "create" "-v" "/var/lib/crater-agent-workspace/builds/worker-14/target:/opt/rustwide/target:rw,Z" "-v" "/var/lib/crater-agent-workspace/builds/worker-14/source:/opt/rustwide/workdir:ro,Z" "-v" "/var/lib/crater-agent-workspace/cargo-home:/opt/rustwide/cargo-home:ro,Z" "-v" "/var/lib/crater-agent-workspace/rustup-home:/opt/rustwide/rustup-home:ro,Z" "-e" "SOURCE_DIR=/opt/rustwide/workdir" "-e" "CARGO_TARGET_DIR=/opt/rustwide/target" "-e" "CARGO_INCREMENTAL=0" "-e" "RUST_BACKTRACE=full" "-e" "RUSTFLAGS=--cap-lints=warn" "-e" "CARGO_HOME=/opt/rustwide/cargo-home" "-e" "RUSTUP_HOME=/opt/rustwide/rustup-home" "-w" "/opt/rustwide/workdir" "-m" "1610612736" "--user" "0:0" "--network" "none" "ghcr.io/rust-lang/crates-build-env/linux@sha256:a89201d6b5b9fd45c15d5952ece0a0129e7e80cb26ec023fd59cf09bc26f1604" "/opt/rustwide/cargo-home/bin/cargo" "+beta-2021-10-15" "check" "--frozen" "--all" "--all-targets" "--message-format=json", kill_on_drop: false }`
[INFO] [stdout] f15e9cc52389a586901f121eadb25ed799426810e7be6305606515bb4433a5d3
[INFO] [stderr] WARNING: Your kernel does not support swap limit capabilities or the cgroup is not mounted. Memory limited without swap.
[INFO] running `Command { std: "docker" "start" "-a" "f15e9cc52389a586901f121eadb25ed799426810e7be6305606515bb4433a5d3", kill_on_drop: false }`
[INFO] [stderr]    Compiling untrusted v0.7.1
[INFO] [stderr]    Compiling futures-sink v0.3.17
[INFO] [stderr]    Compiling slab v0.4.5
[INFO] [stderr]    Compiling futures-io v0.3.17
[INFO] [stderr]    Compiling try-lock v0.2.3
[INFO] [stderr]    Compiling httpdate v1.0.1
[INFO] [stderr]     Checking indextree v4.3.1
[INFO] [stderr]    Compiling tower-service v0.3.1
[INFO] [stderr]    Compiling mime v0.3.16
[INFO] [stderr]    Compiling ipnet v2.3.1
[INFO] [stderr]    Compiling peresil v0.3.0
[INFO] [stderr]    Compiling cbindgen v0.19.0
[INFO] [stderr]     Checking fixedbitset v0.4.0
[INFO] [stderr]    Compiling hex v0.4.3
[INFO] [stderr]     Checking zeroize v1.4.2
[INFO] [stderr]    Compiling nom v6.2.1
[INFO] [stderr]    Compiling onig_sys v69.7.1
[INFO] [stderr]    Compiling tracing-core v0.1.21
[INFO] [stderr]    Compiling futures-core v0.3.17
[INFO] [stderr]    Compiling futures-task v0.3.17
[INFO] [stderr]    Compiling encoding_rs v0.8.28
[INFO] [stderr]    Compiling sxd-document v0.3.2
[INFO] [stderr]    Compiling getrandom v0.2.3
[INFO] [stderr]    Compiling signal-hook-registry v1.4.0
[INFO] [stderr]    Compiling socket2 v0.4.2
[INFO] [stderr]    Compiling fs2 v0.4.3
[INFO] [stderr]     Checking buf_redux v0.8.4
[INFO] [stderr]     Checking twoway v0.1.8
[INFO] [stderr]     Checking fern v0.6.0
[INFO] [stderr]    Compiling mio v0.7.13
[INFO] [stderr]    Compiling want v0.3.0
[INFO] [stderr]    Compiling os_info v3.0.7
[INFO] [stderr]    Compiling ring v0.16.20
[INFO] [stderr]     Checking nom v7.0.0
[INFO] [stderr]     Checking lenient_semver_version_builder v0.4.2
[INFO] [stderr]     Checking uuid v0.8.2
[INFO] [stderr]    Compiling regex v1.4.6
[INFO] [stderr]    Compiling futures-channel v0.3.17
[INFO] [stderr]    Compiling rand_core v0.6.3
[INFO] [stderr]    Compiling tracing v0.1.29
[INFO] [stderr]     Checking petgraph v0.5.1
[INFO] [stderr]     Checking petgraph v0.6.0
[INFO] [stderr]     Checking expectest v0.12.0
[INFO] [stderr]    Compiling thiserror-impl v1.0.30
[INFO] [stderr]     Checking lenient_semver_parser v0.4.2
[INFO] [stderr]     Checking ct-logs v0.8.0
[INFO] [stderr]     Checking rustls v0.19.1
[INFO] [stderr]    Compiling chrono v0.4.19
[INFO] [stderr]    Compiling rand_chacha v0.3.1
[INFO] [stderr]     Checking serde v1.0.130
[INFO] [stderr]     Checking futures-util v0.3.17
[INFO] [stderr]    Compiling pact_matching_ffi v0.0.5
[INFO] [stderr]     Checking lenient_semver v0.4.2
[INFO] [stderr]     Checking rand_regex v0.15.1
[INFO] [stderr]     Checking tempfile v3.2.0
[INFO] [stderr]    Compiling rand v0.8.4
[INFO] [stderr]     Checking env_logger v0.8.4
[INFO] [stderr]    Compiling sct v0.6.1
[INFO] [stderr]    Compiling webpki v0.21.4
[INFO] [stderr]    Compiling parse-zoneinfo v0.3.0
[INFO] [stderr]     Checking tree_magic_mini v3.0.2
[INFO] [stderr]     Checking rustls-native-certs v0.5.0
[INFO] [stderr]     Checking multipart v0.17.1
[INFO] [stderr]     Checking tree_magic_mini v2.0.0
[INFO] [stderr]    Compiling webpki-roots v0.21.1
[INFO] [stderr]     Checking onig v6.3.0
[INFO] [stderr]    Compiling chrono-tz v0.5.3
[INFO] [stderr]    Compiling pact_models v0.0.5
[INFO] [stderr]    Compiling pact_models v0.1.4
[INFO] [stderr]     Checking bytes v1.1.0
[INFO] [stderr]     Checking serde_urlencoded v0.7.0
[INFO] [stderr]     Checking serde_json v1.0.68
[INFO] [stderr]     Checking thiserror v1.0.30
[INFO] [stderr]     Checking futures-executor v0.3.17
[INFO] [stderr]     Checking futures v0.3.17
[INFO] [stderr]     Checking tokio v1.12.0
[INFO] [stderr]     Checking http v0.2.5
[INFO] [stderr]    Compiling toml v0.5.8
[INFO] [stderr]     Checking http-body v0.4.3
[INFO] [stderr]     Checking tokio-util v0.6.8
[INFO] [stderr]     Checking tokio-rustls v0.22.0
[INFO] [stderr]     Checking h2 v0.3.6
[INFO] [stderr]     Checking hyper v0.14.13
[INFO] [stderr]     Checking hyper-rustls v0.22.1
[INFO] [stderr]     Checking reqwest v0.11.5
[INFO] [stderr]     Checking pact_matching v0.10.3
[INFO] [stderr]     Checking pact_matching v0.9.4
[INFO] [stderr]     Checking pact_mock_server v0.7.21
[INFO] [stderr]    Compiling pact_mock_server_ffi v0.1.1 (/opt/rustwide/workdir)
[INFO] [stdout] error[E0308]: mismatched types
[INFO] [stdout]    --> src/lib.rs:343:41
[INFO] [stdout]     |
[INFO] [stdout] 343 |             Uuid::new_v4().to_string(), inner.pact.boxed(), addr, tls_config),
[INFO] [stdout]     |                                         ^^^^^^^^^^^^^^^^^^ expected trait `pact_models::pact::Pact`, found trait `Pact + Send`
[INFO] [stdout]     |
[INFO] [stdout]     = note: expected struct `Box<(dyn pact_models::pact::Pact + 'static)>`
[INFO] [stdout]                found struct `Box<(dyn Pact + Send + 'static)>`
[INFO] [stdout] 
[INFO] [stdout] 
[INFO] [stdout] error[E0308]: mismatched types
[INFO] [stdout]    --> src/lib.rs:343:41
[INFO] [stdout]     |
[INFO] [stdout] 343 |             Uuid::new_v4().to_string(), inner.pact.boxed(), addr, tls_config),
[INFO] [stdout]     |                                         ^^^^^^^^^^^^^^^^^^ expected trait `pact_models::pact::Pact`, found trait `Pact + Send`
[INFO] [stdout]     |
[INFO] [stdout]     = note: expected struct `Box<(dyn pact_models::pact::Pact + 'static)>`
[INFO] [stdout]                found struct `Box<(dyn Pact + Send + 'static)>`
[INFO] [stdout] 
[INFO] [stdout] 
[INFO] [stdout] error[E0308]: mismatched types
[INFO] [stdout]    --> src/lib.rs:344:83
[INFO] [stdout]     |
[INFO] [stdout] 344 |           None => pact_mock_server::start_mock_server(Uuid::new_v4().to_string(), inner.pact.boxed(), addr)
[INFO] [stdout]     |                                                                                   ^^^^^^^^^^^^^^^^^^ expected trait `pact_models::pact::Pact`, found trait `Pact + Send`
[INFO] [stdout]     |
[INFO] [stdout]     = note: expected struct `Box<(dyn pact_models::pact::Pact + 'static)>`
[INFO] [stdout]                found struct `Box<(dyn Pact + Send + 'static)>`
[INFO] [stdout] 
[INFO] [stdout] 
[INFO] [stdout] error: aborting due to 2 previous errors
[INFO] [stdout] 
[INFO] [stdout] 
[INFO] [stdout] For more information about this error, try `rustc --explain E0308`.
[INFO] [stdout] 
[INFO] [stderr] error: could not compile `pact_mock_server_ffi` due to 3 previous errors
[INFO] [stderr] warning: build failed, waiting for other jobs to finish...
[INFO] [stdout] error[E0308]: mismatched types
[INFO] [stdout]    --> src/lib.rs:344:83
[INFO] [stdout]     |
[INFO] [stdout] 344 |           None => pact_mock_server::start_mock_server(Uuid::new_v4().to_string(), inner.pact.boxed(), addr)
[INFO] [stdout]     |                                                                                   ^^^^^^^^^^^^^^^^^^ expected trait `pact_models::pact::Pact`, found trait `Pact + Send`
[INFO] [stdout]     |
[INFO] [stdout]     = note: expected struct `Box<(dyn pact_models::pact::Pact + 'static)>`
[INFO] [stdout]                found struct `Box<(dyn Pact + Send + 'static)>`
[INFO] [stdout] 
[INFO] [stdout] 
[INFO] [stdout] error: aborting due to 2 previous errors
[INFO] [stdout] 
[INFO] [stdout] 
[INFO] [stdout] For more information about this error, try `rustc --explain E0308`.
[INFO] [stdout] 
[INFO] [stderr] error: build failed
[INFO] running `Command { std: "docker" "inspect" "f15e9cc52389a586901f121eadb25ed799426810e7be6305606515bb4433a5d3", kill_on_drop: false }`
[INFO] running `Command { std: "docker" "rm" "-f" "f15e9cc52389a586901f121eadb25ed799426810e7be6305606515bb4433a5d3", kill_on_drop: false }`
[INFO] [stdout] f15e9cc52389a586901f121eadb25ed799426810e7be6305606515bb4433a5d3
