[INFO] fetching crate pachinko 0.5.0...
[INFO] checking pachinko-0.5.0 against 1.55.0 for beta-1.56-3
[INFO] extracting crate pachinko 0.5.0 into /workspace/builds/worker-2/source
[INFO] validating manifest of crates.io crate pachinko 0.5.0 on toolchain 1.55.0
[INFO] running `Command { std: "/workspace/cargo-home/bin/cargo" "+1.55.0" "metadata" "--manifest-path" "Cargo.toml" "--no-deps", kill_on_drop: false }`
[INFO] started tweaking crates.io crate pachinko 0.5.0
[INFO] finished tweaking crates.io crate pachinko 0.5.0
[INFO] tweaked toml for crates.io crate pachinko 0.5.0 written to /workspace/builds/worker-2/source/Cargo.toml
[INFO] crate crates.io crate pachinko 0.5.0 already has a lockfile, it will not be regenerated
[INFO] running `Command { std: "/workspace/cargo-home/bin/cargo" "+1.55.0" "fetch" "--manifest-path" "Cargo.toml", kill_on_drop: false }`
[INFO] [stderr]     Blocking waiting for file lock on package cache
[INFO] [stderr]  Downloading crates ...
[INFO] [stderr]   Downloaded ahash v0.4.6
[INFO] [stderr]   Downloaded qualia_derive v0.2.1
[INFO] [stderr]   Downloaded rexpect v0.4.0
[INFO] [stderr]   Downloaded qualia v0.7.0
[INFO] [stderr]   Downloaded rusqlite v0.24.1
[INFO] running `Command { std: "docker" "create" "-v" "/var/lib/crater-agent-workspace/builds/worker-2/target:/opt/rustwide/target:rw,Z" "-v" "/var/lib/crater-agent-workspace/builds/worker-2/source:/opt/rustwide/workdir:ro,Z" "-v" "/var/lib/crater-agent-workspace/cargo-home:/opt/rustwide/cargo-home:ro,Z" "-v" "/var/lib/crater-agent-workspace/rustup-home:/opt/rustwide/rustup-home:ro,Z" "-e" "SOURCE_DIR=/opt/rustwide/workdir" "-e" "CARGO_TARGET_DIR=/opt/rustwide/target" "-e" "CARGO_HOME=/opt/rustwide/cargo-home" "-e" "RUSTUP_HOME=/opt/rustwide/rustup-home" "-w" "/opt/rustwide/workdir" "-m" "1610612736" "--user" "0:0" "--network" "none" "ghcr.io/rust-lang/crates-build-env/linux@sha256:a89201d6b5b9fd45c15d5952ece0a0129e7e80cb26ec023fd59cf09bc26f1604" "/opt/rustwide/cargo-home/bin/cargo" "+1.55.0" "metadata" "--no-deps" "--format-version=1", kill_on_drop: false }`
[INFO] [stdout] 186a42b67c99d7362fde660575a3a127f1544a025f6d1b8729a7f95f53b8e96d
[INFO] [stderr] WARNING: Your kernel does not support swap limit capabilities or the cgroup is not mounted. Memory limited without swap.
[INFO] running `Command { std: "docker" "start" "-a" "186a42b67c99d7362fde660575a3a127f1544a025f6d1b8729a7f95f53b8e96d", kill_on_drop: false }`
[INFO] running `Command { std: "docker" "inspect" "186a42b67c99d7362fde660575a3a127f1544a025f6d1b8729a7f95f53b8e96d", kill_on_drop: false }`
[INFO] running `Command { std: "docker" "rm" "-f" "186a42b67c99d7362fde660575a3a127f1544a025f6d1b8729a7f95f53b8e96d", kill_on_drop: false }`
[INFO] [stdout] 186a42b67c99d7362fde660575a3a127f1544a025f6d1b8729a7f95f53b8e96d
[INFO] running `Command { std: "docker" "create" "-v" "/var/lib/crater-agent-workspace/builds/worker-2/target:/opt/rustwide/target:rw,Z" "-v" "/var/lib/crater-agent-workspace/builds/worker-2/source:/opt/rustwide/workdir:ro,Z" "-v" "/var/lib/crater-agent-workspace/cargo-home:/opt/rustwide/cargo-home:ro,Z" "-v" "/var/lib/crater-agent-workspace/rustup-home:/opt/rustwide/rustup-home:ro,Z" "-e" "SOURCE_DIR=/opt/rustwide/workdir" "-e" "CARGO_TARGET_DIR=/opt/rustwide/target" "-e" "CARGO_INCREMENTAL=0" "-e" "RUST_BACKTRACE=full" "-e" "RUSTFLAGS=--cap-lints=warn" "-e" "CARGO_HOME=/opt/rustwide/cargo-home" "-e" "RUSTUP_HOME=/opt/rustwide/rustup-home" "-w" "/opt/rustwide/workdir" "-m" "1610612736" "--user" "0:0" "--network" "none" "ghcr.io/rust-lang/crates-build-env/linux@sha256:a89201d6b5b9fd45c15d5952ece0a0129e7e80cb26ec023fd59cf09bc26f1604" "/opt/rustwide/cargo-home/bin/cargo" "+1.55.0" "check" "--frozen" "--all" "--all-targets" "--message-format=json", kill_on_drop: false }`
[INFO] [stdout] 482fa295d53e7ee130bc547d4001292e76fbb1a053c86e91afe2768ad415092a
[INFO] [stderr] WARNING: Your kernel does not support swap limit capabilities or the cgroup is not mounted. Memory limited without swap.
[INFO] running `Command { std: "docker" "start" "-a" "482fa295d53e7ee130bc547d4001292e76fbb1a053c86e91afe2768ad415092a", kill_on_drop: false }`
[INFO] [stderr]    Compiling libc v0.2.80
[INFO] [stderr]    Compiling syn v1.0.52
[INFO] [stderr]     Checking ahash v0.4.6
[INFO] [stderr]     Checking predicates-core v1.0.1
[INFO] [stderr]     Checking smallvec v1.5.0
[INFO] [stderr]     Checking unicode-segmentation v1.7.1
[INFO] [stderr]    Compiling libsqlite3-sys v0.20.1
[INFO] [stderr]    Compiling indexmap v1.6.0
[INFO] [stderr]    Compiling error-chain v0.12.4
[INFO] [stderr]     Checking predicates v1.0.6
[INFO] [stderr]     Checking predicates-tree v1.0.1
[INFO] [stderr]     Checking hashbrown v0.9.1
[INFO] [stderr]     Checking hashlink v0.6.0
[INFO] [stderr]     Checking rusqlite v0.24.1
[INFO] [stderr]     Checking getrandom v0.1.15
[INFO] [stderr]     Checking dirs-sys-next v0.1.1
[INFO] [stderr]     Checking backtrace v0.3.55
[INFO] [stderr]     Checking nix v0.19.1
[INFO] [stderr]     Checking fs2 v0.4.3
[INFO] [stderr]     Checking atty v0.2.14
[INFO] [stderr]     Checking wait-timeout v0.2.0
[INFO] [stderr]     Checking dirs v1.0.5
[INFO] [stderr]     Checking nix v0.14.1
[INFO] [stderr]     Checking dirs-next v2.0.0
[INFO] [stderr]     Checking assert_cmd v1.0.2
[INFO] [stderr]     Checking rand_core v0.5.1
[INFO] [stderr]     Checking rand_chacha v0.2.2
[INFO] [stderr]     Checking rand v0.7.3
[INFO] [stderr]     Checking tempfile v3.1.0
[INFO] [stderr]    Compiling proc-macro-error v1.0.4
[INFO] [stderr]     Checking rexpect v0.4.0
[INFO] [stderr]    Compiling serde_derive v1.0.117
[INFO] [stderr]    Compiling thiserror-impl v1.0.22
[INFO] [stderr]    Compiling qualia_derive v0.2.1
[INFO] [stderr]    Compiling clap_derive v3.0.0-beta.2
[INFO] [stderr]     Checking rustyline v7.1.0
[INFO] [stderr]     Checking thiserror v1.0.22
[INFO] [stderr]     Checking clap v3.0.0-beta.2
[INFO] [stderr]     Checking serde v1.0.117
[INFO] [stderr]     Checking serde_json v1.0.59
[INFO] [stderr]     Checking qualia v0.7.0
[INFO] [stderr]     Checking pachinko v0.5.0 (/opt/rustwide/workdir)
[INFO] [stdout] error[E0433]: failed to resolve: use of undeclared type `Object`
[INFO] [stdout]  --> src/types.rs:7:10
[INFO] [stdout]   |
[INFO] [stdout] 7 | #[derive(ObjectShape)]
[INFO] [stdout]   |          ^^^^^^^^^^^ not found in this scope
[INFO] [stdout]   |
[INFO] [stdout]   = note: this error originates in the macro `object` (in Nightly builds, run with -Z macro-backtrace for more info)
[INFO] [stdout] help: consider importing one of these items
[INFO] [stdout]   |
[INFO] [stdout] 1 | use crate::Object;
[INFO] [stdout]   |
[INFO] [stdout] 1 | use qualia::Object;
[INFO] [stdout]   |
[INFO] [stdout] 
[INFO] [stdout] 
[INFO] [stdout] error[E0433]: failed to resolve: use of undeclared type `Object`
[INFO] [stdout]    --> src/types.rs:149:10
[INFO] [stdout]     |
[INFO] [stdout] 149 | #[derive(ObjectShape)]
[INFO] [stdout]     |          ^^^^^^^^^^^ not found in this scope
[INFO] [stdout]     |
[INFO] [stdout]     = note: this error originates in the macro `object` (in Nightly builds, run with -Z macro-backtrace for more info)
[INFO] [stdout] help: consider importing one of these items
[INFO] [stdout]     |
[INFO] [stdout] 1   | use crate::Object;
[INFO] [stdout]     |
[INFO] [stdout] 1   | use qualia::Object;
[INFO] [stdout]     |
[INFO] [stdout] 
[INFO] [stdout] 
[INFO] [stdout] error[E0433]: failed to resolve: use of undeclared type `Object`
[INFO] [stdout]  --> src/types.rs:7:10
[INFO] [stdout]   |
[INFO] [stdout] 7 | #[derive(ObjectShape)]
[INFO] [stdout]   |          ^^^^^^^^^^^ not found in this scope
[INFO] [stdout]   |
[INFO] [stdout]   = note: this error originates in the macro `object` (in Nightly builds, run with -Z macro-backtrace for more info)
[INFO] [stdout] help: consider importing one of these items
[INFO] [stdout]   |
[INFO] [stdout] 1 | use crate::Object;
[INFO] [stdout]   |
[INFO] [stdout] 1 | use qualia::Object;
[INFO] [stdout]   |
[INFO] [stdout] 
[INFO] [stdout] 
[INFO] [stdout] error[E0433]: failed to resolve: use of undeclared type `Object`
[INFO] [stdout]    --> src/types.rs:149:10
[INFO] [stdout]     |
[INFO] [stdout] 149 | #[derive(ObjectShape)]
[INFO] [stdout]     |          ^^^^^^^^^^^ not found in this scope
[INFO] [stdout]     |
[INFO] [stdout]     = note: this error originates in the macro `object` (in Nightly builds, run with -Z macro-backtrace for more info)
[INFO] [stdout] help: consider importing one of these items
[INFO] [stdout]     |
[INFO] [stdout] 1   | use crate::Object;
[INFO] [stdout]     |
[INFO] [stdout] 1   | use qualia::Object;
[INFO] [stdout]     |
[INFO] [stdout] 
[INFO] [stdout] 
[INFO] [stdout] error: aborting due to 2 previous errors
[INFO] [stdout] 
[INFO] [stdout] 
[INFO] [stdout] For more information about this error, try `rustc --explain E0433`.
[INFO] [stdout] 
[INFO] [stderr] error: could not compile `pachinko` due to 3 previous errors
[INFO] [stderr] warning: build failed, waiting for other jobs to finish...
[INFO] [stdout] error: aborting due to 2 previous errors
[INFO] [stdout] 
[INFO] [stdout] 
[INFO] [stdout] For more information about this error, try `rustc --explain E0433`.
[INFO] [stdout] 
[INFO] [stderr] error: build failed
[INFO] running `Command { std: "docker" "inspect" "482fa295d53e7ee130bc547d4001292e76fbb1a053c86e91afe2768ad415092a", kill_on_drop: false }`
[INFO] running `Command { std: "docker" "rm" "-f" "482fa295d53e7ee130bc547d4001292e76fbb1a053c86e91afe2768ad415092a", kill_on_drop: false }`
[INFO] [stdout] 482fa295d53e7ee130bc547d4001292e76fbb1a053c86e91afe2768ad415092a
