[INFO] fetching crate oxigraph_wikibase 0.2.5...
[INFO] checking oxigraph_wikibase-0.2.5 against 1.55.0 for beta-1.56-3
[INFO] extracting crate oxigraph_wikibase 0.2.5 into /workspace/builds/worker-13/source
[INFO] validating manifest of crates.io crate oxigraph_wikibase 0.2.5 on toolchain 1.55.0
[INFO] running `Command { std: "/workspace/cargo-home/bin/cargo" "+1.55.0" "metadata" "--manifest-path" "Cargo.toml" "--no-deps", kill_on_drop: false }`
[INFO] started tweaking crates.io crate oxigraph_wikibase 0.2.5
[INFO] finished tweaking crates.io crate oxigraph_wikibase 0.2.5
[INFO] tweaked toml for crates.io crate oxigraph_wikibase 0.2.5 written to /workspace/builds/worker-13/source/Cargo.toml
[INFO] crate crates.io crate oxigraph_wikibase 0.2.5 already has a lockfile, it will not be regenerated
[INFO] running `Command { std: "/workspace/cargo-home/bin/cargo" "+1.55.0" "fetch" "--manifest-path" "Cargo.toml", kill_on_drop: false }`
[INFO] [stderr]     Blocking waiting for file lock on package cache
[INFO] [stderr]     Blocking waiting for file lock on package cache
[INFO] [stderr]  Downloading crates ...
[INFO] [stderr]   Downloaded rio_turtle v0.5.3
[INFO] [stderr]   Downloaded oxilangtag v0.1.2
[INFO] [stderr]   Downloaded json-event-parser v0.1.0
[INFO] [stderr]   Downloaded oxiri v0.1.1
[INFO] [stderr]   Downloaded rio_api v0.5.3
[INFO] [stderr]   Downloaded oxigraph v0.2.5
[INFO] [stderr]   Downloaded rio_xml v0.5.3
[INFO] running `Command { std: "docker" "create" "-v" "/var/lib/crater-agent-workspace/builds/worker-13/target:/opt/rustwide/target:rw,Z" "-v" "/var/lib/crater-agent-workspace/builds/worker-13/source:/opt/rustwide/workdir:ro,Z" "-v" "/var/lib/crater-agent-workspace/cargo-home:/opt/rustwide/cargo-home:ro,Z" "-v" "/var/lib/crater-agent-workspace/rustup-home:/opt/rustwide/rustup-home:ro,Z" "-e" "SOURCE_DIR=/opt/rustwide/workdir" "-e" "CARGO_TARGET_DIR=/opt/rustwide/target" "-e" "CARGO_HOME=/opt/rustwide/cargo-home" "-e" "RUSTUP_HOME=/opt/rustwide/rustup-home" "-w" "/opt/rustwide/workdir" "-m" "1610612736" "--user" "0:0" "--network" "none" "ghcr.io/rust-lang/crates-build-env/linux@sha256:a89201d6b5b9fd45c15d5952ece0a0129e7e80cb26ec023fd59cf09bc26f1604" "/opt/rustwide/cargo-home/bin/cargo" "+1.55.0" "metadata" "--no-deps" "--format-version=1", kill_on_drop: false }`
[INFO] [stdout] 1f7fac481853c8bc6dd840ec80777858fcb48b3248c684edbafd95584445627a
[INFO] [stderr] WARNING: Your kernel does not support swap limit capabilities or the cgroup is not mounted. Memory limited without swap.
[INFO] running `Command { std: "docker" "start" "-a" "1f7fac481853c8bc6dd840ec80777858fcb48b3248c684edbafd95584445627a", kill_on_drop: false }`
[INFO] running `Command { std: "docker" "inspect" "1f7fac481853c8bc6dd840ec80777858fcb48b3248c684edbafd95584445627a", kill_on_drop: false }`
[INFO] running `Command { std: "docker" "rm" "-f" "1f7fac481853c8bc6dd840ec80777858fcb48b3248c684edbafd95584445627a", kill_on_drop: false }`
[INFO] [stdout] 1f7fac481853c8bc6dd840ec80777858fcb48b3248c684edbafd95584445627a
[INFO] running `Command { std: "docker" "create" "-v" "/var/lib/crater-agent-workspace/builds/worker-13/target:/opt/rustwide/target:rw,Z" "-v" "/var/lib/crater-agent-workspace/builds/worker-13/source:/opt/rustwide/workdir:ro,Z" "-v" "/var/lib/crater-agent-workspace/cargo-home:/opt/rustwide/cargo-home:ro,Z" "-v" "/var/lib/crater-agent-workspace/rustup-home:/opt/rustwide/rustup-home:ro,Z" "-e" "SOURCE_DIR=/opt/rustwide/workdir" "-e" "CARGO_TARGET_DIR=/opt/rustwide/target" "-e" "CARGO_INCREMENTAL=0" "-e" "RUST_BACKTRACE=full" "-e" "RUSTFLAGS=--cap-lints=warn" "-e" "CARGO_HOME=/opt/rustwide/cargo-home" "-e" "RUSTUP_HOME=/opt/rustwide/rustup-home" "-w" "/opt/rustwide/workdir" "-m" "1610612736" "--user" "0:0" "--network" "none" "ghcr.io/rust-lang/crates-build-env/linux@sha256:a89201d6b5b9fd45c15d5952ece0a0129e7e80cb26ec023fd59cf09bc26f1604" "/opt/rustwide/cargo-home/bin/cargo" "+1.55.0" "check" "--frozen" "--all" "--all-targets" "--message-format=json", kill_on_drop: false }`
[INFO] [stdout] 7d23630ff6d1bd0d22de4389aefde420ba93283d259ee343f225fa07d2585e17
[INFO] [stderr] WARNING: Your kernel does not support swap limit capabilities or the cgroup is not mounted. Memory limited without swap.
[INFO] running `Command { std: "docker" "start" "-a" "7d23630ff6d1bd0d22de4389aefde420ba93283d259ee343f225fa07d2585e17", kill_on_drop: false }`
[INFO] [stderr]    Compiling syn v1.0.73
[INFO] [stderr]    Compiling http-types v2.11.1
[INFO] [stderr]    Compiling peg-runtime v0.7.0
[INFO] [stderr]     Checking oxilangtag v0.1.2
[INFO] [stderr]     Checking oxiri v0.1.1
[INFO] [stderr]     Checking rio_api v0.5.3
[INFO] [stderr]     Checking json-event-parser v0.1.0
[INFO] [stderr]    Compiling tokio v1.8.1
[INFO] [stderr]    Compiling clang-sys v1.2.0
[INFO] [stderr]    Compiling libloading v0.7.0
[INFO] [stderr]    Compiling memchr v2.4.0
[INFO] [stderr]     Checking async-dup v1.2.2
[INFO] [stderr]    Compiling jobserver v0.1.22
[INFO] [stderr]     Checking getrandom v0.2.3
[INFO] [stderr]     Checking socket2 v0.4.0
[INFO] [stderr]     Checking quick-xml v0.22.0
[INFO] [stderr]     Checking futures-lite v1.12.0
[INFO] [stderr]     Checking dashmap v4.0.2
[INFO] [stderr]     Checking byte-pool v0.2.3
[INFO] [stderr]     Checking nom v6.1.2
[INFO] [stderr]     Checking sha-1 v0.9.6
[INFO] [stderr]     Checking rio_turtle v0.5.3
[INFO] [stderr]     Checking rand_chacha v0.2.2
[INFO] [stderr]     Checking chrono v0.4.19
[INFO] [stderr]    Compiling cc v1.0.68
[INFO] [stderr]     Checking rand_core v0.6.3
[INFO] [stderr]     Checking ahash v0.7.4
[INFO] [stderr]    Compiling peg-macros v0.7.0
[INFO] [stderr]     Checking rand v0.7.3
[INFO] [stderr]    Compiling bindgen v0.57.0
[INFO] [stderr]     Checking rand_chacha v0.3.1
[INFO] [stderr]     Checking rio_xml v0.5.3
[INFO] [stderr]    Compiling nom v5.1.2
[INFO] [stderr]    Compiling aho-corasick v0.7.18
[INFO] [stderr]     Checking hashbrown v0.11.2
[INFO] [stderr]     Checking rand v0.8.4
[INFO] [stderr]     Checking blocking v1.0.2
[INFO] [stderr]     Checking async-executor v1.4.1
[INFO] [stderr]    Compiling openssl-sys v0.9.65
[INFO] [stderr]     Checking lasso v0.5.1
[INFO] [stderr]    Compiling regex v1.5.4
[INFO] [stderr]     Checking peg v0.7.0
[INFO] [stderr]    Compiling openssl v0.10.35
[INFO] [stderr]    Compiling native-tls v0.2.7
[INFO] [stderr]    Compiling cexpr v0.4.0
[INFO] [stderr]    Compiling ctor v0.1.20
[INFO] [stderr]    Compiling serde_derive v1.0.126
[INFO] [stderr]    Compiling thiserror-impl v1.0.26
[INFO] [stderr]    Compiling time-macros-impl v0.1.2
[INFO] [stderr]    Compiling async-attributes v1.1.2
[INFO] [stderr]    Compiling futures-macro v0.3.15
[INFO] [stderr]    Compiling pin-project-internal v1.0.7
[INFO] [stderr]    Compiling async-trait v0.1.50
[INFO] [stderr]     Checking time-macros v0.1.1
[INFO] [stderr]     Checking time v0.2.27
[INFO] [stderr]     Checking value-bag v1.0.0-alpha.7
[INFO] [stderr]     Checking futures-util v0.3.15
[INFO] [stderr]     Checking log v0.4.14
[INFO] [stderr]     Checking thiserror v1.0.26
[INFO] [stderr]     Checking polling v2.1.0
[INFO] [stderr]     Checking kv-log-macro v1.0.7
[INFO] [stderr]     Checking async-io v1.6.0
[INFO] [stderr]     Checking cookie v0.14.4
[INFO] [stderr]     Checking pin-project v1.0.7
[INFO] [stderr]     Checking async-global-executor v2.0.2
[INFO] [stderr]     Checking async-std v1.9.0
[INFO] [stderr]    Compiling librocksdb-sys v6.17.3
[INFO] [stderr]     Checking futures-executor v0.3.15
[INFO] [stderr]     Checking serde v1.0.126
[INFO] [stderr]     Checking futures v0.3.15
[INFO] [stderr]     Checking url v2.2.2
[INFO] [stderr]     Checking serde_qs v0.7.2
[INFO] [stderr]     Checking serde_urlencoded v0.7.0
[INFO] [stderr]     Checking serde_json v1.0.64
[INFO] [stderr]     Checking config v0.10.1
[INFO] [stderr]     Checking deadpool v0.7.0
[INFO] [stderr]     Checking async-native-tls v0.3.3
[INFO] [stderr]     Checking async-h1 v2.3.2
[INFO] [stderr] error: could not compile `async-h1`
[INFO] [stderr] 
[INFO] [stderr] Caused by:
[INFO] [stderr]   process didn't exit successfully: `rustc --crate-name async_h1 --edition=2018 /opt/rustwide/cargo-home/registry/src/github.com-1ecc6299db9ec823/async-h1-2.3.2/src/lib.rs --error-format=json --json=diagnostic-rendered-ansi --crate-type lib --emit=dep-info,metadata -C embed-bitcode=no -C debuginfo=2 -C metadata=1aa6ec41c279dc88 -C extra-filename=-1aa6ec41c279dc88 --out-dir /opt/rustwide/target/debug/deps -L dependency=/opt/rustwide/target/debug/deps --extern async_channel=/opt/rustwide/target/debug/deps/libasync_channel-37f8a41388c8c7a0.rmeta --extern async_dup=/opt/rustwide/target/debug/deps/libasync_dup-ddc7a385af3b6b27.rmeta --extern async_std=/opt/rustwide/target/debug/deps/libasync_std-ea82e1dc1d6d419c.rmeta --extern byte_pool=/opt/rustwide/target/debug/deps/libbyte_pool-019bb0a8a7cd3ea2.rmeta --extern futures_core=/opt/rustwide/target/debug/deps/libfutures_core-5a5af84be94cc01d.rmeta --extern http_types=/opt/rustwide/target/debug/deps/libhttp_types-77f7aaeee1756d8c.rmeta --extern httparse=/opt/rustwide/target/debug/deps/libhttparse-b5c18bde3b2c9d22.rmeta --extern lazy_static=/opt/rustwide/target/debug/deps/liblazy_static-cc03ae82f95c691d.rmeta --extern log=/opt/rustwide/target/debug/deps/liblog-9d8568236f4c6fbe.rmeta --extern pin_project=/opt/rustwide/target/debug/deps/libpin_project-66474fba1031c51e.rmeta --cap-lints allow --cap-lints=warn` (signal: 9, SIGKILL: kill)
[INFO] [stderr] warning: build failed, waiting for other jobs to finish...
[INFO] [stderr] The following warnings were emitted during compilation:
[INFO] [stderr] 
[INFO] [stderr] warning: c++: fatal error: Killed signal terminated program cc1plus
[INFO] [stderr] warning: compilation terminated.
[INFO] [stderr] warning: c++: fatal error: Killed signal terminated program cc1plus
[INFO] [stderr] warning: compilation terminated.
[INFO] [stderr] warning: c++: fatal error: Killed signal terminated program cc1plus
[INFO] [stderr] warning: compilation terminated.
[INFO] [stderr] warning: c++: fatal error: Killed signal terminated program cc1plus
[INFO] [stderr] warning: compilation terminated.
[INFO] [stderr] warning: c++: fatal error: Killed signal terminated program cc1plus
[INFO] [stderr] warning: compilation terminated.
[INFO] [stderr] warning: c++: fatal error: Killed signal terminated program cc1plus
[INFO] [stderr] warning: compilation terminated.
[INFO] [stderr] 
[INFO] [stderr] error: build failed
[INFO] running `Command { std: "docker" "inspect" "7d23630ff6d1bd0d22de4389aefde420ba93283d259ee343f225fa07d2585e17", kill_on_drop: false }`
[INFO] running `Command { std: "docker" "rm" "-f" "7d23630ff6d1bd0d22de4389aefde420ba93283d259ee343f225fa07d2585e17", kill_on_drop: false }`
[INFO] [stdout] 7d23630ff6d1bd0d22de4389aefde420ba93283d259ee343f225fa07d2585e17
