[INFO] fetching crate oxigraph 0.2.5...
[INFO] checking oxigraph-0.2.5 against 1.55.0 for beta-1.56-3
[INFO] extracting crate oxigraph 0.2.5 into /workspace/builds/worker-2/source
[INFO] validating manifest of crates.io crate oxigraph 0.2.5 on toolchain 1.55.0
[INFO] running `Command { std: "/workspace/cargo-home/bin/cargo" "+1.55.0" "metadata" "--manifest-path" "Cargo.toml" "--no-deps", kill_on_drop: false }`
[INFO] started tweaking crates.io crate oxigraph 0.2.5
[INFO] finished tweaking crates.io crate oxigraph 0.2.5
[INFO] tweaked toml for crates.io crate oxigraph 0.2.5 written to /workspace/builds/worker-2/source/Cargo.toml
[INFO] running `Command { std: "/workspace/cargo-home/bin/cargo" "+1.55.0" "generate-lockfile" "--manifest-path" "Cargo.toml" "-Zno-index-update", kill_on_drop: false }`
[INFO] running `Command { std: "/workspace/cargo-home/bin/cargo" "+1.55.0" "fetch" "--manifest-path" "Cargo.toml", kill_on_drop: false }`
[INFO] running `Command { std: "docker" "create" "-v" "/var/lib/crater-agent-workspace/builds/worker-2/target:/opt/rustwide/target:rw,Z" "-v" "/var/lib/crater-agent-workspace/builds/worker-2/source:/opt/rustwide/workdir:ro,Z" "-v" "/var/lib/crater-agent-workspace/cargo-home:/opt/rustwide/cargo-home:ro,Z" "-v" "/var/lib/crater-agent-workspace/rustup-home:/opt/rustwide/rustup-home:ro,Z" "-e" "SOURCE_DIR=/opt/rustwide/workdir" "-e" "CARGO_TARGET_DIR=/opt/rustwide/target" "-e" "CARGO_HOME=/opt/rustwide/cargo-home" "-e" "RUSTUP_HOME=/opt/rustwide/rustup-home" "-w" "/opt/rustwide/workdir" "-m" "1610612736" "--user" "0:0" "--network" "none" "ghcr.io/rust-lang/crates-build-env/linux@sha256:a89201d6b5b9fd45c15d5952ece0a0129e7e80cb26ec023fd59cf09bc26f1604" "/opt/rustwide/cargo-home/bin/cargo" "+1.55.0" "metadata" "--no-deps" "--format-version=1", kill_on_drop: false }`
[INFO] [stderr] WARNING: Your kernel does not support swap limit capabilities or the cgroup is not mounted. Memory limited without swap.
[INFO] [stdout] bd3b83d8a277aa49435a98c821f85a0a9c97f44268fed5a4a019b6cd310217ec
[INFO] running `Command { std: "docker" "start" "-a" "bd3b83d8a277aa49435a98c821f85a0a9c97f44268fed5a4a019b6cd310217ec", kill_on_drop: false }`
[INFO] running `Command { std: "docker" "inspect" "bd3b83d8a277aa49435a98c821f85a0a9c97f44268fed5a4a019b6cd310217ec", kill_on_drop: false }`
[INFO] running `Command { std: "docker" "rm" "-f" "bd3b83d8a277aa49435a98c821f85a0a9c97f44268fed5a4a019b6cd310217ec", kill_on_drop: false }`
[INFO] [stdout] bd3b83d8a277aa49435a98c821f85a0a9c97f44268fed5a4a019b6cd310217ec
[INFO] running `Command { std: "docker" "create" "-v" "/var/lib/crater-agent-workspace/builds/worker-2/target:/opt/rustwide/target:rw,Z" "-v" "/var/lib/crater-agent-workspace/builds/worker-2/source:/opt/rustwide/workdir:ro,Z" "-v" "/var/lib/crater-agent-workspace/cargo-home:/opt/rustwide/cargo-home:ro,Z" "-v" "/var/lib/crater-agent-workspace/rustup-home:/opt/rustwide/rustup-home:ro,Z" "-e" "SOURCE_DIR=/opt/rustwide/workdir" "-e" "CARGO_TARGET_DIR=/opt/rustwide/target" "-e" "CARGO_INCREMENTAL=0" "-e" "RUST_BACKTRACE=full" "-e" "RUSTFLAGS=--cap-lints=warn" "-e" "CARGO_HOME=/opt/rustwide/cargo-home" "-e" "RUSTUP_HOME=/opt/rustwide/rustup-home" "-w" "/opt/rustwide/workdir" "-m" "1610612736" "--user" "0:0" "--network" "none" "ghcr.io/rust-lang/crates-build-env/linux@sha256:a89201d6b5b9fd45c15d5952ece0a0129e7e80cb26ec023fd59cf09bc26f1604" "/opt/rustwide/cargo-home/bin/cargo" "+1.55.0" "check" "--frozen" "--all" "--all-targets" "--message-format=json", kill_on_drop: false }`
[INFO] [stdout] fcf6acd07e2b5fa63a763cc3e8a545d4eb8eece8e73cc428bfd47a5531f3e915
[INFO] [stderr] WARNING: Your kernel does not support swap limit capabilities or the cgroup is not mounted. Memory limited without swap.
[INFO] running `Command { std: "docker" "start" "-a" "fcf6acd07e2b5fa63a763cc3e8a545d4eb8eece8e73cc428bfd47a5531f3e915", kill_on_drop: false }`
[INFO] [stderr]     Checking oxiri v0.1.1
[INFO] [stderr]    Compiling peg-runtime v0.7.0
[INFO] [stderr]     Checking oxilangtag v0.1.2
[INFO] [stderr]     Checking rio_api v0.5.3
[INFO] [stderr]     Checking mownstr v0.1.1
[INFO] [stderr]     Checking json-event-parser v0.1.1
[INFO] [stderr]     Checking resiter v0.4.0
[INFO] [stderr]     Checking quick-xml v0.22.0
[INFO] [stderr]     Checking ahash v0.7.6
[INFO] [stderr]     Checking dashmap v4.0.2
[INFO] [stderr]    Compiling thiserror-impl v1.0.30
[INFO] [stderr]     Checking nom v6.1.2
[INFO] [stderr]     Checking hashbrown v0.11.2
[INFO] [stderr]     Checking rio_turtle v0.5.3
[INFO] [stderr]     Checking rio_xml v0.5.3
[INFO] [stderr]    Compiling peg-macros v0.7.0
[INFO] [stderr]     Checking lasso v0.5.1
[INFO] [stderr]     Checking thiserror v1.0.30
[INFO] [stderr]     Checking peg v0.7.0
[INFO] [stderr]     Checking oxigraph v0.2.5 (/opt/rustwide/workdir)
[INFO] [stderr]     Checking sophia_iri v0.6.2
[INFO] [stderr]     Checking sophia_api v0.6.2
[INFO] [stdout] error[E0432]: unresolved import `oxigraph::RocksDbStore`
[INFO] [stdout]  --> tests/rocksdb_store.rs:3:5
[INFO] [stdout]   |
[INFO] [stdout] 3 | use oxigraph::RocksDbStore;
[INFO] [stdout]   |     ^^^^^^^^^^^^^^^^^^^^^^ no `RocksDbStore` in the root
[INFO] [stdout] 
[INFO] [stdout] 
[INFO] [stderr] error: could not compile `oxigraph` due to 2 previous errors
[INFO] [stdout] error: aborting due to previous error
[INFO] [stdout] 
[INFO] [stdout] 
[INFO] [stderr] warning: build failed, waiting for other jobs to finish...
[INFO] [stdout] For more information about this error, try `rustc --explain E0432`.
[INFO] [stdout] 
[INFO] [stdout] error[E0432]: unresolved import `oxigraph::store::sled`
[INFO] [stdout]  --> tests/sled_store.rs:4:22
[INFO] [stdout]   |
[INFO] [stdout] 4 | use oxigraph::store::sled::SledConflictableTransactionError;
[INFO] [stdout]   |                      ^^^^ could not find `sled` in `store`
[INFO] [stdout] 
[INFO] [stdout] 
[INFO] [stdout] error[E0432]: unresolved import `oxigraph::SledStore`
[INFO] [stdout]  --> tests/sled_store.rs:5:5
[INFO] [stdout]   |
[INFO] [stdout] 5 | use oxigraph::SledStore;
[INFO] [stdout]   |     ^^^^^^^^^^^^^^^^^^^ no `SledStore` in the root
[INFO] [stdout] 
[INFO] [stdout] 
[INFO] [stdout] error: aborting due to 2 previous errors
[INFO] [stdout] 
[INFO] [stdout] 
[INFO] [stdout] For more information about this error, try `rustc --explain E0432`.
[INFO] [stdout] 
[INFO] [stderr] error: build failed
[INFO] running `Command { std: "docker" "inspect" "fcf6acd07e2b5fa63a763cc3e8a545d4eb8eece8e73cc428bfd47a5531f3e915", kill_on_drop: false }`
[INFO] running `Command { std: "docker" "rm" "-f" "fcf6acd07e2b5fa63a763cc3e8a545d4eb8eece8e73cc428bfd47a5531f3e915", kill_on_drop: false }`
[INFO] [stdout] fcf6acd07e2b5fa63a763cc3e8a545d4eb8eece8e73cc428bfd47a5531f3e915
