[INFO] fetching crate outmove-common 0.1.0...
[INFO] checking outmove-common-0.1.0 against beta-2021-10-15 for beta-1.56-3
[INFO] extracting crate outmove-common 0.1.0 into /workspace/builds/worker-79/source
[INFO] validating manifest of crates.io crate outmove-common 0.1.0 on toolchain beta-2021-10-15
[INFO] running `Command { std: "/workspace/cargo-home/bin/cargo" "+beta-2021-10-15" "metadata" "--manifest-path" "Cargo.toml" "--no-deps", kill_on_drop: false }`
[INFO] started tweaking crates.io crate outmove-common 0.1.0
[INFO] finished tweaking crates.io crate outmove-common 0.1.0
[INFO] tweaked toml for crates.io crate outmove-common 0.1.0 written to /workspace/builds/worker-79/source/Cargo.toml
[INFO] running `Command { std: "/workspace/cargo-home/bin/cargo" "+beta-2021-10-15" "generate-lockfile" "--manifest-path" "Cargo.toml" "-Zno-index-update", kill_on_drop: false }`
[INFO] [stderr]     Blocking waiting for file lock on package cache
[INFO] running `Command { std: "/workspace/cargo-home/bin/cargo" "+beta-2021-10-15" "fetch" "--manifest-path" "Cargo.toml", kill_on_drop: false }`
[INFO] [stderr]     Blocking waiting for file lock on package cache
[INFO] [stderr]     Blocking waiting for file lock on package cache
[INFO] running `Command { std: "docker" "create" "-v" "/var/lib/crater-agent-workspace/builds/worker-79/target:/opt/rustwide/target:rw,Z" "-v" "/var/lib/crater-agent-workspace/builds/worker-79/source:/opt/rustwide/workdir:ro,Z" "-v" "/var/lib/crater-agent-workspace/cargo-home:/opt/rustwide/cargo-home:ro,Z" "-v" "/var/lib/crater-agent-workspace/rustup-home:/opt/rustwide/rustup-home:ro,Z" "-e" "SOURCE_DIR=/opt/rustwide/workdir" "-e" "CARGO_TARGET_DIR=/opt/rustwide/target" "-e" "CARGO_HOME=/opt/rustwide/cargo-home" "-e" "RUSTUP_HOME=/opt/rustwide/rustup-home" "-w" "/opt/rustwide/workdir" "-m" "1610612736" "--user" "0:0" "--network" "none" "ghcr.io/rust-lang/crates-build-env/linux@sha256:a89201d6b5b9fd45c15d5952ece0a0129e7e80cb26ec023fd59cf09bc26f1604" "/opt/rustwide/cargo-home/bin/cargo" "+beta-2021-10-15" "metadata" "--no-deps" "--format-version=1", kill_on_drop: false }`
[INFO] [stdout] 4cff1d278828b6d839794b719aff854004e4bc5f063f81ff9af0b37ad64283ca
[INFO] running `Command { std: "docker" "start" "-a" "4cff1d278828b6d839794b719aff854004e4bc5f063f81ff9af0b37ad64283ca", kill_on_drop: false }`
[INFO] running `Command { std: "docker" "inspect" "4cff1d278828b6d839794b719aff854004e4bc5f063f81ff9af0b37ad64283ca", kill_on_drop: false }`
[INFO] running `Command { std: "docker" "rm" "-f" "4cff1d278828b6d839794b719aff854004e4bc5f063f81ff9af0b37ad64283ca", kill_on_drop: false }`
[INFO] [stdout] 4cff1d278828b6d839794b719aff854004e4bc5f063f81ff9af0b37ad64283ca
[INFO] running `Command { std: "docker" "create" "-v" "/var/lib/crater-agent-workspace/builds/worker-79/target:/opt/rustwide/target:rw,Z" "-v" "/var/lib/crater-agent-workspace/builds/worker-79/source:/opt/rustwide/workdir:ro,Z" "-v" "/var/lib/crater-agent-workspace/cargo-home:/opt/rustwide/cargo-home:ro,Z" "-v" "/var/lib/crater-agent-workspace/rustup-home:/opt/rustwide/rustup-home:ro,Z" "-e" "SOURCE_DIR=/opt/rustwide/workdir" "-e" "CARGO_TARGET_DIR=/opt/rustwide/target" "-e" "CARGO_INCREMENTAL=0" "-e" "RUST_BACKTRACE=full" "-e" "RUSTFLAGS=--cap-lints=warn" "-e" "CARGO_HOME=/opt/rustwide/cargo-home" "-e" "RUSTUP_HOME=/opt/rustwide/rustup-home" "-w" "/opt/rustwide/workdir" "-m" "1610612736" "--user" "0:0" "--network" "none" "ghcr.io/rust-lang/crates-build-env/linux@sha256:a89201d6b5b9fd45c15d5952ece0a0129e7e80cb26ec023fd59cf09bc26f1604" "/opt/rustwide/cargo-home/bin/cargo" "+beta-2021-10-15" "check" "--frozen" "--all" "--all-targets" "--message-format=json", kill_on_drop: false }`
[INFO] [stdout] 4bfe0982425a7a346932d24223c7612bf35858e138c020e003846756de3f5587
[INFO] running `Command { std: "docker" "start" "-a" "4bfe0982425a7a346932d24223c7612bf35858e138c020e003846756de3f5587", kill_on_drop: false }`
[INFO] [stderr]     Blocking waiting for file lock on package cache
[INFO] [stderr]    Compiling libc v0.2.103
[INFO] [stderr]    Compiling ref-cast v1.0.6
[INFO] [stderr]     Checking mirai-annotations v1.12.0
[INFO] [stderr]    Compiling thiserror-impl v1.0.30
[INFO] [stderr]    Compiling ref-cast-impl v1.0.6
[INFO] [stderr]     Checking serde_bytes v0.11.5
[INFO] [stderr]     Checking thiserror v1.0.30
[INFO] [stderr]     Checking getrandom v0.2.3
[INFO] [stderr]     Checking bcs v0.1.3
[INFO] [stderr]     Checking rand_core v0.6.3
[INFO] [stderr]     Checking rand_chacha v0.3.1
[INFO] [stderr]     Checking rand v0.8.4
[INFO] [stderr]     Checking outmove-common v0.1.0 (/opt/rustwide/workdir)
[INFO] [stdout] error: cannot find derive macro `Arbitrary` in this scope
[INFO] [stdout]    --> src/types/language_storage.rs:100:51
[INFO] [stdout]     |
[INFO] [stdout] 100 | #[cfg_attr(any(test, feature = "fuzzing"), derive(Arbitrary))]
[INFO] [stdout]     |                                                   ^^^^^^^^^
[INFO] [stdout] 
[INFO] [stdout] 
[INFO] [stdout] error: cannot find attribute `proptest` in this scope
[INFO] [stdout]    --> src/types/language_storage.rs:101:44
[INFO] [stdout]     |
[INFO] [stdout] 101 | #[cfg_attr(any(test, feature = "fuzzing"), proptest(no_params))]
[INFO] [stdout]     |                                            ^^^^^^^^
[INFO] [stdout] 
[INFO] [stdout] 
[INFO] [stdout] error[E0405]: cannot find trait `Arbitrary` in this scope
[INFO] [stdout]    --> src/types/vm_status.rs:717:6
[INFO] [stdout]     |
[INFO] [stdout] 717 | impl Arbitrary for StatusCode {
[INFO] [stdout]     |      ^^^^^^^^^ not found in this scope
[INFO] [stdout] 
[INFO] [stdout] 
[INFO] [stdout] error[E0412]: cannot find type `BoxedStrategy` in this scope
[INFO] [stdout]    --> src/types/vm_status.rs:719:21
[INFO] [stdout]     |
[INFO] [stdout] 719 |     type Strategy = BoxedStrategy<Self>;
[INFO] [stdout]     |                     ^^^^^^^^^^^^^ not found in this scope
[INFO] [stdout] 
[INFO] [stdout] 
[INFO] [stdout] error[E0425]: cannot find function `any` in this scope
[INFO] [stdout]    --> src/types/vm_status.rs:722:10
[INFO] [stdout]     |
[INFO] [stdout] 722 |         (any::<usize>())
[INFO] [stdout]     |          ^^^ not found in this scope
[INFO] [stdout] 
[INFO] [stdout] 
[INFO] [stdout] error: aborting due to 5 previous errors
[INFO] [stdout] 
[INFO] [stdout] 
[INFO] [stdout] Some errors have detailed explanations: E0405, E0412, E0425.
[INFO] [stdout] 
[INFO] [stdout] For more information about an error, try `rustc --explain E0405`.
[INFO] [stdout] 
[INFO] [stderr] error: could not compile `outmove-common` due to 6 previous errors
[INFO] [stderr] warning: build failed, waiting for other jobs to finish...
[INFO] [stderr] error: build failed
[INFO] running `Command { std: "docker" "inspect" "4bfe0982425a7a346932d24223c7612bf35858e138c020e003846756de3f5587", kill_on_drop: false }`
[INFO] running `Command { std: "docker" "rm" "-f" "4bfe0982425a7a346932d24223c7612bf35858e138c020e003846756de3f5587", kill_on_drop: false }`
[INFO] [stdout] 4bfe0982425a7a346932d24223c7612bf35858e138c020e003846756de3f5587
