[INFO] fetching crate other-pocket 0.1.0...
[INFO] checking other-pocket-0.1.0 against 1.55.0 for beta-1.56-3
[INFO] extracting crate other-pocket 0.1.0 into /workspace/builds/worker-55/source
[INFO] validating manifest of crates.io crate other-pocket 0.1.0 on toolchain 1.55.0
[INFO] running `Command { std: "/workspace/cargo-home/bin/cargo" "+1.55.0" "metadata" "--manifest-path" "Cargo.toml" "--no-deps", kill_on_drop: false }`
[INFO] started tweaking crates.io crate other-pocket 0.1.0
[INFO] finished tweaking crates.io crate other-pocket 0.1.0
[INFO] tweaked toml for crates.io crate other-pocket 0.1.0 written to /workspace/builds/worker-55/source/Cargo.toml
[INFO] crate crates.io crate other-pocket 0.1.0 already has a lockfile, it will not be regenerated
[INFO] running `Command { std: "/workspace/cargo-home/bin/cargo" "+1.55.0" "fetch" "--manifest-path" "Cargo.toml", kill_on_drop: false }`
[INFO] [stderr]     Blocking waiting for file lock on package cache
[INFO] [stderr]     Blocking waiting for file lock on package cache
[INFO] [stderr]  Downloading crates ...
[INFO] [stderr]   Downloaded tokio-util v0.3.1
[INFO] [stderr]   Downloaded tinyvec v1.1.0
[INFO] [stderr]   Downloaded once_cell v1.5.2
[INFO] [stderr]   Downloaded hyper-tls v0.4.3
[INFO] [stderr]   Downloaded futures-task v0.3.10
[INFO] [stderr]   Downloaded rand_hc v0.3.0
[INFO] [stderr]   Downloaded memchr v2.3.4
[INFO] [stderr]   Downloaded indexmap v1.6.1
[INFO] [stderr]   Downloaded rand_chacha v0.3.0
[INFO] [stderr]   Downloaded tracing-futures v0.2.4
[INFO] [stderr]   Downloaded tokio-tls v0.3.1
[INFO] [stderr]   Downloaded futures v0.3.10
[INFO] [stderr]   Downloaded futures-io v0.3.10
[INFO] [stderr]   Downloaded futures-channel v0.3.10
[INFO] [stderr]   Downloaded tokio v0.2.24
[INFO] [stderr]   Downloaded http v0.2.3
[INFO] [stderr]   Downloaded openssl-sys v0.9.60
[INFO] [stderr]   Downloaded httpdate v0.3.2
[INFO] [stderr]   Downloaded tracing-core v0.1.17
[INFO] [stderr]   Downloaded futures-util v0.3.10
[INFO] [stderr]   Downloaded futures-sink v0.3.10
[INFO] [stderr]   Downloaded h2 v0.2.7
[INFO] [stderr]   Downloaded pin-project-lite v0.2.4
[INFO] [stderr]   Downloaded pin-project v0.4.27
[INFO] [stderr]   Downloaded futures-macro v0.3.10
[INFO] [stderr]   Downloaded pin-project-internal v0.4.27
[INFO] [stderr]   Downloaded cc v1.0.66
[INFO] [stderr]   Downloaded socket2 v0.3.19
[INFO] [stderr]   Downloaded log v0.4.13
[INFO] [stderr]   Downloaded vcpkg v0.2.11
[INFO] [stderr]   Downloaded libc v0.2.82
[INFO] [stderr]   Downloaded openssl v0.10.32
[INFO] [stderr]   Downloaded futures-executor v0.3.10
[INFO] [stderr]   Downloaded tracing v0.1.22
[INFO] [stderr]   Downloaded url_serde v0.2.0
[INFO] [stderr]   Downloaded syn v1.0.58
[INFO] [stderr]   Downloaded security-framework v2.0.0
[INFO] [stderr]   Downloaded rand_core v0.6.1
[INFO] [stderr]   Downloaded wasi v0.10.1+wasi-snapshot-preview1
[INFO] [stderr]   Downloaded pin-project-internal v1.0.4
[INFO] [stderr]   Downloaded serde_json v1.0.61
[INFO] [stderr]   Downloaded proc-macro2 v1.0.24
[INFO] [stderr]   Downloaded hyper v0.13.9
[INFO] [stderr]   Downloaded bytes v0.5.6
[INFO] [stderr]   Downloaded tokio-macros v0.2.6
[INFO] [stderr]   Downloaded pin-project v1.0.4
[INFO] [stderr]   Downloaded security-framework-sys v2.0.0
[INFO] [stderr]   Downloaded redox_syscall v0.2.4
[INFO] [stderr]   Downloaded quote v1.0.8
[INFO] [stderr]   Downloaded serde v1.0.119
[INFO] [stderr]   Downloaded getrandom v0.2.1
[INFO] [stderr]   Downloaded rand v0.8.2
[INFO] [stderr]   Downloaded unicode-normalization v0.1.16
[INFO] [stderr]   Downloaded pin-project-lite v0.1.11
[INFO] [stderr]   Downloaded futures-core v0.3.10
[INFO] [stderr]   Downloaded serde_derive v1.0.119
[INFO] running `Command { std: "docker" "create" "-v" "/var/lib/crater-agent-workspace/builds/worker-55/target:/opt/rustwide/target:rw,Z" "-v" "/var/lib/crater-agent-workspace/builds/worker-55/source:/opt/rustwide/workdir:ro,Z" "-v" "/var/lib/crater-agent-workspace/cargo-home:/opt/rustwide/cargo-home:ro,Z" "-v" "/var/lib/crater-agent-workspace/rustup-home:/opt/rustwide/rustup-home:ro,Z" "-e" "SOURCE_DIR=/opt/rustwide/workdir" "-e" "CARGO_TARGET_DIR=/opt/rustwide/target" "-e" "CARGO_HOME=/opt/rustwide/cargo-home" "-e" "RUSTUP_HOME=/opt/rustwide/rustup-home" "-w" "/opt/rustwide/workdir" "-m" "1610612736" "--user" "0:0" "--network" "none" "ghcr.io/rust-lang/crates-build-env/linux@sha256:a89201d6b5b9fd45c15d5952ece0a0129e7e80cb26ec023fd59cf09bc26f1604" "/opt/rustwide/cargo-home/bin/cargo" "+1.55.0" "metadata" "--no-deps" "--format-version=1", kill_on_drop: false }`
[INFO] [stdout] 2b2cdfcaaef1bc7314067ec14e0622391fc11b2a154b118265541908cd74595f
[INFO] running `Command { std: "docker" "start" "-a" "2b2cdfcaaef1bc7314067ec14e0622391fc11b2a154b118265541908cd74595f", kill_on_drop: false }`
[INFO] running `Command { std: "docker" "inspect" "2b2cdfcaaef1bc7314067ec14e0622391fc11b2a154b118265541908cd74595f", kill_on_drop: false }`
[INFO] running `Command { std: "docker" "rm" "-f" "2b2cdfcaaef1bc7314067ec14e0622391fc11b2a154b118265541908cd74595f", kill_on_drop: false }`
[INFO] [stdout] 2b2cdfcaaef1bc7314067ec14e0622391fc11b2a154b118265541908cd74595f
[INFO] running `Command { std: "docker" "create" "-v" "/var/lib/crater-agent-workspace/builds/worker-55/target:/opt/rustwide/target:rw,Z" "-v" "/var/lib/crater-agent-workspace/builds/worker-55/source:/opt/rustwide/workdir:ro,Z" "-v" "/var/lib/crater-agent-workspace/cargo-home:/opt/rustwide/cargo-home:ro,Z" "-v" "/var/lib/crater-agent-workspace/rustup-home:/opt/rustwide/rustup-home:ro,Z" "-e" "SOURCE_DIR=/opt/rustwide/workdir" "-e" "CARGO_TARGET_DIR=/opt/rustwide/target" "-e" "CARGO_INCREMENTAL=0" "-e" "RUST_BACKTRACE=full" "-e" "RUSTFLAGS=--cap-lints=warn" "-e" "CARGO_HOME=/opt/rustwide/cargo-home" "-e" "RUSTUP_HOME=/opt/rustwide/rustup-home" "-w" "/opt/rustwide/workdir" "-m" "1610612736" "--user" "0:0" "--network" "none" "ghcr.io/rust-lang/crates-build-env/linux@sha256:a89201d6b5b9fd45c15d5952ece0a0129e7e80cb26ec023fd59cf09bc26f1604" "/opt/rustwide/cargo-home/bin/cargo" "+1.55.0" "check" "--frozen" "--all" "--all-targets" "--message-format=json", kill_on_drop: false }`
[INFO] [stdout] 6d07ab7ee7ccaa408f755122e9e10c703a920542e9a05afb84a10b63daf21b1e
[INFO] running `Command { std: "docker" "start" "-a" "6d07ab7ee7ccaa408f755122e9e10c703a920542e9a05afb84a10b63daf21b1e", kill_on_drop: false }`
[INFO] [stderr]     Blocking waiting for file lock on package cache
[INFO] [stderr]    Compiling syn v1.0.58
[INFO] [stderr]    Compiling libc v0.2.82
[INFO] [stderr]    Compiling log v0.4.13
[INFO] [stderr]    Compiling memchr v2.3.4
[INFO] [stderr]     Checking futures-core v0.3.10
[INFO] [stderr]    Compiling cc v1.0.66
[INFO] [stderr]    Compiling pkg-config v0.3.19
[INFO] [stderr]    Compiling proc-macro-nested v0.1.7
[INFO] [stderr]     Checking futures-sink v0.3.10
[INFO] [stderr]     Checking pin-project-lite v0.2.4
[INFO] [stderr]    Compiling pin-project-internal v0.4.27
[INFO] [stderr]     Checking bytes v0.5.6
[INFO] [stderr]     Checking once_cell v1.5.2
[INFO] [stderr]     Checking itoa v0.4.7
[INFO] [stderr]     Checking futures-io v0.3.10
[INFO] [stderr]     Checking pin-project-lite v0.1.11
[INFO] [stderr]    Compiling serde_derive v1.0.119
[INFO] [stderr]     Checking foreign-types-shared v0.1.1
[INFO] [stderr]     Checking bytes v1.0.1
[INFO] [stderr]    Compiling openssl v0.10.32
[INFO] [stderr]    Compiling httparse v1.3.4
[INFO] [stderr]    Compiling native-tls v0.2.7
[INFO] [stderr]    Compiling serde v1.0.119
[INFO] [stderr]     Checking hashbrown v0.9.1
[INFO] [stderr]     Checking openssl-probe v0.1.2
[INFO] [stderr]     Checking httpdate v0.3.2
[INFO] [stderr]    Compiling serde_json v1.0.61
[INFO] [stderr]     Checking tower-service v0.3.0
[INFO] [stderr]     Checking mime v0.3.16
[INFO] [stderr]     Checking tracing-core v0.1.17
[INFO] [stderr]    Compiling indexmap v1.6.1
[INFO] [stderr]     Checking tinyvec v1.1.0
[INFO] [stderr]     Checking unicode-bidi v0.3.4
[INFO] [stderr]    Compiling quote v1.0.8
[INFO] [stderr]     Checking futures-channel v0.3.10
[INFO] [stderr]     Checking foreign-types v0.3.2
[INFO] [stderr]     Checking futures-task v0.3.10
[INFO] [stderr]     Checking http v0.2.3
[INFO] [stderr]     Checking tracing v0.1.22
[INFO] [stderr]     Checking want v0.3.0
[INFO] [stderr]     Checking log v0.3.9
[INFO] [stderr]     Checking unicode-normalization v0.1.16
[INFO] [stderr]    Compiling openssl-sys v0.9.60
[INFO] [stderr]     Checking net2 v0.2.37
[INFO] [stderr]     Checking iovec v0.1.4
[INFO] [stderr]     Checking socket2 v0.3.19
[INFO] [stderr]     Checking time v0.1.43
[INFO] [stderr]     Checking mio v0.6.23
[INFO] [stderr]     Checking idna v0.1.5
[INFO] [stderr]     Checking chrono v0.4.19
[INFO] [stderr]     Checking url v1.7.2
[INFO] [stderr]     Checking http-body v0.3.1
[INFO] [stderr]    Compiling futures-macro v0.3.10
[INFO] [stderr]    Compiling tokio-macros v0.2.6
[INFO] [stderr]    Compiling pin-project-internal v1.0.4
[INFO] [stderr]     Checking tokio v0.2.24
[INFO] [stderr]     Checking futures-util v0.3.10
[INFO] [stderr]     Checking pin-project v1.0.4
[INFO] [stderr]     Checking pin-project v0.4.27
[INFO] [stderr]     Checking tracing-futures v0.2.4
[INFO] [stderr]     Checking tokio-util v0.3.1
[INFO] [stderr]     Checking tokio-tls v0.3.1
[INFO] [stderr]     Checking futures-executor v0.3.10
[INFO] [stderr]     Checking futures v0.3.10
[INFO] [stderr]     Checking h2 v0.2.7
[INFO] [stderr]     Checking hyper v0.13.9
[INFO] [stderr]     Checking url_serde v0.2.0
[INFO] [stderr]     Checking hyper-tls v0.4.3
[INFO] [stderr]     Checking other-pocket v0.1.0 (/opt/rustwide/workdir)
[INFO] [stdout] error[E0463]: can't find crate for `pocket`
[INFO] [stdout]  --> examples/retrieve.rs:1:1
[INFO] [stdout]   |
[INFO] [stdout] 1 | extern crate pocket;
[INFO] [stdout]   | ^^^^^^^^^^^^^^^^^^^^ can't find crate
[INFO] [stdout] 
[INFO] [stdout] 
[INFO] [stdout] error: aborting due to previous error
[INFO] [stdout] 
[INFO] [stdout] 
[INFO] [stdout] For more information about this error, try `rustc --explain E0463`.
[INFO] [stdout] 
[INFO] [stderr] error: could not compile `other-pocket` due to 2 previous errors
[INFO] [stderr] warning: build failed, waiting for other jobs to finish...
[INFO] [stdout] error[E0433]: failed to resolve: use of undeclared crate or module `pocket`
[INFO] [stdout]  --> examples/add.rs:1:5
[INFO] [stdout]   |
[INFO] [stdout] 1 | use pocket::{add::PocketAddRequest, Pocket};
[INFO] [stdout]   |     ^^^^^^ use of undeclared crate or module `pocket`
[INFO] [stdout] 
[INFO] [stdout] 
[INFO] [stdout] error[E0433]: failed to resolve: use of undeclared crate or module `pocket`
[INFO] [stdout]  --> examples/auth.rs:1:5
[INFO] [stdout]   |
[INFO] [stdout] 1 | use pocket::auth::PocketAuthentication;
[INFO] [stdout]   |     ^^^^^^ use of undeclared crate or module `pocket`
[INFO] [stdout] 
[INFO] [stdout] 
[INFO] [stdout] error[E0463]: can't find crate for `pocket`
[INFO] [stdout]  --> examples/modify.rs:2:1
[INFO] [stdout]   |
[INFO] [stdout] 2 | extern crate pocket;
[INFO] [stdout]   | ^^^^^^^^^^^^^^^^^^^^ can't find crate
[INFO] [stdout] 
[INFO] [stdout] 
[INFO] [stdout] error: aborting due to previous error
[INFO] [stdout] 
[INFO] [stdout] 
[INFO] [stdout] For more information about this error, try `rustc --explain E0463`.
[INFO] [stdout] 
[INFO] [stdout] error[E0432]: unresolved import `pocket`
[INFO] [stdout]  --> examples/add.rs:1:5
[INFO] [stdout]   |
[INFO] [stdout] 1 | use pocket::{add::PocketAddRequest, Pocket};
[INFO] [stdout]   |     ^^^^^^ use of undeclared crate or module `pocket`
[INFO] [stdout] 
[INFO] [stdout] 
[INFO] [stdout] error[E0433]: failed to resolve: use of undeclared type `PocketAuthentication`
[INFO] [stdout]   --> examples/auth.rs:10:16
[INFO] [stdout]    |
[INFO] [stdout] 10 |     let auth = PocketAuthentication::new(&consumer_key, "rustapi:finishauth");
[INFO] [stdout]    |                ^^^^^^^^^^^^^^^^^^^^ not found in this scope
[INFO] [stdout]    |
[INFO] [stdout] help: consider importing this struct
[INFO] [stdout]    |
[INFO] [stdout] 1  | use other_pocket::auth::PocketAuthentication;
[INFO] [stdout]    |
[INFO] [stdout] 
[INFO] [stdout] 
[INFO] [stdout] error[E0433]: failed to resolve: use of undeclared type `PocketAddRequest`
[INFO] [stdout]   --> examples/add.rs:15:14
[INFO] [stdout]    |
[INFO] [stdout] 15 |             &PocketAddRequest::new(&url)
[INFO] [stdout]    |              ^^^^^^^^^^^^^^^^ not found in this scope
[INFO] [stdout]    |
[INFO] [stdout] help: consider importing this struct
[INFO] [stdout]    |
[INFO] [stdout] 1  | use other_pocket::add::PocketAddRequest;
[INFO] [stdout]    |
[INFO] [stdout] 
[INFO] [stdout] 
[INFO] [stdout] error: aborting due to 3 previous errors
[INFO] [stdout] 
[INFO] [stdout] 
[INFO] [stdout] Some errors have detailed explanations: E0432, E0433.
[INFO] [stdout] 
[INFO] [stdout] For more information about an error, try `rustc --explain E0432`.
[INFO] [stdout] 
[INFO] [stdout] error: aborting due to 2 previous errors
[INFO] [stdout] 
[INFO] [stdout] 
[INFO] [stdout] For more information about this error, try `rustc --explain E0433`.
[INFO] [stdout] 
[INFO] [stderr] error: build failed
[INFO] running `Command { std: "docker" "inspect" "6d07ab7ee7ccaa408f755122e9e10c703a920542e9a05afb84a10b63daf21b1e", kill_on_drop: false }`
[INFO] running `Command { std: "docker" "rm" "-f" "6d07ab7ee7ccaa408f755122e9e10c703a920542e9a05afb84a10b63daf21b1e", kill_on_drop: false }`
[INFO] [stdout] 6d07ab7ee7ccaa408f755122e9e10c703a920542e9a05afb84a10b63daf21b1e
