[INFO] fetching crate orml-vesting 0.4.0...
[INFO] checking orml-vesting-0.4.0 against 1.55.0 for beta-1.56-3
[INFO] extracting crate orml-vesting 0.4.0 into /workspace/builds/worker-9/source
[INFO] validating manifest of crates.io crate orml-vesting 0.4.0 on toolchain 1.55.0
[INFO] running `Command { std: "/workspace/cargo-home/bin/cargo" "+1.55.0" "metadata" "--manifest-path" "Cargo.toml" "--no-deps", kill_on_drop: false }`
[INFO] started tweaking crates.io crate orml-vesting 0.4.0
[INFO] finished tweaking crates.io crate orml-vesting 0.4.0
[INFO] tweaked toml for crates.io crate orml-vesting 0.4.0 written to /workspace/builds/worker-9/source/Cargo.toml
[INFO] running `Command { std: "/workspace/cargo-home/bin/cargo" "+1.55.0" "generate-lockfile" "--manifest-path" "Cargo.toml" "-Zno-index-update", kill_on_drop: false }`
[INFO] [stderr]     Blocking waiting for file lock on package cache
[INFO] running `Command { std: "/workspace/cargo-home/bin/cargo" "+1.55.0" "fetch" "--manifest-path" "Cargo.toml", kill_on_drop: false }`
[INFO] [stderr]     Blocking waiting for file lock on package cache
[INFO] [stderr]     Blocking waiting for file lock on package cache
[INFO] running `Command { std: "docker" "create" "-v" "/var/lib/crater-agent-workspace/builds/worker-9/target:/opt/rustwide/target:rw,Z" "-v" "/var/lib/crater-agent-workspace/builds/worker-9/source:/opt/rustwide/workdir:ro,Z" "-v" "/var/lib/crater-agent-workspace/cargo-home:/opt/rustwide/cargo-home:ro,Z" "-v" "/var/lib/crater-agent-workspace/rustup-home:/opt/rustwide/rustup-home:ro,Z" "-e" "SOURCE_DIR=/opt/rustwide/workdir" "-e" "CARGO_TARGET_DIR=/opt/rustwide/target" "-e" "CARGO_HOME=/opt/rustwide/cargo-home" "-e" "RUSTUP_HOME=/opt/rustwide/rustup-home" "-w" "/opt/rustwide/workdir" "-m" "1610612736" "--user" "0:0" "--network" "none" "ghcr.io/rust-lang/crates-build-env/linux@sha256:a89201d6b5b9fd45c15d5952ece0a0129e7e80cb26ec023fd59cf09bc26f1604" "/opt/rustwide/cargo-home/bin/cargo" "+1.55.0" "metadata" "--no-deps" "--format-version=1", kill_on_drop: false }`
[INFO] [stdout] fc2c8b278da0b6331b65d201a3593f947bc960a3b406b1d7da32b51e267ca3a6
[INFO] running `Command { std: "docker" "start" "-a" "fc2c8b278da0b6331b65d201a3593f947bc960a3b406b1d7da32b51e267ca3a6", kill_on_drop: false }`
[INFO] running `Command { std: "docker" "inspect" "fc2c8b278da0b6331b65d201a3593f947bc960a3b406b1d7da32b51e267ca3a6", kill_on_drop: false }`
[INFO] running `Command { std: "docker" "rm" "-f" "fc2c8b278da0b6331b65d201a3593f947bc960a3b406b1d7da32b51e267ca3a6", kill_on_drop: false }`
[INFO] [stdout] fc2c8b278da0b6331b65d201a3593f947bc960a3b406b1d7da32b51e267ca3a6
[INFO] running `Command { std: "docker" "create" "-v" "/var/lib/crater-agent-workspace/builds/worker-9/target:/opt/rustwide/target:rw,Z" "-v" "/var/lib/crater-agent-workspace/builds/worker-9/source:/opt/rustwide/workdir:ro,Z" "-v" "/var/lib/crater-agent-workspace/cargo-home:/opt/rustwide/cargo-home:ro,Z" "-v" "/var/lib/crater-agent-workspace/rustup-home:/opt/rustwide/rustup-home:ro,Z" "-e" "SOURCE_DIR=/opt/rustwide/workdir" "-e" "CARGO_TARGET_DIR=/opt/rustwide/target" "-e" "CARGO_INCREMENTAL=0" "-e" "RUST_BACKTRACE=full" "-e" "RUSTFLAGS=--cap-lints=warn" "-e" "CARGO_HOME=/opt/rustwide/cargo-home" "-e" "RUSTUP_HOME=/opt/rustwide/rustup-home" "-w" "/opt/rustwide/workdir" "-m" "1610612736" "--user" "0:0" "--network" "none" "ghcr.io/rust-lang/crates-build-env/linux@sha256:a89201d6b5b9fd45c15d5952ece0a0129e7e80cb26ec023fd59cf09bc26f1604" "/opt/rustwide/cargo-home/bin/cargo" "+1.55.0" "check" "--frozen" "--all" "--all-targets" "--message-format=json", kill_on_drop: false }`
[INFO] [stdout] 3c06628fdf40add27eefe4d840df28d7bec4bfb6752ff072746c46bed09c337a
[INFO] running `Command { std: "docker" "start" "-a" "3c06628fdf40add27eefe4d840df28d7bec4bfb6752ff072746c46bed09c337a", kill_on_drop: false }`
[INFO] [stderr]     Blocking waiting for file lock on package cache
[INFO] [stderr]     Checking funty v1.1.0
[INFO] [stderr]     Checking arrayvec v0.7.1
[INFO] [stderr]     Checking sp-std v3.0.0
[INFO] [stderr]     Checking parity-wasm v0.41.0
[INFO] [stderr]    Compiling parity-util-mem v0.9.0
[INFO] [stderr]     Checking hash-db v0.15.2
[INFO] [stderr]     Checking environmental v1.1.3
[INFO] [stderr]     Checking arrayvec v0.5.2
[INFO] [stderr]    Compiling serde v1.0.130
[INFO] [stderr]    Compiling radium v0.6.2
[INFO] [stderr]    Compiling getrandom v0.1.16
[INFO] [stderr]    Compiling num-integer v0.1.44
[INFO] [stderr]    Compiling crunchy v0.2.2
[INFO] [stderr]    Compiling num-rational v0.2.4
[INFO] [stderr]    Compiling futures-core v0.3.17
[INFO] [stderr]    Compiling futures-channel v0.3.17
[INFO] [stderr]    Compiling ref-cast v1.0.6
[INFO] [stderr]    Compiling arrayvec v0.4.12
[INFO] [stderr]    Compiling tiny-keccak v2.0.2
[INFO] [stderr]    Compiling generic-array v0.14.4
[INFO] [stderr]    Compiling num-bigint v0.2.6
[INFO] [stderr]     Checking tracing v0.1.29
[INFO] [stderr]    Compiling futures-util v0.3.17
[INFO] [stderr]     Checking matchers v0.0.1
[INFO] [stderr]    Compiling syn v1.0.80
[INFO] [stderr]     Checking tracing-log v0.1.2
[INFO] [stderr]     Checking object v0.26.2
[INFO] [stderr]     Checking rand_core v0.6.3
[INFO] [stderr]     Checking block-buffer v0.7.3
[INFO] [stderr]     Checking parking_lot v0.11.2
[INFO] [stderr]     Checking ahash v0.7.6
[INFO] [stderr]     Checking integer-sqrt v0.1.5
[INFO] [stderr]     Checking hmac v0.7.1
[INFO] [stderr]     Checking trie-root v0.16.0
[INFO] [stderr]     Checking uint v0.9.1
[INFO] [stderr]     Checking hash256-std-hasher v0.15.2
[INFO] [stderr]     Checking rand_core v0.5.1
[INFO] [stderr]     Checking hmac-drbg v0.2.0
[INFO] [stderr]     Checking rand_chacha v0.3.1
[INFO] [stderr]     Checking sha2 v0.8.2
[INFO] [stderr]     Checking hashbrown v0.11.2
[INFO] [stderr]     Checking bitvec v0.20.4
[INFO] [stderr]     Checking rand_chacha v0.2.2
[INFO] [stderr]     Checking rand_pcg v0.2.1
[INFO] [stderr]     Checking blake2-rfc v0.2.18
[INFO] [stderr]     Checking digest v0.9.0
[INFO] [stderr]     Checking block-buffer v0.9.0
[INFO] [stderr]     Checking crypto-mac v0.8.0
[INFO] [stderr]     Checking crypto-mac v0.11.1
[INFO] [stderr]     Checking rand v0.8.4
[INFO] [stderr]     Checking pbkdf2 v0.8.0
[INFO] [stderr]     Checking rand v0.7.3
[INFO] [stderr]     Checking sha2 v0.9.8
[INFO] [stderr]     Checking hmac v0.11.0
[INFO] [stderr]     Checking hmac v0.8.1
[INFO] [stderr]     Checking pbkdf2 v0.4.0
[INFO] [stderr]     Checking chrono v0.4.19
[INFO] [stderr]     Checking trie-db v0.22.6
[INFO] [stderr]     Checking fixed-hash v0.7.0
[INFO] [stderr]     Checking twox-hash v1.6.1
[INFO] [stderr]     Checking wasmi-validation v0.3.0
[INFO] [stderr]     Checking libsecp256k1 v0.3.5
[INFO] [stderr]     Checking backtrace v0.3.61
[INFO] [stderr]     Checking wasmi v0.6.2
[INFO] [stderr]     Checking sp-panic-handler v3.0.0
[INFO] [stderr]    Compiling synstructure v0.12.6
[INFO] [stderr]    Compiling serde_derive v1.0.130
[INFO] [stderr]    Compiling thiserror-impl v1.0.30
[INFO] [stderr]    Compiling impl-trait-for-tuples v0.2.1
[INFO] [stderr]    Compiling sp-debug-derive v3.0.0
[INFO] [stderr]    Compiling ref-cast-impl v1.0.6
[INFO] [stderr]    Compiling futures-macro v0.3.17
[INFO] [stderr]    Compiling dyn-clonable-impl v0.9.0
[INFO] [stderr]    Compiling async-trait v0.1.51
[INFO] [stderr]    Compiling derive_more v0.99.16
[INFO] [stderr]    Compiling frame-support-procedural-tools-derive v3.0.0
[INFO] [stderr]     Checking dyn-clonable v0.9.0
[INFO] [stderr]    Compiling zeroize_derive v1.2.0
[INFO] [stderr]    Compiling parity-util-mem-derive v0.1.0
[INFO] [stderr]    Compiling thiserror v1.0.30
[INFO] [stderr]     Checking futures-executor v0.3.17
[INFO] [stderr]     Checking zeroize v1.4.2
[INFO] [stderr]     Checking futures v0.3.17
[INFO] [stderr]     Checking curve25519-dalek v2.1.3
[INFO] [stderr]     Checking merlin v2.0.1
[INFO] [stderr]     Checking curve25519-dalek v3.2.0
[INFO] [stderr]     Checking secrecy v0.7.0
[INFO] [stderr]     Checking tiny-bip39 v0.8.2
[INFO] [stderr]    Compiling toml v0.5.8
[INFO] [stderr]     Checking impl-serde v0.3.1
[INFO] [stderr]     Checking serde_json v1.0.68
[INFO] [stderr]     Checking tracing-serde v0.1.2
[INFO] [stderr]     Checking schnorrkel v0.9.1
[INFO] [stderr]     Checking ed25519-dalek v1.0.1
[INFO] [stderr]     Checking substrate-bip39 v0.4.4
[INFO] [stderr]     Checking tracing-subscriber v0.2.25
[INFO] [stderr]    Compiling proc-macro-crate v1.1.0
[INFO] [stderr]    Compiling proc-macro-crate v0.1.5
[INFO] [stderr]    Compiling frame-support-procedural-tools v3.0.0
[INFO] [stderr]    Compiling parity-scale-codec-derive v2.3.1
[INFO] [stderr]    Compiling sp-runtime-interface-proc-macro v3.0.0
[INFO] [stderr]    Compiling frame-support-procedural v3.0.0
[INFO] [stderr]     Checking parity-scale-codec v2.3.1
[INFO] [stderr]     Checking impl-codec v0.5.1
[INFO] [stderr]     Checking sp-storage v3.0.0
[INFO] [stderr]     Checking sp-wasm-interface v3.0.0
[INFO] [stderr]     Checking sp-tracing v3.0.0
[INFO] [stderr]     Checking sp-arithmetic v3.0.0
[INFO] [stderr]     Checking primitive-types v0.9.1
[INFO] [stderr]     Checking sp-externalities v0.9.0
[INFO] [stderr]     Checking sp-runtime-interface v3.0.0
[INFO] [stderr]     Checking memory-db v0.26.0
[INFO] [stderr]     Checking sp-core v3.0.0
[INFO] [stderr]     Checking sp-trie v3.0.0
[INFO] [stderr]     Checking sp-keystore v0.9.0
[INFO] [stderr]     Checking frame-metadata v13.0.0
[INFO] [stderr]     Checking sp-inherents v3.0.0
[INFO] [stderr]     Checking sp-state-machine v0.9.0
[INFO] [stderr]     Checking sp-io v3.0.0
[INFO] [stderr]     Checking sp-application-crypto v3.0.0
[INFO] [stderr]     Checking sp-runtime v3.0.0
[INFO] [stderr]     Checking sp-staking v3.0.0
[INFO] [stderr]     Checking sp-version v3.0.0
[INFO] [stderr]     Checking frame-support v3.0.0
[INFO] [stderr]     Checking frame-system v3.0.0
[INFO] [stderr]     Checking orml-vesting v0.4.0 (/opt/rustwide/workdir)
[INFO] [stdout] error[E0432]: unresolved import `sp_core`
[INFO] [stdout]   --> src/mock.rs:11:5
[INFO] [stdout]    |
[INFO] [stdout] 11 | use sp_core::H256;
[INFO] [stdout]    |     ^^^^^^^ use of undeclared crate or module `sp_core`
[INFO] [stdout] 
[INFO] [stdout] 
[INFO] [stdout] error[E0432]: unresolved import `pallet_balances`
[INFO] [stdout]  --> src/tests.rs:8:5
[INFO] [stdout]   |
[INFO] [stdout] 8 | use pallet_balances::{BalanceLock, Reasons};
[INFO] [stdout]   |     ^^^^^^^^^^^^^^^ use of undeclared crate or module `pallet_balances`
[INFO] [stdout] 
[INFO] [stdout] 
[INFO] [stdout] error[E0433]: failed to resolve: use of undeclared crate or module `pallet_balances`
[INFO] [stdout]   --> src/mock.rs:37:21
[INFO] [stdout]    |
[INFO] [stdout] 37 |     type AccountData = pallet_balances::AccountData<u64>;
[INFO] [stdout]    |                        ^^^^^^^^^^^^^^^ use of undeclared crate or module `pallet_balances`
[INFO] [stdout] 
[INFO] [stdout] 
[INFO] [stdout] error[E0433]: failed to resolve: use of undeclared crate or module `pallet_balances`
[INFO] [stdout]   --> src/mock.rs:53:6
[INFO] [stdout]    |
[INFO] [stdout] 53 | impl pallet_balances::Config for Runtime {
[INFO] [stdout]    |      ^^^^^^^^^^^^^^^ use of undeclared crate or module `pallet_balances`
[INFO] [stdout] 
[INFO] [stdout] 
[INFO] [stdout] error[E0433]: failed to resolve: use of undeclared crate or module `pallet_balances`
[INFO] [stdout]    --> src/mock.rs:100:19
[INFO] [stdout]     |
[INFO] [stdout] 100 |         PalletBalances: pallet_balances::{Module, Call, Storage, Config<T>, Event<T>},
[INFO] [stdout]     |                         ^^^^^^^^^^^^^^^ use of undeclared crate or module `pallet_balances`
[INFO] [stdout] 
[INFO] [stdout] 
[INFO] [stdout] error[E0433]: failed to resolve: use of undeclared crate or module `pallet_balances`
[INFO] [stdout]    --> src/mock.rs:117:3
[INFO] [stdout]     |
[INFO] [stdout] 117 |         pallet_balances::GenesisConfig::<Runtime> {
[INFO] [stdout]     |         ^^^^^^^^^^^^^^^ use of undeclared crate or module `pallet_balances`
[INFO] [stdout] 
[INFO] [stdout] 
[INFO] [stdout] error[E0433]: failed to resolve: use of undeclared crate or module `pallet_balances`
[INFO] [stdout]    --> src/tests.rs:159:4
[INFO] [stdout]     |
[INFO] [stdout] 159 |             pallet_balances::Error::<Runtime, _>::InsufficientBalance,
[INFO] [stdout]     |             ^^^^^^^^^^^^^^^ use of undeclared crate or module `pallet_balances`
[INFO] [stdout] 
[INFO] [stdout] 
[INFO] [stdout] error[E0433]: failed to resolve: use of undeclared crate or module `pallet_balances`
[INFO] [stdout]    --> src/mock.rs:92:1
[INFO] [stdout]     |
[INFO] [stdout] 92  | / construct_runtime!(
[INFO] [stdout] 93  | |     pub enum Runtime where
[INFO] [stdout] 94  | |         Block = Block,
[INFO] [stdout] 95  | |         NodeBlock = Block,
[INFO] [stdout] ...   |
[INFO] [stdout] 101 | |     }
[INFO] [stdout] 102 | | );
[INFO] [stdout]     | |__^ not found in `pallet_balances`
[INFO] [stdout]     |
[INFO] [stdout]     = note: this error originates in the macro `$crate::__impl_outer_event_json_metadata` (in Nightly builds, run with -Z macro-backtrace for more info)
[INFO] [stdout] help: consider importing one of these items
[INFO] [stdout]     |
[INFO] [stdout] 5   | use crate::Event;
[INFO] [stdout]     |
[INFO] [stdout] 5   | use frame_system::Event;
[INFO] [stdout]     |
[INFO] [stdout] 
[INFO] [stdout] 
[INFO] [stdout] error: aborting due to 8 previous errors
[INFO] [stdout] 
[INFO] [stdout] 
[INFO] [stdout] Some errors have detailed explanations: E0432, E0433.
[INFO] [stdout] 
[INFO] [stdout] For more information about an error, try `rustc --explain E0432`.
[INFO] [stdout] 
[INFO] [stderr] error: could not compile `orml-vesting` due to 9 previous errors
[INFO] [stderr] warning: build failed, waiting for other jobs to finish...
[INFO] [stderr] error: build failed
[INFO] running `Command { std: "docker" "inspect" "3c06628fdf40add27eefe4d840df28d7bec4bfb6752ff072746c46bed09c337a", kill_on_drop: false }`
[INFO] running `Command { std: "docker" "rm" "-f" "3c06628fdf40add27eefe4d840df28d7bec4bfb6752ff072746c46bed09c337a", kill_on_drop: false }`
[INFO] [stdout] 3c06628fdf40add27eefe4d840df28d7bec4bfb6752ff072746c46bed09c337a
