[INFO] fetching crate openzwave-sys 0.1.1...
[INFO] checking openzwave-sys-0.1.1 against 1.55.0 for beta-1.56-3
[INFO] extracting crate openzwave-sys 0.1.1 into /workspace/builds/worker-68/source
[INFO] validating manifest of crates.io crate openzwave-sys 0.1.1 on toolchain 1.55.0
[INFO] running `Command { std: "/workspace/cargo-home/bin/cargo" "+1.55.0" "metadata" "--manifest-path" "Cargo.toml" "--no-deps", kill_on_drop: false }`
[INFO] started tweaking crates.io crate openzwave-sys 0.1.1
[INFO] finished tweaking crates.io crate openzwave-sys 0.1.1
[INFO] tweaked toml for crates.io crate openzwave-sys 0.1.1 written to /workspace/builds/worker-68/source/Cargo.toml
[INFO] running `Command { std: "/workspace/cargo-home/bin/cargo" "+1.55.0" "generate-lockfile" "--manifest-path" "Cargo.toml" "-Zno-index-update", kill_on_drop: false }`
[INFO] running `Command { std: "/workspace/cargo-home/bin/cargo" "+1.55.0" "fetch" "--manifest-path" "Cargo.toml", kill_on_drop: false }`
[INFO] [stderr]     Blocking waiting for file lock on package cache
[INFO] running `Command { std: "docker" "create" "-v" "/var/lib/crater-agent-workspace/builds/worker-68/target:/opt/rustwide/target:rw,Z" "-v" "/var/lib/crater-agent-workspace/builds/worker-68/source:/opt/rustwide/workdir:ro,Z" "-v" "/var/lib/crater-agent-workspace/cargo-home:/opt/rustwide/cargo-home:ro,Z" "-v" "/var/lib/crater-agent-workspace/rustup-home:/opt/rustwide/rustup-home:ro,Z" "-e" "SOURCE_DIR=/opt/rustwide/workdir" "-e" "CARGO_TARGET_DIR=/opt/rustwide/target" "-e" "CARGO_HOME=/opt/rustwide/cargo-home" "-e" "RUSTUP_HOME=/opt/rustwide/rustup-home" "-w" "/opt/rustwide/workdir" "-m" "1610612736" "--user" "0:0" "--network" "none" "ghcr.io/rust-lang/crates-build-env/linux@sha256:a89201d6b5b9fd45c15d5952ece0a0129e7e80cb26ec023fd59cf09bc26f1604" "/opt/rustwide/cargo-home/bin/cargo" "+1.55.0" "metadata" "--no-deps" "--format-version=1", kill_on_drop: false }`
[INFO] [stdout] cf02511c27fdab5defc4ad03e948fdeeeb205acc9b86d586b8d7787203236ab2
[INFO] running `Command { std: "docker" "start" "-a" "cf02511c27fdab5defc4ad03e948fdeeeb205acc9b86d586b8d7787203236ab2", kill_on_drop: false }`
[INFO] running `Command { std: "docker" "inspect" "cf02511c27fdab5defc4ad03e948fdeeeb205acc9b86d586b8d7787203236ab2", kill_on_drop: false }`
[INFO] running `Command { std: "docker" "rm" "-f" "cf02511c27fdab5defc4ad03e948fdeeeb205acc9b86d586b8d7787203236ab2", kill_on_drop: false }`
[INFO] [stdout] cf02511c27fdab5defc4ad03e948fdeeeb205acc9b86d586b8d7787203236ab2
[INFO] running `Command { std: "docker" "create" "-v" "/var/lib/crater-agent-workspace/builds/worker-68/target:/opt/rustwide/target:rw,Z" "-v" "/var/lib/crater-agent-workspace/builds/worker-68/source:/opt/rustwide/workdir:ro,Z" "-v" "/var/lib/crater-agent-workspace/cargo-home:/opt/rustwide/cargo-home:ro,Z" "-v" "/var/lib/crater-agent-workspace/rustup-home:/opt/rustwide/rustup-home:ro,Z" "-e" "SOURCE_DIR=/opt/rustwide/workdir" "-e" "CARGO_TARGET_DIR=/opt/rustwide/target" "-e" "CARGO_INCREMENTAL=0" "-e" "RUST_BACKTRACE=full" "-e" "RUSTFLAGS=--cap-lints=warn" "-e" "CARGO_HOME=/opt/rustwide/cargo-home" "-e" "RUSTUP_HOME=/opt/rustwide/rustup-home" "-w" "/opt/rustwide/workdir" "-m" "1610612736" "--user" "0:0" "--network" "none" "ghcr.io/rust-lang/crates-build-env/linux@sha256:a89201d6b5b9fd45c15d5952ece0a0129e7e80cb26ec023fd59cf09bc26f1604" "/opt/rustwide/cargo-home/bin/cargo" "+1.55.0" "check" "--frozen" "--all" "--all-targets" "--message-format=json", kill_on_drop: false }`
[INFO] [stdout] 7ca3d7c92acacf479f72d77ce310d16ccac8d3a63b720031427a24248fd30a82
[INFO] running `Command { std: "docker" "start" "-a" "7ca3d7c92acacf479f72d77ce310d16ccac8d3a63b720031427a24248fd30a82", kill_on_drop: false }`
[INFO] [stderr]    Compiling gcc v0.3.55
[INFO] [stderr]    Compiling openzwave-sys v0.1.1 (/opt/rustwide/workdir)
[INFO] [stdout] warning: use of deprecated type alias `gcc::Config`: gcc::Config has been renamed to gcc::Build
[INFO] [stdout]   --> build.rs:60:22
[INFO] [stdout]    |
[INFO] [stdout] 60 |     let mut c = gcc::Config::new();
[INFO] [stdout]    |                      ^^^^^^
[INFO] [stdout]    |
[INFO] [stdout]    = note: `#[warn(deprecated)]` on by default
[INFO] [stdout] 
[INFO] [stdout] 
[INFO] [stdout] warning: use of deprecated associated function `gcc::Build::new`: crate has been renamed to `cc`, the `gcc` name is not maintained
[INFO] [stdout]   --> build.rs:60:30
[INFO] [stdout]    |
[INFO] [stdout] 60 |     let mut c = gcc::Config::new();
[INFO] [stdout]    |                              ^^^
[INFO] [stdout] 
[INFO] [stdout] 
[INFO] [stdout] warning: 2 warnings emitted
[INFO] [stdout] 
[INFO] [stdout] 
[INFO] [stderr] error: failed to run custom build command for `openzwave-sys v0.1.1 (/opt/rustwide/workdir)`
[INFO] [stderr] 
[INFO] [stderr] Caused by:
[INFO] [stderr]   process didn't exit successfully: `/opt/rustwide/target/debug/build/openzwave-sys-ac7f0053a3ee9ec8/build-script-build` (exit status: 101)
[INFO] [stderr]   --- stdout
[INFO] [stderr]   CPPFLAGS= make -C /opt/rustwide/workdir/open-zwave/cpp/build/ - -j128 --jobserver-auth=8,9 
[INFO] [stderr]   make[1]: Entering directory '/opt/rustwide/workdir/open-zwave/cpp/build'
[INFO] [stderr]   Building OpenZWave Version 1.4.-1
[INFO] [stderr]   Building tinystr.o
[INFO] [stderr]   Building tinyxmlerror.o
[INFO] [stderr]   Building tinyxml.o
[INFO] [stderr]   Building tinyxmlparser.o
[INFO] [stderr]   Building aeskey.o
[INFO] [stderr]   Building hid.o
[INFO] [stderr]   Building aescrypt.o
[INFO] [stderr]   Building aestab.o
[INFO] [stderr]   Building aes_modes.o
[INFO] [stderr]   Building SensorAlarm.o
[INFO] [stderr]   Building Proprietary.o
[INFO] [stderr]   Building SensorBinary.o
[INFO] [stderr]   Building Language.o
[INFO] [stderr]   Building WakeUp.o
[INFO] [stderr]   Building Color.o
[INFO] [stderr]   Building ZWavePlusInfo.o
[INFO] [stderr]   Building Indicator.o
[INFO] [stderr]   Building CRC16Encap.o
[INFO] [stderr]   Building MultiInstance.o
[INFO] [stderr]   Building ClimateControlSchedule.o
[INFO] [stderr]   Building DoorLockLogging.o
[INFO] [stderr]   Building ThermostatFanMode.o
[INFO] [stderr]   Building SwitchAll.o
[INFO] [stderr]   Building Configuration.o
[INFO] [stderr]   Building CommandClass.o
[INFO] [stderr]   Building Hail.o
[INFO] [stderr]   Building SwitchToggleBinary.o
[INFO] [stderr]   Building NoOperation.o
[INFO] [stderr]   Building TimeParameters.o
[INFO] [stderr]   Building UserCode.o
[INFO] [stderr]   Building Version.o
[INFO] [stderr]   Building ApplicationStatus.o
[INFO] [stderr]   Building MeterPulse.o
[INFO] [stderr]   Building ManufacturerSpecific.o
[INFO] [stderr]   Building Lock.o
[INFO] [stderr]   Building ThermostatSetpoint.o
[INFO] [stderr]   Building DoorLock.o
[INFO] [stderr]   Building CentralScene.o
[INFO] [stderr]   Building SwitchToggleMultilevel.o
[INFO] [stderr]   Building Protection.o
[INFO] [stderr]   Building NodeNaming.o
[INFO] [stderr]   Building MultiInstanceAssociation.o
[INFO] [stderr]   Building Association.o
[INFO] [stderr]   Building MultiCmd.o
[INFO] [stderr]   Building SceneActivation.o
[INFO] [stderr]   Building Powerlevel.o
[INFO] [stderr]   Building AssociationCommandConfiguration.o
[INFO] [stderr]   Building Meter.o
[INFO] [stderr]   Building SensorMultilevel.o
[INFO] [stderr]   Building ThermostatOperatingState.o
[INFO] [stderr]   Building SwitchMultilevel.o
[INFO] [stderr]   Building Battery.o
[INFO] [stderr]   Building Security.o
[INFO] [stderr]   Building Clock.o
[INFO] [stderr]   Building Alarm.o
[INFO] [stderr]   Building CommandClasses.o
[INFO] [stderr]   Building ThermostatFanState.o
[INFO] [stderr]   Building BasicWindowCovering.o
[INFO] [stderr]   Building EnergyProduction.o
[INFO] [stderr]   Building Basic.o
[INFO] [stderr]   Building DeviceResetLocally.o
[INFO] [stderr]   Building ThermostatMode.o
[INFO] [stderr]   Building ControllerReplication.o
[INFO] [stderr]   Building SwitchBinary.o
[INFO] [stderr]   Building Value.o
[INFO] [stderr]   Building ValueList.o
[INFO] [stderr]   Building ValueButton.o
[INFO] [stderr]   Building ValueInt.o
[INFO] [stderr]   Building ValueStore.o
[INFO] [stderr]   Building ValueRaw.o
[INFO] [stderr]   Building ValueDecimal.o
[INFO] [stderr]   Building ValueString.o
[INFO] [stderr]   Building ValueByte.o
[INFO] [stderr]   Building ValueBool.o
[INFO] [stderr]   Building ValueSchedule.o
[INFO] [stderr]   Building ValueShort.o
[INFO] [stderr]   Building Controller.o
[INFO] [stderr]   Building Wait.o
[INFO] [stderr]   Building Thread.o
[INFO] [stderr]   Building Stream.o
[INFO] [stderr]   Building Log.o
[INFO] [stderr]   make[1]: Leaving directory '/opt/rustwide/workdir/open-zwave/cpp/build'
[INFO] [stderr] 
[INFO] [stderr]   --- stderr
[INFO] [stderr]   make[1]: warning: -j128 forced in submake: resetting jobserver mode.
[INFO] [stderr]   c++: fatal error: Killed signal terminated program cc1plus
[INFO] [stderr]   compilation terminated.
[INFO] [stderr]   make[1]: *** [/opt/rustwide/workdir/open-zwave/cpp/build/support.mk:110: /opt/rustwide/target/debug/build/openzwave-sys-d41973cae6503280/out/open-zwave/.lib/MultiInstance.o] Error 1
[INFO] [stderr]   make[1]: *** Waiting for unfinished jobs....
[INFO] [stderr]   c++: fatal error: Killed signal terminated program cc1plus
[INFO] [stderr]   compilation terminated.
[INFO] [stderr]   make[1]: *** [/opt/rustwide/workdir/open-zwave/cpp/build/support.mk:110: /opt/rustwide/target/debug/build/openzwave-sys-d41973cae6503280/out/open-zwave/.lib/SwitchAll.o] Error 1
[INFO] [stderr]   c++: fatal error: Killed signal terminated program cc1plus
[INFO] [stderr]   compilation terminated.
[INFO] [stderr]   make[1]: *** [/opt/rustwide/workdir/open-zwave/cpp/build/support.mk:112: /opt/rustwide/target/debug/build/openzwave-sys-d41973cae6503280/out/open-zwave/.lib/Color.o] Error 1
[INFO] [stderr]   c++: fatal error: Killed signal terminated program cc1plus
[INFO] [stderr]   compilation terminated.
[INFO] [stderr]   make[1]: *** [/opt/rustwide/workdir/open-zwave/cpp/build/support.mk:111: /opt/rustwide/target/debug/build/openzwave-sys-d41973cae6503280/out/open-zwave/.lib/Indicator.o] Error 1
[INFO] [stderr]   c++: fatal error: Killed signal terminated program cc1plus
[INFO] [stderr]   compilation terminated.
[INFO] [stderr]   make[1]: *** [/opt/rustwide/workdir/open-zwave/cpp/build/support.mk:111: /opt/rustwide/target/debug/build/openzwave-sys-d41973cae6503280/out/open-zwave/.lib/DoorLockLogging.o] Error 1
[INFO] [stderr]   c++: fatal error: Killed signal terminated program cc1plus
[INFO] [stderr]   compilation terminated.
[INFO] [stderr]   make[1]: *** [/opt/rustwide/workdir/open-zwave/cpp/build/support.mk:111: /opt/rustwide/target/debug/build/openzwave-sys-d41973cae6503280/out/open-zwave/.lib/Configuration.o] Error 1
[INFO] [stderr]   c++: fatal error: Killed signal terminated program cc1plus
[INFO] [stderr]   compilation terminated.
[INFO] [stderr]   make[1]: *** [/opt/rustwide/workdir/open-zwave/cpp/build/support.mk:112: /opt/rustwide/target/debug/build/openzwave-sys-d41973cae6503280/out/open-zwave/.lib/ThermostatFanMode.o] Error 1
[INFO] [stderr]   c++: fatal error: Killed signal terminated program cc1plus
[INFO] [stderr]   compilation terminated.
[INFO] [stderr]   make[1]: *** [/opt/rustwide/workdir/open-zwave/cpp/build/support.mk:112: /opt/rustwide/target/debug/build/openzwave-sys-d41973cae6503280/out/open-zwave/.lib/CommandClass.o] Error 1
[INFO] [stderr]   c++: fatal error: Killed signal terminated program cc1plus
[INFO] [stderr]   compilation terminated.
[INFO] [stderr]   c++: fatal error: Killed signal terminated program cc1plus
[INFO] [stderr]   compilation terminated.
[INFO] [stderr]   make[1]: *** [/opt/rustwide/workdir/open-zwave/cpp/build/support.mk:112: /opt/rustwide/target/debug/build/openzwave-sys-d41973cae6503280/out/open-zwave/.lib/Language.o] Error 1
[INFO] [stderr]   make[1]: *** [/opt/rustwide/workdir/open-zwave/cpp/build/support.mk:112: /opt/rustwide/target/debug/build/openzwave-sys-d41973cae6503280/out/open-zwave/.lib/SensorAlarm.o] Error 1
[INFO] [stderr]   c++: fatal error: Killed signal terminated program cc1plus
[INFO] [stderr]   compilation terminated.
[INFO] [stderr]   make[1]: *** [/opt/rustwide/workdir/open-zwave/cpp/build/support.mk:112: /opt/rustwide/target/debug/build/openzwave-sys-d41973cae6503280/out/open-zwave/.lib/SensorBinary.o] Error 1
[INFO] [stderr]   c++: fatal error: Killed signal terminated program cc1plus
[INFO] [stderr]   compilation terminated.
[INFO] [stderr]   c++: fatal error: Killed signal terminated program cc1plus
[INFO] [stderr]   compilation terminated.
[INFO] [stderr]   make[1]: *** [/opt/rustwide/workdir/open-zwave/cpp/build/support.mk:112: /opt/rustwide/target/debug/build/openzwave-sys-d41973cae6503280/out/open-zwave/.lib/Proprietary.o] Error 1
[INFO] [stderr]   make[1]: *** [/opt/rustwide/workdir/open-zwave/cpp/build/support.mk:112: /opt/rustwide/target/debug/build/openzwave-sys-d41973cae6503280/out/open-zwave/.lib/CRC16Encap.o] Error 1
[INFO] [stderr]   c++: fatal error: Killed signal terminated program cc1plus
[INFO] [stderr]   compilation terminated.
[INFO] [stderr]   make[1]: *** [/opt/rustwide/workdir/open-zwave/cpp/build/support.mk:112: /opt/rustwide/target/debug/build/openzwave-sys-d41973cae6503280/out/open-zwave/.lib/WakeUp.o] Error 1
[INFO] [stderr]   c++: fatal error: Killed signal terminated program cc1plus
[INFO] [stderr]   compilation terminated.
[INFO] [stderr]   make[1]: *** [/opt/rustwide/workdir/open-zwave/cpp/build/support.mk:112: /opt/rustwide/target/debug/build/openzwave-sys-d41973cae6503280/out/open-zwave/.lib/ClimateControlSchedule.o] Error 1
[INFO] [stderr]   c++: fatal error: Killed signal terminated program cc1plus
[INFO] [stderr]   compilation terminated.
[INFO] [stderr]   make[1]: *** [/opt/rustwide/workdir/open-zwave/cpp/build/support.mk:112: /opt/rustwide/target/debug/build/openzwave-sys-d41973cae6503280/out/open-zwave/.lib/ZWavePlusInfo.o] Error 1
[INFO] [stderr]   c++: fatal error: Killed signal terminated program cc1plus
[INFO] [stderr]   compilation terminated.
[INFO] [stderr]   make[1]: *** [/opt/rustwide/workdir/open-zwave/cpp/build/support.mk:112: /opt/rustwide/target/debug/build/openzwave-sys-d41973cae6503280/out/open-zwave/.lib/NoOperation.o] Error 1
[INFO] [stderr]   c++: fatal error: Killed signal terminated program cc1plus
[INFO] [stderr]   compilation terminated.
[INFO] [stderr]   make[1]: *** [/opt/rustwide/workdir/open-zwave/cpp/build/support.mk:112: /opt/rustwide/target/debug/build/openzwave-sys-d41973cae6503280/out/open-zwave/.lib/Hail.o] Error 1
[INFO] [stderr]   c++: fatal error: Killed signal terminated program cc1plus
[INFO] [stderr]   compilation terminated.
[INFO] [stderr]   make[1]: *** [/opt/rustwide/workdir/open-zwave/cpp/build/support.mk:112: /opt/rustwide/target/debug/build/openzwave-sys-d41973cae6503280/out/open-zwave/.lib/SwitchToggleBinary.o] Error 1
[INFO] [stderr]   c++: fatal error: Killed signal terminated program cc1plus
[INFO] [stderr]   compilation terminated.
[INFO] [stderr]   make[1]: *** [/opt/rustwide/workdir/open-zwave/cpp/build/support.mk:112: /opt/rustwide/target/debug/build/openzwave-sys-d41973cae6503280/out/open-zwave/.lib/Version.o] Error 1
[INFO] [stderr]   c++: fatal error: Killed signal terminated program cc1plus
[INFO] [stderr]   compilation terminated.
[INFO] [stderr]   make[1]: *** [/opt/rustwide/workdir/open-zwave/cpp/build/support.mk:112: /opt/rustwide/target/debug/build/openzwave-sys-d41973cae6503280/out/open-zwave/.lib/TimeParameters.o] Error 1
[INFO] [stderr]   c++: fatal error: Killed signal terminated program cc1plus
[INFO] [stderr]   compilation terminated.
[INFO] [stderr]   make[1]: *** [/opt/rustwide/workdir/open-zwave/cpp/build/support.mk:112: /opt/rustwide/target/debug/build/openzwave-sys-d41973cae6503280/out/open-zwave/.lib/MeterPulse.o] Error 1
[INFO] [stderr]   c++: fatal error: Killed signal terminated program cc1plus
[INFO] [stderr]   compilation terminated.
[INFO] [stderr]   make[1]: *** [/opt/rustwide/workdir/open-zwave/cpp/build/support.mk:112: /opt/rustwide/target/debug/build/openzwave-sys-d41973cae6503280/out/open-zwave/.lib/DoorLock.o] Error 1
[INFO] [stderr]   c++: fatal error: Killed signal terminated program cc1plus
[INFO] [stderr]   compilation terminated.
[INFO] [stderr]   make[1]: *** [/opt/rustwide/workdir/open-zwave/cpp/build/support.mk:112: /opt/rustwide/target/debug/build/openzwave-sys-d41973cae6503280/out/open-zwave/.lib/AssociationCommandConfiguration.o] Error 1
[INFO] [stderr]   c++: fatal error: Killed signal terminated program cc1plus
[INFO] [stderr]   compilation terminated.
[INFO] [stderr]   make[1]: *** [/opt/rustwide/workdir/open-zwave/cpp/build/support.mk:112: /opt/rustwide/target/debug/build/openzwave-sys-d41973cae6503280/out/open-zwave/.lib/UserCode.o] Error 1
[INFO] [stderr]   c++: fatal error: Killed signal terminated program cc1plus
[INFO] [stderr]   compilation terminated.
[INFO] [stderr]   make[1]: *** [/opt/rustwide/workdir/open-zwave/cpp/build/support.mk:112: /opt/rustwide/target/debug/build/openzwave-sys-d41973cae6503280/out/open-zwave/.lib/CentralScene.o] Error 1
[INFO] [stderr]   c++: fatal error: Killed signal terminated program cc1plus
[INFO] [stderr]   compilation terminated.
[INFO] [stderr]   make[1]: *** [/opt/rustwide/workdir/open-zwave/cpp/build/support.mk:112: /opt/rustwide/target/debug/build/openzwave-sys-d41973cae6503280/out/open-zwave/.lib/ThermostatSetpoint.o] Error 1
[INFO] [stderr]   c++: fatal error: Killed signal terminated program cc1plus
[INFO] [stderr]   compilation terminated.
[INFO] [stderr]   make[1]: *** [/opt/rustwide/workdir/open-zwave/cpp/build/support.mk:112: /opt/rustwide/target/debug/build/openzwave-sys-d41973cae6503280/out/open-zwave/.lib/Powerlevel.o] Error 1
[INFO] [stderr]   c++: fatal error: Killed signal terminated program cc1plus
[INFO] [stderr]   compilation terminated.
[INFO] [stderr]   make[1]: *** [/opt/rustwide/workdir/open-zwave/cpp/build/support.mk:112: /opt/rustwide/target/debug/build/openzwave-sys-d41973cae6503280/out/open-zwave/.lib/SceneActivation.o] Error 1
[INFO] [stderr]   c++: fatal error: Killed signal terminated program cc1plus
[INFO] [stderr]   compilation terminated.
[INFO] [stderr]   make[1]: *** [/opt/rustwide/workdir/open-zwave/cpp/build/support.mk:112: /opt/rustwide/target/debug/build/openzwave-sys-d41973cae6503280/out/open-zwave/.lib/Meter.o] Error 1
[INFO] [stderr]   c++: fatal error: Killed signal terminated program cc1plus
[INFO] [stderr]   compilation terminated.
[INFO] [stderr]   make[1]: *** [/opt/rustwide/workdir/open-zwave/cpp/build/support.mk:112: /opt/rustwide/target/debug/build/openzwave-sys-d41973cae6503280/out/open-zwave/.lib/MultiInstanceAssociation.o] Error 1
[INFO] [stderr]   c++: fatal error: Killed signal terminated program cc1plus
[INFO] [stderr]   compilation terminated.
[INFO] [stderr]   make[1]: *** [/opt/rustwide/workdir/open-zwave/cpp/build/support.mk:112: /opt/rustwide/target/debug/build/openzwave-sys-d41973cae6503280/out/open-zwave/.lib/SwitchToggleMultilevel.o] Error 1
[INFO] [stderr]   c++: fatal error: Killed signal terminated program cc1plus
[INFO] [stderr]   compilation terminated.
[INFO] [stderr]   make[1]: *** [/opt/rustwide/workdir/open-zwave/cpp/build/support.mk:112: /opt/rustwide/target/debug/build/openzwave-sys-d41973cae6503280/out/open-zwave/.lib/MultiCmd.o] Error 1
[INFO] [stderr]   c++: fatal error: Killed signal terminated program cc1plus
[INFO] [stderr]   compilation terminated.
[INFO] [stderr]   make[1]: *** [/opt/rustwide/workdir/open-zwave/cpp/build/support.mk:112: /opt/rustwide/target/debug/build/openzwave-sys-d41973cae6503280/out/open-zwave/.lib/Protection.o] Error 1
[INFO] [stderr]   c++: fatal error: Killed signal terminated program cc1plus
[INFO] [stderr]   compilation terminated.
[INFO] [stderr]   make[1]: *** [/opt/rustwide/workdir/open-zwave/cpp/build/support.mk:112: /opt/rustwide/target/debug/build/openzwave-sys-d41973cae6503280/out/open-zwave/.lib/ApplicationStatus.o] Error 1
[INFO] [stderr]   c++: fatal error: Killed signal terminated program cc1plus
[INFO] [stderr]   compilation terminated.
[INFO] [stderr]   make[1]: *** [/opt/rustwide/workdir/open-zwave/cpp/build/support.mk:112: /opt/rustwide/target/debug/build/openzwave-sys-d41973cae6503280/out/open-zwave/.lib/Association.o] Error 1
[INFO] [stderr]   c++: fatal error: Killed signal terminated program cc1plus
[INFO] [stderr]   compilation terminated.
[INFO] [stderr]   make[1]: *** [/opt/rustwide/workdir/open-zwave/cpp/build/support.mk:112: /opt/rustwide/target/debug/build/openzwave-sys-d41973cae6503280/out/open-zwave/.lib/ManufacturerSpecific.o] Error 1
[INFO] [stderr]   c++: fatal error: Killed signal terminated program cc1plus
[INFO] [stderr]   compilation terminated.
[INFO] [stderr]   make[1]: *** [/opt/rustwide/workdir/open-zwave/cpp/build/support.mk:112: /opt/rustwide/target/debug/build/openzwave-sys-d41973cae6503280/out/open-zwave/.lib/Battery.o] Error 1
[INFO] [stderr]   c++: fatal error: Killed signal terminated program cc1plus
[INFO] [stderr]   compilation terminated.
[INFO] [stderr]   make[1]: *** [/opt/rustwide/workdir/open-zwave/cpp/build/support.mk:106: /opt/rustwide/target/debug/build/openzwave-sys-d41973cae6503280/out/open-zwave/.lib/Lock.o] Error 1
[INFO] [stderr]   c++: fatal error: Killed signal terminated program cc1plus
[INFO] [stderr]   compilation terminated.
[INFO] [stderr]   make[1]: *** [/opt/rustwide/workdir/open-zwave/cpp/build/support.mk:106: /opt/rustwide/target/debug/build/openzwave-sys-d41973cae6503280/out/open-zwave/.lib/NodeNaming.o] Error 1
[INFO] [stderr]   c++: fatal error: Killed signal terminated program cc1plus
[INFO] [stderr]   compilation terminated.
[INFO] [stderr]   make[1]: *** [/opt/rustwide/workdir/open-zwave/cpp/build/support.mk:106: /opt/rustwide/target/debug/build/openzwave-sys-d41973cae6503280/out/open-zwave/.lib/ThermostatOperatingState.o] Error 1
[INFO] [stderr]   c++: fatal error: Killed signal terminated program cc1plus
[INFO] [stderr]   compilation terminated.
[INFO] [stderr]   make[1]: *** [/opt/rustwide/workdir/open-zwave/cpp/build/support.mk:106: /opt/rustwide/target/debug/build/openzwave-sys-d41973cae6503280/out/open-zwave/.lib/SwitchMultilevel.o] Error 1
[INFO] [stderr]   c++: fatal error: Killed signal terminated program cc1plus
[INFO] [stderr]   compilation terminated.
[INFO] [stderr]   make[1]: *** [/opt/rustwide/workdir/open-zwave/cpp/build/support.mk:106: /opt/rustwide/target/debug/build/openzwave-sys-d41973cae6503280/out/open-zwave/.lib/CommandClasses.o] Error 1
[INFO] [stderr]   make: *** [Makefile:20: all] Error 2
[INFO] [stderr]   thread 'main' panicked at 'Could not build the open-zwave library.', build.rs:48:9
[INFO] [stderr]   stack backtrace:
[INFO] [stderr]      0:     0x55befb37faa0 - std::backtrace_rs::backtrace::libunwind::trace::ha0ad43e8a952bfe7
[INFO] [stderr]                                  at /rustc/c8dfcfe046a7680554bf4eb612bad840e7631c4b/library/std/src/../../backtrace/src/backtrace/libunwind.rs:90:5
[INFO] [stderr]      1:     0x55befb37faa0 - std::backtrace_rs::backtrace::trace_unsynchronized::h6830419c0c4130dc
[INFO] [stderr]                                  at /rustc/c8dfcfe046a7680554bf4eb612bad840e7631c4b/library/std/src/../../backtrace/src/backtrace/mod.rs:66:5
[INFO] [stderr]      2:     0x55befb37faa0 - std::sys_common::backtrace::_print_fmt::h8f3516631ffa1ef5
[INFO] [stderr]                                  at /rustc/c8dfcfe046a7680554bf4eb612bad840e7631c4b/library/std/src/sys_common/backtrace.rs:67:5
[INFO] [stderr]      3:     0x55befb37faa0 - <std::sys_common::backtrace::_print::DisplayBacktrace as core::fmt::Display>::fmt::he1640d5f0d93f618
[INFO] [stderr]                                  at /rustc/c8dfcfe046a7680554bf4eb612bad840e7631c4b/library/std/src/sys_common/backtrace.rs:46:22
[INFO] [stderr]      4:     0x55befb39ebdc - core::fmt::write::h88012e1f01caeebf
[INFO] [stderr]                                  at /rustc/c8dfcfe046a7680554bf4eb612bad840e7631c4b/library/core/src/fmt/mod.rs:1115:17
[INFO] [stderr]      5:     0x55befb37c465 - std::io::Write::write_fmt::h360fa85b30182555
[INFO] [stderr]                                  at /rustc/c8dfcfe046a7680554bf4eb612bad840e7631c4b/library/std/src/io/mod.rs:1665:15
[INFO] [stderr]      6:     0x55befb381a2b - std::sys_common::backtrace::_print::ha1f00492f406a015
[INFO] [stderr]                                  at /rustc/c8dfcfe046a7680554bf4eb612bad840e7631c4b/library/std/src/sys_common/backtrace.rs:49:5
[INFO] [stderr]      7:     0x55befb381a2b - std::sys_common::backtrace::print::hd54561b13feb6af3
[INFO] [stderr]                                  at /rustc/c8dfcfe046a7680554bf4eb612bad840e7631c4b/library/std/src/sys_common/backtrace.rs:36:9
[INFO] [stderr]      8:     0x55befb381a2b - std::panicking::default_hook::{{closure}}::h84fe124cd0864662
[INFO] [stderr]                                  at /rustc/c8dfcfe046a7680554bf4eb612bad840e7631c4b/library/std/src/panicking.rs:208:50
[INFO] [stderr]      9:     0x55befb381501 - std::panicking::default_hook::h5a8e74a76ce290a7
[INFO] [stderr]                                  at /rustc/c8dfcfe046a7680554bf4eb612bad840e7631c4b/library/std/src/panicking.rs:225:9
[INFO] [stderr]     10:     0x55befb3820f4 - std::panicking::rust_panic_with_hook::h67c812a4fe9d4c91
[INFO] [stderr]                                  at /rustc/c8dfcfe046a7680554bf4eb612bad840e7631c4b/library/std/src/panicking.rs:622:17
[INFO] [stderr]     11:     0x55befb357ea3 - std::panicking::begin_panic::{{closure}}::h6cb4368b056d293e
[INFO] [stderr]                                  at /rustc/c8dfcfe046a7680554bf4eb612bad840e7631c4b/library/std/src/panicking.rs:542:9
[INFO] [stderr]     12:     0x55befb357cd9 - std::sys_common::backtrace::__rust_end_short_backtrace::h287921db4d96210e
[INFO] [stderr]                                  at /rustc/c8dfcfe046a7680554bf4eb612bad840e7631c4b/library/std/src/sys_common/backtrace.rs:141:18
[INFO] [stderr]     13:     0x55befb357dd9 - std::panicking::begin_panic::h0e3c1e0e896177e8
[INFO] [stderr]                                  at /rustc/c8dfcfe046a7680554bf4eb612bad840e7631c4b/library/std/src/panicking.rs:541:12
[INFO] [stderr]     14:     0x55befb330653 - build_script_build::make::h052198a7106d75ee
[INFO] [stderr]                                  at /opt/rustwide/workdir/build.rs:48:9
[INFO] [stderr]     15:     0x55befb33088b - build_script_build::main::hfdf019a059027dca
[INFO] [stderr]                                  at /opt/rustwide/workdir/build.rs:54:5
[INFO] [stderr]     16:     0x55befb33010b - core::ops::function::FnOnce::call_once::h3fef8db46613d07a
[INFO] [stderr]                                  at /rustc/c8dfcfe046a7680554bf4eb612bad840e7631c4b/library/core/src/ops/function.rs:227:5
[INFO] [stderr]     17:     0x55befb33014e - std::sys_common::backtrace::__rust_begin_short_backtrace::h71ac87f0970b67f2
[INFO] [stderr]                                  at /rustc/c8dfcfe046a7680554bf4eb612bad840e7631c4b/library/std/src/sys_common/backtrace.rs:125:18
[INFO] [stderr]     18:     0x55befb32fd61 - std::rt::lang_start::{{closure}}::h3aea5babbd79e5f4
[INFO] [stderr]                                  at /rustc/c8dfcfe046a7680554bf4eb612bad840e7631c4b/library/std/src/rt.rs:63:18
[INFO] [stderr]     19:     0x55befb3825fa - core::ops::function::impls::<impl core::ops::function::FnOnce<A> for &F>::call_once::ha9408abe89f69dc4
[INFO] [stderr]                                  at /rustc/c8dfcfe046a7680554bf4eb612bad840e7631c4b/library/core/src/ops/function.rs:259:13
[INFO] [stderr]     20:     0x55befb3825fa - std::panicking::try::do_call::h5b0cc9e9102acb65
[INFO] [stderr]                                  at /rustc/c8dfcfe046a7680554bf4eb612bad840e7631c4b/library/std/src/panicking.rs:401:40
[INFO] [stderr]     21:     0x55befb3825fa - std::panicking::try::hddc7f8229138b3ba
[INFO] [stderr]                                  at /rustc/c8dfcfe046a7680554bf4eb612bad840e7631c4b/library/std/src/panicking.rs:365:19
[INFO] [stderr]     22:     0x55befb3825fa - std::panic::catch_unwind::hfa401ff8bab2986e
[INFO] [stderr]                                  at /rustc/c8dfcfe046a7680554bf4eb612bad840e7631c4b/library/std/src/panic.rs:434:14
[INFO] [stderr]     23:     0x55befb3825fa - std::rt::lang_start_internal::{{closure}}::h8163422320d11405
[INFO] [stderr]                                  at /rustc/c8dfcfe046a7680554bf4eb612bad840e7631c4b/library/std/src/rt.rs:45:48
[INFO] [stderr]     24:     0x55befb3825fa - std::panicking::try::do_call::hc742cc7bb4f0fb20
[INFO] [stderr]                                  at /rustc/c8dfcfe046a7680554bf4eb612bad840e7631c4b/library/std/src/panicking.rs:401:40
[INFO] [stderr]     25:     0x55befb3825fa - std::panicking::try::ha37d8d2dd1acf7d3
[INFO] [stderr]                                  at /rustc/c8dfcfe046a7680554bf4eb612bad840e7631c4b/library/std/src/panicking.rs:365:19
[INFO] [stderr]     26:     0x55befb3825fa - std::panic::catch_unwind::h8a5381d5ecf437bc
[INFO] [stderr]                                  at /rustc/c8dfcfe046a7680554bf4eb612bad840e7631c4b/library/std/src/panic.rs:434:14
[INFO] [stderr]     27:     0x55befb3825fa - std::rt::lang_start_internal::h7e2cee8c90d4a4d3
[INFO] [stderr]                                  at /rustc/c8dfcfe046a7680554bf4eb612bad840e7631c4b/library/std/src/rt.rs:45:20
[INFO] [stderr]     28:     0x55befb32fd30 - std::rt::lang_start::hde4eb17c329d34ef
[INFO] [stderr]                                  at /rustc/c8dfcfe046a7680554bf4eb612bad840e7631c4b/library/std/src/rt.rs:62:5
[INFO] [stderr]     29:     0x55befb330b1c - main
[INFO] [stderr]     30:     0x7fe1de8d30b3 - __libc_start_main
[INFO] [stderr]     31:     0x55befb32faae - _start
[INFO] [stderr]     32:                0x0 - <unknown>
[INFO] running `Command { std: "docker" "inspect" "7ca3d7c92acacf479f72d77ce310d16ccac8d3a63b720031427a24248fd30a82", kill_on_drop: false }`
[INFO] running `Command { std: "docker" "rm" "-f" "7ca3d7c92acacf479f72d77ce310d16ccac8d3a63b720031427a24248fd30a82", kill_on_drop: false }`
[INFO] [stdout] 7ca3d7c92acacf479f72d77ce310d16ccac8d3a63b720031427a24248fd30a82
