[INFO] fetching crate openstreetmap-api 0.1.0...
[INFO] checking openstreetmap-api-0.1.0 against 1.55.0 for beta-1.56-3
[INFO] extracting crate openstreetmap-api 0.1.0 into /workspace/builds/worker-19/source
[INFO] validating manifest of crates.io crate openstreetmap-api 0.1.0 on toolchain 1.55.0
[INFO] running `Command { std: "/workspace/cargo-home/bin/cargo" "+1.55.0" "metadata" "--manifest-path" "Cargo.toml" "--no-deps", kill_on_drop: false }`
[INFO] started tweaking crates.io crate openstreetmap-api 0.1.0
[INFO] finished tweaking crates.io crate openstreetmap-api 0.1.0
[INFO] tweaked toml for crates.io crate openstreetmap-api 0.1.0 written to /workspace/builds/worker-19/source/Cargo.toml
[INFO] running `Command { std: "/workspace/cargo-home/bin/cargo" "+1.55.0" "generate-lockfile" "--manifest-path" "Cargo.toml" "-Zno-index-update", kill_on_drop: false }`
[INFO] [stderr]     Blocking waiting for file lock on package cache
[INFO] running `Command { std: "/workspace/cargo-home/bin/cargo" "+1.55.0" "fetch" "--manifest-path" "Cargo.toml", kill_on_drop: false }`
[INFO] [stderr]     Blocking waiting for file lock on package cache
[INFO] [stderr]     Blocking waiting for file lock on package cache
[INFO] [stderr]  Downloading crates ...
[INFO] [stderr]   Downloaded quick-xml v0.20.0
[INFO] [stderr]   Downloaded wiremock v0.3.0
[INFO] [stderr]   Downloaded bastion v0.4.4
[INFO] [stderr]   Downloaded rstest v0.6.4
[INFO] running `Command { std: "docker" "create" "-v" "/var/lib/crater-agent-workspace/builds/worker-19/target:/opt/rustwide/target:rw,Z" "-v" "/var/lib/crater-agent-workspace/builds/worker-19/source:/opt/rustwide/workdir:ro,Z" "-v" "/var/lib/crater-agent-workspace/cargo-home:/opt/rustwide/cargo-home:ro,Z" "-v" "/var/lib/crater-agent-workspace/rustup-home:/opt/rustwide/rustup-home:ro,Z" "-e" "SOURCE_DIR=/opt/rustwide/workdir" "-e" "CARGO_TARGET_DIR=/opt/rustwide/target" "-e" "CARGO_HOME=/opt/rustwide/cargo-home" "-e" "RUSTUP_HOME=/opt/rustwide/rustup-home" "-w" "/opt/rustwide/workdir" "-m" "1610612736" "--user" "0:0" "--network" "none" "ghcr.io/rust-lang/crates-build-env/linux@sha256:a89201d6b5b9fd45c15d5952ece0a0129e7e80cb26ec023fd59cf09bc26f1604" "/opt/rustwide/cargo-home/bin/cargo" "+1.55.0" "metadata" "--no-deps" "--format-version=1", kill_on_drop: false }`
[INFO] [stdout] d0c90c35e966a2c2701b844e645173dd59cfa7057c30f7c41c79df1440c8d5b7
[INFO] running `Command { std: "docker" "start" "-a" "d0c90c35e966a2c2701b844e645173dd59cfa7057c30f7c41c79df1440c8d5b7", kill_on_drop: false }`
[INFO] running `Command { std: "docker" "inspect" "d0c90c35e966a2c2701b844e645173dd59cfa7057c30f7c41c79df1440c8d5b7", kill_on_drop: false }`
[INFO] running `Command { std: "docker" "rm" "-f" "d0c90c35e966a2c2701b844e645173dd59cfa7057c30f7c41c79df1440c8d5b7", kill_on_drop: false }`
[INFO] [stdout] d0c90c35e966a2c2701b844e645173dd59cfa7057c30f7c41c79df1440c8d5b7
[INFO] running `Command { std: "docker" "create" "-v" "/var/lib/crater-agent-workspace/builds/worker-19/target:/opt/rustwide/target:rw,Z" "-v" "/var/lib/crater-agent-workspace/builds/worker-19/source:/opt/rustwide/workdir:ro,Z" "-v" "/var/lib/crater-agent-workspace/cargo-home:/opt/rustwide/cargo-home:ro,Z" "-v" "/var/lib/crater-agent-workspace/rustup-home:/opt/rustwide/rustup-home:ro,Z" "-e" "SOURCE_DIR=/opt/rustwide/workdir" "-e" "CARGO_TARGET_DIR=/opt/rustwide/target" "-e" "CARGO_INCREMENTAL=0" "-e" "RUST_BACKTRACE=full" "-e" "RUSTFLAGS=--cap-lints=warn" "-e" "CARGO_HOME=/opt/rustwide/cargo-home" "-e" "RUSTUP_HOME=/opt/rustwide/rustup-home" "-w" "/opt/rustwide/workdir" "-m" "1610612736" "--user" "0:0" "--network" "none" "ghcr.io/rust-lang/crates-build-env/linux@sha256:a89201d6b5b9fd45c15d5952ece0a0129e7e80cb26ec023fd59cf09bc26f1604" "/opt/rustwide/cargo-home/bin/cargo" "+1.55.0" "check" "--frozen" "--all" "--all-targets" "--message-format=json", kill_on_drop: false }`
[INFO] [stdout] 10a23ec5a59981990909eafe0a4de21e2c4ad1cc682f5fd1184bffc6f0d2765a
[INFO] running `Command { std: "docker" "start" "-a" "10a23ec5a59981990909eafe0a4de21e2c4ad1cc682f5fd1184bffc6f0d2765a", kill_on_drop: false }`
[INFO] [stderr]    Compiling syn v1.0.80
[INFO] [stderr]    Compiling autocfg v1.0.1
[INFO] [stderr]     Checking cfg-if v1.0.0
[INFO] [stderr]    Compiling libc v0.2.103
[INFO] [stderr]    Compiling version_check v0.9.3
[INFO] [stderr]     Checking lazy_static v1.4.0
[INFO] [stderr]    Compiling log v0.4.14
[INFO] [stderr]    Compiling memchr v2.4.1
[INFO] [stderr]    Compiling futures-core v0.3.17
[INFO] [stderr]     Checking pin-project-lite v0.2.7
[INFO] [stderr]     Checking slab v0.4.5
[INFO] [stderr]     Checking cfg-if v0.1.10
[INFO] [stderr]     Checking futures-io v0.3.17
[INFO] [stderr]     Checking once_cell v1.8.0
[INFO] [stderr]     Checking pin-utils v0.1.0
[INFO] [stderr]     Checking futures-sink v0.3.17
[INFO] [stderr]    Compiling futures-channel v0.3.17
[INFO] [stderr]    Compiling proc-macro-hack v0.5.19
[INFO] [stderr]    Compiling serde v1.0.130
[INFO] [stderr]    Compiling futures-task v0.3.17
[INFO] [stderr]     Checking fnv v1.0.7
[INFO] [stderr]     Checking itoa v0.4.8
[INFO] [stderr]    Compiling proc-macro-nested v0.1.7
[INFO] [stderr]    Compiling crossbeam-utils v0.8.5
[INFO] [stderr]     Checking event-listener v2.5.1
[INFO] [stderr]     Checking scopeguard v1.1.0
[INFO] [stderr]    Compiling cc v1.0.71
[INFO] [stderr]     Checking smallvec v1.7.0
[INFO] [stderr]    Compiling ryu v1.0.5
[INFO] [stderr]    Compiling pkg-config v0.3.20
[INFO] [stderr]    Compiling parking_lot_core v0.8.5
[INFO] [stderr]    Compiling anyhow v1.0.44
[INFO] [stderr]     Checking bytes v0.5.6
[INFO] [stderr]     Checking bytes v1.1.0
[INFO] [stderr]     Checking cache-padded v1.1.1
[INFO] [stderr]    Compiling maybe-uninit v2.0.0
[INFO] [stderr]     Checking waker-fn v1.1.0
[INFO] [stderr]     Checking pin-project-lite v0.1.12
[INFO] [stderr]     Checking parking v2.0.0
[INFO] [stderr]     Checking matches v0.1.9
[INFO] [stderr]    Compiling crossbeam-queue v0.3.2
[INFO] [stderr]     Checking fastrand v1.5.0
[INFO] [stderr]     Checking tinyvec_macros v0.1.0
[INFO] [stderr]     Checking percent-encoding v2.1.0
[INFO] [stderr]    Compiling serde_json v1.0.68
[INFO] [stderr]    Compiling getrandom v0.1.16
[INFO] [stderr]    Compiling httparse v1.5.1
[INFO] [stderr]     Checking unicode-bidi v0.3.7
[INFO] [stderr]     Checking foreign-types-shared v0.1.1
[INFO] [stderr]    Compiling crossbeam-epoch v0.9.5
[INFO] [stderr]    Compiling openssl v0.10.36
[INFO] [stderr]     Checking either v1.6.1
[INFO] [stderr]     Checking slice-group-by v0.2.6
[INFO] [stderr]    Compiling native-tls v0.2.8
[INFO] [stderr]    Compiling cfg_aliases v0.1.1
[INFO] [stderr]     Checking async-task v4.0.3
[INFO] [stderr]     Checking regex-syntax v0.6.25
[INFO] [stderr]     Checking hashbrown v0.11.2
[INFO] [stderr]     Checking atomic-waker v1.0.0
[INFO] [stderr]     Checking bastion-utils v0.3.2
[INFO] [stderr]     Checking try-lock v0.2.3
[INFO] [stderr]     Checking ppv-lite86 v0.2.14
[INFO] [stderr]    Compiling semver-parser v0.7.0
[INFO] [stderr]     Checking openssl-probe v0.1.4
[INFO] [stderr]     Checking futures-timer v3.0.2
[INFO] [stderr]     Checking arrayvec v0.5.2
[INFO] [stderr]     Checking httpdate v0.3.2
[INFO] [stderr]     Checking tower-service v0.3.1
[INFO] [stderr]    Compiling encoding_rs v0.8.28
[INFO] [stderr]    Compiling http-types v2.12.0
[INFO] [stderr]     Checking ansi_term v0.12.1
[INFO] [stderr]     Checking byteorder v1.4.3
[INFO] [stderr]     Checking infer v0.2.3
[INFO] [stderr]     Checking mime v0.3.16
[INFO] [stderr]     Checking stable_deref_trait v1.2.0
[INFO] [stderr]     Checking ipnet v2.3.1
[INFO] [stderr]     Checking ansi_term v0.11.0
[INFO] [stderr]     Checking copyless v0.1.5
[INFO] [stderr]     Checking difference v2.0.0
[INFO] [stderr]     Checking tracing-core v0.1.21
[INFO] [stderr]     Checking instant v0.1.11
[INFO] [stderr]     Checking concurrent-queue v1.2.2
[INFO] [stderr]     Checking lock_api v0.4.5
[INFO] [stderr]     Checking sharded-slab v0.1.4
[INFO] [stderr]     Checking thread_local v1.1.3
[INFO] [stderr]     Checking tinyvec v1.5.0
[INFO] [stderr]     Checking form_urlencoded v1.0.1
[INFO] [stderr]     Checking async-mutex v1.4.0
[INFO] [stderr]     Checking async-lock v2.4.0
[INFO] [stderr]     Checking simple-mutex v1.1.5
[INFO] [stderr]     Checking foreign-types v0.3.2
[INFO] [stderr]     Checking itertools v0.9.0
[INFO] [stderr]    Compiling value-bag v1.0.0-alpha.7
[INFO] [stderr]    Compiling unicase v2.6.0
[INFO] [stderr]    Compiling futures-macro v0.3.17
[INFO] [stderr]    Compiling futures-util v0.3.17
[INFO] [stderr]    Compiling crossbeam-utils v0.7.2
[INFO] [stderr]    Compiling memoffset v0.5.6
[INFO] [stderr]    Compiling memoffset v0.6.4
[INFO] [stderr]    Compiling crossbeam-epoch v0.8.2
[INFO] [stderr]    Compiling indexmap v1.7.0
[INFO] [stderr]    Compiling num-traits v0.2.14
[INFO] [stderr]    Compiling num-integer v0.1.44
[INFO] [stderr]    Compiling agnostik v0.2.3
[INFO] [stderr]    Compiling semver v0.9.0
[INFO] [stderr]     Checking http v0.2.5
[INFO] [stderr]     Checking pretty_assertions v0.6.1
[INFO] [stderr]     Checking fxhash v0.2.1
[INFO] [stderr]     Checking async-dup v1.2.2
[INFO] [stderr]     Checking async-channel v1.6.1
[INFO] [stderr]    Compiling rustc_version v0.2.3
[INFO] [stderr]    Compiling openssl-sys v0.9.67
[INFO] [stderr]     Checking crossbeam-channel v0.5.1
[INFO] [stderr]     Checking futures-lite v1.12.0
[INFO] [stderr]     Checking aho-corasick v0.7.18
[INFO] [stderr]    Compiling rstest v0.6.4
[INFO] [stderr]     Checking byte-pool v0.2.3
[INFO] [stderr]     Checking net2 v0.2.37
[INFO] [stderr]     Checking iovec v0.1.4
[INFO] [stderr]     Checking num_cpus v1.13.0
[INFO] [stderr]     Checking signal-hook-registry v1.4.0
[INFO] [stderr]     Checking socket2 v0.3.19
[INFO] [stderr]     Checking socket2 v0.4.2
[INFO] [stderr]     Checking getrandom v0.2.3
[INFO] [stderr]     Checking unicode-normalization v0.1.19
[INFO] [stderr]     Checking threadpool v1.8.1
[INFO] [stderr]     Checking rand_core v0.5.1
[INFO] [stderr]     Checking uuid v0.8.2
[INFO] [stderr]     Checking parking_lot v0.11.2
[INFO] [stderr]    Compiling mime_guess v2.0.3
[INFO] [stderr]     Checking rand_chacha v0.2.2
[INFO] [stderr]     Checking lightproc v0.3.5
[INFO] [stderr]     Checking blocking v1.0.2
[INFO] [stderr]     Checking async-executor v1.4.1
[INFO] [stderr]     Checking rand v0.7.3
[INFO] [stderr]     Checking chrono v0.4.19
[INFO] [stderr]     Checking idna v0.2.3
[INFO] [stderr]     Checking regex-automata v0.1.10
[INFO] [stderr]     Checking regex v1.5.4
[INFO] [stderr]     Checking http-body v0.3.1
[INFO] [stderr]     Checking matchers v0.0.1
[INFO] [stderr]    Compiling ctor v0.1.21
[INFO] [stderr]    Compiling serde_derive v1.0.130
[INFO] [stderr]    Compiling tracing-attributes v0.1.18
[INFO] [stderr]    Compiling pin-project-internal v1.0.8
[INFO] [stderr]    Compiling thiserror-impl v1.0.30
[INFO] [stderr]    Compiling derive_more v0.99.16
[INFO] [stderr]    Compiling actix-macros v0.1.3
[INFO] [stderr]     Checking mio v0.6.23
[INFO] [stderr]     Checking polling v2.1.0
[INFO] [stderr]     Checking want v0.3.0
[INFO] [stderr]     Checking kv-log-macro v1.0.7
[INFO] [stderr]     Checking tracing-log v0.1.2
[INFO] [stderr]     Checking tracing v0.1.29
[INFO] [stderr]     Checking thiserror v1.0.30
[INFO] [stderr]     Checking async-io v1.6.0
[INFO] [stderr]     Checking lever v0.1.1
[INFO] [stderr]     Checking pin-project v1.0.8
[INFO] [stderr]     Checking async-global-executor v2.0.2
[INFO] [stderr]     Checking mio-uds v0.6.8
[INFO] [stderr]     Checking tracing-futures v0.2.5
[INFO] [stderr]     Checking async-std v1.10.0
[INFO] [stderr]     Checking bastion-executor v0.4.1
[INFO] [stderr]     Checking url v2.2.2
[INFO] [stderr]     Checking serde_urlencoded v0.7.0
[INFO] [stderr]     Checking serde_qs v0.8.5
[INFO] [stderr]     Checking tracing-serde v0.1.2
[INFO] [stderr]     Checking quick-xml v0.20.0
[INFO] [stderr]     Checking actix-threadpool v0.3.3
[INFO] [stderr]     Checking tokio v0.2.25
[INFO] [stderr]     Checking futures-executor v0.3.17
[INFO] [stderr]     Checking tracing-subscriber v0.2.25
[INFO] [stderr]     Checking futures v0.3.17
[INFO] [stderr]     Checking tokio-util v0.3.1
[INFO] [stderr]     Checking tokio-tls v0.3.1
[INFO] [stderr]     Checking actix-rt v1.1.1
[INFO] [stderr]     Checking nuclei v0.1.3
[INFO] [stderr]     Checking h2 v0.2.7
[INFO] [stderr]     Checking bastion v0.4.4
[INFO] [stderr]     Checking async-h1 v2.3.2
[INFO] [stderr]     Checking wiremock v0.3.0
[INFO] [stderr]     Checking hyper v0.13.10
[INFO] [stderr]     Checking hyper-tls v0.4.3
[INFO] [stderr]     Checking reqwest v0.10.10
[INFO] [stderr]     Checking openstreetmap-api v0.1.0 (/opt/rustwide/workdir)
[INFO] [stdout] error[E0603]: module `private` is private
[INFO] [stdout]    --> src/api/elements.rs:242:36
[INFO] [stdout]     |
[INFO] [stdout] 242 |                     None => serde::private::de::missing_field("element")?,
[INFO] [stdout]     |                                    ^^^^^^^ private module
[INFO] [stdout]     |
[INFO] [stdout] note: the module `private` is defined here
[INFO] [stdout]    --> /opt/rustwide/cargo-home/registry/src/github.com-1ecc6299db9ec823/serde-1.0.130/src/lib.rs:277:5
[INFO] [stdout]     |
[INFO] [stdout] 277 | use self::__private as private;
[INFO] [stdout]     |     ^^^^^^^^^^^^^^^^^^^^^^^^^^
[INFO] [stdout] 
[INFO] [stdout] 
[INFO] [stdout] error[E0603]: module `private` is private
[INFO] [stdout]    --> src/api/elements.rs:242:36
[INFO] [stdout]     |
[INFO] [stdout] 242 |                     None => serde::private::de::missing_field("element")?,
[INFO] [stdout]     |                                    ^^^^^^^ private module
[INFO] [stdout]     |
[INFO] [stdout] note: the module `private` is defined here
[INFO] [stdout]    --> /opt/rustwide/cargo-home/registry/src/github.com-1ecc6299db9ec823/serde-1.0.130/src/lib.rs:277:5
[INFO] [stdout]     |
[INFO] [stdout] 277 | use self::__private as private;
[INFO] [stdout]     |     ^^^^^^^^^^^^^^^^^^^^^^^^^^
[INFO] [stdout] 
[INFO] [stdout] 
[INFO] [stdout] error[E0603]: module `private` is private
[INFO] [stdout]    --> src/api/elements.rs:402:36
[INFO] [stdout]     |
[INFO] [stdout] 402 |                     None => serde::private::de::missing_field("element")?,
[INFO] [stdout]     |                                    ^^^^^^^ private module
[INFO] [stdout]     |
[INFO] [stdout] note: the module `private` is defined here
[INFO] [stdout]    --> /opt/rustwide/cargo-home/registry/src/github.com-1ecc6299db9ec823/serde-1.0.130/src/lib.rs:277:5
[INFO] [stdout]     |
[INFO] [stdout] 277 | use self::__private as private;
[INFO] [stdout]     |     ^^^^^^^^^^^^^^^^^^^^^^^^^^
[INFO] [stdout] 
[INFO] [stdout] 
[INFO] [stdout] error[E0603]: module `private` is private
[INFO] [stdout]    --> src/api/elements.rs:402:36
[INFO] [stdout]     |
[INFO] [stdout] 402 |                     None => serde::private::de::missing_field("element")?,
[INFO] [stdout]     |                                    ^^^^^^^ private module
[INFO] [stdout]     |
[INFO] [stdout] note: the module `private` is defined here
[INFO] [stdout]    --> /opt/rustwide/cargo-home/registry/src/github.com-1ecc6299db9ec823/serde-1.0.130/src/lib.rs:277:5
[INFO] [stdout]     |
[INFO] [stdout] 277 | use self::__private as private;
[INFO] [stdout]     |     ^^^^^^^^^^^^^^^^^^^^^^^^^^
[INFO] [stdout] 
[INFO] [stdout] 
[INFO] [stdout] error: aborting due to 2 previous errors
[INFO] [stdout] 
[INFO] [stdout] 
[INFO] [stdout] error: aborting due to 2 previous errors
[INFO] [stdout] 
[INFO] [stdout] 
[INFO] [stdout] For more information about this error, try `rustc --explain E0603`.
[INFO] [stdout] 
[INFO] [stderr] error: could not compile `openstreetmap-api` due to 3 previous errors
[INFO] [stderr] warning: build failed, waiting for other jobs to finish...
[INFO] [stdout] For more information about this error, try `rustc --explain E0603`.
[INFO] [stdout] 
[INFO] [stderr] error: build failed
[INFO] running `Command { std: "docker" "inspect" "10a23ec5a59981990909eafe0a4de21e2c4ad1cc682f5fd1184bffc6f0d2765a", kill_on_drop: false }`
[INFO] running `Command { std: "docker" "rm" "-f" "10a23ec5a59981990909eafe0a4de21e2c4ad1cc682f5fd1184bffc6f0d2765a", kill_on_drop: false }`
[INFO] [stdout] 10a23ec5a59981990909eafe0a4de21e2c4ad1cc682f5fd1184bffc6f0d2765a
