[INFO] fetching crate openexr-sys 0.10.1...
[INFO] checking openexr-sys-0.10.1 against 1.55.0 for beta-1.56-3
[INFO] extracting crate openexr-sys 0.10.1 into /workspace/builds/worker-69/source
[INFO] validating manifest of crates.io crate openexr-sys 0.10.1 on toolchain 1.55.0
[INFO] running `Command { std: "/workspace/cargo-home/bin/cargo" "+1.55.0" "metadata" "--manifest-path" "Cargo.toml" "--no-deps", kill_on_drop: false }`
[INFO] started tweaking crates.io crate openexr-sys 0.10.1
[INFO] finished tweaking crates.io crate openexr-sys 0.10.1
[INFO] tweaked toml for crates.io crate openexr-sys 0.10.1 written to /workspace/builds/worker-69/source/Cargo.toml
[INFO] running `Command { std: "/workspace/cargo-home/bin/cargo" "+1.55.0" "generate-lockfile" "--manifest-path" "Cargo.toml" "-Zno-index-update", kill_on_drop: false }`
[INFO] [stderr]     Blocking waiting for file lock on package cache
[INFO] running `Command { std: "/workspace/cargo-home/bin/cargo" "+1.55.0" "fetch" "--manifest-path" "Cargo.toml", kill_on_drop: false }`
[INFO] running `Command { std: "docker" "create" "-v" "/var/lib/crater-agent-workspace/builds/worker-69/target:/opt/rustwide/target:rw,Z" "-v" "/var/lib/crater-agent-workspace/builds/worker-69/source:/opt/rustwide/workdir:ro,Z" "-v" "/var/lib/crater-agent-workspace/cargo-home:/opt/rustwide/cargo-home:ro,Z" "-v" "/var/lib/crater-agent-workspace/rustup-home:/opt/rustwide/rustup-home:ro,Z" "-e" "SOURCE_DIR=/opt/rustwide/workdir" "-e" "CARGO_TARGET_DIR=/opt/rustwide/target" "-e" "CARGO_HOME=/opt/rustwide/cargo-home" "-e" "RUSTUP_HOME=/opt/rustwide/rustup-home" "-w" "/opt/rustwide/workdir" "-m" "1610612736" "--user" "0:0" "--network" "none" "ghcr.io/rust-lang/crates-build-env/linux@sha256:a89201d6b5b9fd45c15d5952ece0a0129e7e80cb26ec023fd59cf09bc26f1604" "/opt/rustwide/cargo-home/bin/cargo" "+1.55.0" "metadata" "--no-deps" "--format-version=1", kill_on_drop: false }`
[INFO] [stdout] 1dfece215e06bd91512027a757a3f9c335c3a743bbc9d54488cb5027735bafe6
[INFO] running `Command { std: "docker" "start" "-a" "1dfece215e06bd91512027a757a3f9c335c3a743bbc9d54488cb5027735bafe6", kill_on_drop: false }`
[INFO] running `Command { std: "docker" "inspect" "1dfece215e06bd91512027a757a3f9c335c3a743bbc9d54488cb5027735bafe6", kill_on_drop: false }`
[INFO] running `Command { std: "docker" "rm" "-f" "1dfece215e06bd91512027a757a3f9c335c3a743bbc9d54488cb5027735bafe6", kill_on_drop: false }`
[INFO] [stdout] 1dfece215e06bd91512027a757a3f9c335c3a743bbc9d54488cb5027735bafe6
[INFO] running `Command { std: "docker" "create" "-v" "/var/lib/crater-agent-workspace/builds/worker-69/target:/opt/rustwide/target:rw,Z" "-v" "/var/lib/crater-agent-workspace/builds/worker-69/source:/opt/rustwide/workdir:ro,Z" "-v" "/var/lib/crater-agent-workspace/cargo-home:/opt/rustwide/cargo-home:ro,Z" "-v" "/var/lib/crater-agent-workspace/rustup-home:/opt/rustwide/rustup-home:ro,Z" "-e" "SOURCE_DIR=/opt/rustwide/workdir" "-e" "CARGO_TARGET_DIR=/opt/rustwide/target" "-e" "CARGO_INCREMENTAL=0" "-e" "RUST_BACKTRACE=full" "-e" "RUSTFLAGS=--cap-lints=warn" "-e" "CARGO_HOME=/opt/rustwide/cargo-home" "-e" "RUSTUP_HOME=/opt/rustwide/rustup-home" "-w" "/opt/rustwide/workdir" "-m" "1610612736" "--user" "0:0" "--network" "none" "ghcr.io/rust-lang/crates-build-env/linux@sha256:a89201d6b5b9fd45c15d5952ece0a0129e7e80cb26ec023fd59cf09bc26f1604" "/opt/rustwide/cargo-home/bin/cargo" "+1.55.0" "check" "--frozen" "--all" "--all-targets" "--message-format=json", kill_on_drop: false }`
[INFO] [stdout] 135b6f818a39b319088374a7f147882b4e1380f7d3b482c53b354d9e5194bd5b
[INFO] running `Command { std: "docker" "start" "-a" "135b6f818a39b319088374a7f147882b4e1380f7d3b482c53b354d9e5194bd5b", kill_on_drop: false }`
[INFO] [stderr]    Compiling regex-syntax v0.6.25
[INFO] [stderr]    Compiling memchr v2.4.1
[INFO] [stderr]    Compiling cmake v0.1.46
[INFO] [stderr]    Compiling aho-corasick v0.7.18
[INFO] [stderr]    Compiling quick-xml v0.22.0
[INFO] [stderr]    Compiling regex v1.5.4
[INFO] [stderr]    Compiling cppmm-build v0.2.0
[INFO] [stderr]    Compiling openexr-sys v0.10.1 (/opt/rustwide/workdir)
[INFO] [stderr] The following warnings were emitted during compilation:
[INFO] [stderr] 
[INFO] [stderr] warning: Building packaged dependencies [zlib, Imath, openexr]
[INFO] [stderr] 
[INFO] [stderr] error: failed to run custom build command for `openexr-sys v0.10.1 (/opt/rustwide/workdir)`
[INFO] [stderr] 
[INFO] [stderr] Caused by:
[INFO] [stderr]   process didn't exit successfully: `/opt/rustwide/target/debug/build/openexr-sys-2d4342de63ef2a6a/build-script-build` (exit status: 101)
[INFO] [stderr]   --- stdout
[INFO] [stderr]   cargo:warning=Building packaged dependencies [zlib, Imath, openexr]
[INFO] [stderr]   CMAKE_TOOLCHAIN_FILE_x86_64-unknown-linux-gnu = None
[INFO] [stderr]   CMAKE_TOOLCHAIN_FILE_x86_64_unknown_linux_gnu = None
[INFO] [stderr]   HOST_CMAKE_TOOLCHAIN_FILE = None
[INFO] [stderr]   CMAKE_TOOLCHAIN_FILE = None
[INFO] [stderr]   CMAKE_GENERATOR_x86_64-unknown-linux-gnu = None
[INFO] [stderr]   CMAKE_GENERATOR_x86_64_unknown_linux_gnu = None
[INFO] [stderr]   HOST_CMAKE_GENERATOR = None
[INFO] [stderr]   CMAKE_GENERATOR = None
[INFO] [stderr]   CMAKE_PREFIX_PATH_x86_64-unknown-linux-gnu = None
[INFO] [stderr]   CMAKE_PREFIX_PATH_x86_64_unknown_linux_gnu = None
[INFO] [stderr]   HOST_CMAKE_PREFIX_PATH = None
[INFO] [stderr]   CMAKE_PREFIX_PATH = None
[INFO] [stderr]   CMAKE_x86_64-unknown-linux-gnu = None
[INFO] [stderr]   CMAKE_x86_64_unknown_linux_gnu = None
[INFO] [stderr]   HOST_CMAKE = None
[INFO] [stderr]   CMAKE = None
[INFO] [stderr]   running: "cmake" "/opt/rustwide/workdir/thirdparty/zlib" "-DCMAKE_INSTALL_PREFIX=/opt/rustwide/target/debug" "-DCMAKE_PREFIX_PATH=/opt/rustwide/target/debug/lib/cmake" "-DCMAKE_C_FLAGS= -ffunction-sections -fdata-sections -fPIC -m64" "-DCMAKE_C_COMPILER=/usr/bin/cc" "-DCMAKE_CXX_FLAGS= -ffunction-sections -fdata-sections -fPIC -m64" "-DCMAKE_CXX_COMPILER=/usr/bin/c++" "-DCMAKE_ASM_FLAGS= -ffunction-sections -fdata-sections -fPIC -m64" "-DCMAKE_ASM_COMPILER=/usr/bin/cc" "-DCMAKE_BUILD_TYPE=Release"
[INFO] [stderr]   -- The C compiler identification is GNU 9.3.0
[INFO] [stderr]   -- Check for working C compiler: /usr/bin/cc
[INFO] [stderr]   -- Check for working C compiler: /usr/bin/cc -- works
[INFO] [stderr]   -- Detecting C compiler ABI info
[INFO] [stderr]   -- Detecting C compiler ABI info - done
[INFO] [stderr]   -- Detecting C compile features
[INFO] [stderr]   -- Detecting C compile features - done
[INFO] [stderr]   -- Looking for sys/types.h
[INFO] [stderr]   -- Looking for sys/types.h - found
[INFO] [stderr]   -- Looking for stdint.h
[INFO] [stderr]   -- Looking for stdint.h - found
[INFO] [stderr]   -- Looking for stddef.h
[INFO] [stderr]   -- Looking for stddef.h - found
[INFO] [stderr]   -- Check size of off64_t
[INFO] [stderr]   -- Check size of off64_t - done
[INFO] [stderr]   -- Looking for fseeko
[INFO] [stderr]   -- Looking for fseeko - found
[INFO] [stderr]   -- Looking for unistd.h
[INFO] [stderr]   -- Looking for unistd.h - found
[INFO] [stderr]   -- Configuring done
[INFO] [stderr]   -- Generating done
[INFO] [stderr]   -- Build files have been written to: /opt/rustwide/target/debug/build-zlib/build
[INFO] [stderr]   running: "cmake" "--build" "." "--target" "install" "--config" "Release" "--parallel" "128"
[INFO] [stderr]   Scanning dependencies of target zlib
[INFO] [stderr]   Scanning dependencies of target zlibstatic
[INFO] [stderr]   [  2%] Building C object CMakeFiles/zlib.dir/gzclose.o
[INFO] [stderr]   [  5%] Building C object CMakeFiles/zlib.dir/gzlib.o
[INFO] [stderr]   [  7%] Building C object CMakeFiles/zlib.dir/deflate.o
[INFO] [stderr]   [ 10%] Building C object CMakeFiles/zlib.dir/gzread.o
[INFO] [stderr]   [ 12%] Building C object CMakeFiles/zlib.dir/adler32.o
[INFO] [stderr]   [ 15%] Building C object CMakeFiles/zlib.dir/infback.o
[INFO] [stderr]   [ 17%] Building C object CMakeFiles/zlib.dir/compress.o
[INFO] [stderr]   [ 20%] Building C object CMakeFiles/zlib.dir/gzwrite.o
[INFO] [stderr]   [ 22%] Building C object CMakeFiles/zlibstatic.dir/crc32.o
[INFO] [stderr]   [ 25%] Building C object CMakeFiles/zlib.dir/crc32.o
[INFO] [stderr]   [ 27%] Building C object CMakeFiles/zlib.dir/inflate.o
[INFO] [stderr]   [ 30%] Building C object CMakeFiles/zlibstatic.dir/gzread.o
[INFO] [stderr]   [ 32%] Building C object CMakeFiles/zlibstatic.dir/adler32.o
[INFO] [stderr]   [ 35%] Building C object CMakeFiles/zlibstatic.dir/compress.o
[INFO] [stderr]   [ 40%] Building C object CMakeFiles/zlibstatic.dir/gzwrite.o
[INFO] [stderr]   [ 40%] Building C object CMakeFiles/zlibstatic.dir/gzlib.o
[INFO] [stderr]   [ 42%] Building C object CMakeFiles/zlib.dir/inftrees.o
[INFO] [stderr]   [ 45%] Building C object CMakeFiles/zlibstatic.dir/gzclose.o
[INFO] [stderr]   [ 47%] Building C object CMakeFiles/zlib.dir/trees.o
[INFO] [stderr]   [ 50%] Building C object CMakeFiles/zlib.dir/inffast.o
[INFO] [stderr]   [ 52%] Building C object CMakeFiles/zlib.dir/uncompr.o
[INFO] [stderr]   [ 55%] Building C object CMakeFiles/zlib.dir/zutil.o
[INFO] [stderr]   [ 57%] Building C object CMakeFiles/zlibstatic.dir/deflate.o
[INFO] [stderr]   [ 60%] Building C object CMakeFiles/zlibstatic.dir/inffast.o
[INFO] [stderr]   [ 62%] Building C object CMakeFiles/zlibstatic.dir/inflate.o
[INFO] [stderr]   [ 65%] Building C object CMakeFiles/zlibstatic.dir/inftrees.o
[INFO] [stderr]   [ 67%] Building C object CMakeFiles/zlibstatic.dir/uncompr.o
[INFO] [stderr]   [ 72%] Building C object CMakeFiles/zlibstatic.dir/zutil.o
[INFO] [stderr]   [ 75%] Building C object CMakeFiles/zlibstatic.dir/trees.o
[INFO] [stderr]   [ 75%] Building C object CMakeFiles/zlibstatic.dir/infback.o
[INFO] [stderr]   [ 77%] Linking C shared library libz.so
[INFO] [stderr]   [ 77%] Built target zlib
[INFO] [stderr]   [ 80%] Linking C static library libz.a
[INFO] [stderr]   Scanning dependencies of target example64
[INFO] [stderr]   Scanning dependencies of target example
[INFO] [stderr]   Scanning dependencies of target minigzip
[INFO] [stderr]   Scanning dependencies of target minigzip64
[INFO] [stderr]   [ 82%] Building C object CMakeFiles/example64.dir/test/example.o
[INFO] [stderr]   [ 85%] Building C object CMakeFiles/minigzip64.dir/test/minigzip.o
[INFO] [stderr]   [ 87%] Building C object CMakeFiles/example.dir/test/example.o
[INFO] [stderr]   [ 90%] Building C object CMakeFiles/minigzip.dir/test/minigzip.o
[INFO] [stderr]   [ 90%] Built target zlibstatic
[INFO] [stderr]   [ 92%] Linking C executable minigzip
[INFO] [stderr]   [ 95%] Linking C executable minigzip64
[INFO] [stderr]   [ 97%] Linking C executable example64
[INFO] [stderr]   [100%] Linking C executable example
[INFO] [stderr]   [100%] Built target minigzip64
[INFO] [stderr]   [100%] Built target minigzip
[INFO] [stderr]   [100%] Built target example64
[INFO] [stderr]   [100%] Built target example
[INFO] [stderr]   Install the project...
[INFO] [stderr]   -- Install configuration: "Release"
[INFO] [stderr]   -- Installing: /opt/rustwide/target/debug/lib/libz.so.1.2.11
[INFO] [stderr]   -- Installing: /opt/rustwide/target/debug/lib/libz.so.1
[INFO] [stderr]   -- Installing: /opt/rustwide/target/debug/lib/libz.so
[INFO] [stderr]   -- Installing: /opt/rustwide/target/debug/lib/libz.a
[INFO] [stderr]   -- Installing: /opt/rustwide/target/debug/include/zconf.h
[INFO] [stderr]   -- Installing: /opt/rustwide/target/debug/include/zlib.h
[INFO] [stderr]   -- Installing: /opt/rustwide/target/debug/share/man/man3/zlib.3
[INFO] [stderr]   -- Installing: /opt/rustwide/target/debug/share/pkgconfig/zlib.pc
[INFO] [stderr]   cargo:root=/opt/rustwide/target/debug/build-zlib
[INFO] [stderr]   CMAKE_TOOLCHAIN_FILE_x86_64-unknown-linux-gnu = None
[INFO] [stderr]   CMAKE_TOOLCHAIN_FILE_x86_64_unknown_linux_gnu = None
[INFO] [stderr]   HOST_CMAKE_TOOLCHAIN_FILE = None
[INFO] [stderr]   CMAKE_TOOLCHAIN_FILE = None
[INFO] [stderr]   CMAKE_GENERATOR_x86_64-unknown-linux-gnu = None
[INFO] [stderr]   CMAKE_GENERATOR_x86_64_unknown_linux_gnu = None
[INFO] [stderr]   HOST_CMAKE_GENERATOR = None
[INFO] [stderr]   CMAKE_GENERATOR = None
[INFO] [stderr]   CMAKE_PREFIX_PATH_x86_64-unknown-linux-gnu = None
[INFO] [stderr]   CMAKE_PREFIX_PATH_x86_64_unknown_linux_gnu = None
[INFO] [stderr]   HOST_CMAKE_PREFIX_PATH = None
[INFO] [stderr]   CMAKE_PREFIX_PATH = None
[INFO] [stderr]   CMAKE_x86_64-unknown-linux-gnu = None
[INFO] [stderr]   CMAKE_x86_64_unknown_linux_gnu = None
[INFO] [stderr]   HOST_CMAKE = None
[INFO] [stderr]   CMAKE = None
[INFO] [stderr]   running: "cmake" "/opt/rustwide/workdir/thirdparty/Imath" "-DCMAKE_INSTALL_PREFIX=/opt/rustwide/target/debug" "-DCMAKE_PREFIX_PATH=/opt/rustwide/target/debug/lib/cmake" "-DIMATH_IS_SUBPROJECT=ON" "-DBUILD_TESTING=OFF" "-DBUILD_SHARED_LIBS=ON" "-DCMAKE_C_FLAGS= -ffunction-sections -fdata-sections -fPIC -m64" "-DCMAKE_C_COMPILER=/usr/bin/cc" "-DCMAKE_CXX_FLAGS= -ffunction-sections -fdata-sections -fPIC -m64" "-DCMAKE_CXX_COMPILER=/usr/bin/c++" "-DCMAKE_ASM_FLAGS= -ffunction-sections -fdata-sections -fPIC -m64" "-DCMAKE_ASM_COMPILER=/usr/bin/cc" "-DCMAKE_BUILD_TYPE=Release"
[INFO] [stderr]   -- The C compiler identification is GNU 9.3.0
[INFO] [stderr]   -- The CXX compiler identification is GNU 9.3.0
[INFO] [stderr]   -- Check for working C compiler: /usr/bin/cc
[INFO] [stderr]   -- Check for working C compiler: /usr/bin/cc -- works
[INFO] [stderr]   -- Detecting C compiler ABI info
[INFO] [stderr]   -- Detecting C compiler ABI info - done
[INFO] [stderr]   -- Detecting C compile features
[INFO] [stderr]   -- Detecting C compile features - done
[INFO] [stderr]   -- Check for working CXX compiler: /usr/bin/c++
[INFO] [stderr]   -- Check for working CXX compiler: /usr/bin/c++ -- works
[INFO] [stderr]   -- Detecting CXX compiler ABI info
[INFO] [stderr]   -- Detecting CXX compiler ABI info - done
[INFO] [stderr]   -- Detecting CXX compile features
[INFO] [stderr]   -- Detecting CXX compile features - done
[INFO] [stderr]   -- Looking for pthread.h
[INFO] [stderr]   -- Looking for pthread.h - found
[INFO] [stderr]   -- Performing Test CMAKE_HAVE_LIBC_PTHREAD
[INFO] [stderr]   -- Performing Test CMAKE_HAVE_LIBC_PTHREAD - Failed
[INFO] [stderr]   -- Check if compiler accepts -pthread
[INFO] [stderr]   -- Check if compiler accepts -pthread - yes
[INFO] [stderr]   -- Found Threads: TRUE  
[INFO] [stderr]   -- Configure Imath 3.0.5, library API version: 28.0.2
[INFO] [stderr]   -- Configuring done
[INFO] [stderr]   -- Generating done
[INFO] [stderr]   -- Build files have been written to: /opt/rustwide/target/debug/build-Imath/build
[INFO] [stderr]   running: "cmake" "--build" "." "--target" "install" "--config" "Release" "--parallel" "128"
[INFO] [stderr]   Scanning dependencies of target Imath
[INFO] [stderr]   [ 16%] Building CXX object src/Imath/CMakeFiles/Imath.dir/ImathRandom.cpp.o
[INFO] [stderr]   [ 33%] Building CXX object src/Imath/CMakeFiles/Imath.dir/ImathColorAlgo.cpp.o
[INFO] [stderr]   [ 66%] Building CXX object src/Imath/CMakeFiles/Imath.dir/ImathFun.cpp.o
[INFO] [stderr]   [ 66%] Building CXX object src/Imath/CMakeFiles/Imath.dir/ImathMatrixAlgo.cpp.o
[INFO] [stderr]   [ 83%] Building CXX object src/Imath/CMakeFiles/Imath.dir/half.cpp.o
[INFO] [stderr]   [100%] Linking CXX shared library libImath-3_0.so
[INFO] [stderr]   [100%] Built target Imath
[INFO] [stderr]   Install the project...
[INFO] [stderr]   -- Install configuration: "Release"
[INFO] [stderr]   -- Installing: /opt/rustwide/target/debug/include/Imath/ImathConfig.h
[INFO] [stderr]   -- Installing: /opt/rustwide/target/debug/lib/pkgconfig/Imath.pc
[INFO] [stderr]   -- Installing: /opt/rustwide/target/debug/lib/cmake/Imath/ImathConfig.cmake
[INFO] [stderr]   -- Installing: /opt/rustwide/target/debug/lib/cmake/Imath/ImathConfigVersion.cmake
[INFO] [stderr]   -- Installing: /opt/rustwide/target/debug/lib/cmake/Imath/ImathTargets.cmake
[INFO] [stderr]   -- Installing: /opt/rustwide/target/debug/lib/cmake/Imath/ImathTargets-release.cmake
[INFO] [stderr]   -- Installing: /opt/rustwide/target/debug/lib/libImath-3_0.so.28.0.2
[INFO] [stderr]   -- Installing: /opt/rustwide/target/debug/lib/libImath-3_0.so.28
[INFO] [stderr]   -- Set runtime path of "/opt/rustwide/target/debug/lib/libImath-3_0.so.28.0.2" to "$ORIGIN/../lib:/opt/rustwide/target/debug/lib"
[INFO] [stderr]   -- Installing: /opt/rustwide/target/debug/lib/libImath-3_0.so
[INFO] [stderr]   -- Installing: /opt/rustwide/target/debug/include/Imath/ImathBoxAlgo.h
[INFO] [stderr]   -- Installing: /opt/rustwide/target/debug/include/Imath/ImathBox.h
[INFO] [stderr]   -- Installing: /opt/rustwide/target/debug/include/Imath/ImathColorAlgo.h
[INFO] [stderr]   -- Installing: /opt/rustwide/target/debug/include/Imath/ImathColor.h
[INFO] [stderr]   -- Installing: /opt/rustwide/target/debug/include/Imath/ImathEuler.h
[INFO] [stderr]   -- Installing: /opt/rustwide/target/debug/include/Imath/ImathExport.h
[INFO] [stderr]   -- Installing: /opt/rustwide/target/debug/include/Imath/ImathForward.h
[INFO] [stderr]   -- Installing: /opt/rustwide/target/debug/include/Imath/ImathFrame.h
[INFO] [stderr]   -- Installing: /opt/rustwide/target/debug/include/Imath/ImathFrustum.h
[INFO] [stderr]   -- Installing: /opt/rustwide/target/debug/include/Imath/ImathFrustumTest.h
[INFO] [stderr]   -- Installing: /opt/rustwide/target/debug/include/Imath/ImathFun.h
[INFO] [stderr]   -- Installing: /opt/rustwide/target/debug/include/Imath/ImathGL.h
[INFO] [stderr]   -- Installing: /opt/rustwide/target/debug/include/Imath/ImathGLU.h
[INFO] [stderr]   -- Installing: /opt/rustwide/target/debug/include/Imath/ImathInt64.h
[INFO] [stderr]   -- Installing: /opt/rustwide/target/debug/include/Imath/ImathInterval.h
[INFO] [stderr]   -- Installing: /opt/rustwide/target/debug/include/Imath/ImathLineAlgo.h
[INFO] [stderr]   -- Installing: /opt/rustwide/target/debug/include/Imath/ImathLine.h
[INFO] [stderr]   -- Installing: /opt/rustwide/target/debug/include/Imath/ImathMath.h
[INFO] [stderr]   -- Installing: /opt/rustwide/target/debug/include/Imath/ImathMatrixAlgo.h
[INFO] [stderr]   -- Installing: /opt/rustwide/target/debug/include/Imath/ImathMatrix.h
[INFO] [stderr]   -- Installing: /opt/rustwide/target/debug/include/Imath/ImathNamespace.h
[INFO] [stderr]   -- Installing: /opt/rustwide/target/debug/include/Imath/ImathPlane.h
[INFO] [stderr]   -- Installing: /opt/rustwide/target/debug/include/Imath/ImathPlatform.h
[INFO] [stderr]   -- Installing: /opt/rustwide/target/debug/include/Imath/ImathQuat.h
[INFO] [stderr]   -- Installing: /opt/rustwide/target/debug/include/Imath/ImathRandom.h
[INFO] [stderr]   -- Installing: /opt/rustwide/target/debug/include/Imath/ImathRoots.h
[INFO] [stderr]   -- Installing: /opt/rustwide/target/debug/include/Imath/ImathShear.h
[INFO] [stderr]   -- Installing: /opt/rustwide/target/debug/include/Imath/ImathSphere.h
[INFO] [stderr]   -- Installing: /opt/rustwide/target/debug/include/Imath/ImathTypeTraits.h
[INFO] [stderr]   -- Installing: /opt/rustwide/target/debug/include/Imath/ImathVecAlgo.h
[INFO] [stderr]   -- Installing: /opt/rustwide/target/debug/include/Imath/ImathVec.h
[INFO] [stderr]   -- Installing: /opt/rustwide/target/debug/include/Imath/half.h
[INFO] [stderr]   -- Installing: /opt/rustwide/target/debug/include/Imath/halfFunction.h
[INFO] [stderr]   -- Installing: /opt/rustwide/target/debug/include/Imath/halfLimits.h
[INFO] [stderr]   cargo:root=/opt/rustwide/target/debug/build-Imath
[INFO] [stderr]   CMAKE_TOOLCHAIN_FILE_x86_64-unknown-linux-gnu = None
[INFO] [stderr]   CMAKE_TOOLCHAIN_FILE_x86_64_unknown_linux_gnu = None
[INFO] [stderr]   HOST_CMAKE_TOOLCHAIN_FILE = None
[INFO] [stderr]   CMAKE_TOOLCHAIN_FILE = None
[INFO] [stderr]   CMAKE_GENERATOR_x86_64-unknown-linux-gnu = None
[INFO] [stderr]   CMAKE_GENERATOR_x86_64_unknown_linux_gnu = None
[INFO] [stderr]   HOST_CMAKE_GENERATOR = None
[INFO] [stderr]   CMAKE_GENERATOR = None
[INFO] [stderr]   CMAKE_PREFIX_PATH_x86_64-unknown-linux-gnu = None
[INFO] [stderr]   CMAKE_PREFIX_PATH_x86_64_unknown_linux_gnu = None
[INFO] [stderr]   HOST_CMAKE_PREFIX_PATH = None
[INFO] [stderr]   CMAKE_PREFIX_PATH = None
[INFO] [stderr]   CMAKE_x86_64-unknown-linux-gnu = None
[INFO] [stderr]   CMAKE_x86_64_unknown_linux_gnu = None
[INFO] [stderr]   HOST_CMAKE = None
[INFO] [stderr]   CMAKE = None
[INFO] [stderr]   running: "cmake" "/opt/rustwide/workdir/thirdparty/openexr" "-DCMAKE_INSTALL_PREFIX=/opt/rustwide/target/debug" "-DCMAKE_PREFIX_PATH=/opt/rustwide/target/debug/lib/cmake" "-DOPENEXR_IS_SUBPROJECT=ON" "-DBUILD_TESTING=OFF" "-DOPENEXR_INSTALL_EXAMPLES=OFF" "-DBUILD_SHARED_LIBS=ON" "-DCMAKE_C_FLAGS= -ffunction-sections -fdata-sections -fPIC -m64" "-DCMAKE_C_COMPILER=/usr/bin/cc" "-DCMAKE_CXX_FLAGS= -ffunction-sections -fdata-sections -fPIC -m64" "-DCMAKE_CXX_COMPILER=/usr/bin/c++" "-DCMAKE_ASM_FLAGS= -ffunction-sections -fdata-sections -fPIC -m64" "-DCMAKE_ASM_COMPILER=/usr/bin/cc" "-DCMAKE_BUILD_TYPE=Release"
[INFO] [stderr]   -- The C compiler identification is GNU 9.3.0
[INFO] [stderr]   -- The CXX compiler identification is GNU 9.3.0
[INFO] [stderr]   -- Check for working C compiler: /usr/bin/cc
[INFO] [stderr]   -- Check for working C compiler: /usr/bin/cc -- works
[INFO] [stderr]   -- Detecting C compiler ABI info
[INFO] [stderr]   -- Detecting C compiler ABI info - done
[INFO] [stderr]   -- Detecting C compile features
[INFO] [stderr]   -- Detecting C compile features - done
[INFO] [stderr]   -- Check for working CXX compiler: /usr/bin/c++
[INFO] [stderr]   -- Check for working CXX compiler: /usr/bin/c++ -- works
[INFO] [stderr]   -- Detecting CXX compiler ABI info
[INFO] [stderr]   -- Detecting CXX compiler ABI info - done
[INFO] [stderr]   -- Detecting CXX compile features
[INFO] [stderr]   -- Detecting CXX compile features - done
[INFO] [stderr]   -- Looking for pthread.h
[INFO] [stderr]   -- Looking for pthread.h - found
[INFO] [stderr]   -- Performing Test CMAKE_HAVE_LIBC_PTHREAD
[INFO] [stderr]   -- Performing Test CMAKE_HAVE_LIBC_PTHREAD - Failed
[INFO] [stderr]   -- Check if compiler accepts -pthread
[INFO] [stderr]   -- Check if compiler accepts -pthread - yes
[INFO] [stderr]   -- Found Threads: TRUE  
[INFO] [stderr]   -- Using Imath from /opt/rustwide/target/debug/lib/cmake/Imath
[INFO] [stderr]   -- Performing Test OPENEXR_IMF_HAVE_SYSCONF_NPROCESSORS_ONLN
[INFO] [stderr]   -- Performing Test OPENEXR_IMF_HAVE_SYSCONF_NPROCESSORS_ONLN - Success
[INFO] [stderr]   -- Performing Test OPENEXR_IMF_HAVE_GCC_INLINE_ASM_AVX
[INFO] [stderr]   -- Performing Test OPENEXR_IMF_HAVE_GCC_INLINE_ASM_AVX - Success
[INFO] [stderr]   -- Looking for include file ucontext.h
[INFO] [stderr]   -- Looking for include file ucontext.h - found
[INFO] [stderr]   -- Performing Test IEX_HAVE_CONTROL_REGISTER_SUPPORT
[INFO] [stderr]   -- Performing Test IEX_HAVE_CONTROL_REGISTER_SUPPORT - Success
[INFO] [stderr]   -- Looking for include file semaphore.h
[INFO] [stderr]   -- Looking for include file semaphore.h - found
[INFO] [stderr]   -- Looking for sem_init in pthread
[INFO] [stderr]   -- Looking for sem_init in pthread - found
[INFO] [stderr]   -- Configure OpenEXR 3.0.5, library API version: 29.0.0
[INFO] [stderr]   -- Configuring done
[INFO] [stderr]   -- Generating done
[INFO] [stderr]   -- Build files have been written to: /opt/rustwide/target/debug/build-openexr/build
[INFO] [stderr]   running: "cmake" "--build" "." "--target" "install" "--config" "Release" "--parallel" "128"
[INFO] [stderr]   Scanning dependencies of target Iex
[INFO] [stderr]   [  1%] Building CXX object src/lib/Iex/CMakeFiles/Iex.dir/IexMathFloatExc.cpp.o
[INFO] [stderr]   [  2%] Building CXX object src/lib/Iex/CMakeFiles/Iex.dir/IexThrowErrnoExc.cpp.o
[INFO] [stderr]   [  2%] Building CXX object src/lib/Iex/CMakeFiles/Iex.dir/IexBaseExc.cpp.o
[INFO] [stderr]   [  2%] Building CXX object src/lib/Iex/CMakeFiles/Iex.dir/IexMathFpu.cpp.o
[INFO] [stderr]   [  3%] Linking CXX shared library libIex-3_0.so
[INFO] [stderr]   [  3%] Built target Iex
[INFO] [stderr]   Scanning dependencies of target IlmThread
[INFO] [stderr]   [  3%] Building CXX object src/lib/IlmThread/CMakeFiles/IlmThread.dir/IlmThreadPool.cpp.o
[INFO] [stderr]   [  4%] Building CXX object src/lib/IlmThread/CMakeFiles/IlmThread.dir/IlmThread.cpp.o
[INFO] [stderr]   [  5%] Building CXX object src/lib/IlmThread/CMakeFiles/IlmThread.dir/IlmThreadSemaphore.cpp.o
[INFO] [stderr]   [  6%] Building CXX object src/lib/IlmThread/CMakeFiles/IlmThread.dir/IlmThreadSemaphorePosixCompat.cpp.o
[INFO] [stderr]   [  7%] Building CXX object src/lib/IlmThread/CMakeFiles/IlmThread.dir/IlmThreadSemaphoreOSX.cpp.o
[INFO] [stderr]   [  7%] Building CXX object src/lib/IlmThread/CMakeFiles/IlmThread.dir/IlmThreadSemaphorePosix.cpp.o
[INFO] [stderr]   [  8%] Building CXX object src/lib/IlmThread/CMakeFiles/IlmThread.dir/IlmThreadSemaphoreWin32.cpp.o
[INFO] [stderr]   [  8%] Linking CXX shared library libIlmThread-3_0.so
[INFO] [stderr]   [  8%] Built target IlmThread
[INFO] [stderr]   Scanning dependencies of target OpenEXR
[INFO] [stderr]   [  9%] Building CXX object src/lib/OpenEXR/CMakeFiles/OpenEXR.dir/ImfAttribute.cpp.o
[INFO] [stderr]   [ 10%] Building CXX object src/lib/OpenEXR/CMakeFiles/OpenEXR.dir/ImfBoxAttribute.cpp.o
[INFO] [stderr]   [ 10%] Building CXX object src/lib/OpenEXR/CMakeFiles/OpenEXR.dir/ImfCRgbaFile.cpp.o
[INFO] [stderr]   [ 11%] Building CXX object src/lib/OpenEXR/CMakeFiles/OpenEXR.dir/ImfChannelList.cpp.o
[INFO] [stderr]   [ 12%] Building CXX object src/lib/OpenEXR/CMakeFiles/OpenEXR.dir/ImfFrameBuffer.cpp.o
[INFO] [stderr]   [ 13%] Building CXX object src/lib/OpenEXR/CMakeFiles/OpenEXR.dir/ImfChannelListAttribute.cpp.o
[INFO] [stderr]   [ 14%] Building CXX object src/lib/OpenEXR/CMakeFiles/OpenEXR.dir/ImfHeader.cpp.o
[INFO] [stderr]   [ 14%] Building CXX object src/lib/OpenEXR/CMakeFiles/OpenEXR.dir/ImfFloatAttribute.cpp.o
[INFO] [stderr]   [ 15%] Building CXX object src/lib/OpenEXR/CMakeFiles/OpenEXR.dir/ImfIntAttribute.cpp.o
[INFO] [stderr]   [ 15%] Building CXX object src/lib/OpenEXR/CMakeFiles/OpenEXR.dir/ImfIO.cpp.o
[INFO] [stderr]   [ 16%] Building CXX object src/lib/OpenEXR/CMakeFiles/OpenEXR.dir/ImfInputFile.cpp.o
[INFO] [stderr]   [ 17%] Building CXX object src/lib/OpenEXR/CMakeFiles/OpenEXR.dir/ImfMatrixAttribute.cpp.o
[INFO] [stderr]   [ 18%] Building CXX object src/lib/OpenEXR/CMakeFiles/OpenEXR.dir/ImfOpaqueAttribute.cpp.o
[INFO] [stderr]   [ 18%] Building CXX object src/lib/OpenEXR/CMakeFiles/OpenEXR.dir/ImfLineOrderAttribute.cpp.o
[INFO] [stderr]   [ 18%] Building CXX object src/lib/OpenEXR/CMakeFiles/OpenEXR.dir/ImfOutputFile.cpp.o
[INFO] [stderr]   [ 19%] Building CXX object src/lib/OpenEXR/CMakeFiles/OpenEXR.dir/ImfRgbaFile.cpp.o
[INFO] [stderr]   [ 20%] Building CXX object src/lib/OpenEXR/CMakeFiles/OpenEXR.dir/ImfStringAttribute.cpp.o
[INFO] [stderr]   [ 20%] Building CXX object src/lib/OpenEXR/CMakeFiles/OpenEXR.dir/ImfVecAttribute.cpp.o
[INFO] [stderr]   [ 21%] Building CXX object src/lib/OpenEXR/CMakeFiles/OpenEXR.dir/ImfHuf.cpp.o
[INFO] [stderr]   [ 22%] Building CXX object src/lib/OpenEXR/CMakeFiles/OpenEXR.dir/ImfThreading.cpp.o
[INFO] [stderr]   [ 22%] Building CXX object src/lib/OpenEXR/CMakeFiles/OpenEXR.dir/ImfWav.cpp.o
[INFO] [stderr]   [ 23%] Building CXX object src/lib/OpenEXR/CMakeFiles/OpenEXR.dir/ImfLut.cpp.o
[INFO] [stderr]   [ 24%] Building CXX object src/lib/OpenEXR/CMakeFiles/OpenEXR.dir/ImfCompressor.cpp.o
[INFO] [stderr]   [ 25%] Building CXX object src/lib/OpenEXR/CMakeFiles/OpenEXR.dir/ImfZipCompressor.cpp.o
[INFO] [stderr]   [ 25%] Building CXX object src/lib/OpenEXR/CMakeFiles/OpenEXR.dir/ImfB44Compressor.cpp.o
[INFO] [stderr]   [ 25%] Building CXX object src/lib/OpenEXR/CMakeFiles/OpenEXR.dir/ImfRleCompressor.cpp.o
[INFO] [stderr]   [ 26%] Building CXX object src/lib/OpenEXR/CMakeFiles/OpenEXR.dir/ImfPizCompressor.cpp.o
[INFO] [stderr]   [ 27%] Building CXX object src/lib/OpenEXR/CMakeFiles/OpenEXR.dir/ImfDwaCompressor.cpp.o
[INFO] [stderr]   [ 28%] Building CXX object src/lib/OpenEXR/CMakeFiles/OpenEXR.dir/ImfMisc.cpp.o
[INFO] [stderr]   [ 28%] Building CXX object src/lib/OpenEXR/CMakeFiles/OpenEXR.dir/ImfCompressionAttribute.cpp.o
[INFO] [stderr]   [ 29%] Building CXX object src/lib/OpenEXR/CMakeFiles/OpenEXR.dir/ImfDoubleAttribute.cpp.o
[INFO] [stderr]   [ 30%] Building CXX object src/lib/OpenEXR/CMakeFiles/OpenEXR.dir/ImfConvert.cpp.o
[INFO] [stderr]   [ 30%] Building CXX object src/lib/OpenEXR/CMakeFiles/OpenEXR.dir/ImfPreviewImage.cpp.o
[INFO] [stderr]   [ 31%] Building CXX object src/lib/OpenEXR/CMakeFiles/OpenEXR.dir/ImfPreviewImageAttribute.cpp.o
[INFO] [stderr]   [ 32%] Building CXX object src/lib/OpenEXR/CMakeFiles/OpenEXR.dir/ImfVersion.cpp.o
[INFO] [stderr]   [ 32%] Building CXX object src/lib/OpenEXR/CMakeFiles/OpenEXR.dir/ImfChromaticities.cpp.o
[INFO] [stderr]   [ 33%] Building CXX object src/lib/OpenEXR/CMakeFiles/OpenEXR.dir/ImfChromaticitiesAttribute.cpp.o
[INFO] [stderr]   [ 34%] Building CXX object src/lib/OpenEXR/CMakeFiles/OpenEXR.dir/ImfKeyCode.cpp.o
[INFO] [stderr]   [ 34%] Building CXX object src/lib/OpenEXR/CMakeFiles/OpenEXR.dir/ImfKeyCodeAttribute.cpp.o
[INFO] [stderr]   [ 35%] Building CXX object src/lib/OpenEXR/CMakeFiles/OpenEXR.dir/ImfTimeCodeAttribute.cpp.o
[INFO] [stderr]   [ 36%] Building CXX object src/lib/OpenEXR/CMakeFiles/OpenEXR.dir/ImfTimeCode.cpp.o
[INFO] [stderr]   [ 36%] Building CXX object src/lib/OpenEXR/CMakeFiles/OpenEXR.dir/ImfRational.cpp.o
[INFO] [stderr]   [ 37%] Building CXX object src/lib/OpenEXR/CMakeFiles/OpenEXR.dir/ImfRationalAttribute.cpp.o
[INFO] [stderr]   [ 38%] Building CXX object src/lib/OpenEXR/CMakeFiles/OpenEXR.dir/ImfFramesPerSecond.cpp.o
[INFO] [stderr]   [ 38%] Building CXX object src/lib/OpenEXR/CMakeFiles/OpenEXR.dir/ImfStandardAttributes.cpp.o
[INFO] [stderr]   [ 39%] Building CXX object src/lib/OpenEXR/CMakeFiles/OpenEXR.dir/ImfEnvmap.cpp.o
[INFO] [stderr]   [ 40%] Building CXX object src/lib/OpenEXR/CMakeFiles/OpenEXR.dir/ImfStdIO.cpp.o
[INFO] [stderr]   [ 41%] Building CXX object src/lib/OpenEXR/CMakeFiles/OpenEXR.dir/ImfScanLineInputFile.cpp.o
[INFO] [stderr]   [ 41%] Building CXX object src/lib/OpenEXR/CMakeFiles/OpenEXR.dir/ImfEnvmapAttribute.cpp.o
[INFO] [stderr]   [ 41%] Building CXX object src/lib/OpenEXR/CMakeFiles/OpenEXR.dir/ImfTiledMisc.cpp.o
[INFO] [stderr]   [ 42%] Building CXX object src/lib/OpenEXR/CMakeFiles/OpenEXR.dir/ImfTiledInputFile.cpp.o
[INFO] [stderr]   [ 43%] Building CXX object src/lib/OpenEXR/CMakeFiles/OpenEXR.dir/ImfTiledRgbaFile.cpp.o
[INFO] [stderr]   [ 44%] Building CXX object src/lib/OpenEXR/CMakeFiles/OpenEXR.dir/ImfTileOffsets.cpp.o
[INFO] [stderr]   [ 44%] Building CXX object src/lib/OpenEXR/CMakeFiles/OpenEXR.dir/ImfTileDescriptionAttribute.cpp.o
[INFO] [stderr]   [ 44%] Building CXX object src/lib/OpenEXR/CMakeFiles/OpenEXR.dir/ImfPxr24Compressor.cpp.o
[INFO] [stderr]   [ 45%] Building CXX object src/lib/OpenEXR/CMakeFiles/OpenEXR.dir/ImfRgbaYca.cpp.o
[INFO] [stderr]   [ 46%] Building CXX object src/lib/OpenEXR/CMakeFiles/OpenEXR.dir/ImfTiledOutputFile.cpp.o
[INFO] [stderr]   [ 47%] Building CXX object src/lib/OpenEXR/CMakeFiles/OpenEXR.dir/ImfTestFile.cpp.o
[INFO] [stderr]   [ 48%] Building CXX object src/lib/OpenEXR/CMakeFiles/OpenEXR.dir/ImfStringVectorAttribute.cpp.o
[INFO] [stderr]   [ 48%] Building CXX object src/lib/OpenEXR/CMakeFiles/OpenEXR.dir/ImfMultiView.cpp.o
[INFO] [stderr]   [ 49%] Building CXX object src/lib/OpenEXR/CMakeFiles/OpenEXR.dir/ImfAcesFile.cpp.o
[INFO] [stderr]   [ 50%] Building CXX object src/lib/OpenEXR/CMakeFiles/OpenEXR.dir/ImfMultiPartOutputFile.cpp.o
[INFO] [stderr]   [ 51%] Building CXX object src/lib/OpenEXR/CMakeFiles/OpenEXR.dir/ImfOutputPartData.cpp.o
[INFO] [stderr]   [ 51%] Building CXX object src/lib/OpenEXR/CMakeFiles/OpenEXR.dir/ImfGenericOutputFile.cpp.o
[INFO] [stderr]   [ 52%] Building CXX object src/lib/OpenEXR/CMakeFiles/OpenEXR.dir/ImfMultiPartInputFile.cpp.o
[INFO] [stderr]   [ 53%] Building CXX object src/lib/OpenEXR/CMakeFiles/OpenEXR.dir/ImfPartType.cpp.o
[INFO] [stderr]   [ 53%] Building CXX object src/lib/OpenEXR/CMakeFiles/OpenEXR.dir/ImfGenericInputFile.cpp.o
[INFO] [stderr]   [ 54%] Building CXX object src/lib/OpenEXR/CMakeFiles/OpenEXR.dir/ImfInputPartData.cpp.o
[INFO] [stderr]   [ 55%] Building CXX object src/lib/OpenEXR/CMakeFiles/OpenEXR.dir/ImfTiledOutputPart.cpp.o
[INFO] [stderr]   [ 55%] Building CXX object src/lib/OpenEXR/CMakeFiles/OpenEXR.dir/ImfOutputPart.cpp.o
[INFO] [stderr]   [ 56%] Building CXX object src/lib/OpenEXR/CMakeFiles/OpenEXR.dir/ImfInputPart.cpp.o
[INFO] [stderr]   [ 56%] Building CXX object src/lib/OpenEXR/CMakeFiles/OpenEXR.dir/ImfTiledInputPart.cpp.o
[INFO] [stderr]   [ 57%] Building CXX object src/lib/OpenEXR/CMakeFiles/OpenEXR.dir/ImfDeepScanLineInputPart.cpp.o
[INFO] [stderr]   [ 57%] Building CXX object src/lib/OpenEXR/CMakeFiles/OpenEXR.dir/ImfDeepTiledOutputPart.cpp.o
[INFO] [stderr]   [ 57%] Building CXX object src/lib/OpenEXR/CMakeFiles/OpenEXR.dir/ImfDeepScanLineInputFile.cpp.o
[INFO] [stderr]   [ 58%] Building CXX object src/lib/OpenEXR/CMakeFiles/OpenEXR.dir/ImfDeepScanLineOutputPart.cpp.o
[INFO] [stderr]   [ 58%] Building CXX object src/lib/OpenEXR/CMakeFiles/OpenEXR.dir/ImfDeepFrameBuffer.cpp.o
[INFO] [stderr]   [ 59%] Building CXX object src/lib/OpenEXR/CMakeFiles/OpenEXR.dir/ImfDeepTiledInputFile.cpp.o
[INFO] [stderr]   [ 60%] Building CXX object src/lib/OpenEXR/CMakeFiles/OpenEXR.dir/ImfDeepTiledOutputFile.cpp.o
[INFO] [stderr]   [ 61%] Building CXX object src/lib/OpenEXR/CMakeFiles/OpenEXR.dir/ImfDeepCompositing.cpp.o
[INFO] [stderr]   [ 62%] Building CXX object src/lib/OpenEXR/CMakeFiles/OpenEXR.dir/ImfDeepScanLineOutputFile.cpp.o
[INFO] [stderr]   [ 63%] Building CXX object src/lib/OpenEXR/CMakeFiles/OpenEXR.dir/ImfCompositeDeepScanLine.cpp.o
[INFO] [stderr]   [ 62%] Building CXX object src/lib/OpenEXR/CMakeFiles/OpenEXR.dir/ImfDeepImageStateAttribute.cpp.o
[INFO] [stderr]   [ 64%] Building CXX object src/lib/OpenEXR/CMakeFiles/OpenEXR.dir/ImfDeepTiledInputPart.cpp.o
[INFO] [stderr]   [ 65%] Building CXX object src/lib/OpenEXR/CMakeFiles/OpenEXR.dir/ImfFastHuf.cpp.o
[INFO] [stderr]   [ 66%] Building CXX object src/lib/OpenEXR/CMakeFiles/OpenEXR.dir/ImfZip.cpp.o
[INFO] [stderr]   [ 67%] Building CXX object src/lib/OpenEXR/CMakeFiles/OpenEXR.dir/ImfSystemSpecific.cpp.o
[INFO] [stderr]   [ 67%] Building CXX object src/lib/OpenEXR/CMakeFiles/OpenEXR.dir/ImfRle.cpp.o
[INFO] [stderr]   [ 68%] Building CXX object src/lib/OpenEXR/CMakeFiles/OpenEXR.dir/ImfFloatVectorAttribute.cpp.o
[INFO] [stderr]   [ 69%] Building CXX object src/lib/OpenEXR/CMakeFiles/OpenEXR.dir/ImfIDManifestAttribute.cpp.o
[INFO] [stderr]   [ 69%] Building CXX object src/lib/OpenEXR/CMakeFiles/OpenEXR.dir/ImfIDManifest.cpp.o
[INFO] [stderr] 
[INFO] [stderr]   --- stderr
[INFO] [stderr]   CMake Warning:
[INFO] [stderr]     Manually-specified variables were not used by the project:
[INFO] [stderr] 
[INFO] [stderr]       CMAKE_ASM_COMPILER
[INFO] [stderr]       CMAKE_ASM_FLAGS
[INFO] [stderr]       CMAKE_CXX_COMPILER
[INFO] [stderr]       CMAKE_CXX_FLAGS
[INFO] [stderr] 
[INFO] [stderr] 
[INFO] [stderr]   make: warning: -j128 forced in submake: resetting jobserver mode.
[INFO] [stderr]   CMake Warning:
[INFO] [stderr]     Manually-specified variables were not used by the project:
[INFO] [stderr] 
[INFO] [stderr]       CMAKE_ASM_COMPILER
[INFO] [stderr]       CMAKE_ASM_FLAGS
[INFO] [stderr] 
[INFO] [stderr] 
[INFO] [stderr]   make: warning: -j128 forced in submake: resetting jobserver mode.
[INFO] [stderr]   -- Creating symlink in /opt/rustwide/target/debug/lib libImath.so -> libImath-3_0.so
[INFO] [stderr]   CMake Warning at cmake/LibraryDefine.cmake:16 (add_library):
[INFO] [stderr]     Cannot generate a safe runtime search path for target OpenEXR because files
[INFO] [stderr]     in some directories may conflict with libraries in implicit directories:
[INFO] [stderr] 
[INFO] [stderr]       runtime library [libz.so.1] in /usr/lib/x86_64-linux-gnu may be hidden by files in:
[INFO] [stderr]         /opt/rustwide/target/debug/lib
[INFO] [stderr] 
[INFO] [stderr]     Some of these libraries may not be found correctly.
[INFO] [stderr]   Call Stack (most recent call first):
[INFO] [stderr]     src/lib/OpenEXR/CMakeLists.txt:4 (openexr_define_library)
[INFO] [stderr] 
[INFO] [stderr] 
[INFO] [stderr]   CMake Warning at cmake/LibraryDefine.cmake:16 (add_library):
[INFO] [stderr]     Cannot generate a safe runtime search path for target OpenEXRUtil because
[INFO] [stderr]     files in some directories may conflict with libraries in implicit
[INFO] [stderr]     directories:
[INFO] [stderr] 
[INFO] [stderr]       runtime library [libz.so.1] in /usr/lib/x86_64-linux-gnu may be hidden by files in:
[INFO] [stderr]         /opt/rustwide/target/debug/lib
[INFO] [stderr] 
[INFO] [stderr]     Some of these libraries may not be found correctly.
[INFO] [stderr]   Call Stack (most recent call first):
[INFO] [stderr]     src/lib/OpenEXRUtil/CMakeLists.txt:4 (openexr_define_library)
[INFO] [stderr] 
[INFO] [stderr] 
[INFO] [stderr]   CMake Warning at src/bin/exr2aces/CMakeLists.txt:4 (add_executable):
[INFO] [stderr]     Cannot generate a safe runtime search path for target exr2aces because
[INFO] [stderr]     files in some directories may conflict with libraries in implicit
[INFO] [stderr]     directories:
[INFO] [stderr] 
[INFO] [stderr]       runtime library [libz.so.1] in /usr/lib/x86_64-linux-gnu may be hidden by files in:
[INFO] [stderr]         /opt/rustwide/target/debug/lib
[INFO] [stderr] 
[INFO] [stderr]     Some of these libraries may not be found correctly.
[INFO] [stderr] 
[INFO] [stderr] 
[INFO] [stderr]   CMake Warning at src/bin/exrheader/CMakeLists.txt:4 (add_executable):
[INFO] [stderr]     Cannot generate a safe runtime search path for target exrheader because
[INFO] [stderr]     files in some directories may conflict with libraries in implicit
[INFO] [stderr]     directories:
[INFO] [stderr] 
[INFO] [stderr]       runtime library [libz.so.1] in /usr/lib/x86_64-linux-gnu may be hidden by files in:
[INFO] [stderr]         /opt/rustwide/target/debug/lib
[INFO] [stderr] 
[INFO] [stderr]     Some of these libraries may not be found correctly.
[INFO] [stderr] 
[INFO] [stderr] 
[INFO] [stderr]   CMake Warning at src/bin/exrmaketiled/CMakeLists.txt:4 (add_executable):
[INFO] [stderr]     Cannot generate a safe runtime search path for target exrmaketiled because
[INFO] [stderr]     files in some directories may conflict with libraries in implicit
[INFO] [stderr]     directories:
[INFO] [stderr] 
[INFO] [stderr]       runtime library [libz.so.1] in /usr/lib/x86_64-linux-gnu may be hidden by files in:
[INFO] [stderr]         /opt/rustwide/target/debug/lib
[INFO] [stderr] 
[INFO] [stderr]     Some of these libraries may not be found correctly.
[INFO] [stderr] 
[INFO] [stderr] 
[INFO] [stderr]   CMake Warning at src/bin/exrstdattr/CMakeLists.txt:4 (add_executable):
[INFO] [stderr]     Cannot generate a safe runtime search path for target exrstdattr because
[INFO] [stderr]     files in some directories may conflict with libraries in implicit
[INFO] [stderr]     directories:
[INFO] [stderr] 
[INFO] [stderr]       runtime library [libz.so.1] in /usr/lib/x86_64-linux-gnu may be hidden by files in:
[INFO] [stderr]         /opt/rustwide/target/debug/lib
[INFO] [stderr] 
[INFO] [stderr]     Some of these libraries may not be found correctly.
[INFO] [stderr] 
[INFO] [stderr] 
[INFO] [stderr]   CMake Warning at src/bin/exrmakepreview/CMakeLists.txt:4 (add_executable):
[INFO] [stderr]     Cannot generate a safe runtime search path for target exrmakepreview
[INFO] [stderr]     because files in some directories may conflict with libraries in implicit
[INFO] [stderr]     directories:
[INFO] [stderr] 
[INFO] [stderr]       runtime library [libz.so.1] in /usr/lib/x86_64-linux-gnu may be hidden by files in:
[INFO] [stderr]         /opt/rustwide/target/debug/lib
[INFO] [stderr] 
[INFO] [stderr]     Some of these libraries may not be found correctly.
[INFO] [stderr] 
[INFO] [stderr] 
[INFO] [stderr]   CMake Warning at src/bin/exrenvmap/CMakeLists.txt:4 (add_executable):
[INFO] [stderr]     Cannot generate a safe runtime search path for target exrenvmap because
[INFO] [stderr]     files in some directories may conflict with libraries in implicit
[INFO] [stderr]     directories:
[INFO] [stderr] 
[INFO] [stderr]       runtime library [libz.so.1] in /usr/lib/x86_64-linux-gnu may be hidden by files in:
[INFO] [stderr]         /opt/rustwide/target/debug/lib
[INFO] [stderr] 
[INFO] [stderr]     Some of these libraries may not be found correctly.
[INFO] [stderr] 
[INFO] [stderr] 
[INFO] [stderr]   CMake Warning at src/bin/exrmultiview/CMakeLists.txt:4 (add_executable):
[INFO] [stderr]     Cannot generate a safe runtime search path for target exrmultiview because
[INFO] [stderr]     files in some directories may conflict with libraries in implicit
[INFO] [stderr]     directories:
[INFO] [stderr] 
[INFO] [stderr]       runtime library [libz.so.1] in /usr/lib/x86_64-linux-gnu may be hidden by files in:
[INFO] [stderr]         /opt/rustwide/target/debug/lib
[INFO] [stderr] 
[INFO] [stderr]     Some of these libraries may not be found correctly.
[INFO] [stderr] 
[INFO] [stderr] 
[INFO] [stderr]   CMake Warning at src/bin/exrmultipart/CMakeLists.txt:4 (add_executable):
[INFO] [stderr]     Cannot generate a safe runtime search path for target exrmultipart because
[INFO] [stderr]     files in some directories may conflict with libraries in implicit
[INFO] [stderr]     directories:
[INFO] [stderr] 
[INFO] [stderr]       runtime library [libz.so.1] in /usr/lib/x86_64-linux-gnu may be hidden by files in:
[INFO] [stderr]         /opt/rustwide/target/debug/lib
[INFO] [stderr] 
[INFO] [stderr]     Some of these libraries may not be found correctly.
[INFO] [stderr] 
[INFO] [stderr] 
[INFO] [stderr]   CMake Warning at src/bin/exrcheck/CMakeLists.txt:4 (add_executable):
[INFO] [stderr]     Cannot generate a safe runtime search path for target exrcheck because
[INFO] [stderr]     files in some directories may conflict with libraries in implicit
[INFO] [stderr]     directories:
[INFO] [stderr] 
[INFO] [stderr]       runtime library [libz.so.1] in /usr/lib/x86_64-linux-gnu may be hidden by files in:
[INFO] [stderr]         /opt/rustwide/target/debug/lib
[INFO] [stderr] 
[INFO] [stderr]     Some of these libraries may not be found correctly.
[INFO] [stderr] 
[INFO] [stderr] 
[INFO] [stderr]   CMake Warning:
[INFO] [stderr]     Manually-specified variables were not used by the project:
[INFO] [stderr] 
[INFO] [stderr]       CMAKE_ASM_COMPILER
[INFO] [stderr]       CMAKE_ASM_FLAGS
[INFO] [stderr] 
[INFO] [stderr] 
[INFO] [stderr]   make: warning: -j128 forced in submake: resetting jobserver mode.
[INFO] [stderr]   c++: fatal error: Killed signal terminated program cc1plus
[INFO] [stderr]   compilation terminated.
[INFO] [stderr]   make[2]: *** [src/lib/OpenEXR/CMakeFiles/OpenEXR.dir/build.make:414: src/lib/OpenEXR/CMakeFiles/OpenEXR.dir/ImfDwaCompressor.cpp.o] Error 1
[INFO] [stderr]   make[2]: *** Waiting for unfinished jobs....
[INFO] [stderr]   c++: fatal error: Killed signal terminated program cc1plus
[INFO] [stderr]   compilation terminated.
[INFO] [stderr]   make[2]: *** [src/lib/OpenEXR/CMakeFiles/OpenEXR.dir/build.make:856: src/lib/OpenEXR/CMakeFiles/OpenEXR.dir/ImfMultiPartOutputFile.cpp.o] Error 1
[INFO] [stderr]   c++: fatal error: Killed signal terminated program cc1plus
[INFO] [stderr]   compilation terminated.
[INFO] [stderr]   make[2]: *** [src/lib/OpenEXR/CMakeFiles/OpenEXR.dir/build.make:726: src/lib/OpenEXR/CMakeFiles/OpenEXR.dir/ImfTiledOutputFile.cpp.o] Error 1
[INFO] [stderr]   c++: fatal error: Killed signal terminated program cc1plus
[INFO] [stderr]   compilation terminated.
[INFO] [stderr]   make[2]: *** [src/lib/OpenEXR/CMakeFiles/OpenEXR.dir/build.make:1129: src/lib/OpenEXR/CMakeFiles/OpenEXR.dir/ImfCompositeDeepScanLine.cpp.o] Error 1
[INFO] [stderr]   make[1]: *** [CMakeFiles/Makefile2:458: src/lib/OpenEXR/CMakeFiles/OpenEXR.dir/all] Error 2
[INFO] [stderr]   make: *** [Makefile:130: all] Error 2
[INFO] [stderr]   thread 'main' panicked at '
[INFO] [stderr]   command did not execute successfully, got: exit status: 2
[INFO] [stderr] 
[INFO] [stderr]   build script failed, must exit now', /opt/rustwide/cargo-home/registry/src/github.com-1ecc6299db9ec823/cmake-0.1.46/src/lib.rs:974:5
[INFO] [stderr]   stack backtrace:
[INFO] [stderr]      0:     0x5580d225cde0 - std::backtrace_rs::backtrace::libunwind::trace::ha0ad43e8a952bfe7
[INFO] [stderr]                                  at /rustc/c8dfcfe046a7680554bf4eb612bad840e7631c4b/library/std/src/../../backtrace/src/backtrace/libunwind.rs:90:5
[INFO] [stderr]      1:     0x5580d225cde0 - std::backtrace_rs::backtrace::trace_unsynchronized::h6830419c0c4130dc
[INFO] [stderr]                                  at /rustc/c8dfcfe046a7680554bf4eb612bad840e7631c4b/library/std/src/../../backtrace/src/backtrace/mod.rs:66:5
[INFO] [stderr]      2:     0x5580d225cde0 - std::sys_common::backtrace::_print_fmt::h8f3516631ffa1ef5
[INFO] [stderr]                                  at /rustc/c8dfcfe046a7680554bf4eb612bad840e7631c4b/library/std/src/sys_common/backtrace.rs:67:5
[INFO] [stderr]      3:     0x5580d225cde0 - <std::sys_common::backtrace::_print::DisplayBacktrace as core::fmt::Display>::fmt::he1640d5f0d93f618
[INFO] [stderr]                                  at /rustc/c8dfcfe046a7680554bf4eb612bad840e7631c4b/library/std/src/sys_common/backtrace.rs:46:22
[INFO] [stderr]      4:     0x5580d227ce2c - core::fmt::write::h88012e1f01caeebf
[INFO] [stderr]                                  at /rustc/c8dfcfe046a7680554bf4eb612bad840e7631c4b/library/core/src/fmt/mod.rs:1115:17
[INFO] [stderr]      5:     0x5580d2259a25 - std::io::Write::write_fmt::h360fa85b30182555
[INFO] [stderr]                                  at /rustc/c8dfcfe046a7680554bf4eb612bad840e7631c4b/library/std/src/io/mod.rs:1665:15
[INFO] [stderr]      6:     0x5580d225f40b - std::sys_common::backtrace::_print::ha1f00492f406a015
[INFO] [stderr]                                  at /rustc/c8dfcfe046a7680554bf4eb612bad840e7631c4b/library/std/src/sys_common/backtrace.rs:49:5
[INFO] [stderr]      7:     0x5580d225f40b - std::sys_common::backtrace::print::hd54561b13feb6af3
[INFO] [stderr]                                  at /rustc/c8dfcfe046a7680554bf4eb612bad840e7631c4b/library/std/src/sys_common/backtrace.rs:36:9
[INFO] [stderr]      8:     0x5580d225f40b - std::panicking::default_hook::{{closure}}::h84fe124cd0864662
[INFO] [stderr]                                  at /rustc/c8dfcfe046a7680554bf4eb612bad840e7631c4b/library/std/src/panicking.rs:208:50
[INFO] [stderr]      9:     0x5580d225eee1 - std::panicking::default_hook::h5a8e74a76ce290a7
[INFO] [stderr]                                  at /rustc/c8dfcfe046a7680554bf4eb612bad840e7631c4b/library/std/src/panicking.rs:225:9
[INFO] [stderr]     10:     0x5580d225fad4 - std::panicking::rust_panic_with_hook::h67c812a4fe9d4c91
[INFO] [stderr]                                  at /rustc/c8dfcfe046a7680554bf4eb612bad840e7631c4b/library/std/src/panicking.rs:622:17
[INFO] [stderr]     11:     0x5580d225f5b7 - std::panicking::begin_panic_handler::{{closure}}::h33f9c1b96af300d7
[INFO] [stderr]                                  at /rustc/c8dfcfe046a7680554bf4eb612bad840e7631c4b/library/std/src/panicking.rs:519:13
[INFO] [stderr]     12:     0x5580d225d2dc - std::sys_common::backtrace::__rust_end_short_backtrace::h51bae64be5921f0e
[INFO] [stderr]                                  at /rustc/c8dfcfe046a7680554bf4eb612bad840e7631c4b/library/std/src/sys_common/backtrace.rs:141:18
[INFO] [stderr]     13:     0x5580d225f519 - rust_begin_unwind
[INFO] [stderr]                                  at /rustc/c8dfcfe046a7680554bf4eb612bad840e7631c4b/library/std/src/panicking.rs:515:5
[INFO] [stderr]     14:     0x5580d2014bbb - std::panicking::begin_panic_fmt::h7ab3d84aa4ae32a2
[INFO] [stderr]                                  at /rustc/c8dfcfe046a7680554bf4eb612bad840e7631c4b/library/std/src/panicking.rs:457:5
[INFO] [stderr]     15:     0x5580d202c513 - cmake::fail::h37563b42d1514194
[INFO] [stderr]                                  at /opt/rustwide/cargo-home/registry/src/github.com-1ecc6299db9ec823/cmake-0.1.46/src/lib.rs:974:5
[INFO] [stderr]     16:     0x5580d202bf21 - cmake::run::h2ba85cd35f2f4643
[INFO] [stderr]                                  at /opt/rustwide/cargo-home/registry/src/github.com-1ecc6299db9ec823/cmake-0.1.46/src/lib.rs:952:9
[INFO] [stderr]     17:     0x5580d2028dcb - cmake::Config::build::h3ffb65ac826e8246
[INFO] [stderr]                                  at /opt/rustwide/cargo-home/registry/src/github.com-1ecc6299db9ec823/cmake-0.1.46/src/lib.rs:832:9
[INFO] [stderr]     18:     0x5580d201900b - cppmm_build::build_thirdparty::h1b7103b4a858a320
[INFO] [stderr]                                  at /opt/rustwide/cargo-home/registry/src/github.com-1ecc6299db9ec823/cppmm-build-0.2.0/src/lib.rs:36:5
[INFO] [stderr]     19:     0x5580d201b12a - cppmm_build::build::h042385e5bb1c149f
[INFO] [stderr]                                  at /opt/rustwide/cargo-home/registry/src/github.com-1ecc6299db9ec823/cppmm-build-0.2.0/src/lib.rs:338:13
[INFO] [stderr]     20:     0x5580d2017e3e - build_script_build::main::hb283c6ae2ad2e99e
[INFO] [stderr]                                  at /opt/rustwide/workdir/build.rs:4:5
[INFO] [stderr]     21:     0x5580d2017f1b - core::ops::function::FnOnce::call_once::he72bcd0ee101932f
[INFO] [stderr]                                  at /rustc/c8dfcfe046a7680554bf4eb612bad840e7631c4b/library/core/src/ops/function.rs:227:5
[INFO] [stderr]     22:     0x5580d2016e6e - std::sys_common::backtrace::__rust_begin_short_backtrace::hd051f8822f011e99
[INFO] [stderr]                                  at /rustc/c8dfcfe046a7680554bf4eb612bad840e7631c4b/library/std/src/sys_common/backtrace.rs:125:18
[INFO] [stderr]     23:     0x5580d2016c31 - std::rt::lang_start::{{closure}}::he50a1cebac73daad
[INFO] [stderr]                                  at /rustc/c8dfcfe046a7680554bf4eb612bad840e7631c4b/library/std/src/rt.rs:63:18
[INFO] [stderr]     24:     0x5580d225ffda - core::ops::function::impls::<impl core::ops::function::FnOnce<A> for &F>::call_once::ha9408abe89f69dc4
[INFO] [stderr]                                  at /rustc/c8dfcfe046a7680554bf4eb612bad840e7631c4b/library/core/src/ops/function.rs:259:13
[INFO] [stderr]     25:     0x5580d225ffda - std::panicking::try::do_call::h5b0cc9e9102acb65
[INFO] [stderr]                                  at /rustc/c8dfcfe046a7680554bf4eb612bad840e7631c4b/library/std/src/panicking.rs:401:40
[INFO] [stderr]     26:     0x5580d225ffda - std::panicking::try::hddc7f8229138b3ba
[INFO] [stderr]                                  at /rustc/c8dfcfe046a7680554bf4eb612bad840e7631c4b/library/std/src/panicking.rs:365:19
[INFO] [stderr]     27:     0x5580d225ffda - std::panic::catch_unwind::hfa401ff8bab2986e
[INFO] [stderr]                                  at /rustc/c8dfcfe046a7680554bf4eb612bad840e7631c4b/library/std/src/panic.rs:434:14
[INFO] [stderr]     28:     0x5580d225ffda - std::rt::lang_start_internal::{{closure}}::h8163422320d11405
[INFO] [stderr]                                  at /rustc/c8dfcfe046a7680554bf4eb612bad840e7631c4b/library/std/src/rt.rs:45:48
[INFO] [stderr]     29:     0x5580d225ffda - std::panicking::try::do_call::hc742cc7bb4f0fb20
[INFO] [stderr]                                  at /rustc/c8dfcfe046a7680554bf4eb612bad840e7631c4b/library/std/src/panicking.rs:401:40
[INFO] [stderr]     30:     0x5580d225ffda - std::panicking::try::ha37d8d2dd1acf7d3
[INFO] [stderr]                                  at /rustc/c8dfcfe046a7680554bf4eb612bad840e7631c4b/library/std/src/panicking.rs:365:19
[INFO] [stderr]     31:     0x5580d225ffda - std::panic::catch_unwind::h8a5381d5ecf437bc
[INFO] [stderr]                                  at /rustc/c8dfcfe046a7680554bf4eb612bad840e7631c4b/library/std/src/panic.rs:434:14
[INFO] [stderr]     32:     0x5580d225ffda - std::rt::lang_start_internal::h7e2cee8c90d4a4d3
[INFO] [stderr]                                  at /rustc/c8dfcfe046a7680554bf4eb612bad840e7631c4b/library/std/src/rt.rs:45:20
[INFO] [stderr]     33:     0x5580d2016c00 - std::rt::lang_start::hcfd7c8e349eeb36f
[INFO] [stderr]                                  at /rustc/c8dfcfe046a7680554bf4eb612bad840e7631c4b/library/std/src/rt.rs:62:5
[INFO] [stderr]     34:     0x5580d2017e9c - main
[INFO] [stderr]     35:     0x7fe329ef40b3 - __libc_start_main
[INFO] [stderr]     36:     0x5580d2015f8e - _start
[INFO] [stderr]     37:                0x0 - <unknown>
[INFO] running `Command { std: "docker" "inspect" "135b6f818a39b319088374a7f147882b4e1380f7d3b482c53b354d9e5194bd5b", kill_on_drop: false }`
[INFO] running `Command { std: "docker" "rm" "-f" "135b6f818a39b319088374a7f147882b4e1380f7d3b482c53b354d9e5194bd5b", kill_on_drop: false }`
[INFO] [stdout] 135b6f818a39b319088374a7f147882b4e1380f7d3b482c53b354d9e5194bd5b
