[INFO] fetching crate olm 0.1.2...
[INFO] checking olm-0.1.2 against 1.55.0 for beta-1.56-3
[INFO] extracting crate olm 0.1.2 into /workspace/builds/worker-94/source
[INFO] validating manifest of crates.io crate olm 0.1.2 on toolchain 1.55.0
[INFO] running `Command { std: "/workspace/cargo-home/bin/cargo" "+1.55.0" "metadata" "--manifest-path" "Cargo.toml" "--no-deps", kill_on_drop: false }`
[INFO] started tweaking crates.io crate olm 0.1.2
[INFO] finished tweaking crates.io crate olm 0.1.2
[INFO] tweaked toml for crates.io crate olm 0.1.2 written to /workspace/builds/worker-94/source/Cargo.toml
[INFO] running `Command { std: "/workspace/cargo-home/bin/cargo" "+1.55.0" "generate-lockfile" "--manifest-path" "Cargo.toml" "-Zno-index-update", kill_on_drop: false }`
[INFO] running `Command { std: "/workspace/cargo-home/bin/cargo" "+1.55.0" "fetch" "--manifest-path" "Cargo.toml", kill_on_drop: false }`
[INFO] [stderr]     Blocking waiting for file lock on package cache
[INFO] running `Command { std: "docker" "create" "-v" "/var/lib/crater-agent-workspace/builds/worker-94/target:/opt/rustwide/target:rw,Z" "-v" "/var/lib/crater-agent-workspace/builds/worker-94/source:/opt/rustwide/workdir:ro,Z" "-v" "/var/lib/crater-agent-workspace/cargo-home:/opt/rustwide/cargo-home:ro,Z" "-v" "/var/lib/crater-agent-workspace/rustup-home:/opt/rustwide/rustup-home:ro,Z" "-e" "SOURCE_DIR=/opt/rustwide/workdir" "-e" "CARGO_TARGET_DIR=/opt/rustwide/target" "-e" "CARGO_HOME=/opt/rustwide/cargo-home" "-e" "RUSTUP_HOME=/opt/rustwide/rustup-home" "-w" "/opt/rustwide/workdir" "-m" "1610612736" "--user" "0:0" "--network" "none" "ghcr.io/rust-lang/crates-build-env/linux@sha256:a89201d6b5b9fd45c15d5952ece0a0129e7e80cb26ec023fd59cf09bc26f1604" "/opt/rustwide/cargo-home/bin/cargo" "+1.55.0" "metadata" "--no-deps" "--format-version=1", kill_on_drop: false }`
[INFO] [stdout] ab482757073ae32f964fe20df7aef62cf6cddab27a39c182ab930a7848fd6281
[INFO] running `Command { std: "docker" "start" "-a" "ab482757073ae32f964fe20df7aef62cf6cddab27a39c182ab930a7848fd6281", kill_on_drop: false }`
[INFO] running `Command { std: "docker" "inspect" "ab482757073ae32f964fe20df7aef62cf6cddab27a39c182ab930a7848fd6281", kill_on_drop: false }`
[INFO] running `Command { std: "docker" "rm" "-f" "ab482757073ae32f964fe20df7aef62cf6cddab27a39c182ab930a7848fd6281", kill_on_drop: false }`
[INFO] [stdout] ab482757073ae32f964fe20df7aef62cf6cddab27a39c182ab930a7848fd6281
[INFO] running `Command { std: "docker" "create" "-v" "/var/lib/crater-agent-workspace/builds/worker-94/target:/opt/rustwide/target:rw,Z" "-v" "/var/lib/crater-agent-workspace/builds/worker-94/source:/opt/rustwide/workdir:ro,Z" "-v" "/var/lib/crater-agent-workspace/cargo-home:/opt/rustwide/cargo-home:ro,Z" "-v" "/var/lib/crater-agent-workspace/rustup-home:/opt/rustwide/rustup-home:ro,Z" "-e" "SOURCE_DIR=/opt/rustwide/workdir" "-e" "CARGO_TARGET_DIR=/opt/rustwide/target" "-e" "CARGO_INCREMENTAL=0" "-e" "RUST_BACKTRACE=full" "-e" "RUSTFLAGS=--cap-lints=warn" "-e" "CARGO_HOME=/opt/rustwide/cargo-home" "-e" "RUSTUP_HOME=/opt/rustwide/rustup-home" "-w" "/opt/rustwide/workdir" "-m" "1610612736" "--user" "0:0" "--network" "none" "ghcr.io/rust-lang/crates-build-env/linux@sha256:a89201d6b5b9fd45c15d5952ece0a0129e7e80cb26ec023fd59cf09bc26f1604" "/opt/rustwide/cargo-home/bin/cargo" "+1.55.0" "check" "--frozen" "--all" "--all-targets" "--message-format=json", kill_on_drop: false }`
[INFO] [stdout] 31b7e3ac03a225609aa1d25d8dc24977f499ebbec97527030f261280252abfff
[INFO] running `Command { std: "docker" "start" "-a" "31b7e3ac03a225609aa1d25d8dc24977f499ebbec97527030f261280252abfff", kill_on_drop: false }`
[INFO] [stderr]     Blocking waiting for file lock on package cache
[INFO] [stderr]    Compiling typenum v1.14.0
[INFO] [stderr]    Compiling version_check v0.9.3
[INFO] [stderr]    Compiling getrandom v0.1.16
[INFO] [stderr]    Compiling syn v1.0.80
[INFO] [stderr]     Checking ppv-lite86 v0.2.14
[INFO] [stderr]    Compiling serde v1.0.130
[INFO] [stderr]     Checking cpufeatures v0.2.1
[INFO] [stderr]     Checking signature v1.3.1
[INFO] [stderr]     Checking subtle v2.4.1
[INFO] [stderr]     Checking byteorder v1.4.3
[INFO] [stderr]     Checking opaque-debug v0.3.0
[INFO] [stderr]     Checking ed25519 v1.2.0
[INFO] [stderr]    Compiling generic-array v0.14.4
[INFO] [stderr]     Checking rand_core v0.5.1
[INFO] [stderr]     Checking rand_chacha v0.2.2
[INFO] [stderr]     Checking rand v0.7.3
[INFO] [stderr]     Checking digest v0.9.0
[INFO] [stderr]     Checking block-buffer v0.9.0
[INFO] [stderr]     Checking sha2 v0.9.8
[INFO] [stderr]    Compiling synstructure v0.12.6
[INFO] [stderr]    Compiling zeroize_derive v1.2.0
[INFO] [stderr]     Checking zeroize v1.4.2
[INFO] [stderr]     Checking curve25519-dalek v3.2.0
[INFO] [stderr]     Checking ed25519-dalek v1.0.1
[INFO] [stderr]     Checking olm v0.1.2 (/opt/rustwide/workdir)
[INFO] [stdout] error[E0277]: the trait bound `Keypair: Default` is not satisfied
[INFO] [stdout]    --> src/olm.rs:10:5
[INFO] [stdout]     |
[INFO] [stdout] 8   | #[derive(Default)]
[INFO] [stdout]     |          ------- in this derive macro expansion
[INFO] [stdout] 9   | pub struct Conversation {
[INFO] [stdout] 10  |     keypair: Keypair,
[INFO] [stdout]     |     ^^^^^^^^^^^^^^^^ the trait `Default` is not implemented for `Keypair`
[INFO] [stdout]     |
[INFO] [stdout] note: required by `std::default::Default::default`
[INFO] [stdout]     = note: this error originates in the derive macro `Default` (in Nightly builds, run with -Z macro-backtrace for more info)
[INFO] [stdout] 
[INFO] [stdout] 
[INFO] [stdout] error: aborting due to previous error
[INFO] [stdout] 
[INFO] [stdout] 
[INFO] [stdout] For more information about this error, try `rustc --explain E0277`.
[INFO] [stdout] 
[INFO] [stderr] error: could not compile `olm` due to 2 previous errors
[INFO] [stderr] warning: build failed, waiting for other jobs to finish...
[INFO] [stdout] error[E0277]: the trait bound `Keypair: Default` is not satisfied
[INFO] [stdout]    --> src/olm.rs:10:5
[INFO] [stdout]     |
[INFO] [stdout] 8   | #[derive(Default)]
[INFO] [stdout]     |          ------- in this derive macro expansion
[INFO] [stdout] 9   | pub struct Conversation {
[INFO] [stdout] 10  |     keypair: Keypair,
[INFO] [stdout]     |     ^^^^^^^^^^^^^^^^ the trait `Default` is not implemented for `Keypair`
[INFO] [stdout]     |
[INFO] [stdout] note: required by `std::default::Default::default`
[INFO] [stdout]     = note: this error originates in the derive macro `Default` (in Nightly builds, run with -Z macro-backtrace for more info)
[INFO] [stdout] 
[INFO] [stdout] 
[INFO] [stdout] error[E0599]: no method named `sign` found for reference `&Keypair` in the current scope
[INFO] [stdout]   --> src/olm.rs:44:51
[INFO] [stdout]    |
[INFO] [stdout] 44 |         let signature: Signature = conv.keypair().sign(message);
[INFO] [stdout]    |                                                   ^^^^ method not found in `&Keypair`
[INFO] [stdout]    |
[INFO] [stdout]    = help: items from traits can only be used if the trait is in scope
[INFO] [stdout]    = note: the following trait is implemented but not in scope; perhaps add a `use` for it:
[INFO] [stdout]            `use crate::olm::ed25519_dalek::Signer;`
[INFO] [stdout] 
[INFO] [stdout] 
[INFO] [stdout] error: aborting due to 2 previous errors
[INFO] [stdout] 
[INFO] [stdout] 
[INFO] [stdout] Some errors have detailed explanations: E0277, E0599.
[INFO] [stdout] 
[INFO] [stdout] For more information about an error, try `rustc --explain E0277`.
[INFO] [stdout] 
[INFO] [stderr] error: build failed
[INFO] running `Command { std: "docker" "inspect" "31b7e3ac03a225609aa1d25d8dc24977f499ebbec97527030f261280252abfff", kill_on_drop: false }`
[INFO] running `Command { std: "docker" "rm" "-f" "31b7e3ac03a225609aa1d25d8dc24977f499ebbec97527030f261280252abfff", kill_on_drop: false }`
[INFO] [stdout] 31b7e3ac03a225609aa1d25d8dc24977f499ebbec97527030f261280252abfff
