[INFO] fetching crate ofx 0.3.0...
[INFO] checking ofx-0.3.0 against beta-2021-10-15 for beta-1.56-3
[INFO] extracting crate ofx 0.3.0 into /workspace/builds/worker-78/source
[INFO] validating manifest of crates.io crate ofx 0.3.0 on toolchain beta-2021-10-15
[INFO] running `Command { std: "/workspace/cargo-home/bin/cargo" "+beta-2021-10-15" "metadata" "--manifest-path" "Cargo.toml" "--no-deps", kill_on_drop: false }`
[INFO] started tweaking crates.io crate ofx 0.3.0
[INFO] finished tweaking crates.io crate ofx 0.3.0
[INFO] tweaked toml for crates.io crate ofx 0.3.0 written to /workspace/builds/worker-78/source/Cargo.toml
[INFO] running `Command { std: "/workspace/cargo-home/bin/cargo" "+beta-2021-10-15" "generate-lockfile" "--manifest-path" "Cargo.toml" "-Zno-index-update", kill_on_drop: false }`
[INFO] [stderr]     Blocking waiting for file lock on package cache
[INFO] running `Command { std: "/workspace/cargo-home/bin/cargo" "+beta-2021-10-15" "fetch" "--manifest-path" "Cargo.toml", kill_on_drop: false }`
[INFO] [stderr]     Blocking waiting for file lock on package cache
[INFO] [stderr]  Downloading crates ...
[INFO] [stderr]   Downloaded serde-value v0.5.3
[INFO] [stderr]   Downloaded log4rs v0.8.3
[INFO] [stderr]   Downloaded arc-swap v0.3.11
[INFO] [stderr]   Downloaded bindgen v0.43.2
[INFO] [stderr]   Downloaded ofx_sys v0.2.0
[INFO] running `Command { std: "docker" "create" "-v" "/var/lib/crater-agent-workspace/builds/worker-78/target:/opt/rustwide/target:rw,Z" "-v" "/var/lib/crater-agent-workspace/builds/worker-78/source:/opt/rustwide/workdir:ro,Z" "-v" "/var/lib/crater-agent-workspace/cargo-home:/opt/rustwide/cargo-home:ro,Z" "-v" "/var/lib/crater-agent-workspace/rustup-home:/opt/rustwide/rustup-home:ro,Z" "-e" "SOURCE_DIR=/opt/rustwide/workdir" "-e" "CARGO_TARGET_DIR=/opt/rustwide/target" "-e" "CARGO_HOME=/opt/rustwide/cargo-home" "-e" "RUSTUP_HOME=/opt/rustwide/rustup-home" "-w" "/opt/rustwide/workdir" "-m" "1610612736" "--user" "0:0" "--network" "none" "ghcr.io/rust-lang/crates-build-env/linux@sha256:a89201d6b5b9fd45c15d5952ece0a0129e7e80cb26ec023fd59cf09bc26f1604" "/opt/rustwide/cargo-home/bin/cargo" "+beta-2021-10-15" "metadata" "--no-deps" "--format-version=1", kill_on_drop: false }`
[INFO] [stdout] 8f0a0a20329b987b21006ed617895c3b386e5fadcb0cf9208526fc0f5fcc9d8b
[INFO] running `Command { std: "docker" "start" "-a" "8f0a0a20329b987b21006ed617895c3b386e5fadcb0cf9208526fc0f5fcc9d8b", kill_on_drop: false }`
[INFO] running `Command { std: "docker" "inspect" "8f0a0a20329b987b21006ed617895c3b386e5fadcb0cf9208526fc0f5fcc9d8b", kill_on_drop: false }`
[INFO] running `Command { std: "docker" "rm" "-f" "8f0a0a20329b987b21006ed617895c3b386e5fadcb0cf9208526fc0f5fcc9d8b", kill_on_drop: false }`
[INFO] [stdout] 8f0a0a20329b987b21006ed617895c3b386e5fadcb0cf9208526fc0f5fcc9d8b
[INFO] running `Command { std: "docker" "create" "-v" "/var/lib/crater-agent-workspace/builds/worker-78/target:/opt/rustwide/target:rw,Z" "-v" "/var/lib/crater-agent-workspace/builds/worker-78/source:/opt/rustwide/workdir:ro,Z" "-v" "/var/lib/crater-agent-workspace/cargo-home:/opt/rustwide/cargo-home:ro,Z" "-v" "/var/lib/crater-agent-workspace/rustup-home:/opt/rustwide/rustup-home:ro,Z" "-e" "SOURCE_DIR=/opt/rustwide/workdir" "-e" "CARGO_TARGET_DIR=/opt/rustwide/target" "-e" "CARGO_INCREMENTAL=0" "-e" "RUST_BACKTRACE=full" "-e" "RUSTFLAGS=--cap-lints=warn" "-e" "CARGO_HOME=/opt/rustwide/cargo-home" "-e" "RUSTUP_HOME=/opt/rustwide/rustup-home" "-w" "/opt/rustwide/workdir" "-m" "1610612736" "--user" "0:0" "--network" "none" "ghcr.io/rust-lang/crates-build-env/linux@sha256:a89201d6b5b9fd45c15d5952ece0a0129e7e80cb26ec023fd59cf09bc26f1604" "/opt/rustwide/cargo-home/bin/cargo" "+beta-2021-10-15" "check" "--frozen" "--all" "--all-targets" "--message-format=json", kill_on_drop: false }`
[INFO] [stdout] b6b1da635b28f94246c5bfefba6f791347f4831932a2ce99f7c453cf783f7d3d
[INFO] running `Command { std: "docker" "start" "-a" "b6b1da635b28f94246c5bfefba6f791347f4831932a2ce99f7c453cf783f7d3d", kill_on_drop: false }`
[INFO] [stderr]    Compiling memchr v2.4.1
[INFO] [stderr]    Compiling log v0.4.14
[INFO] [stderr]    Compiling cc v1.0.71
[INFO] [stderr]    Compiling version_check v0.1.5
[INFO] [stderr]    Compiling glob v0.2.11
[INFO] [stderr]    Compiling quick-error v1.2.3
[INFO] [stderr]    Compiling proc-macro2 v1.0.30
[INFO] [stderr]    Compiling regex-syntax v0.6.25
[INFO] [stderr]    Compiling cfg-if v1.0.0
[INFO] [stderr]    Compiling unicode-width v0.1.9
[INFO] [stderr]    Compiling unicode-xid v0.1.0
[INFO] [stderr]    Compiling unicode-xid v0.2.2
[INFO] [stderr]    Compiling termcolor v1.1.2
[INFO] [stderr]    Compiling ansi_term v0.11.0
[INFO] [stderr]    Compiling bitflags v1.3.2
[INFO] [stderr]    Compiling bindgen v0.43.2
[INFO] [stderr]    Compiling vec_map v0.8.2
[INFO] [stderr]    Compiling strsim v0.8.0
[INFO] [stderr]    Compiling crc32fast v1.2.1
[INFO] [stderr]    Compiling cfg-if v0.1.10
[INFO] [stderr]    Compiling peeking_take_while v0.1.2
[INFO] [stderr]    Compiling syn v1.0.80
[INFO] [stderr]    Compiling ryu v1.0.5
[INFO] [stderr]    Compiling lazy_static v1.4.0
[INFO] [stderr]    Compiling serde_derive v1.0.130
[INFO] [stderr]     Checking linked-hash-map v0.5.4
[INFO] [stderr]     Checking traitobject v0.1.0
[INFO] [stderr]     Checking hashbrown v0.11.2
[INFO] [stderr]     Checking adler v1.0.2
[INFO] [stderr]    Compiling serde_json v1.0.68
[INFO] [stderr]     Checking siphasher v0.2.3
[INFO] [stderr]     Checking itoa v0.4.8
[INFO] [stderr]     Checking dtoa v0.4.8
[INFO] [stderr]     Checking log-mdc v0.1.0
[INFO] [stderr]     Checking arc-swap v0.3.11
[INFO] [stderr]     Checking antidote v1.0.0
[INFO] [stderr]    Compiling num-traits v0.2.14
[INFO] [stderr]    Compiling indexmap v1.7.0
[INFO] [stderr]    Compiling miniz_oxide v0.4.4
[INFO] [stderr]    Compiling serde v1.0.130
[INFO] [stderr]    Compiling atty v0.2.14
[INFO] [stderr]    Compiling which v1.0.5
[INFO] [stderr]     Checking thread-id v3.3.0
[INFO] [stderr]    Compiling humantime v1.3.0
[INFO] [stderr]    Compiling proc-macro2 v0.3.5
[INFO] [stderr]     Checking phf_shared v0.7.24
[INFO] [stderr]    Compiling textwrap v0.11.0
[INFO] [stderr]     Checking yaml-rust v0.4.5
[INFO] [stderr]     Checking unsafe-any v0.4.2
[INFO] [stderr]    Compiling clang-sys v0.26.4
[INFO] [stderr]     Checking phf v0.7.24
[INFO] [stderr]     Checking typemap v0.3.3
[INFO] [stderr]    Compiling clap v2.33.3
[INFO] [stderr]    Compiling quote v0.5.2
[INFO] [stderr]    Compiling nom v4.2.3
[INFO] [stderr]    Compiling quote v1.0.10
[INFO] [stderr]    Compiling libloading v0.5.2
[INFO] [stderr]     Checking flate2 v1.0.22
[INFO] [stderr]    Compiling aho-corasick v0.7.18
[INFO] [stderr]     Checking serde_yaml v0.8.21
[INFO] [stderr]     Checking num-integer v0.1.44
[INFO] [stderr]     Checking ordered-float v1.1.1
[INFO] [stderr]     Checking chrono v0.4.19
[INFO] [stderr]     Checking serde-value v0.5.3
[INFO] [stderr]    Compiling regex v1.5.4
[INFO] [stderr]    Compiling cexpr v0.3.6
[INFO] [stderr]    Compiling env_logger v0.6.2
[INFO] [stderr]     Checking log4rs v0.8.3
[INFO] [stderr]    Compiling ofx_sys v0.2.0
[INFO] [stderr]     Checking ofx v0.3.0 (/opt/rustwide/workdir)
[INFO] [stdout] error[E0554]: `#![feature]` may not be used on the beta release channel
[INFO] [stdout]  --> src/lib.rs:2:1
[INFO] [stdout]   |
[INFO] [stdout] 2 | #![feature(concat_idents)]
[INFO] [stdout]   | ^^^^^^^^^^^^^^^^^^^^^^^^^^
[INFO] [stdout] 
[INFO] [stdout] 
[INFO] [stdout] error[E0554]: `#![feature]` may not be used on the beta release channel
[INFO] [stdout]  --> src/lib.rs:3:1
[INFO] [stdout]   |
[INFO] [stdout] 3 | #![feature(specialization)]
[INFO] [stdout]   | ^^^^^^^^^^^^^^^^^^^^^^^^^^^
[INFO] [stdout] 
[INFO] [stdout] 
[INFO] [stdout] error[E0554]: `#![feature]` may not be used on the beta release channel
[INFO] [stdout]  --> src/lib.rs:2:1
[INFO] [stdout]   |
[INFO] [stdout] 2 | #![feature(concat_idents)]
[INFO] [stdout]   | ^^^^^^^^^^^^^^^^^^^^^^^^^^
[INFO] [stdout] 
[INFO] [stdout] 
[INFO] [stdout] error[E0554]: `#![feature]` may not be used on the beta release channel
[INFO] [stdout]  --> src/lib.rs:3:1
[INFO] [stdout]   |
[INFO] [stdout] 3 | #![feature(specialization)]
[INFO] [stdout]   | ^^^^^^^^^^^^^^^^^^^^^^^^^^^
[INFO] [stdout] 
[INFO] [stdout] 
[INFO] [stdout] warning: the feature `specialization` is incomplete and may not be safe to use and/or cause compiler crashes
[INFO] [stdout]  --> src/lib.rs:3:12
[INFO] [stdout]   |
[INFO] [stdout] 3 | #![feature(specialization)]
[INFO] [stdout]   |            ^^^^^^^^^^^^^^
[INFO] [stdout]   |
[INFO] [stdout]   = note: `#[warn(incomplete_features)]` on by default
[INFO] [stdout]   = note: see issue #31844 <https://github.com/rust-lang/rust/issues/31844> for more information
[INFO] [stdout]   = help: consider using `min_specialization` instead, which is more stable and complete
[INFO] [stdout] 
[INFO] [stdout] 
[INFO] [stdout] warning: trait objects without an explicit `dyn` are deprecated
[INFO] [stdout]   --> src/plugin.rs:88:16
[INFO] [stdout]    |
[INFO] [stdout] 88 |     instance: Box<Execute>,
[INFO] [stdout]    |                   ^^^^^^^ help: use `dyn`: `dyn Execute`
[INFO] [stdout]    |
[INFO] [stdout]    = note: `#[warn(bare_trait_objects)]` on by default
[INFO] [stdout]    = warning: this is accepted in the current edition (Rust 2015) but is a hard error in Rust 2021!
[INFO] [stdout]    = note: for more information, see <https://doc.rust-lang.org/nightly/edition-guide/rust-2021/warnings-promoted-to-error.html>
[INFO] [stdout] 
[INFO] [stdout] 
[INFO] [stdout] warning: trait objects without an explicit `dyn` are deprecated
[INFO] [stdout]    --> src/plugin.rs:309:17
[INFO] [stdout]     |
[INFO] [stdout] 309 |         instance: Box<Execute>,
[INFO] [stdout]     |                       ^^^^^^^ help: use `dyn`: `dyn Execute`
[INFO] [stdout]     |
[INFO] [stdout]     = warning: this is accepted in the current edition (Rust 2015) but is a hard error in Rust 2021!
[INFO] [stdout]     = note: for more information, see <https://doc.rust-lang.org/nightly/edition-guide/rust-2021/warnings-promoted-to-error.html>
[INFO] [stdout] 
[INFO] [stdout] 
[INFO] [stdout] warning: trait objects without an explicit `dyn` are deprecated
[INFO] [stdout]   --> src/registry.rs:25:17
[INFO] [stdout]    |
[INFO] [stdout] 25 |         instance: Box<Execute>,
[INFO] [stdout]    |                       ^^^^^^^ help: use `dyn`: `dyn Execute`
[INFO] [stdout]    |
[INFO] [stdout]    = warning: this is accepted in the current edition (Rust 2015) but is a hard error in Rust 2021!
[INFO] [stdout]    = note: for more information, see <https://doc.rust-lang.org/nightly/edition-guide/rust-2021/warnings-promoted-to-error.html>
[INFO] [stdout] 
[INFO] [stdout] 
[INFO] [stdout] warning: the feature `specialization` is incomplete and may not be safe to use and/or cause compiler crashes
[INFO] [stdout]  --> src/lib.rs:3:12
[INFO] [stdout]   |
[INFO] [stdout] 3 | #![feature(specialization)]
[INFO] [stdout]   |            ^^^^^^^^^^^^^^
[INFO] [stdout]   |
[INFO] [stdout]   = note: `#[warn(incomplete_features)]` on by default
[INFO] [stdout]   = note: see issue #31844 <https://github.com/rust-lang/rust/issues/31844> for more information
[INFO] [stdout]   = help: consider using `min_specialization` instead, which is more stable and complete
[INFO] [stdout] 
[INFO] [stdout] 
[INFO] [stdout] warning: trait objects without an explicit `dyn` are deprecated
[INFO] [stdout]   --> src/plugin.rs:88:16
[INFO] [stdout]    |
[INFO] [stdout] 88 |     instance: Box<Execute>,
[INFO] [stdout]    |                   ^^^^^^^ help: use `dyn`: `dyn Execute`
[INFO] [stdout]    |
[INFO] [stdout]    = note: `#[warn(bare_trait_objects)]` on by default
[INFO] [stdout]    = warning: this is accepted in the current edition (Rust 2015) but is a hard error in Rust 2021!
[INFO] [stdout]    = note: for more information, see <https://doc.rust-lang.org/nightly/edition-guide/rust-2021/warnings-promoted-to-error.html>
[INFO] [stdout] 
[INFO] [stdout] 
[INFO] [stdout] warning: trait objects without an explicit `dyn` are deprecated
[INFO] [stdout]    --> src/plugin.rs:309:17
[INFO] [stdout]     |
[INFO] [stdout] 309 |         instance: Box<Execute>,
[INFO] [stdout]     |                       ^^^^^^^ help: use `dyn`: `dyn Execute`
[INFO] [stdout]     |
[INFO] [stdout]     = warning: this is accepted in the current edition (Rust 2015) but is a hard error in Rust 2021!
[INFO] [stdout]     = note: for more information, see <https://doc.rust-lang.org/nightly/edition-guide/rust-2021/warnings-promoted-to-error.html>
[INFO] [stdout] 
[INFO] [stdout] 
[INFO] [stdout] warning: trait objects without an explicit `dyn` are deprecated
[INFO] [stdout]   --> src/registry.rs:25:17
[INFO] [stdout]    |
[INFO] [stdout] 25 |         instance: Box<Execute>,
[INFO] [stdout]    |                       ^^^^^^^ help: use `dyn`: `dyn Execute`
[INFO] [stdout]    |
[INFO] [stdout]    = warning: this is accepted in the current edition (Rust 2015) but is a hard error in Rust 2021!
[INFO] [stdout]    = note: for more information, see <https://doc.rust-lang.org/nightly/edition-guide/rust-2021/warnings-promoted-to-error.html>
[INFO] [stdout] 
[INFO] [stdout] 
[INFO] [stdout] warning: use of deprecated function `std::mem::uninitialized`: use `mem::MaybeUninit` instead
[INFO] [stdout]    --> src/image.rs:263:50
[INFO] [stdout]     |
[INFO] [stdout] 263 |                 let mut instance: $rgba = unsafe { std::mem::uninitialized() };
[INFO] [stdout]     |                                                              ^^^^^^^^^^^^^
[INFO] [stdout] ...
[INFO] [stdout] 376 | pixel_format_rgba!(RGBAColourB, u8);
[INFO] [stdout]     | ------------------------------------ in this macro invocation
[INFO] [stdout]     |
[INFO] [stdout]     = note: `#[warn(deprecated)]` on by default
[INFO] [stdout]     = note: this warning originates in the macro `pixel_format_rgba` (in Nightly builds, run with -Z macro-backtrace for more info)
[INFO] [stdout] 
[INFO] [stdout] 
[INFO] [stdout] warning: use of deprecated function `std::mem::uninitialized`: use `mem::MaybeUninit` instead
[INFO] [stdout]    --> src/image.rs:263:50
[INFO] [stdout]     |
[INFO] [stdout] 263 |                 let mut instance: $rgba = unsafe { std::mem::uninitialized() };
[INFO] [stdout]     |                                                              ^^^^^^^^^^^^^
[INFO] [stdout] ...
[INFO] [stdout] 377 | pixel_format_rgba!(RGBAColourS, u16);
[INFO] [stdout]     | ------------------------------------- in this macro invocation
[INFO] [stdout]     |
[INFO] [stdout]     = note: this warning originates in the macro `pixel_format_rgba` (in Nightly builds, run with -Z macro-backtrace for more info)
[INFO] [stdout] 
[INFO] [stdout] 
[INFO] [stdout] warning: use of deprecated function `std::mem::uninitialized`: use `mem::MaybeUninit` instead
[INFO] [stdout]    --> src/image.rs:263:50
[INFO] [stdout]     |
[INFO] [stdout] 263 |                 let mut instance: $rgba = unsafe { std::mem::uninitialized() };
[INFO] [stdout]     |                                                              ^^^^^^^^^^^^^
[INFO] [stdout] ...
[INFO] [stdout] 378 | pixel_format_rgba!(RGBAColourF, f32);
[INFO] [stdout]     | ------------------------------------- in this macro invocation
[INFO] [stdout]     |
[INFO] [stdout]     = note: this warning originates in the macro `pixel_format_rgba` (in Nightly builds, run with -Z macro-backtrace for more info)
[INFO] [stdout] 
[INFO] [stdout] 
[INFO] [stdout] warning: use of deprecated function `std::mem::uninitialized`: use `mem::MaybeUninit` instead
[INFO] [stdout]    --> src/image.rs:263:50
[INFO] [stdout]     |
[INFO] [stdout] 263 |                 let mut instance: $rgba = unsafe { std::mem::uninitialized() };
[INFO] [stdout]     |                                                              ^^^^^^^^^^^^^
[INFO] [stdout] ...
[INFO] [stdout] 376 | pixel_format_rgba!(RGBAColourB, u8);
[INFO] [stdout]     | ------------------------------------ in this macro invocation
[INFO] [stdout]     |
[INFO] [stdout]     = note: `#[warn(deprecated)]` on by default
[INFO] [stdout]     = note: this warning originates in the macro `pixel_format_rgba` (in Nightly builds, run with -Z macro-backtrace for more info)
[INFO] [stdout] 
[INFO] [stdout] 
[INFO] [stdout] warning: use of deprecated function `std::mem::uninitialized`: use `mem::MaybeUninit` instead
[INFO] [stdout]    --> src/image.rs:263:50
[INFO] [stdout]     |
[INFO] [stdout] 263 |                 let mut instance: $rgba = unsafe { std::mem::uninitialized() };
[INFO] [stdout]     |                                                              ^^^^^^^^^^^^^
[INFO] [stdout] ...
[INFO] [stdout] 377 | pixel_format_rgba!(RGBAColourS, u16);
[INFO] [stdout]     | ------------------------------------- in this macro invocation
[INFO] [stdout]     |
[INFO] [stdout]     = note: this warning originates in the macro `pixel_format_rgba` (in Nightly builds, run with -Z macro-backtrace for more info)
[INFO] [stdout] 
[INFO] [stdout] 
[INFO] [stdout] warning: use of deprecated function `std::mem::uninitialized`: use `mem::MaybeUninit` instead
[INFO] [stdout]    --> src/image.rs:263:50
[INFO] [stdout]     |
[INFO] [stdout] 263 |                 let mut instance: $rgba = unsafe { std::mem::uninitialized() };
[INFO] [stdout]     |                                                              ^^^^^^^^^^^^^
[INFO] [stdout] ...
[INFO] [stdout] 378 | pixel_format_rgba!(RGBAColourF, f32);
[INFO] [stdout]     | ------------------------------------- in this macro invocation
[INFO] [stdout]     |
[INFO] [stdout]     = note: this warning originates in the macro `pixel_format_rgba` (in Nightly builds, run with -Z macro-backtrace for more info)
[INFO] [stdout] 
[INFO] [stdout] 
[INFO] [stdout] error: aborting due to 2 previous errors; 7 warnings emitted
[INFO] [stdout] 
[INFO] [stdout] 
[INFO] [stdout] For more information about this error, try `rustc --explain E0554`.
[INFO] [stdout] 
[INFO] [stderr] error: could not compile `ofx` due to 3 previous errors; 7 warnings emitted
[INFO] [stderr] warning: build failed, waiting for other jobs to finish...
[INFO] [stdout] error: aborting due to 2 previous errors; 7 warnings emitted
[INFO] [stdout] 
[INFO] [stdout] 
[INFO] [stdout] For more information about this error, try `rustc --explain E0554`.
[INFO] [stdout] 
[INFO] [stderr] error: build failed
[INFO] running `Command { std: "docker" "inspect" "b6b1da635b28f94246c5bfefba6f791347f4831932a2ce99f7c453cf783f7d3d", kill_on_drop: false }`
[INFO] running `Command { std: "docker" "rm" "-f" "b6b1da635b28f94246c5bfefba6f791347f4831932a2ce99f7c453cf783f7d3d", kill_on_drop: false }`
[INFO] [stdout] b6b1da635b28f94246c5bfefba6f791347f4831932a2ce99f7c453cf783f7d3d
