[INFO] fetching crate ockam_transport_websocket 0.22.0...
[INFO] checking ockam_transport_websocket-0.22.0 against beta-2021-10-15 for beta-1.56-3
[INFO] extracting crate ockam_transport_websocket 0.22.0 into /workspace/builds/worker-19/source
[INFO] validating manifest of crates.io crate ockam_transport_websocket 0.22.0 on toolchain beta-2021-10-15
[INFO] running `Command { std: "/workspace/cargo-home/bin/cargo" "+beta-2021-10-15" "metadata" "--manifest-path" "Cargo.toml" "--no-deps", kill_on_drop: false }`
[INFO] started tweaking crates.io crate ockam_transport_websocket 0.22.0
[INFO] finished tweaking crates.io crate ockam_transport_websocket 0.22.0
[INFO] tweaked toml for crates.io crate ockam_transport_websocket 0.22.0 written to /workspace/builds/worker-19/source/Cargo.toml
[INFO] crate crates.io crate ockam_transport_websocket 0.22.0 already has a lockfile, it will not be regenerated
[INFO] running `Command { std: "/workspace/cargo-home/bin/cargo" "+beta-2021-10-15" "fetch" "--manifest-path" "Cargo.toml", kill_on_drop: false }`
[INFO] [stderr]     Blocking waiting for file lock on package cache
[INFO] [stderr]     Blocking waiting for file lock on package cache
[INFO] [stderr]  Downloading crates ...
[INFO] [stderr]   Downloaded ockam_transport_core v0.8.0
[INFO] [stderr]   Downloaded tungstenite v0.14.0
[INFO] [stderr]   Downloaded tokio-tungstenite v0.15.0
[INFO] running `Command { std: "docker" "create" "-v" "/var/lib/crater-agent-workspace/builds/worker-19/target:/opt/rustwide/target:rw,Z" "-v" "/var/lib/crater-agent-workspace/builds/worker-19/source:/opt/rustwide/workdir:ro,Z" "-v" "/var/lib/crater-agent-workspace/cargo-home:/opt/rustwide/cargo-home:ro,Z" "-v" "/var/lib/crater-agent-workspace/rustup-home:/opt/rustwide/rustup-home:ro,Z" "-e" "SOURCE_DIR=/opt/rustwide/workdir" "-e" "CARGO_TARGET_DIR=/opt/rustwide/target" "-e" "CARGO_HOME=/opt/rustwide/cargo-home" "-e" "RUSTUP_HOME=/opt/rustwide/rustup-home" "-w" "/opt/rustwide/workdir" "-m" "1610612736" "--user" "0:0" "--network" "none" "ghcr.io/rust-lang/crates-build-env/linux@sha256:a89201d6b5b9fd45c15d5952ece0a0129e7e80cb26ec023fd59cf09bc26f1604" "/opt/rustwide/cargo-home/bin/cargo" "+beta-2021-10-15" "metadata" "--no-deps" "--format-version=1", kill_on_drop: false }`
[INFO] [stdout] 414c45c4ed9137570aeff64a248ffd1da222acb87d07496708f8055cd5744d3d
[INFO] running `Command { std: "docker" "start" "-a" "414c45c4ed9137570aeff64a248ffd1da222acb87d07496708f8055cd5744d3d", kill_on_drop: false }`
[INFO] running `Command { std: "docker" "inspect" "414c45c4ed9137570aeff64a248ffd1da222acb87d07496708f8055cd5744d3d", kill_on_drop: false }`
[INFO] running `Command { std: "docker" "rm" "-f" "414c45c4ed9137570aeff64a248ffd1da222acb87d07496708f8055cd5744d3d", kill_on_drop: false }`
[INFO] [stdout] 414c45c4ed9137570aeff64a248ffd1da222acb87d07496708f8055cd5744d3d
[INFO] running `Command { std: "docker" "create" "-v" "/var/lib/crater-agent-workspace/builds/worker-19/target:/opt/rustwide/target:rw,Z" "-v" "/var/lib/crater-agent-workspace/builds/worker-19/source:/opt/rustwide/workdir:ro,Z" "-v" "/var/lib/crater-agent-workspace/cargo-home:/opt/rustwide/cargo-home:ro,Z" "-v" "/var/lib/crater-agent-workspace/rustup-home:/opt/rustwide/rustup-home:ro,Z" "-e" "SOURCE_DIR=/opt/rustwide/workdir" "-e" "CARGO_TARGET_DIR=/opt/rustwide/target" "-e" "CARGO_INCREMENTAL=0" "-e" "RUST_BACKTRACE=full" "-e" "RUSTFLAGS=--cap-lints=warn" "-e" "CARGO_HOME=/opt/rustwide/cargo-home" "-e" "RUSTUP_HOME=/opt/rustwide/rustup-home" "-w" "/opt/rustwide/workdir" "-m" "1610612736" "--user" "0:0" "--network" "none" "ghcr.io/rust-lang/crates-build-env/linux@sha256:a89201d6b5b9fd45c15d5952ece0a0129e7e80cb26ec023fd59cf09bc26f1604" "/opt/rustwide/cargo-home/bin/cargo" "+beta-2021-10-15" "check" "--frozen" "--all" "--all-targets" "--message-format=json", kill_on_drop: false }`
[INFO] [stdout] cf468db25d77af4883b82f2122177e23053f8b4fb28a6e66c901fbd774603421
[INFO] running `Command { std: "docker" "start" "-a" "cf468db25d77af4883b82f2122177e23053f8b4fb28a6e66c901fbd774603421", kill_on_drop: false }`
[INFO] [stderr]     Blocking waiting for file lock on package cache
[INFO] [stderr]     Blocking waiting for file lock on package cache
[INFO] [stderr]     Blocking waiting for file lock on package cache
[INFO] [stderr]    Compiling proc-macro2 v1.0.29
[INFO] [stderr]    Compiling syn v1.0.80
[INFO] [stderr]    Compiling log v0.4.14
[INFO] [stderr]    Compiling typenum v1.14.0
[INFO] [stderr]     Checking ppv-lite86 v0.2.10
[INFO] [stderr]     Checking pin-project-lite v0.2.7
[INFO] [stderr]    Compiling parking_lot_core v0.8.5
[INFO] [stderr]     Checking smallvec v1.7.0
[INFO] [stderr]     Checking bytes v1.1.0
[INFO] [stderr]     Checking regex-syntax v0.6.25
[INFO] [stderr]    Compiling memchr v2.4.1
[INFO] [stderr]    Compiling async-trait v0.1.51
[INFO] [stderr]    Compiling futures-core v0.3.17
[INFO] [stderr]    Compiling futures-task v0.3.17
[INFO] [stderr]     Checking hex v0.4.3
[INFO] [stderr]     Checking cpufeatures v0.2.1
[INFO] [stderr]     Checking futures-sink v0.3.17
[INFO] [stderr]     Checking utf-8 v0.7.6
[INFO] [stderr]    Compiling futures-channel v0.3.17
[INFO] [stderr]     Checking slab v0.4.4
[INFO] [stderr]     Checking pin-utils v0.1.0
[INFO] [stderr]     Checking ansi_term v0.12.1
[INFO] [stderr]     Checking instant v0.1.11
[INFO] [stderr]    Compiling generic-array v0.14.4
[INFO] [stderr]    Compiling ahash v0.7.5
[INFO] [stderr]     Checking tracing-core v0.1.21
[INFO] [stderr]    Compiling tokio v1.12.0
[INFO] [stderr]     Checking lock_api v0.4.5
[INFO] [stderr]    Compiling futures-util v0.3.17
[INFO] [stderr]     Checking thread_local v1.1.3
[INFO] [stderr]     Checking sharded-slab v0.1.3
[INFO] [stderr]     Checking getrandom v0.2.3
[INFO] [stderr]     Checking unicode-normalization v0.1.19
[INFO] [stderr]     Checking iovec v0.1.4
[INFO] [stderr]     Checking num_cpus v1.13.0
[INFO] [stderr]     Checking signal-hook-registry v1.4.0
[INFO] [stderr]     Checking num-integer v0.1.44
[INFO] [stderr]     Checking bytes v0.4.12
[INFO] [stderr]     Checking rand_core v0.6.3
[INFO] [stderr]     Checking http v0.2.5
[INFO] [stderr]     Checking chrono v0.4.19
[INFO] [stderr]     Checking tracing v0.1.29
[INFO] [stderr]     Checking rand_chacha v0.3.1
[INFO] [stderr]     Checking mio v0.7.13
[INFO] [stderr]     Checking tracing-log v0.1.2
[INFO] [stderr]     Checking parking_lot v0.11.2
[INFO] [stderr]     Checking tokio-io v0.1.13
[INFO] [stderr]     Checking rand v0.8.4
[INFO] [stderr]    Compiling quote v1.0.10
[INFO] [stderr]     Checking idna v0.2.3
[INFO] [stderr]     Checking url v2.2.2
[INFO] [stderr]     Checking regex-automata v0.1.10
[INFO] [stderr]     Checking regex v1.5.4
[INFO] [stderr]     Checking block-buffer v0.9.0
[INFO] [stderr]     Checking digest v0.9.0
[INFO] [stderr]     Checking sha-1 v0.9.8
[INFO] [stderr]     Checking matchers v0.0.1
[INFO] [stderr]    Compiling serde_derive v1.0.130
[INFO] [stderr]    Compiling thiserror-impl v1.0.30
[INFO] [stderr]    Compiling tokio-macros v1.4.1
[INFO] [stderr]    Compiling pin-project-internal v1.0.8
[INFO] [stderr]     Checking pin-project v1.0.8
[INFO] [stderr]     Checking thiserror v1.0.30
[INFO] [stderr]     Checking tungstenite v0.14.0
[INFO] [stderr]     Checking serde v1.0.130
[INFO] [stderr]     Checking tokio-tungstenite v0.15.0
[INFO] [stderr]     Checking serde_bare v0.5.0
[INFO] [stderr]     Checking hashbrown v0.11.2
[INFO] [stderr]     Checking serde_json v1.0.68
[INFO] [stderr]     Checking tracing-serde v0.1.2
[INFO] [stderr]     Checking ockam_core v0.34.0
[INFO] [stderr]     Checking tracing-subscriber v0.2.25
[INFO] [stderr]     Checking ockam_transport_core v0.8.0
[INFO] [stderr]     Checking ockam_node v0.32.0
[INFO] [stderr]     Checking ockam_transport_websocket v0.22.0 (/opt/rustwide/workdir)
[INFO] [stdout] error[E0706]: functions in traits cannot be declared `async`
[INFO] [stdout]   --> examples/server.rs:32:5
[INFO] [stdout]    |
[INFO] [stdout] 32 |       async fn handle_message(&mut self, ctx: &mut Context, msg: Routed<String>) -> Result<()> {
[INFO] [stdout]    |       ^----
[INFO] [stdout]    |       |
[INFO] [stdout]    |  _____`async` because of this
[INFO] [stdout]    | |
[INFO] [stdout] 33 | |         info!("Message: {}", msg);
[INFO] [stdout] 34 | |         debug!("Replying back to {}", &msg.return_route());
[INFO] [stdout] 35 | |         ctx.send(msg.return_route(), msg.body()).await?;
[INFO] [stdout] 36 | |         Ok(())
[INFO] [stdout] 37 | |     }
[INFO] [stdout]    | |_____^
[INFO] [stdout]    |
[INFO] [stdout]    = note: `async` trait functions are not currently supported
[INFO] [stdout]    = note: consider using the `async-trait` crate: https://crates.io/crates/async-trait
[INFO] [stdout] 
[INFO] [stdout] 
[INFO] [stdout] error[E0432]: unresolved import `ockam`
[INFO] [stdout]  --> examples/server.rs:7:5
[INFO] [stdout]   |
[INFO] [stdout] 7 | use ockam::{worker, Context, Result, Routed, Worker};
[INFO] [stdout]   |     ^^^^^ use of undeclared crate or module `ockam`
[INFO] [stdout] 
[INFO] [stdout] 
[INFO] [stdout] error[E0433]: failed to resolve: use of undeclared crate or module `ockam`
[INFO] [stdout]   --> examples/server.rs:11:3
[INFO] [stdout]    |
[INFO] [stdout] 11 | #[ockam::node]
[INFO] [stdout]    |   ^^^^^ use of undeclared crate or module `ockam`
[INFO] [stdout] 
[INFO] [stdout] 
[INFO] [stdout] error: cannot determine resolution for the attribute macro `worker`
[INFO] [stdout]   --> examples/server.rs:27:3
[INFO] [stdout]    |
[INFO] [stdout] 27 | #[worker]
[INFO] [stdout]    |   ^^^^^^
[INFO] [stdout]    |
[INFO] [stdout]    = note: import resolution is stuck, try simplifying macro imports
[INFO] [stdout] 
[INFO] [stdout] 
[INFO] [stdout] error[E0432]: unresolved import `ockam`
[INFO] [stdout]  --> examples/client.rs:7:5
[INFO] [stdout]   |
[INFO] [stdout] 7 | use ockam::{route, Context, Result};
[INFO] [stdout]   |     ^^^^^ use of undeclared crate or module `ockam`
[INFO] [stdout] 
[INFO] [stdout] 
[INFO] [stdout] error[E0433]: failed to resolve: use of undeclared crate or module `ockam`
[INFO] [stdout]   --> examples/client.rs:13:3
[INFO] [stdout]    |
[INFO] [stdout] 13 | #[ockam::node]
[INFO] [stdout]    |   ^^^^^ use of undeclared crate or module `ockam`
[INFO] [stdout] 
[INFO] [stdout] 
[INFO] [stdout] error: cannot determine resolution for the macro `route`
[INFO] [stdout]   --> examples/client.rs:36:17
[INFO] [stdout]    |
[INFO] [stdout] 36 |     let route = route![(WS, peer_addr.as_str()), "echoer"];
[INFO] [stdout]    |                 ^^^^^
[INFO] [stdout]    |
[INFO] [stdout]    = note: import resolution is stuck, try simplifying macro imports
[INFO] [stdout] 
[INFO] [stdout] 
[INFO] [stdout] warning: unused import: `WS`
[INFO] [stdout]   --> examples/client.rs:11:69
[INFO] [stdout]    |
[INFO] [stdout] 11 | use ockam_transport_websocket::{WebSocketError, WebSocketTransport, WS};
[INFO] [stdout]    |                                                                     ^^
[INFO] [stdout]    |
[INFO] [stdout]    = note: `#[warn(unused_imports)]` on by default
[INFO] [stdout] 
[INFO] [stdout] 
[INFO] [stdout] error: aborting due to 4 previous errors
[INFO] [stdout] 
[INFO] [stdout] 
[INFO] [stdout] Some errors have detailed explanations: E0432, E0433, E0706.
[INFO] [stdout] 
[INFO] [stdout] For more information about an error, try `rustc --explain E0432`.
[INFO] [stdout] 
[INFO] [stderr] error: could not compile `ockam_transport_websocket` due to 5 previous errors
[INFO] [stderr] warning: build failed, waiting for other jobs to finish...
[INFO] [stdout] error[E0282]: type annotations needed
[INFO] [stdout]   --> examples/client.rs:79:5
[INFO] [stdout]    |
[INFO] [stdout] 79 |     Ok(())
[INFO] [stdout]    |     ^^ cannot infer type for type parameter `E` declared on the enum `Result`
[INFO] [stdout] 
[INFO] [stdout] 
[INFO] [stdout] error[E0752]: `main` function is not allowed to be `async`
[INFO] [stdout]   --> examples/client.rs:14:1
[INFO] [stdout]    |
[INFO] [stdout] 14 | async fn main(mut ctx: Context) -> Result<()> {
[INFO] [stdout]    | ^^^^^^^^^^^^^^^^^^^^^^^^^^^^^^^^^^^^^^^^^^^^^ `main` function is not allowed to be `async`
[INFO] [stdout] 
[INFO] [stdout] 
[INFO] [stdout] error: aborting due to 5 previous errors; 1 warning emitted
[INFO] [stdout] 
[INFO] [stdout] 
[INFO] [stdout] Some errors have detailed explanations: E0282, E0432, E0433, E0752.
[INFO] [stdout] 
[INFO] [stdout] For more information about an error, try `rustc --explain E0282`.
[INFO] [stdout] 
[INFO] [stderr] error: build failed
[INFO] running `Command { std: "docker" "inspect" "cf468db25d77af4883b82f2122177e23053f8b4fb28a6e66c901fbd774603421", kill_on_drop: false }`
[INFO] running `Command { std: "docker" "rm" "-f" "cf468db25d77af4883b82f2122177e23053f8b4fb28a6e66c901fbd774603421", kill_on_drop: false }`
[INFO] [stdout] cf468db25d77af4883b82f2122177e23053f8b4fb28a6e66c901fbd774603421
