[INFO] fetching crate nustify 0.2.2...
[INFO] checking nustify-0.2.2 against beta-2021-10-15 for beta-1.56-3
[INFO] extracting crate nustify 0.2.2 into /workspace/builds/worker-82/source
[INFO] validating manifest of crates.io crate nustify 0.2.2 on toolchain beta-2021-10-15
[INFO] running `Command { std: "/workspace/cargo-home/bin/cargo" "+beta-2021-10-15" "metadata" "--manifest-path" "Cargo.toml" "--no-deps", kill_on_drop: false }`
[INFO] started tweaking crates.io crate nustify 0.2.2
[INFO] finished tweaking crates.io crate nustify 0.2.2
[INFO] tweaked toml for crates.io crate nustify 0.2.2 written to /workspace/builds/worker-82/source/Cargo.toml
[INFO] crate crates.io crate nustify 0.2.2 already has a lockfile, it will not be regenerated
[INFO] running `Command { std: "/workspace/cargo-home/bin/cargo" "+beta-2021-10-15" "fetch" "--manifest-path" "Cargo.toml", kill_on_drop: false }`
[INFO] [stderr]     Blocking waiting for file lock on package cache
[INFO] [stderr]     Blocking waiting for file lock on package cache
[INFO] running `Command { std: "docker" "create" "-v" "/var/lib/crater-agent-workspace/builds/worker-82/target:/opt/rustwide/target:rw,Z" "-v" "/var/lib/crater-agent-workspace/builds/worker-82/source:/opt/rustwide/workdir:ro,Z" "-v" "/var/lib/crater-agent-workspace/cargo-home:/opt/rustwide/cargo-home:ro,Z" "-v" "/var/lib/crater-agent-workspace/rustup-home:/opt/rustwide/rustup-home:ro,Z" "-e" "SOURCE_DIR=/opt/rustwide/workdir" "-e" "CARGO_TARGET_DIR=/opt/rustwide/target" "-e" "CARGO_HOME=/opt/rustwide/cargo-home" "-e" "RUSTUP_HOME=/opt/rustwide/rustup-home" "-w" "/opt/rustwide/workdir" "-m" "1610612736" "--user" "0:0" "--network" "none" "ghcr.io/rust-lang/crates-build-env/linux@sha256:a89201d6b5b9fd45c15d5952ece0a0129e7e80cb26ec023fd59cf09bc26f1604" "/opt/rustwide/cargo-home/bin/cargo" "+beta-2021-10-15" "metadata" "--no-deps" "--format-version=1", kill_on_drop: false }`
[INFO] [stdout] 8cfe5cd0a9cbd40b91ebb9b3dfea0c2af9a9381dad15bd9eb88c47d1fccb0b1d
[INFO] running `Command { std: "docker" "start" "-a" "8cfe5cd0a9cbd40b91ebb9b3dfea0c2af9a9381dad15bd9eb88c47d1fccb0b1d", kill_on_drop: false }`
[INFO] running `Command { std: "docker" "inspect" "8cfe5cd0a9cbd40b91ebb9b3dfea0c2af9a9381dad15bd9eb88c47d1fccb0b1d", kill_on_drop: false }`
[INFO] running `Command { std: "docker" "rm" "-f" "8cfe5cd0a9cbd40b91ebb9b3dfea0c2af9a9381dad15bd9eb88c47d1fccb0b1d", kill_on_drop: false }`
[INFO] [stdout] 8cfe5cd0a9cbd40b91ebb9b3dfea0c2af9a9381dad15bd9eb88c47d1fccb0b1d
[INFO] running `Command { std: "docker" "create" "-v" "/var/lib/crater-agent-workspace/builds/worker-82/target:/opt/rustwide/target:rw,Z" "-v" "/var/lib/crater-agent-workspace/builds/worker-82/source:/opt/rustwide/workdir:ro,Z" "-v" "/var/lib/crater-agent-workspace/cargo-home:/opt/rustwide/cargo-home:ro,Z" "-v" "/var/lib/crater-agent-workspace/rustup-home:/opt/rustwide/rustup-home:ro,Z" "-e" "SOURCE_DIR=/opt/rustwide/workdir" "-e" "CARGO_TARGET_DIR=/opt/rustwide/target" "-e" "CARGO_INCREMENTAL=0" "-e" "RUST_BACKTRACE=full" "-e" "RUSTFLAGS=--cap-lints=warn" "-e" "CARGO_HOME=/opt/rustwide/cargo-home" "-e" "RUSTUP_HOME=/opt/rustwide/rustup-home" "-w" "/opt/rustwide/workdir" "-m" "1610612736" "--user" "0:0" "--network" "none" "ghcr.io/rust-lang/crates-build-env/linux@sha256:a89201d6b5b9fd45c15d5952ece0a0129e7e80cb26ec023fd59cf09bc26f1604" "/opt/rustwide/cargo-home/bin/cargo" "+beta-2021-10-15" "check" "--frozen" "--all" "--all-targets" "--message-format=json", kill_on_drop: false }`
[INFO] [stdout] 98eb69149e16c82523d79e8bcb7f1ae846df0937e1152f7db2c8683825e85ed3
[INFO] running `Command { std: "docker" "start" "-a" "98eb69149e16c82523d79e8bcb7f1ae846df0937e1152f7db2c8683825e85ed3", kill_on_drop: false }`
[INFO] [stderr]     Blocking waiting for file lock on package cache
[INFO] [stderr]    Compiling syn v1.0.58
[INFO] [stderr]    Compiling libc v0.2.86
[INFO] [stderr]    Compiling cc v1.0.67
[INFO] [stderr]     Checking bytes v1.0.0
[INFO] [stderr]     Checking pin-project-lite v0.2.3
[INFO] [stderr]     Checking futures-core v0.3.9
[INFO] [stderr]    Compiling openssl v0.10.32
[INFO] [stderr]     Checking futures-task v0.3.12
[INFO] [stderr]     Checking futures-sink v0.3.9
[INFO] [stderr]    Compiling serde v1.0.118
[INFO] [stderr]    Compiling httparse v1.3.5
[INFO] [stderr]    Compiling serde_json v1.0.61
[INFO] [stderr]    Compiling tokio v1.2.0
[INFO] [stderr]    Compiling indexmap v1.6.1
[INFO] [stderr]     Checking tinyvec v1.1.1
[INFO] [stderr]    Compiling quote v1.0.8
[INFO] [stderr]     Checking tracing v0.1.25
[INFO] [stderr]     Checking futures-util v0.3.9
[INFO] [stderr]     Checking futures-channel v0.3.9
[INFO] [stderr]     Checking http v0.2.3
[INFO] [stderr]     Checking unicode-normalization v0.1.17
[INFO] [stderr]    Compiling openssl-sys v0.9.60
[INFO] [stderr]     Checking mio v0.7.9
[INFO] [stderr]     Checking socket2 v0.3.19
[INFO] [stderr]     Checking idna v0.2.2
[INFO] [stderr]    Compiling native-tls v0.2.7
[INFO] [stderr]     Checking http-body v0.4.0
[INFO] [stderr]     Checking url v2.2.1
[INFO] [stderr]     Checking serde_urlencoded v0.7.0
[INFO] [stderr]    Compiling tokio-macros v1.1.0
[INFO] [stderr]    Compiling pin-project-internal v1.0.5
[INFO] [stderr]    Compiling thiserror-impl v1.0.23
[INFO] [stderr]     Checking thiserror v1.0.23
[INFO] [stderr]     Checking pin-project v1.0.5
[INFO] [stderr]     Checking tokio-util v0.6.3
[INFO] [stderr]     Checking tokio-native-tls v0.3.0
[INFO] [stderr]     Checking h2 v0.3.1
[INFO] [stderr]     Checking hyper v0.14.4
[INFO] [stderr]     Checking hyper-tls v0.5.0
[INFO] [stderr]     Checking reqwest v0.11.1
[INFO] [stderr]     Checking nustify v0.2.2 (/opt/rustwide/workdir)
[INFO] [stdout] error[E0603]: module `notification` is private
[INFO] [stdout]   --> examples/imgur.rs:4:14
[INFO] [stdout]    |
[INFO] [stdout] 4  | use nustify::notification::Builder;
[INFO] [stdout]    |              ^^^^^^^^^^^^ private module
[INFO] [stdout]    |
[INFO] [stdout] note: the module `notification` is defined here
[INFO] [stdout]   --> /opt/rustwide/workdir/src/lib.rs:77:1
[INFO] [stdout]    |
[INFO] [stdout] 77 | mod notification;
[INFO] [stdout]    | ^^^^^^^^^^^^^^^^^
[INFO] [stdout] 
[INFO] [stdout] 
[INFO] [stdout] error[E0603]: module `notification` is private
[INFO] [stdout]   --> examples/simple.rs:4:14
[INFO] [stdout]    |
[INFO] [stdout] 4  | use nustify::notification::Notification;
[INFO] [stdout]    |              ^^^^^^^^^^^^ private module
[INFO] [stdout]    |
[INFO] [stdout] note: the module `notification` is defined here
[INFO] [stdout]   --> /opt/rustwide/workdir/src/lib.rs:77:1
[INFO] [stdout]    |
[INFO] [stdout] 77 | mod notification;
[INFO] [stdout]    | ^^^^^^^^^^^^^^^^^
[INFO] [stdout] 
[INFO] [stdout] 
[INFO] [stdout] error: aborting due to previous error
[INFO] [stdout] 
[INFO] [stdout] 
[INFO] [stdout] error[E0603]: module `notification` is private
[INFO] [stdout]   --> examples/image.rs:4:14
[INFO] [stdout]    |
[INFO] [stdout] 4  | use nustify::notification::Builder;
[INFO] [stdout]    |              ^^^^^^^^^^^^ private module
[INFO] [stdout]    |
[INFO] [stdout] note: the module `notification` is defined here
[INFO] [stdout]   --> /opt/rustwide/workdir/src/lib.rs:77:1
[INFO] [stdout]    |
[INFO] [stdout] 77 | mod notification;
[INFO] [stdout]    | ^^^^^^^^^^^^^^^^^
[INFO] [stdout] 
[INFO] [stdout] 
[INFO] [stdout] For more information about this error, try `rustc --explain E0603`.
[INFO] [stdout] 
[INFO] [stderr] error: could not compile `nustify` due to 2 previous errors
[INFO] [stdout] error[E0603]: module `notification` is private
[INFO] [stdout]   --> examples/title.rs:4:14
[INFO] [stdout]    |
[INFO] [stdout] 4  | use nustify::notification::Builder;
[INFO] [stdout]    |              ^^^^^^^^^^^^ private module
[INFO] [stdout]    |
[INFO] [stdout] note: the module `notification` is defined here
[INFO] [stdout]   --> /opt/rustwide/workdir/src/lib.rs:77:1
[INFO] [stdout]    |
[INFO] [stdout] 77 | mod notification;
[INFO] [stdout]    | ^^^^^^^^^^^^^^^^^
[INFO] [stdout] 
[INFO] [stdout] 
[INFO] [stderr] warning: build failed, waiting for other jobs to finish...
[INFO] [stdout] error: aborting due to previous error
[INFO] [stdout] 
[INFO] [stdout] 
[INFO] [stdout] For more information about this error, try `rustc --explain E0603`.
[INFO] [stdout] 
[INFO] [stdout] error: aborting due to previous error
[INFO] [stdout] 
[INFO] [stdout] 
[INFO] [stdout] For more information about this error, try `rustc --explain E0603`.
[INFO] [stdout] 
[INFO] [stdout] error: aborting due to previous error
[INFO] [stdout] 
[INFO] [stdout] 
[INFO] [stdout] For more information about this error, try `rustc --explain E0603`.
[INFO] [stdout] 
[INFO] [stderr] error: build failed
[INFO] running `Command { std: "docker" "inspect" "98eb69149e16c82523d79e8bcb7f1ae846df0937e1152f7db2c8683825e85ed3", kill_on_drop: false }`
[INFO] running `Command { std: "docker" "rm" "-f" "98eb69149e16c82523d79e8bcb7f1ae846df0937e1152f7db2c8683825e85ed3", kill_on_drop: false }`
[INFO] [stdout] 98eb69149e16c82523d79e8bcb7f1ae846df0937e1152f7db2c8683825e85ed3
