[INFO] fetching crate numeric-lut 0.1.0...
[INFO] checking numeric-lut-0.1.0 against beta-2021-10-15 for beta-1.56-3
[INFO] extracting crate numeric-lut 0.1.0 into /workspace/builds/worker-119/source
[INFO] validating manifest of crates.io crate numeric-lut 0.1.0 on toolchain beta-2021-10-15
[INFO] running `Command { std: "/workspace/cargo-home/bin/cargo" "+beta-2021-10-15" "metadata" "--manifest-path" "Cargo.toml" "--no-deps", kill_on_drop: false }`
[INFO] removed /workspace/builds/worker-119/source/rust-toolchain
[INFO] started tweaking crates.io crate numeric-lut 0.1.0
[INFO] finished tweaking crates.io crate numeric-lut 0.1.0
[INFO] tweaked toml for crates.io crate numeric-lut 0.1.0 written to /workspace/builds/worker-119/source/Cargo.toml
[INFO] running `Command { std: "/workspace/cargo-home/bin/cargo" "+beta-2021-10-15" "generate-lockfile" "--manifest-path" "Cargo.toml" "-Zno-index-update", kill_on_drop: false }`
[INFO] [stderr]     Blocking waiting for file lock on package cache
[INFO] running `Command { std: "/workspace/cargo-home/bin/cargo" "+beta-2021-10-15" "fetch" "--manifest-path" "Cargo.toml", kill_on_drop: false }`
[INFO] [stderr]     Blocking waiting for file lock on package cache
[INFO] running `Command { std: "docker" "create" "-v" "/var/lib/crater-agent-workspace/builds/worker-119/target:/opt/rustwide/target:rw,Z" "-v" "/var/lib/crater-agent-workspace/builds/worker-119/source:/opt/rustwide/workdir:ro,Z" "-v" "/var/lib/crater-agent-workspace/cargo-home:/opt/rustwide/cargo-home:ro,Z" "-v" "/var/lib/crater-agent-workspace/rustup-home:/opt/rustwide/rustup-home:ro,Z" "-e" "SOURCE_DIR=/opt/rustwide/workdir" "-e" "CARGO_TARGET_DIR=/opt/rustwide/target" "-e" "CARGO_HOME=/opt/rustwide/cargo-home" "-e" "RUSTUP_HOME=/opt/rustwide/rustup-home" "-w" "/opt/rustwide/workdir" "-m" "1610612736" "--user" "0:0" "--network" "none" "ghcr.io/rust-lang/crates-build-env/linux@sha256:a89201d6b5b9fd45c15d5952ece0a0129e7e80cb26ec023fd59cf09bc26f1604" "/opt/rustwide/cargo-home/bin/cargo" "+beta-2021-10-15" "metadata" "--no-deps" "--format-version=1", kill_on_drop: false }`
[INFO] [stdout] f94f1566375cb5acb414d3288ad5159f1a64e40857300653e91fc80b8094f9d4
[INFO] running `Command { std: "docker" "start" "-a" "f94f1566375cb5acb414d3288ad5159f1a64e40857300653e91fc80b8094f9d4", kill_on_drop: false }`
[INFO] running `Command { std: "docker" "inspect" "f94f1566375cb5acb414d3288ad5159f1a64e40857300653e91fc80b8094f9d4", kill_on_drop: false }`
[INFO] running `Command { std: "docker" "rm" "-f" "f94f1566375cb5acb414d3288ad5159f1a64e40857300653e91fc80b8094f9d4", kill_on_drop: false }`
[INFO] [stdout] f94f1566375cb5acb414d3288ad5159f1a64e40857300653e91fc80b8094f9d4
[INFO] running `Command { std: "docker" "create" "-v" "/var/lib/crater-agent-workspace/builds/worker-119/target:/opt/rustwide/target:rw,Z" "-v" "/var/lib/crater-agent-workspace/builds/worker-119/source:/opt/rustwide/workdir:ro,Z" "-v" "/var/lib/crater-agent-workspace/cargo-home:/opt/rustwide/cargo-home:ro,Z" "-v" "/var/lib/crater-agent-workspace/rustup-home:/opt/rustwide/rustup-home:ro,Z" "-e" "SOURCE_DIR=/opt/rustwide/workdir" "-e" "CARGO_TARGET_DIR=/opt/rustwide/target" "-e" "CARGO_INCREMENTAL=0" "-e" "RUST_BACKTRACE=full" "-e" "RUSTFLAGS=--cap-lints=warn" "-e" "CARGO_HOME=/opt/rustwide/cargo-home" "-e" "RUSTUP_HOME=/opt/rustwide/rustup-home" "-w" "/opt/rustwide/workdir" "-m" "1610612736" "--user" "0:0" "--network" "none" "ghcr.io/rust-lang/crates-build-env/linux@sha256:a89201d6b5b9fd45c15d5952ece0a0129e7e80cb26ec023fd59cf09bc26f1604" "/opt/rustwide/cargo-home/bin/cargo" "+beta-2021-10-15" "check" "--frozen" "--all" "--all-targets" "--message-format=json", kill_on_drop: false }`
[INFO] [stdout] 6323f6554c92f7f4d6f226fc32ff421b83d07bb4780e3721f19fe15c9123b489
[INFO] running `Command { std: "docker" "start" "-a" "6323f6554c92f7f4d6f226fc32ff421b83d07bb4780e3721f19fe15c9123b489", kill_on_drop: false }`
[INFO] [stderr]     Blocking waiting for file lock on package cache
[INFO] [stderr]    Compiling proc-macro2 v1.0.30
[INFO] [stderr]     Checking quote v1.0.10
[INFO] [stderr]     Checking syn v1.0.80
[INFO] [stderr]     Checking numeric-lut v0.1.0 (/opt/rustwide/workdir)
[INFO] [stdout] error[E0277]: the trait bound `syn::Type: From<TokenStream2>` is not satisfied
[INFO] [stdout]   --> src/lib.rs:87:42
[INFO] [stdout]    |
[INFO] [stdout] 87 |             quote::quote!([#ty; #count]).into()
[INFO] [stdout]    |                                          ^^^^ the trait `From<TokenStream2>` is not implemented for `syn::Type`
[INFO] [stdout]    |
[INFO] [stdout]    = help: the following implementations were found:
[INFO] [stdout]              <syn::Type as From<TypeArray>>
[INFO] [stdout]              <syn::Type as From<TypeBareFn>>
[INFO] [stdout]              <syn::Type as From<TypeGroup>>
[INFO] [stdout]              <syn::Type as From<TypeImplTrait>>
[INFO] [stdout]            and 10 others
[INFO] [stdout]    = note: required because of the requirements on the impl of `Into<syn::Type>` for `TokenStream2`
[INFO] [stdout] 
[INFO] [stdout] 
[INFO] [stdout] error[E0277]: the trait bound `syn::Expr: From<TokenStream2>` is not satisfied
[INFO] [stdout]    --> src/lib.rs:110:34
[INFO] [stdout]     |
[INFO] [stdout] 110 |     quote::quote!([#(#items),*]).into()
[INFO] [stdout]     |                                  ^^^^ the trait `From<TokenStream2>` is not implemented for `syn::Expr`
[INFO] [stdout]     |
[INFO] [stdout]     = help: the following implementations were found:
[INFO] [stdout]               <syn::Expr as From<ExprArray>>
[INFO] [stdout]               <syn::Expr as From<ExprAssign>>
[INFO] [stdout]               <syn::Expr as From<ExprAssignOp>>
[INFO] [stdout]               <syn::Expr as From<ExprAsync>>
[INFO] [stdout]             and 35 others
[INFO] [stdout]     = note: required because of the requirements on the impl of `Into<syn::Expr>` for `TokenStream2`
[INFO] [stdout] 
[INFO] [stdout] 
[INFO] [stdout] error[E0277]: the trait bound `syn::Type: From<TokenStream2>` is not satisfied
[INFO] [stdout]   --> src/lib.rs:87:42
[INFO] [stdout]    |
[INFO] [stdout] 87 |             quote::quote!([#ty; #count]).into()
[INFO] [stdout]    |                                          ^^^^ the trait `From<TokenStream2>` is not implemented for `syn::Type`
[INFO] [stdout]    |
[INFO] [stdout]    = help: the following implementations were found:
[INFO] [stdout]              <syn::Type as From<TypeArray>>
[INFO] [stdout]              <syn::Type as From<TypeBareFn>>
[INFO] [stdout]              <syn::Type as From<TypeGroup>>
[INFO] [stdout]              <syn::Type as From<TypeImplTrait>>
[INFO] [stdout]            and 10 others
[INFO] [stdout]    = note: required because of the requirements on the impl of `Into<syn::Type>` for `TokenStream2`
[INFO] [stdout] 
[INFO] [stdout] 
[INFO] [stdout] error: aborting due to 2 previous errors
[INFO] [stdout] 
[INFO] [stdout] 
[INFO] [stdout] For more information about this error, try `rustc --explain E0277`.
[INFO] [stdout] 
[INFO] [stdout] error[E0277]: the trait bound `syn::Expr: From<TokenStream2>` is not satisfied
[INFO] [stdout]    --> src/lib.rs:110:34
[INFO] [stdout]     |
[INFO] [stdout] 110 |     quote::quote!([#(#items),*]).into()
[INFO] [stdout]     |                                  ^^^^ the trait `From<TokenStream2>` is not implemented for `syn::Expr`
[INFO] [stdout]     |
[INFO] [stdout]     = help: the following implementations were found:
[INFO] [stdout]               <syn::Expr as From<ExprArray>>
[INFO] [stdout]               <syn::Expr as From<ExprAssign>>
[INFO] [stdout]               <syn::Expr as From<ExprAssignOp>>
[INFO] [stdout]               <syn::Expr as From<ExprAsync>>
[INFO] [stdout]             and 35 others
[INFO] [stdout]     = note: required because of the requirements on the impl of `Into<syn::Expr>` for `TokenStream2`
[INFO] [stdout] 
[INFO] [stdout] 
[INFO] [stderr] error: could not compile `numeric-lut` due to 3 previous errors
[INFO] [stdout] error: aborting due to 2 previous errors
[INFO] [stdout] 
[INFO] [stdout] 
[INFO] [stderr] warning: build failed, waiting for other jobs to finish...
[INFO] [stdout] For more information about this error, try `rustc --explain E0277`.
[INFO] [stdout] 
[INFO] [stderr] error: build failed
[INFO] running `Command { std: "docker" "inspect" "6323f6554c92f7f4d6f226fc32ff421b83d07bb4780e3721f19fe15c9123b489", kill_on_drop: false }`
[INFO] running `Command { std: "docker" "rm" "-f" "6323f6554c92f7f4d6f226fc32ff421b83d07bb4780e3721f19fe15c9123b489", kill_on_drop: false }`
[INFO] [stdout] 6323f6554c92f7f4d6f226fc32ff421b83d07bb4780e3721f19fe15c9123b489
