[INFO] fetching crate nsi 0.6.0...
[INFO] checking nsi-0.6.0 against beta-2021-10-15 for beta-1.56-3
[INFO] extracting crate nsi 0.6.0 into /workspace/builds/worker-40/source
[INFO] validating manifest of crates.io crate nsi 0.6.0 on toolchain beta-2021-10-15
[INFO] running `Command { std: "/workspace/cargo-home/bin/cargo" "+beta-2021-10-15" "metadata" "--manifest-path" "Cargo.toml" "--no-deps", kill_on_drop: false }`
[INFO] started tweaking crates.io crate nsi 0.6.0
[INFO] removed 1 missing examples
[INFO] finished tweaking crates.io crate nsi 0.6.0
[INFO] tweaked toml for crates.io crate nsi 0.6.0 written to /workspace/builds/worker-40/source/Cargo.toml
[INFO] crate crates.io crate nsi 0.6.0 already has a lockfile, it will not be regenerated
[INFO] running `Command { std: "/workspace/cargo-home/bin/cargo" "+beta-2021-10-15" "fetch" "--manifest-path" "Cargo.toml", kill_on_drop: false }`
[INFO] [stderr]     Blocking waiting for file lock on package cache
[INFO] [stderr]     Blocking waiting for file lock on package cache
[INFO] running `Command { std: "docker" "create" "-v" "/var/lib/crater-agent-workspace/builds/worker-40/target:/opt/rustwide/target:rw,Z" "-v" "/var/lib/crater-agent-workspace/builds/worker-40/source:/opt/rustwide/workdir:ro,Z" "-v" "/var/lib/crater-agent-workspace/cargo-home:/opt/rustwide/cargo-home:ro,Z" "-v" "/var/lib/crater-agent-workspace/rustup-home:/opt/rustwide/rustup-home:ro,Z" "-e" "SOURCE_DIR=/opt/rustwide/workdir" "-e" "CARGO_TARGET_DIR=/opt/rustwide/target" "-e" "CARGO_HOME=/opt/rustwide/cargo-home" "-e" "RUSTUP_HOME=/opt/rustwide/rustup-home" "-w" "/opt/rustwide/workdir" "-m" "1610612736" "--user" "0:0" "--network" "none" "ghcr.io/rust-lang/crates-build-env/linux@sha256:a89201d6b5b9fd45c15d5952ece0a0129e7e80cb26ec023fd59cf09bc26f1604" "/opt/rustwide/cargo-home/bin/cargo" "+beta-2021-10-15" "metadata" "--no-deps" "--format-version=1", kill_on_drop: false }`
[INFO] [stdout] 23b04b876794ce8cff2c4e8478553c90b215519180414b05b28bfe7ada8c796f
[INFO] running `Command { std: "docker" "start" "-a" "23b04b876794ce8cff2c4e8478553c90b215519180414b05b28bfe7ada8c796f", kill_on_drop: false }`
[INFO] running `Command { std: "docker" "inspect" "23b04b876794ce8cff2c4e8478553c90b215519180414b05b28bfe7ada8c796f", kill_on_drop: false }`
[INFO] running `Command { std: "docker" "rm" "-f" "23b04b876794ce8cff2c4e8478553c90b215519180414b05b28bfe7ada8c796f", kill_on_drop: false }`
[INFO] [stdout] 23b04b876794ce8cff2c4e8478553c90b215519180414b05b28bfe7ada8c796f
[INFO] running `Command { std: "docker" "create" "-v" "/var/lib/crater-agent-workspace/builds/worker-40/target:/opt/rustwide/target:rw,Z" "-v" "/var/lib/crater-agent-workspace/builds/worker-40/source:/opt/rustwide/workdir:ro,Z" "-v" "/var/lib/crater-agent-workspace/cargo-home:/opt/rustwide/cargo-home:ro,Z" "-v" "/var/lib/crater-agent-workspace/rustup-home:/opt/rustwide/rustup-home:ro,Z" "-e" "SOURCE_DIR=/opt/rustwide/workdir" "-e" "CARGO_TARGET_DIR=/opt/rustwide/target" "-e" "CARGO_INCREMENTAL=0" "-e" "RUST_BACKTRACE=full" "-e" "RUSTFLAGS=--cap-lints=warn" "-e" "CARGO_HOME=/opt/rustwide/cargo-home" "-e" "RUSTUP_HOME=/opt/rustwide/rustup-home" "-w" "/opt/rustwide/workdir" "-m" "1610612736" "--user" "0:0" "--network" "none" "ghcr.io/rust-lang/crates-build-env/linux@sha256:a89201d6b5b9fd45c15d5952ece0a0129e7e80cb26ec023fd59cf09bc26f1604" "/opt/rustwide/cargo-home/bin/cargo" "+beta-2021-10-15" "check" "--frozen" "--all" "--all-targets" "--message-format=json", kill_on_drop: false }`
[INFO] [stdout] 25c6442db75761f2295e364d017ee553284ae9db2216446a943e44274ea9d70f
[INFO] running `Command { std: "docker" "start" "-a" "25c6442db75761f2295e364d017ee553284ae9db2216446a943e44274ea9d70f", kill_on_drop: false }`
[INFO] [stderr]    Compiling libc v0.2.81
[INFO] [stderr]    Compiling proc-macro2 v1.0.24
[INFO] [stderr]    Compiling unicode-xid v0.2.1
[INFO] [stderr]    Compiling memchr v2.3.4
[INFO] [stderr]    Compiling syn v1.0.56
[INFO] [stderr]    Compiling version_check v0.9.2
[INFO] [stderr]    Compiling log v0.4.11
[INFO] [stderr]    Compiling unicode-xid v0.1.0
[INFO] [stderr]    Compiling regex-syntax v0.6.21
[INFO] [stderr]    Compiling unicode-width v0.1.8
[INFO] [stderr]    Compiling quick-error v1.2.3
[INFO] [stderr]    Compiling syn v0.15.44
[INFO] [stderr]    Compiling getrandom v0.1.15
[INFO] [stderr]    Compiling vec_map v0.8.2
[INFO] [stderr]    Compiling termcolor v1.1.2
[INFO] [stderr]    Compiling bindgen v0.55.1
[INFO] [stderr]    Compiling strsim v0.8.0
[INFO] [stderr]    Compiling ansi_term v0.11.0
[INFO] [stderr]    Compiling const_fn v0.4.4
[INFO] [stderr]    Compiling serde v1.0.118
[INFO] [stderr]     Checking bytemuck v1.4.1
[INFO] [stderr]     Checking scopeguard v1.1.0
[INFO] [stderr]    Compiling doc-comment v0.3.3
[INFO] [stderr]    Compiling rayon-core v1.9.0
[INFO] [stderr]     Checking ppv-lite86 v0.2.10
[INFO] [stderr]    Compiling once_cell v1.5.2
[INFO] [stderr]     Checking adler32 v1.2.0
[INFO] [stderr]    Compiling cargo-husky v1.5.0
[INFO] [stderr]     Checking lebe v0.5.1
[INFO] [stderr]     Checking smallvec v1.5.1
[INFO] [stderr]     Checking half v1.6.0
[INFO] [stderr]     Checking bit_field v0.10.1
[INFO] [stderr]     Checking clamped v1.0.0
[INFO] [stderr]    Compiling clang-sys v1.0.3
[INFO] [stderr]    Compiling thread_local v1.0.1
[INFO] [stderr]    Compiling libloading v0.6.6
[INFO] [stderr]    Compiling crossbeam-utils v0.8.1
[INFO] [stderr]    Compiling memoffset v0.6.1
[INFO] [stderr]    Compiling rayon v1.5.0
[INFO] [stderr]     Checking itertools v0.9.0
[INFO] [stderr]    Compiling bitflags v1.2.1
[INFO] [stderr]    Compiling textwrap v0.11.0
[INFO] [stderr]     Checking safe_arch v0.5.2
[INFO] [stderr]    Compiling humantime v1.3.0
[INFO] [stderr]     Checking deflate v0.8.6
[INFO] [stderr]     Checking miniz_oxide v0.3.7
[INFO] [stderr]     Checking inflate v0.4.5
[INFO] [stderr]    Compiling proc-macro2 v0.4.30
[INFO] [stderr]    Compiling nom v5.1.2
[INFO] [stderr]     Checking wide v0.5.5
[INFO] [stderr]    Compiling quote v1.0.8
[INFO] [stderr]    Compiling aho-corasick v0.7.15
[INFO] [stderr]     Checking png v0.16.8
[INFO] [stderr]    Compiling quote v0.6.13
[INFO] [stderr]     Checking crossbeam-epoch v0.9.1
[INFO] [stderr]     Checking crossbeam-channel v0.5.0
[INFO] [stderr]     Checking num_cpus v1.13.0
[INFO] [stderr]    Compiling atty v0.2.14
[INFO] [stderr]    Compiling which v3.1.1
[INFO] [stderr]    Compiling clap v2.33.3
[INFO] [stderr]     Checking rand_core v0.5.1
[INFO] [stderr]     Checking crossbeam-deque v0.8.0
[INFO] [stderr]     Checking rand_pcg v0.2.1
[INFO] [stderr]     Checking rand_chacha v0.2.2
[INFO] [stderr]     Checking ultraviolet v0.7.5
[INFO] [stderr]     Checking rand v0.7.3
[INFO] [stderr]    Compiling regex v1.4.2
[INFO] [stderr]    Compiling cexpr v0.4.0
[INFO] [stderr]    Compiling env_logger v0.7.1
[INFO] [stderr]    Compiling dlopen_derive v0.1.4
[INFO] [stderr]    Compiling toml v0.5.8
[INFO] [stderr]     Checking exr v1.0.0
[INFO] [stderr]     Checking dlopen v0.1.8
[INFO] [stderr]     Checking dl-openvdb-query v0.1.1
[INFO] [stderr]    Compiling proc-macro-crate v0.1.5
[INFO] [stderr]    Compiling snafu-derive v0.6.10
[INFO] [stderr]    Compiling enum_dispatch v0.3.4
[INFO] [stderr]    Compiling derivative v2.1.1
[INFO] [stderr]    Compiling num_enum_derive v0.5.1
[INFO] [stderr]     Checking snafu v0.6.10
[INFO] [stderr]     Checking num_enum v0.5.1
[INFO] [stderr]    Compiling nsi-sys v0.1.13
[INFO] [stderr]     Checking nsi v0.5.6
[INFO] [stderr]     Checking nsi v0.6.0 (/opt/rustwide/workdir)
[INFO] [stderr]     Checking nsi-3delight v0.1.0
[INFO] [stderr]     Checking polyhedron-ops v0.2.1
[INFO] [stdout] error[E0603]: function `generate_or_use_handle` is private
[INFO] [stdout]   --> /opt/rustwide/cargo-home/registry/src/github.com-1ecc6299db9ec823/nsi-3delight-0.1.0/src/lib.rs:4:20
[INFO] [stdout]    |
[INFO] [stdout] 4  | use nsi::toolbelt::generate_or_use_handle;
[INFO] [stdout]    |                    ^^^^^^^^^^^^^^^^^^^^^^ private function
[INFO] [stdout]    |
[INFO] [stdout] note: the function `generate_or_use_handle` is defined here
[INFO] [stdout]   --> /opt/rustwide/cargo-home/registry/src/github.com-1ecc6299db9ec823/nsi-0.5.6/src/toolbelt/mod.rs:41:1
[INFO] [stdout]    |
[INFO] [stdout] 41 | fn generate_or_use_handle(handle: Option<&str>) -> String {
[INFO] [stdout]    | ^^^^^^^^^^^^^^^^^^^^^^^^^^^^^^^^^^^^^^^^^^^^^^^^^^^^^^^^^
[INFO] [stdout] 
[INFO] [stdout] 
[INFO] [stdout] error[E0308]: mismatched types
[INFO] [stdout]   --> /opt/rustwide/cargo-home/registry/src/github.com-1ecc6299db9ec823/nsi-3delight-0.1.0/src/lib.rs:43:9
[INFO] [stdout]    |
[INFO] [stdout] 43 |         &ctx.node(Some(environment.as_str()), nsi::NodeType::Environment, &[]),
[INFO] [stdout]    |         ^^^^^^^^^^^^^^^^^^^^^^^^^^^^^^^^^^^^^^^^^^^^^^^^^^^^^^^^^^^^^^^^^^^^^^
[INFO] [stdout]    |         |
[INFO] [stdout]    |         expected enum `Option`, found `&std::string::String`
[INFO] [stdout]    |         help: try using a variant of the expected enum: `Some(&ctx.node(Some(environment.as_str()), nsi::NodeType::Environment, &[]))`
[INFO] [stdout]    |
[INFO] [stdout]    = note:   expected enum `Option<&str>`
[INFO] [stdout]            found reference `&std::string::String`
[INFO] [stdout] 
[INFO] [stdout] 
[INFO] [stdout] error[E0308]: mismatched types
[INFO] [stdout]   --> /opt/rustwide/cargo-home/registry/src/github.com-1ecc6299db9ec823/nsi-3delight-0.1.0/src/lib.rs:59:13
[INFO] [stdout]    |
[INFO] [stdout] 59 |             shader.as_str()
[INFO] [stdout]    |             ^^^^^^^^^^^^^^^
[INFO] [stdout]    |             |
[INFO] [stdout]    |             expected enum `Option`, found `&str`
[INFO] [stdout]    |             help: try using a variant of the expected enum: `Some(shader.as_str())`
[INFO] [stdout]    |
[INFO] [stdout]    = note:   expected enum `Option<&str>`
[INFO] [stdout]            found reference `&str`
[INFO] [stdout] 
[INFO] [stdout] 
[INFO] [stdout] error[E0609]: no field `0` on type `std::string::String`
[INFO] [stdout]   --> /opt/rustwide/cargo-home/registry/src/github.com-1ecc6299db9ec823/nsi-3delight-0.1.0/src/lib.rs:60:11
[INFO] [stdout]    |
[INFO] [stdout] 60 |         ).0,
[INFO] [stdout]    |           ^ unknown field
[INFO] [stdout] 
[INFO] [stdout] 
[INFO] [stdout] error: aborting due to 4 previous errors
[INFO] [stdout] 
[INFO] [stdout] 
[INFO] [stdout] Some errors have detailed explanations: E0308, E0603, E0609.
[INFO] [stdout] 
[INFO] [stdout] For more information about an error, try `rustc --explain E0308`.
[INFO] [stdout] 
[INFO] [stderr] error: could not compile `nsi-3delight` due to 5 previous errors
[INFO] [stderr] warning: build failed, waiting for other jobs to finish...
[INFO] [stderr] error: build failed
[INFO] running `Command { std: "docker" "inspect" "25c6442db75761f2295e364d017ee553284ae9db2216446a943e44274ea9d70f", kill_on_drop: false }`
[INFO] running `Command { std: "docker" "rm" "-f" "25c6442db75761f2295e364d017ee553284ae9db2216446a943e44274ea9d70f", kill_on_drop: false }`
[INFO] [stdout] 25c6442db75761f2295e364d017ee553284ae9db2216446a943e44274ea9d70f
