[INFO] fetching crate notepad_logger 0.1.1...
[INFO] checking notepad_logger-0.1.1 against beta-2021-10-15 for beta-1.56-3
[INFO] extracting crate notepad_logger 0.1.1 into /workspace/builds/worker-62/source
[INFO] validating manifest of crates.io crate notepad_logger 0.1.1 on toolchain beta-2021-10-15
[INFO] running `Command { std: "/workspace/cargo-home/bin/cargo" "+beta-2021-10-15" "metadata" "--manifest-path" "Cargo.toml" "--no-deps", kill_on_drop: false }`
[INFO] started tweaking crates.io crate notepad_logger 0.1.1
[INFO] finished tweaking crates.io crate notepad_logger 0.1.1
[INFO] tweaked toml for crates.io crate notepad_logger 0.1.1 written to /workspace/builds/worker-62/source/Cargo.toml
[INFO] crate crates.io crate notepad_logger 0.1.1 already has a lockfile, it will not be regenerated
[INFO] running `Command { std: "/workspace/cargo-home/bin/cargo" "+beta-2021-10-15" "fetch" "--manifest-path" "Cargo.toml", kill_on_drop: false }`
[INFO] [stderr]     Blocking waiting for file lock on package cache
[INFO] [stderr]     Blocking waiting for file lock on package cache
[INFO] running `Command { std: "docker" "create" "-v" "/var/lib/crater-agent-workspace/builds/worker-62/target:/opt/rustwide/target:rw,Z" "-v" "/var/lib/crater-agent-workspace/builds/worker-62/source:/opt/rustwide/workdir:ro,Z" "-v" "/var/lib/crater-agent-workspace/cargo-home:/opt/rustwide/cargo-home:ro,Z" "-v" "/var/lib/crater-agent-workspace/rustup-home:/opt/rustwide/rustup-home:ro,Z" "-e" "SOURCE_DIR=/opt/rustwide/workdir" "-e" "CARGO_TARGET_DIR=/opt/rustwide/target" "-e" "CARGO_HOME=/opt/rustwide/cargo-home" "-e" "RUSTUP_HOME=/opt/rustwide/rustup-home" "-w" "/opt/rustwide/workdir" "-m" "1610612736" "--user" "0:0" "--network" "none" "ghcr.io/rust-lang/crates-build-env/linux@sha256:a89201d6b5b9fd45c15d5952ece0a0129e7e80cb26ec023fd59cf09bc26f1604" "/opt/rustwide/cargo-home/bin/cargo" "+beta-2021-10-15" "metadata" "--no-deps" "--format-version=1", kill_on_drop: false }`
[INFO] [stdout] d1d0d14753993c6d4383f09357d5f3ce3e75f639dd2d7cbd20198c2ec77c790b
[INFO] running `Command { std: "docker" "start" "-a" "d1d0d14753993c6d4383f09357d5f3ce3e75f639dd2d7cbd20198c2ec77c790b", kill_on_drop: false }`
[INFO] running `Command { std: "docker" "inspect" "d1d0d14753993c6d4383f09357d5f3ce3e75f639dd2d7cbd20198c2ec77c790b", kill_on_drop: false }`
[INFO] running `Command { std: "docker" "rm" "-f" "d1d0d14753993c6d4383f09357d5f3ce3e75f639dd2d7cbd20198c2ec77c790b", kill_on_drop: false }`
[INFO] [stdout] d1d0d14753993c6d4383f09357d5f3ce3e75f639dd2d7cbd20198c2ec77c790b
[INFO] running `Command { std: "docker" "create" "-v" "/var/lib/crater-agent-workspace/builds/worker-62/target:/opt/rustwide/target:rw,Z" "-v" "/var/lib/crater-agent-workspace/builds/worker-62/source:/opt/rustwide/workdir:ro,Z" "-v" "/var/lib/crater-agent-workspace/cargo-home:/opt/rustwide/cargo-home:ro,Z" "-v" "/var/lib/crater-agent-workspace/rustup-home:/opt/rustwide/rustup-home:ro,Z" "-e" "SOURCE_DIR=/opt/rustwide/workdir" "-e" "CARGO_TARGET_DIR=/opt/rustwide/target" "-e" "CARGO_INCREMENTAL=0" "-e" "RUST_BACKTRACE=full" "-e" "RUSTFLAGS=--cap-lints=warn" "-e" "CARGO_HOME=/opt/rustwide/cargo-home" "-e" "RUSTUP_HOME=/opt/rustwide/rustup-home" "-w" "/opt/rustwide/workdir" "-m" "1610612736" "--user" "0:0" "--network" "none" "ghcr.io/rust-lang/crates-build-env/linux@sha256:a89201d6b5b9fd45c15d5952ece0a0129e7e80cb26ec023fd59cf09bc26f1604" "/opt/rustwide/cargo-home/bin/cargo" "+beta-2021-10-15" "check" "--frozen" "--all" "--all-targets" "--message-format=json", kill_on_drop: false }`
[INFO] [stdout] f0b3abfadaec2d2ceda32bdf68c3675eea87d4860c85fe8cfb1a06524b15b0de
[INFO] running `Command { std: "docker" "start" "-a" "f0b3abfadaec2d2ceda32bdf68c3675eea87d4860c85fe8cfb1a06524b15b0de", kill_on_drop: false }`
[INFO] [stderr]    Compiling winapi v0.3.8
[INFO] [stderr]    Compiling log v0.4.8
[INFO] [stderr]     Checking notepad_logger v0.1.1 (/opt/rustwide/workdir)
[INFO] [stdout] error[E0433]: failed to resolve: could not find `um` in `winapi`
[INFO] [stdout]  --> src/lib.rs:1:13
[INFO] [stdout]   |
[INFO] [stdout] 1 | use winapi::um::winuser::{FindWindowA, FindWindowExA, SendMessageA, EM_REPLACESEL};
[INFO] [stdout]   |             ^^ could not find `um` in `winapi`
[INFO] [stdout] 
[INFO] [stdout] 
[INFO] [stdout] error[E0425]: cannot find function, tuple struct or tuple variant `FindWindowA` in this scope
[INFO] [stdout]   --> src/lib.rs:34:27
[INFO] [stdout]    |
[INFO] [stdout] 34 |         let mut notepad = FindWindowA(ptr::null(), cstr!("Untitled - Notepad"));
[INFO] [stdout]    |                           ^^^^^^^^^^^ not found in this scope
[INFO] [stdout] 
[INFO] [stdout] 
[INFO] [stdout] error[E0425]: cannot find function, tuple struct or tuple variant `FindWindowA` in this scope
[INFO] [stdout]   --> src/lib.rs:36:23
[INFO] [stdout]    |
[INFO] [stdout] 36 |             notepad = FindWindowA(ptr::null(), cstr!("*Untitled - Notepad"));
[INFO] [stdout]    |                       ^^^^^^^^^^^ not found in this scope
[INFO] [stdout] 
[INFO] [stdout] 
[INFO] [stdout] error[E0425]: cannot find function, tuple struct or tuple variant `FindWindowExA` in this scope
[INFO] [stdout]   --> src/lib.rs:41:20
[INFO] [stdout]    |
[INFO] [stdout] 41 |         let edit = FindWindowExA(notepad, ptr::null_mut(), cstr!("EDIT"), ptr::null());
[INFO] [stdout]    |                    ^^^^^^^^^^^^^ not found in this scope
[INFO] [stdout] 
[INFO] [stdout] 
[INFO] [stdout] error[E0425]: cannot find function, tuple struct or tuple variant `SendMessageA` in this scope
[INFO] [stdout]   --> src/lib.rs:43:9
[INFO] [stdout]    |
[INFO] [stdout] 43 |         SendMessageA(edit, EM_REPLACESEL as _, true as _, c_string.as_ptr() as _);
[INFO] [stdout]    |         ^^^^^^^^^^^^ not found in this scope
[INFO] [stdout] 
[INFO] [stdout] 
[INFO] [stdout] error[E0425]: cannot find value `EM_REPLACESEL` in this scope
[INFO] [stdout]   --> src/lib.rs:43:28
[INFO] [stdout]    |
[INFO] [stdout] 43 |         SendMessageA(edit, EM_REPLACESEL as _, true as _, c_string.as_ptr() as _);
[INFO] [stdout]    |                            ^^^^^^^^^^^^^ not found in this scope
[INFO] [stdout] 
[INFO] [stdout] 
[INFO] [stdout] error: aborting due to 6 previous errors
[INFO] [stdout] 
[INFO] [stdout] 
[INFO] [stdout] Some errors have detailed explanations: E0425, E0433.
[INFO] [stdout] 
[INFO] [stdout] For more information about an error, try `rustc --explain E0425`.
[INFO] [stdout] 
[INFO] [stderr] error: could not compile `notepad_logger` due to 7 previous errors
[INFO] [stdout] error[E0433]: failed to resolve: could not find `um` in `winapi`
[INFO] [stdout]  --> src/lib.rs:1:13
[INFO] [stdout]   |
[INFO] [stdout] 1 | use winapi::um::winuser::{FindWindowA, FindWindowExA, SendMessageA, EM_REPLACESEL};
[INFO] [stdout]   |             ^^ could not find `um` in `winapi`
[INFO] [stdout] 
[INFO] [stdout] 
[INFO] [stderr] warning: build failed, waiting for other jobs to finish...
[INFO] [stdout] error[E0425]: cannot find function, tuple struct or tuple variant `FindWindowA` in this scope
[INFO] [stdout]   --> src/lib.rs:34:27
[INFO] [stdout]    |
[INFO] [stdout] 34 |         let mut notepad = FindWindowA(ptr::null(), cstr!("Untitled - Notepad"));
[INFO] [stdout]    |                           ^^^^^^^^^^^ not found in this scope
[INFO] [stdout] 
[INFO] [stdout] 
[INFO] [stdout] error[E0425]: cannot find function, tuple struct or tuple variant `FindWindowA` in this scope
[INFO] [stdout]   --> src/lib.rs:36:23
[INFO] [stdout]    |
[INFO] [stdout] 36 |             notepad = FindWindowA(ptr::null(), cstr!("*Untitled - Notepad"));
[INFO] [stdout]    |                       ^^^^^^^^^^^ not found in this scope
[INFO] [stdout] 
[INFO] [stdout] 
[INFO] [stdout] error[E0425]: cannot find function, tuple struct or tuple variant `FindWindowExA` in this scope
[INFO] [stdout]   --> src/lib.rs:41:20
[INFO] [stdout]    |
[INFO] [stdout] 41 |         let edit = FindWindowExA(notepad, ptr::null_mut(), cstr!("EDIT"), ptr::null());
[INFO] [stdout]    |                    ^^^^^^^^^^^^^ not found in this scope
[INFO] [stdout] 
[INFO] [stdout] 
[INFO] [stdout] error[E0425]: cannot find function, tuple struct or tuple variant `SendMessageA` in this scope
[INFO] [stdout]   --> src/lib.rs:43:9
[INFO] [stdout]    |
[INFO] [stdout] 43 |         SendMessageA(edit, EM_REPLACESEL as _, true as _, c_string.as_ptr() as _);
[INFO] [stdout]    |         ^^^^^^^^^^^^ not found in this scope
[INFO] [stdout] 
[INFO] [stdout] 
[INFO] [stdout] error[E0425]: cannot find value `EM_REPLACESEL` in this scope
[INFO] [stdout]   --> src/lib.rs:43:28
[INFO] [stdout]    |
[INFO] [stdout] 43 |         SendMessageA(edit, EM_REPLACESEL as _, true as _, c_string.as_ptr() as _);
[INFO] [stdout]    |                            ^^^^^^^^^^^^^ not found in this scope
[INFO] [stdout] 
[INFO] [stdout] 
[INFO] [stdout] error: aborting due to 6 previous errors
[INFO] [stdout] 
[INFO] [stdout] 
[INFO] [stdout] Some errors have detailed explanations: E0425, E0433.
[INFO] [stdout] 
[INFO] [stdout] For more information about an error, try `rustc --explain E0425`.
[INFO] [stdout] 
[INFO] [stderr] error: build failed
[INFO] running `Command { std: "docker" "inspect" "f0b3abfadaec2d2ceda32bdf68c3675eea87d4860c85fe8cfb1a06524b15b0de", kill_on_drop: false }`
[INFO] running `Command { std: "docker" "rm" "-f" "f0b3abfadaec2d2ceda32bdf68c3675eea87d4860c85fe8cfb1a06524b15b0de", kill_on_drop: false }`
[INFO] [stdout] f0b3abfadaec2d2ceda32bdf68c3675eea87d4860c85fe8cfb1a06524b15b0de
