[INFO] fetching crate noodles-vcf 0.7.0...
[INFO] checking noodles-vcf-0.7.0 against 1.55.0 for beta-1.56-3
[INFO] extracting crate noodles-vcf 0.7.0 into /workspace/builds/worker-49/source
[INFO] validating manifest of crates.io crate noodles-vcf 0.7.0 on toolchain 1.55.0
[INFO] running `Command { std: "/workspace/cargo-home/bin/cargo" "+1.55.0" "metadata" "--manifest-path" "Cargo.toml" "--no-deps", kill_on_drop: false }`
[INFO] started tweaking crates.io crate noodles-vcf 0.7.0
[INFO] finished tweaking crates.io crate noodles-vcf 0.7.0
[INFO] tweaked toml for crates.io crate noodles-vcf 0.7.0 written to /workspace/builds/worker-49/source/Cargo.toml
[INFO] crate crates.io crate noodles-vcf 0.7.0 already has a lockfile, it will not be regenerated
[INFO] running `Command { std: "/workspace/cargo-home/bin/cargo" "+1.55.0" "fetch" "--manifest-path" "Cargo.toml", kill_on_drop: false }`
[INFO] [stderr]     Blocking waiting for file lock on package cache
[INFO] [stderr]     Blocking waiting for file lock on package cache
[INFO] running `Command { std: "docker" "create" "-v" "/var/lib/crater-agent-workspace/builds/worker-49/target:/opt/rustwide/target:rw,Z" "-v" "/var/lib/crater-agent-workspace/builds/worker-49/source:/opt/rustwide/workdir:ro,Z" "-v" "/var/lib/crater-agent-workspace/cargo-home:/opt/rustwide/cargo-home:ro,Z" "-v" "/var/lib/crater-agent-workspace/rustup-home:/opt/rustwide/rustup-home:ro,Z" "-e" "SOURCE_DIR=/opt/rustwide/workdir" "-e" "CARGO_TARGET_DIR=/opt/rustwide/target" "-e" "CARGO_HOME=/opt/rustwide/cargo-home" "-e" "RUSTUP_HOME=/opt/rustwide/rustup-home" "-w" "/opt/rustwide/workdir" "-m" "1610612736" "--user" "0:0" "--network" "none" "ghcr.io/rust-lang/crates-build-env/linux@sha256:a89201d6b5b9fd45c15d5952ece0a0129e7e80cb26ec023fd59cf09bc26f1604" "/opt/rustwide/cargo-home/bin/cargo" "+1.55.0" "metadata" "--no-deps" "--format-version=1", kill_on_drop: false }`
[INFO] [stdout] 112039250f41827eff609a0a1f504b855851dc2a3790c1d2116458435c4701e0
[INFO] running `Command { std: "docker" "start" "-a" "112039250f41827eff609a0a1f504b855851dc2a3790c1d2116458435c4701e0", kill_on_drop: false }`
[INFO] running `Command { std: "docker" "inspect" "112039250f41827eff609a0a1f504b855851dc2a3790c1d2116458435c4701e0", kill_on_drop: false }`
[INFO] running `Command { std: "docker" "rm" "-f" "112039250f41827eff609a0a1f504b855851dc2a3790c1d2116458435c4701e0", kill_on_drop: false }`
[INFO] [stdout] 112039250f41827eff609a0a1f504b855851dc2a3790c1d2116458435c4701e0
[INFO] running `Command { std: "docker" "create" "-v" "/var/lib/crater-agent-workspace/builds/worker-49/target:/opt/rustwide/target:rw,Z" "-v" "/var/lib/crater-agent-workspace/builds/worker-49/source:/opt/rustwide/workdir:ro,Z" "-v" "/var/lib/crater-agent-workspace/cargo-home:/opt/rustwide/cargo-home:ro,Z" "-v" "/var/lib/crater-agent-workspace/rustup-home:/opt/rustwide/rustup-home:ro,Z" "-e" "SOURCE_DIR=/opt/rustwide/workdir" "-e" "CARGO_TARGET_DIR=/opt/rustwide/target" "-e" "CARGO_INCREMENTAL=0" "-e" "RUST_BACKTRACE=full" "-e" "RUSTFLAGS=--cap-lints=warn" "-e" "CARGO_HOME=/opt/rustwide/cargo-home" "-e" "RUSTUP_HOME=/opt/rustwide/rustup-home" "-w" "/opt/rustwide/workdir" "-m" "1610612736" "--user" "0:0" "--network" "none" "ghcr.io/rust-lang/crates-build-env/linux@sha256:a89201d6b5b9fd45c15d5952ece0a0129e7e80cb26ec023fd59cf09bc26f1604" "/opt/rustwide/cargo-home/bin/cargo" "+1.55.0" "check" "--frozen" "--all" "--all-targets" "--message-format=json", kill_on_drop: false }`
[INFO] [stdout] 8b1bd06e15c9b2e2521dd3eb4a599cdcdc303bb00e600b143e1e0baaad388678
[INFO] running `Command { std: "docker" "start" "-a" "8b1bd06e15c9b2e2521dd3eb4a599cdcdc303bb00e600b143e1e0baaad388678", kill_on_drop: false }`
[INFO] [stderr]    Compiling syn v1.0.77
[INFO] [stderr]     Checking bit-vec v0.6.3
[INFO] [stderr]     Checking minimal-lexical v0.1.3
[INFO] [stderr]    Compiling indexmap v1.7.0
[INFO] [stderr]    Compiling tokio v1.12.0
[INFO] [stderr]     Checking flate2 v1.0.22
[INFO] [stderr]    Compiling quote v1.0.9
[INFO] [stderr]     Checking num_cpus v1.13.0
[INFO] [stderr]     Checking nom v7.0.0
[INFO] [stderr]     Checking noodles-bgzf v0.4.0
[INFO] [stderr]     Checking noodles-csi v0.3.0
[INFO] [stderr]     Checking noodles-sam v0.5.0
[INFO] [stderr]     Checking noodles-tabix v0.6.1
[INFO] [stderr]     Checking noodles-core v0.2.2
[INFO] [stderr]     Checking noodles-vcf v0.7.0 (/opt/rustwide/workdir)
[INFO] [stderr]    Compiling tokio-macros v1.4.1
[INFO] [stdout] error[E0432]: unresolved import `tokio::io::BufReader`
[INFO] [stdout]   --> examples/vcf_read_header_async.rs:13:16
[INFO] [stdout]    |
[INFO] [stdout] 13 |     io::{self, BufReader},
[INFO] [stdout]    |                ^^^^^^^^^ no `BufReader` in `io`
[INFO] [stdout] 
[INFO] [stdout] 
[INFO] [stdout] error[E0433]: failed to resolve: could not find `AsyncReader` in `vcf`
[INFO] [stdout]   --> examples/vcf_read_header_async.rs:23:19
[INFO] [stdout]    |
[INFO] [stdout] 23 |         .map(vcf::AsyncReader::new)?;
[INFO] [stdout]    |                   ^^^^^^^^^^^ could not find `AsyncReader` in `vcf`
[INFO] [stdout] 
[INFO] [stdout] 
[INFO] [stdout] error[E0432]: unresolved import `tokio::io::BufReader`
[INFO] [stdout]   --> examples/vcf_reheader_async.rs:13:16
[INFO] [stdout]    |
[INFO] [stdout] 13 |     io::{self, BufReader},
[INFO] [stdout]    |                ^^^^^^^^^ no `BufReader` in `io`
[INFO] [stdout] 
[INFO] [stdout] 
[INFO] [stdout] error[E0432]: unresolved import `futures`
[INFO] [stdout]  --> examples/vcf_reheader_async.rs:9:5
[INFO] [stdout]   |
[INFO] [stdout] 9 | use futures::TryStreamExt;
[INFO] [stdout]   |     ^^^^^^^ use of undeclared crate or module `futures`
[INFO] [stdout] 
[INFO] [stdout] 
[INFO] [stdout] error[E0433]: failed to resolve: could not find `AsyncReader` in `vcf`
[INFO] [stdout]   --> examples/vcf_reheader_async.rs:35:19
[INFO] [stdout]    |
[INFO] [stdout] 35 |         .map(vcf::AsyncReader::new)?;
[INFO] [stdout]    |                   ^^^^^^^^^^^ could not find `AsyncReader` in `vcf`
[INFO] [stdout] 
[INFO] [stdout] 
[INFO] [stdout] error[E0432]: unresolved import `tokio::io::BufReader`
[INFO] [stdout]   --> examples/vcf_count_async.rs:11:16
[INFO] [stdout]    |
[INFO] [stdout] 11 |     io::{self, BufReader},
[INFO] [stdout]    |                ^^^^^^^^^ no `BufReader` in `io`
[INFO] [stdout] 
[INFO] [stdout] 
[INFO] [stdout] error[E0432]: unresolved import `futures`
[INFO] [stdout]  --> examples/vcf_count_async.rs:7:5
[INFO] [stdout]   |
[INFO] [stdout] 7 | use futures::TryStreamExt;
[INFO] [stdout]   |     ^^^^^^^ use of undeclared crate or module `futures`
[INFO] [stdout] 
[INFO] [stdout] 
[INFO] [stdout] error[E0433]: failed to resolve: could not find `AsyncReader` in `vcf`
[INFO] [stdout]   --> examples/vcf_count_async.rs:21:19
[INFO] [stdout]    |
[INFO] [stdout] 21 |         .map(vcf::AsyncReader::new)?;
[INFO] [stdout]    |                   ^^^^^^^^^^^ could not find `AsyncReader` in `vcf`
[INFO] [stdout] 
[INFO] [stdout] 
[INFO] [stdout] error[E0432]: unresolved import `futures`
[INFO] [stdout]  --> examples/vcf_query_async.rs:9:5
[INFO] [stdout]   |
[INFO] [stdout] 9 | use futures::TryStreamExt;
[INFO] [stdout]   |     ^^^^^^^ use of undeclared crate or module `futures`
[INFO] [stdout] 
[INFO] [stdout] 
[INFO] [stdout] error[E0433]: failed to resolve: could not find `AsyncReader` in `bgzf`
[INFO] [stdout]   --> examples/vcf_query_async.rs:24:20
[INFO] [stdout]    |
[INFO] [stdout] 24 |         .map(bgzf::AsyncReader::new)
[INFO] [stdout]    |                    ^^^^^^^^^^^ could not find `AsyncReader` in `bgzf`
[INFO] [stdout] 
[INFO] [stdout] 
[INFO] [stdout] error[E0433]: failed to resolve: could not find `AsyncReader` in `vcf`
[INFO] [stdout]   --> examples/vcf_query_async.rs:25:19
[INFO] [stdout]    |
[INFO] [stdout] 25 |         .map(vcf::AsyncReader::new)?;
[INFO] [stdout]    |                   ^^^^^^^^^^^ could not find `AsyncReader` in `vcf`
[INFO] [stdout] 
[INFO] [stdout] 
[INFO] [stdout] error[E0433]: failed to resolve: could not find `AsyncWriter` in `vcf`
[INFO] [stdout]   --> examples/vcf_write_async.rs:14:27
[INFO] [stdout]    |
[INFO] [stdout] 14 |     let mut writer = vcf::AsyncWriter::new(io::stdout());
[INFO] [stdout]    |                           ^^^^^^^^^^^ could not find `AsyncWriter` in `vcf`
[INFO] [stdout] 
[INFO] [stdout] 
[INFO] [stdout] error[E0433]: failed to resolve: could not find `AsyncWriter` in `vcf`
[INFO] [stdout]   --> examples/vcf_reheader_async.rs:40:27
[INFO] [stdout]    |
[INFO] [stdout] 40 |     let mut writer = vcf::AsyncWriter::new(io::stdout());
[INFO] [stdout]    |                           ^^^^^^^^^^^ could not find `AsyncWriter` in `vcf`
[INFO] [stdout] 
[INFO] [stdout] 
[INFO] [stdout] error: aborting due to 2 previous errors
[INFO] [stdout] 
[INFO] [stdout] 
[INFO] [stdout] Some errors have detailed explanations: E0432, E0433.
[INFO] [stdout] 
[INFO] [stdout] For more information about an error, try `rustc --explain E0432`.
[INFO] [stdout] 
[INFO] [stdout] error[E0433]: failed to resolve: could not find `r#async` in `tabix`
[INFO] [stdout]   --> examples/vcf_query_async.rs:27:24
[INFO] [stdout]    |
[INFO] [stdout] 27 |     let index = tabix::r#async::read(src.with_extension("gz.tbi")).await?;
[INFO] [stdout]    |                        ^^^^^^^ could not find `r#async` in `tabix`
[INFO] [stdout] 
[INFO] [stdout] 
[INFO] [stderr] error: could not compile `noodles-vcf` due to 3 previous errors
[INFO] [stderr] warning: build failed, waiting for other jobs to finish...
[INFO] [stdout] error: aborting due to 3 previous errors
[INFO] [stdout] 
[INFO] [stdout] 
[INFO] [stdout] Some errors have detailed explanations: E0432, E0433.
[INFO] [stdout] 
[INFO] [stdout] For more information about an error, try `rustc --explain E0432`.
[INFO] [stdout] 
[INFO] [stdout] error: aborting due to previous error
[INFO] [stdout] 
[INFO] [stdout] 
[INFO] [stdout] For more information about this error, try `rustc --explain E0433`.
[INFO] [stdout] 
[INFO] [stdout] error: aborting due to 4 previous errors
[INFO] [stdout] 
[INFO] [stdout] 
[INFO] [stdout] Some errors have detailed explanations: E0432, E0433.
[INFO] [stdout] 
[INFO] [stdout] For more information about an error, try `rustc --explain E0432`.
[INFO] [stdout] 
[INFO] [stdout] error: aborting due to 4 previous errors
[INFO] [stdout] 
[INFO] [stdout] 
[INFO] [stdout] Some errors have detailed explanations: E0432, E0433.
[INFO] [stdout] 
[INFO] [stdout] For more information about an error, try `rustc --explain E0432`.
[INFO] [stdout] 
[INFO] [stderr] error: build failed
[INFO] running `Command { std: "docker" "inspect" "8b1bd06e15c9b2e2521dd3eb4a599cdcdc303bb00e600b143e1e0baaad388678", kill_on_drop: false }`
[INFO] running `Command { std: "docker" "rm" "-f" "8b1bd06e15c9b2e2521dd3eb4a599cdcdc303bb00e600b143e1e0baaad388678", kill_on_drop: false }`
[INFO] [stdout] 8b1bd06e15c9b2e2521dd3eb4a599cdcdc303bb00e600b143e1e0baaad388678
