[INFO] fetching crate noodles-bcf 0.6.0...
[INFO] checking noodles-bcf-0.6.0 against 1.55.0 for beta-1.56-3
[INFO] extracting crate noodles-bcf 0.6.0 into /workspace/builds/worker-57/source
[INFO] validating manifest of crates.io crate noodles-bcf 0.6.0 on toolchain 1.55.0
[INFO] running `Command { std: "/workspace/cargo-home/bin/cargo" "+1.55.0" "metadata" "--manifest-path" "Cargo.toml" "--no-deps", kill_on_drop: false }`
[INFO] started tweaking crates.io crate noodles-bcf 0.6.0
[INFO] finished tweaking crates.io crate noodles-bcf 0.6.0
[INFO] tweaked toml for crates.io crate noodles-bcf 0.6.0 written to /workspace/builds/worker-57/source/Cargo.toml
[INFO] crate crates.io crate noodles-bcf 0.6.0 already has a lockfile, it will not be regenerated
[INFO] running `Command { std: "/workspace/cargo-home/bin/cargo" "+1.55.0" "fetch" "--manifest-path" "Cargo.toml", kill_on_drop: false }`
[INFO] [stderr]     Blocking waiting for file lock on package cache
[INFO] [stderr]     Blocking waiting for file lock on package cache
[INFO] running `Command { std: "docker" "create" "-v" "/var/lib/crater-agent-workspace/builds/worker-57/target:/opt/rustwide/target:rw,Z" "-v" "/var/lib/crater-agent-workspace/builds/worker-57/source:/opt/rustwide/workdir:ro,Z" "-v" "/var/lib/crater-agent-workspace/cargo-home:/opt/rustwide/cargo-home:ro,Z" "-v" "/var/lib/crater-agent-workspace/rustup-home:/opt/rustwide/rustup-home:ro,Z" "-e" "SOURCE_DIR=/opt/rustwide/workdir" "-e" "CARGO_TARGET_DIR=/opt/rustwide/target" "-e" "CARGO_HOME=/opt/rustwide/cargo-home" "-e" "RUSTUP_HOME=/opt/rustwide/rustup-home" "-w" "/opt/rustwide/workdir" "-m" "1610612736" "--user" "0:0" "--network" "none" "ghcr.io/rust-lang/crates-build-env/linux@sha256:a89201d6b5b9fd45c15d5952ece0a0129e7e80cb26ec023fd59cf09bc26f1604" "/opt/rustwide/cargo-home/bin/cargo" "+1.55.0" "metadata" "--no-deps" "--format-version=1", kill_on_drop: false }`
[INFO] [stdout] fbb089f2a785391f7b79f91d0036215d7e1f20dd1f2e8b988010719ab93525cb
[INFO] running `Command { std: "docker" "start" "-a" "fbb089f2a785391f7b79f91d0036215d7e1f20dd1f2e8b988010719ab93525cb", kill_on_drop: false }`
[INFO] running `Command { std: "docker" "inspect" "fbb089f2a785391f7b79f91d0036215d7e1f20dd1f2e8b988010719ab93525cb", kill_on_drop: false }`
[INFO] running `Command { std: "docker" "rm" "-f" "fbb089f2a785391f7b79f91d0036215d7e1f20dd1f2e8b988010719ab93525cb", kill_on_drop: false }`
[INFO] [stdout] fbb089f2a785391f7b79f91d0036215d7e1f20dd1f2e8b988010719ab93525cb
[INFO] running `Command { std: "docker" "create" "-v" "/var/lib/crater-agent-workspace/builds/worker-57/target:/opt/rustwide/target:rw,Z" "-v" "/var/lib/crater-agent-workspace/builds/worker-57/source:/opt/rustwide/workdir:ro,Z" "-v" "/var/lib/crater-agent-workspace/cargo-home:/opt/rustwide/cargo-home:ro,Z" "-v" "/var/lib/crater-agent-workspace/rustup-home:/opt/rustwide/rustup-home:ro,Z" "-e" "SOURCE_DIR=/opt/rustwide/workdir" "-e" "CARGO_TARGET_DIR=/opt/rustwide/target" "-e" "CARGO_INCREMENTAL=0" "-e" "RUST_BACKTRACE=full" "-e" "RUSTFLAGS=--cap-lints=warn" "-e" "CARGO_HOME=/opt/rustwide/cargo-home" "-e" "RUSTUP_HOME=/opt/rustwide/rustup-home" "-w" "/opt/rustwide/workdir" "-m" "1610612736" "--user" "0:0" "--network" "none" "ghcr.io/rust-lang/crates-build-env/linux@sha256:a89201d6b5b9fd45c15d5952ece0a0129e7e80cb26ec023fd59cf09bc26f1604" "/opt/rustwide/cargo-home/bin/cargo" "+1.55.0" "check" "--frozen" "--all" "--all-targets" "--message-format=json", kill_on_drop: false }`
[INFO] [stdout] 86d650953943bbb67746c6fead31ff6f8dac0d535ad7e89ecce308322610dc0c
[INFO] running `Command { std: "docker" "start" "-a" "86d650953943bbb67746c6fead31ff6f8dac0d535ad7e89ecce308322610dc0c", kill_on_drop: false }`
[INFO] [stderr]    Compiling proc-macro2 v1.0.29
[INFO] [stderr]     Checking hashbrown v0.11.2
[INFO] [stderr]    Compiling memchr v2.4.1
[INFO] [stderr]    Compiling syn v1.0.77
[INFO] [stderr]     Checking bit-vec v0.6.3
[INFO] [stderr]     Checking minimal-lexical v0.1.3
[INFO] [stderr]     Checking percent-encoding v2.1.0
[INFO] [stderr]     Checking pin-project-lite v0.2.7
[INFO] [stderr]    Compiling indexmap v1.7.0
[INFO] [stderr]    Compiling tokio v1.12.0
[INFO] [stderr]    Compiling nom v7.0.0
[INFO] [stderr]     Checking num_cpus v1.13.0
[INFO] [stderr]     Checking noodles-bgzf v0.4.0
[INFO] [stderr]     Checking noodles-csi v0.3.0
[INFO] [stderr]    Compiling quote v1.0.9
[INFO] [stderr]     Checking noodles-sam v0.5.0
[INFO] [stderr]     Checking noodles-tabix v0.6.1
[INFO] [stderr]     Checking noodles-core v0.2.2
[INFO] [stderr]     Checking noodles-vcf v0.7.0
[INFO] [stderr]     Checking noodles-bcf v0.6.0 (/opt/rustwide/workdir)
[INFO] [stderr]    Compiling tokio-macros v1.4.1
[INFO] [stdout] error[E0432]: unresolved import `futures`
[INFO] [stdout]  --> examples/bcf_view_async.rs:7:5
[INFO] [stdout]   |
[INFO] [stdout] 7 | use futures::TryStreamExt;
[INFO] [stdout]   |     ^^^^^^^ use of undeclared crate or module `futures`
[INFO] [stdout] 
[INFO] [stdout] 
[INFO] [stdout] error[E0433]: failed to resolve: could not find `AsyncReader` in `bcf`
[INFO] [stdout]   --> examples/bcf_read_header_async.rs:14:53
[INFO] [stdout]    |
[INFO] [stdout] 14 |     let mut reader = File::open(src).await.map(bcf::AsyncReader::new)?;
[INFO] [stdout]    |                                                     ^^^^^^^^^^^ could not find `AsyncReader` in `bcf`
[INFO] [stdout] 
[INFO] [stdout] 
[INFO] [stdout] error[E0433]: failed to resolve: could not find `AsyncReader` in `bcf`
[INFO] [stdout]   --> examples/bcf_view_async.rs:15:53
[INFO] [stdout]    |
[INFO] [stdout] 15 |     let mut reader = File::open(src).await.map(bcf::AsyncReader::new)?;
[INFO] [stdout]    |                                                     ^^^^^^^^^^^ could not find `AsyncReader` in `bcf`
[INFO] [stdout] 
[INFO] [stdout] 
[INFO] [stdout] error[E0432]: unresolved import `futures`
[INFO] [stdout]  --> examples/bcf_count_async.rs:7:5
[INFO] [stdout]   |
[INFO] [stdout] 7 | use futures::TryStreamExt;
[INFO] [stdout]   |     ^^^^^^^ use of undeclared crate or module `futures`
[INFO] [stdout] 
[INFO] [stdout] 
[INFO] [stdout] error: aborting due to previous error
[INFO] [stdout] 
[INFO] [stdout] 
[INFO] [stdout] error: aborting due to 2 previous errors
[INFO] [stdout] 
[INFO] [stdout] 
[INFO] [stdout] For more information about this error, try `rustc --explain E0433`.
[INFO] [stdout] 
[INFO] [stderr] error: could not compile `noodles-bcf` due to 2 previous errors
[INFO] [stderr] warning: build failed, waiting for other jobs to finish...
[INFO] [stdout] Some errors have detailed explanations: E0432, E0433.
[INFO] [stdout] 
[INFO] [stdout] For more information about an error, try `rustc --explain E0432`.
[INFO] [stdout] 
[INFO] [stdout] error[E0433]: failed to resolve: could not find `AsyncReader` in `bcf`
[INFO] [stdout]   --> examples/bcf_count_async.rs:15:53
[INFO] [stdout]    |
[INFO] [stdout] 15 |     let mut reader = File::open(src).await.map(bcf::AsyncReader::new)?;
[INFO] [stdout]    |                                                     ^^^^^^^^^^^ could not find `AsyncReader` in `bcf`
[INFO] [stdout] 
[INFO] [stdout] 
[INFO] [stdout] error: aborting due to 2 previous errors
[INFO] [stdout] 
[INFO] [stdout] 
[INFO] [stdout] Some errors have detailed explanations: E0432, E0433.
[INFO] [stdout] 
[INFO] [stdout] For more information about an error, try `rustc --explain E0432`.
[INFO] [stdout] 
[INFO] [stderr] error: build failed
[INFO] running `Command { std: "docker" "inspect" "86d650953943bbb67746c6fead31ff6f8dac0d535ad7e89ecce308322610dc0c", kill_on_drop: false }`
[INFO] running `Command { std: "docker" "rm" "-f" "86d650953943bbb67746c6fead31ff6f8dac0d535ad7e89ecce308322610dc0c", kill_on_drop: false }`
[INFO] [stdout] 86d650953943bbb67746c6fead31ff6f8dac0d535ad7e89ecce308322610dc0c
