[INFO] fetching crate noodles-bam 0.6.0...
[INFO] checking noodles-bam-0.6.0 against 1.55.0 for beta-1.56-3
[INFO] extracting crate noodles-bam 0.6.0 into /workspace/builds/worker-18/source
[INFO] validating manifest of crates.io crate noodles-bam 0.6.0 on toolchain 1.55.0
[INFO] running `Command { std: "/workspace/cargo-home/bin/cargo" "+1.55.0" "metadata" "--manifest-path" "Cargo.toml" "--no-deps", kill_on_drop: false }`
[INFO] started tweaking crates.io crate noodles-bam 0.6.0
[INFO] finished tweaking crates.io crate noodles-bam 0.6.0
[INFO] tweaked toml for crates.io crate noodles-bam 0.6.0 written to /workspace/builds/worker-18/source/Cargo.toml
[INFO] crate crates.io crate noodles-bam 0.6.0 already has a lockfile, it will not be regenerated
[INFO] running `Command { std: "/workspace/cargo-home/bin/cargo" "+1.55.0" "fetch" "--manifest-path" "Cargo.toml", kill_on_drop: false }`
[INFO] [stderr]     Blocking waiting for file lock on package cache
[INFO] [stderr]     Blocking waiting for file lock on package cache
[INFO] running `Command { std: "docker" "create" "-v" "/var/lib/crater-agent-workspace/builds/worker-18/target:/opt/rustwide/target:rw,Z" "-v" "/var/lib/crater-agent-workspace/builds/worker-18/source:/opt/rustwide/workdir:ro,Z" "-v" "/var/lib/crater-agent-workspace/cargo-home:/opt/rustwide/cargo-home:ro,Z" "-v" "/var/lib/crater-agent-workspace/rustup-home:/opt/rustwide/rustup-home:ro,Z" "-e" "SOURCE_DIR=/opt/rustwide/workdir" "-e" "CARGO_TARGET_DIR=/opt/rustwide/target" "-e" "CARGO_HOME=/opt/rustwide/cargo-home" "-e" "RUSTUP_HOME=/opt/rustwide/rustup-home" "-w" "/opt/rustwide/workdir" "-m" "1610612736" "--user" "0:0" "--network" "none" "ghcr.io/rust-lang/crates-build-env/linux@sha256:a89201d6b5b9fd45c15d5952ece0a0129e7e80cb26ec023fd59cf09bc26f1604" "/opt/rustwide/cargo-home/bin/cargo" "+1.55.0" "metadata" "--no-deps" "--format-version=1", kill_on_drop: false }`
[INFO] [stdout] 9592e4239f478f4f614dd7f9887f15d668eceba7dbffbb6e0870e7088eb72990
[INFO] running `Command { std: "docker" "start" "-a" "9592e4239f478f4f614dd7f9887f15d668eceba7dbffbb6e0870e7088eb72990", kill_on_drop: false }`
[INFO] running `Command { std: "docker" "inspect" "9592e4239f478f4f614dd7f9887f15d668eceba7dbffbb6e0870e7088eb72990", kill_on_drop: false }`
[INFO] running `Command { std: "docker" "rm" "-f" "9592e4239f478f4f614dd7f9887f15d668eceba7dbffbb6e0870e7088eb72990", kill_on_drop: false }`
[INFO] [stdout] 9592e4239f478f4f614dd7f9887f15d668eceba7dbffbb6e0870e7088eb72990
[INFO] running `Command { std: "docker" "create" "-v" "/var/lib/crater-agent-workspace/builds/worker-18/target:/opt/rustwide/target:rw,Z" "-v" "/var/lib/crater-agent-workspace/builds/worker-18/source:/opt/rustwide/workdir:ro,Z" "-v" "/var/lib/crater-agent-workspace/cargo-home:/opt/rustwide/cargo-home:ro,Z" "-v" "/var/lib/crater-agent-workspace/rustup-home:/opt/rustwide/rustup-home:ro,Z" "-e" "SOURCE_DIR=/opt/rustwide/workdir" "-e" "CARGO_TARGET_DIR=/opt/rustwide/target" "-e" "CARGO_INCREMENTAL=0" "-e" "RUST_BACKTRACE=full" "-e" "RUSTFLAGS=--cap-lints=warn" "-e" "CARGO_HOME=/opt/rustwide/cargo-home" "-e" "RUSTUP_HOME=/opt/rustwide/rustup-home" "-w" "/opt/rustwide/workdir" "-m" "1610612736" "--user" "0:0" "--network" "none" "ghcr.io/rust-lang/crates-build-env/linux@sha256:a89201d6b5b9fd45c15d5952ece0a0129e7e80cb26ec023fd59cf09bc26f1604" "/opt/rustwide/cargo-home/bin/cargo" "+1.55.0" "check" "--frozen" "--all" "--all-targets" "--message-format=json", kill_on_drop: false }`
[INFO] [stdout] 588e1ddf61f1971e7829b69f42334691b8978e7609b0c5daaef67f2c0fb79324
[INFO] running `Command { std: "docker" "start" "-a" "588e1ddf61f1971e7829b69f42334691b8978e7609b0c5daaef67f2c0fb79324", kill_on_drop: false }`
[INFO] [stderr]    Compiling crc32fast v1.2.1
[INFO] [stderr]    Compiling proc-macro2 v1.0.29
[INFO] [stderr]    Compiling syn v1.0.77
[INFO] [stderr]     Checking bit-vec v0.6.3
[INFO] [stderr]    Compiling tokio v1.12.0
[INFO] [stderr]    Compiling indexmap v1.7.0
[INFO] [stderr]     Checking flate2 v1.0.22
[INFO] [stderr]    Compiling quote v1.0.9
[INFO] [stderr]     Checking noodles-bgzf v0.4.0
[INFO] [stderr]     Checking noodles-sam v0.5.0
[INFO] [stderr]     Checking noodles-csi v0.3.0
[INFO] [stderr]     Checking noodles-core v0.2.2
[INFO] [stderr]     Checking noodles-bam v0.6.0 (/opt/rustwide/workdir)
[INFO] [stderr]    Compiling tokio-macros v1.4.1
[INFO] [stdout] error[E0432]: unresolved import `futures`
[INFO] [stdout]  --> examples/bam_reheader_async.rs:9:5
[INFO] [stdout]   |
[INFO] [stdout] 9 | use futures::TryStreamExt;
[INFO] [stdout]   |     ^^^^^^^ use of undeclared crate or module `futures`
[INFO] [stdout] 
[INFO] [stdout] 
[INFO] [stdout] error[E0433]: failed to resolve: could not find `AsyncReader` in `bam`
[INFO] [stdout]   --> examples/bam_reheader_async.rs:18:53
[INFO] [stdout]    |
[INFO] [stdout] 18 |     let mut reader = File::open(src).await.map(bam::AsyncReader::new)?;
[INFO] [stdout]    |                                                     ^^^^^^^^^^^ could not find `AsyncReader` in `bam`
[INFO] [stdout] 
[INFO] [stdout] 
[INFO] [stdout] error[E0433]: failed to resolve: could not find `AsyncReader` in `bam`
[INFO] [stdout]   --> examples/bam_read_header_async.rs:17:53
[INFO] [stdout]    |
[INFO] [stdout] 17 |     let mut reader = File::open(src).await.map(bam::AsyncReader::new)?;
[INFO] [stdout]    |                                                     ^^^^^^^^^^^ could not find `AsyncReader` in `bam`
[INFO] [stdout] 
[INFO] [stdout] 
[INFO] [stdout] error[E0432]: unresolved import `futures`
[INFO] [stdout]  --> examples/bam_count_async.rs:7:5
[INFO] [stdout]   |
[INFO] [stdout] 7 | use futures::TryStreamExt;
[INFO] [stdout]   |     ^^^^^^^ use of undeclared crate or module `futures`
[INFO] [stdout] 
[INFO] [stdout] 
[INFO] [stdout] error[E0433]: failed to resolve: could not find `AsyncReader` in `bam`
[INFO] [stdout]   --> examples/bam_count_async.rs:15:53
[INFO] [stdout]    |
[INFO] [stdout] 15 |     let mut reader = File::open(src).await.map(bam::AsyncReader::new)?;
[INFO] [stdout]    |                                                     ^^^^^^^^^^^ could not find `AsyncReader` in `bam`
[INFO] [stdout] 
[INFO] [stdout] 
[INFO] [stdout] error[E0433]: failed to resolve: could not find `AsyncReader` in `bam`
[INFO] [stdout]   --> examples/bam_idxstats_async.rs:20:54
[INFO] [stdout]    |
[INFO] [stdout] 20 |     let mut reader = File::open(&src).await.map(bam::AsyncReader::new)?;
[INFO] [stdout]    |                                                      ^^^^^^^^^^^ could not find `AsyncReader` in `bam`
[INFO] [stdout] 
[INFO] [stdout] 
[INFO] [stdout] error[E0432]: unresolved import `futures`
[INFO] [stdout]  --> examples/bam_query_async.rs:9:5
[INFO] [stdout]   |
[INFO] [stdout] 9 | use futures::TryStreamExt;
[INFO] [stdout]   |     ^^^^^^^ use of undeclared crate or module `futures`
[INFO] [stdout] 
[INFO] [stdout] 
[INFO] [stdout] error[E0432]: unresolved import `futures`
[INFO] [stdout]  --> examples/bam_view_async.rs:7:5
[INFO] [stdout]   |
[INFO] [stdout] 7 | use futures::TryStreamExt;
[INFO] [stdout]   |     ^^^^^^^ use of undeclared crate or module `futures`
[INFO] [stdout] 
[INFO] [stdout] 
[INFO] [stdout] error[E0433]: failed to resolve: could not find `AsyncWriter` in `bam`
[INFO] [stdout]   --> examples/bam_reheader_async.rs:24:27
[INFO] [stdout]    |
[INFO] [stdout] 24 |     let mut writer = bam::AsyncWriter::new(io::stdout());
[INFO] [stdout]    |                           ^^^^^^^^^^^ could not find `AsyncWriter` in `bam`
[INFO] [stdout] 
[INFO] [stdout] 
[INFO] [stdout] error[E0433]: failed to resolve: could not find `AsyncWriter` in `bam`
[INFO] [stdout]   --> examples/bam_write_async.rs:16:27
[INFO] [stdout]    |
[INFO] [stdout] 16 |     let mut writer = bam::AsyncWriter::new(io::stdout());
[INFO] [stdout]    |                           ^^^^^^^^^^^ could not find `AsyncWriter` in `bam`
[INFO] [stdout] 
[INFO] [stdout] 
[INFO] [stdout] error[E0433]: failed to resolve: could not find `AsyncReader` in `bam`
[INFO] [stdout]   --> examples/bam_view_async.rs:16:53
[INFO] [stdout]    |
[INFO] [stdout] 16 |     let mut reader = File::open(src).await.map(bam::AsyncReader::new)?;
[INFO] [stdout]    |                                                     ^^^^^^^^^^^ could not find `AsyncReader` in `bam`
[INFO] [stdout] 
[INFO] [stdout] 
[INFO] [stdout] error[E0433]: failed to resolve: could not find `r#async` in `bai`
[INFO] [stdout]   --> examples/bam_idxstats_async.rs:23:22
[INFO] [stdout]    |
[INFO] [stdout] 23 |     let index = bai::r#async::read(src.with_extension("bam.bai")).await?;
[INFO] [stdout]    |                      ^^^^^^^ could not find `r#async` in `bai`
[INFO] [stdout] 
[INFO] [stdout] 
[INFO] [stdout] error[E0433]: failed to resolve: could not find `AsyncReader` in `bam`
[INFO] [stdout]   --> examples/bam_query_async.rs:22:54
[INFO] [stdout]    |
[INFO] [stdout] 22 |     let mut reader = File::open(&src).await.map(bam::AsyncReader::new)?;
[INFO] [stdout]    |                                                      ^^^^^^^^^^^ could not find `AsyncReader` in `bam`
[INFO] [stdout] 
[INFO] [stdout] 
[INFO] [stdout] error: aborting due to previous error
[INFO] [stdout] 
[INFO] [stdout] 
[INFO] [stdout] For more information about this error, try `rustc --explain E0433`.
[INFO] [stdout] 
[INFO] [stdout] error[E0433]: failed to resolve: could not find `r#async` in `bai`
[INFO] [stdout]   --> examples/bam_query_async.rs:26:22
[INFO] [stdout]    |
[INFO] [stdout] 26 |     let index = bai::r#async::read(src.with_extension("bam.bai")).await?;
[INFO] [stdout]    |                      ^^^^^^^ could not find `r#async` in `bai`
[INFO] [stdout] 
[INFO] [stdout] 
[INFO] [stderr] error: could not compile `noodles-bam` due to 2 previous errors
[INFO] [stderr] warning: build failed, waiting for other jobs to finish...
[INFO] [stdout] error: aborting due to 2 previous errors
[INFO] [stdout] 
[INFO] [stdout] 
[INFO] [stdout] Some errors have detailed explanations: E0432, E0433.
[INFO] [stdout] 
[INFO] [stdout] For more information about an error, try `rustc --explain E0432`.
[INFO] [stdout] 
[INFO] [stdout] error: aborting due to previous error
[INFO] [stdout] 
[INFO] [stdout] 
[INFO] [stdout] error: aborting due to 3 previous errors
[INFO] [stdout] 
[INFO] [stdout] 
[INFO] [stdout] error: aborting due to 2 previous errors
[INFO] [stdout] 
[INFO] [stdout] 
[INFO] [stdout] warning: unused import: `BinningIndex`
[INFO] [stdout]   --> examples/bam_idxstats_async.rs:12:19
[INFO] [stdout]    |
[INFO] [stdout] 12 | use noodles_csi::{BinningIndex, BinningIndexReferenceSequence};
[INFO] [stdout]    |                   ^^^^^^^^^^^^
[INFO] [stdout]    |
[INFO] [stdout]    = note: `#[warn(unused_imports)]` on by default
[INFO] [stdout] 
[INFO] [stdout] 
[INFO] [stdout] error: aborting due to 3 previous errors
[INFO] [stdout] 
[INFO] [stdout] 
[INFO] [stdout] Some errors have detailed explanations: E0432, E0433.
[INFO] [stdout] 
[INFO] [stdout] Some errors have detailed explanations: E0432, E0433.
[INFO] [stdout] 
[INFO] [stdout] For more information about this error, try `rustc --explain E0433`.
[INFO] [stdout] 
[INFO] [stdout] For more information about an error, try `rustc --explain E0432`.
[INFO] [stdout] 
[INFO] [stdout] Some errors have detailed explanations: E0432, E0433.
[INFO] [stdout] 
[INFO] [stdout] For more information about an error, try `rustc --explain E0432`.
[INFO] [stdout] 
[INFO] [stdout] For more information about an error, try `rustc --explain E0432`.
[INFO] [stdout] 
[INFO] [stdout] warning: unused import: `BinningIndexReferenceSequence`
[INFO] [stdout]   --> examples/bam_idxstats_async.rs:12:33
[INFO] [stdout]    |
[INFO] [stdout] 12 | use noodles_csi::{BinningIndex, BinningIndexReferenceSequence};
[INFO] [stdout]    |                                 ^^^^^^^^^^^^^^^^^^^^^^^^^^^^^
[INFO] [stdout] 
[INFO] [stdout] 
[INFO] [stdout] error: aborting due to 2 previous errors; 2 warnings emitted
[INFO] [stdout] 
[INFO] [stdout] 
[INFO] [stdout] For more information about this error, try `rustc --explain E0433`.
[INFO] [stdout] 
[INFO] [stderr] error: build failed
[INFO] running `Command { std: "docker" "inspect" "588e1ddf61f1971e7829b69f42334691b8978e7609b0c5daaef67f2c0fb79324", kill_on_drop: false }`
[INFO] running `Command { std: "docker" "rm" "-f" "588e1ddf61f1971e7829b69f42334691b8978e7609b0c5daaef67f2c0fb79324", kill_on_drop: false }`
[INFO] [stdout] 588e1ddf61f1971e7829b69f42334691b8978e7609b0c5daaef67f2c0fb79324
