[INFO] fetching crate nominatim-rs 0.1.0...
[INFO] checking nominatim-rs-0.1.0 against beta-2021-10-15 for beta-1.56-3
[INFO] extracting crate nominatim-rs 0.1.0 into /workspace/builds/worker-59/source
[INFO] validating manifest of crates.io crate nominatim-rs 0.1.0 on toolchain beta-2021-10-15
[INFO] running `Command { std: "/workspace/cargo-home/bin/cargo" "+beta-2021-10-15" "metadata" "--manifest-path" "Cargo.toml" "--no-deps", kill_on_drop: false }`
[INFO] started tweaking crates.io crate nominatim-rs 0.1.0
[INFO] finished tweaking crates.io crate nominatim-rs 0.1.0
[INFO] tweaked toml for crates.io crate nominatim-rs 0.1.0 written to /workspace/builds/worker-59/source/Cargo.toml
[INFO] crate crates.io crate nominatim-rs 0.1.0 already has a lockfile, it will not be regenerated
[INFO] running `Command { std: "/workspace/cargo-home/bin/cargo" "+beta-2021-10-15" "fetch" "--manifest-path" "Cargo.toml", kill_on_drop: false }`
[INFO] [stderr]     Blocking waiting for file lock on package cache
[INFO] [stderr]     Blocking waiting for file lock on package cache
[INFO] running `Command { std: "docker" "create" "-v" "/var/lib/crater-agent-workspace/builds/worker-59/target:/opt/rustwide/target:rw,Z" "-v" "/var/lib/crater-agent-workspace/builds/worker-59/source:/opt/rustwide/workdir:ro,Z" "-v" "/var/lib/crater-agent-workspace/cargo-home:/opt/rustwide/cargo-home:ro,Z" "-v" "/var/lib/crater-agent-workspace/rustup-home:/opt/rustwide/rustup-home:ro,Z" "-e" "SOURCE_DIR=/opt/rustwide/workdir" "-e" "CARGO_TARGET_DIR=/opt/rustwide/target" "-e" "CARGO_HOME=/opt/rustwide/cargo-home" "-e" "RUSTUP_HOME=/opt/rustwide/rustup-home" "-w" "/opt/rustwide/workdir" "-m" "1610612736" "--user" "0:0" "--network" "none" "ghcr.io/rust-lang/crates-build-env/linux@sha256:a89201d6b5b9fd45c15d5952ece0a0129e7e80cb26ec023fd59cf09bc26f1604" "/opt/rustwide/cargo-home/bin/cargo" "+beta-2021-10-15" "metadata" "--no-deps" "--format-version=1", kill_on_drop: false }`
[INFO] [stdout] 7d0c7d954ee4d3771e7ff2384678264557cb408d8844d3fc10862a05c9ccdb8d
[INFO] running `Command { std: "docker" "start" "-a" "7d0c7d954ee4d3771e7ff2384678264557cb408d8844d3fc10862a05c9ccdb8d", kill_on_drop: false }`
[INFO] running `Command { std: "docker" "inspect" "7d0c7d954ee4d3771e7ff2384678264557cb408d8844d3fc10862a05c9ccdb8d", kill_on_drop: false }`
[INFO] running `Command { std: "docker" "rm" "-f" "7d0c7d954ee4d3771e7ff2384678264557cb408d8844d3fc10862a05c9ccdb8d", kill_on_drop: false }`
[INFO] [stdout] 7d0c7d954ee4d3771e7ff2384678264557cb408d8844d3fc10862a05c9ccdb8d
[INFO] running `Command { std: "docker" "create" "-v" "/var/lib/crater-agent-workspace/builds/worker-59/target:/opt/rustwide/target:rw,Z" "-v" "/var/lib/crater-agent-workspace/builds/worker-59/source:/opt/rustwide/workdir:ro,Z" "-v" "/var/lib/crater-agent-workspace/cargo-home:/opt/rustwide/cargo-home:ro,Z" "-v" "/var/lib/crater-agent-workspace/rustup-home:/opt/rustwide/rustup-home:ro,Z" "-e" "SOURCE_DIR=/opt/rustwide/workdir" "-e" "CARGO_TARGET_DIR=/opt/rustwide/target" "-e" "CARGO_INCREMENTAL=0" "-e" "RUST_BACKTRACE=full" "-e" "RUSTFLAGS=--cap-lints=warn" "-e" "CARGO_HOME=/opt/rustwide/cargo-home" "-e" "RUSTUP_HOME=/opt/rustwide/rustup-home" "-w" "/opt/rustwide/workdir" "-m" "1610612736" "--user" "0:0" "--network" "none" "ghcr.io/rust-lang/crates-build-env/linux@sha256:a89201d6b5b9fd45c15d5952ece0a0129e7e80cb26ec023fd59cf09bc26f1604" "/opt/rustwide/cargo-home/bin/cargo" "+beta-2021-10-15" "check" "--frozen" "--all" "--all-targets" "--message-format=json", kill_on_drop: false }`
[INFO] [stdout] 342fa16571c99c813c14d803acc62b3e46e214e2e45e4fd4f590fc9d43ae2ac8
[INFO] running `Command { std: "docker" "start" "-a" "342fa16571c99c813c14d803acc62b3e46e214e2e45e4fd4f590fc9d43ae2ac8", kill_on_drop: false }`
[INFO] [stderr]     Blocking waiting for file lock on package cache
[INFO] [stderr]     Blocking waiting for file lock on package cache
[INFO] [stderr]    Compiling syn v1.0.80
[INFO] [stderr]     Checking bytes v1.1.0
[INFO] [stderr]     Checking itoa v0.4.8
[INFO] [stderr]    Compiling futures-task v0.3.17
[INFO] [stderr]    Compiling fnv v1.0.7
[INFO] [stderr]    Compiling strsim v0.10.0
[INFO] [stderr]    Compiling ident_case v1.0.1
[INFO] [stderr]    Compiling openssl v0.10.36
[INFO] [stderr]    Compiling futures-channel v0.3.17
[INFO] [stderr]    Compiling native-tls v0.2.8
[INFO] [stderr]     Checking futures-sink v0.3.17
[INFO] [stderr]     Checking matches v0.1.9
[INFO] [stderr]     Checking hashbrown v0.11.2
[INFO] [stderr]    Compiling ryu v1.0.5
[INFO] [stderr]     Checking tinyvec_macros v0.1.0
[INFO] [stderr]    Compiling httparse v1.5.1
[INFO] [stderr]    Compiling serde v1.0.130
[INFO] [stderr]     Checking openssl-probe v0.1.4
[INFO] [stderr]     Checking percent-encoding v2.1.0
[INFO] [stderr]     Checking try-lock v0.2.3
[INFO] [stderr]     Checking tower-service v0.3.1
[INFO] [stderr]     Checking httpdate v1.0.1
[INFO] [stderr]     Checking unicode-bidi v0.3.7
[INFO] [stderr]    Compiling encoding_rs v0.8.28
[INFO] [stderr]    Compiling serde_json v1.0.68
[INFO] [stderr]     Checking base64 v0.13.0
[INFO] [stderr]     Checking ipnet v2.3.1
[INFO] [stderr]     Checking mime v0.3.16
[INFO] [stderr]    Compiling tokio v1.12.0
[INFO] [stderr]    Compiling indexmap v1.7.0
[INFO] [stderr]    Compiling futures-util v0.3.17
[INFO] [stderr]     Checking tracing-core v0.1.21
[INFO] [stderr]    Compiling quote v1.0.10
[INFO] [stderr]     Checking mio v0.7.13
[INFO] [stderr]     Checking socket2 v0.4.2
[INFO] [stderr]     Checking form_urlencoded v1.0.1
[INFO] [stderr]     Checking want v0.3.0
[INFO] [stderr]     Checking tinyvec v1.5.0
[INFO] [stderr]     Checking tracing v0.1.29
[INFO] [stderr]     Checking http v0.2.5
[INFO] [stderr]     Checking unicode-normalization v0.1.19
[INFO] [stderr]     Checking idna v0.2.3
[INFO] [stderr]     Checking http-body v0.4.3
[INFO] [stderr]     Checking url v2.2.2
[INFO] [stderr]    Compiling darling_core v0.12.4
[INFO] [stderr]    Compiling tokio-macros v1.4.1
[INFO] [stderr]    Compiling serde_derive v1.0.130
[INFO] [stderr]    Compiling thiserror-impl v1.0.30
[INFO] [stderr]    Compiling darling_macro v0.12.4
[INFO] [stderr]    Compiling darling v0.12.4
[INFO] [stderr]    Compiling derive_builder_core v0.10.2
[INFO] [stderr]     Checking thiserror v1.0.30
[INFO] [stderr]    Compiling derive_builder_macro v0.10.2
[INFO] [stderr]     Checking derive_builder v0.10.2
[INFO] [stderr]     Checking tokio-util v0.6.8
[INFO] [stderr]     Checking tokio-native-tls v0.3.0
[INFO] [stderr]     Checking h2 v0.3.6
[INFO] [stderr]     Checking hyper v0.14.13
[INFO] [stderr]     Checking serde_urlencoded v0.7.0
[INFO] [stderr]     Checking hyper-tls v0.5.0
[INFO] [stderr]     Checking reqwest v0.11.5
[INFO] [stderr]     Checking nominatim-rs v0.1.0 (/opt/rustwide/workdir)
[INFO] [stdout] error[E0433]: failed to resolve: use of undeclared crate or module `nominatim`
[INFO] [stdout]   --> examples/reverse.rs:23:23
[INFO] [stdout]    |
[INFO] [stdout] 23 |                 .zoom(nominatim::Zoom::Building)
[INFO] [stdout]    |                       ^^^^^^^^^ use of undeclared crate or module `nominatim`
[INFO] [stdout] 
[INFO] [stdout] 
[INFO] [stdout] error[E0433]: failed to resolve: use of undeclared crate or module `nominatim`
[INFO] [stdout]  --> examples/reverse.rs:3:29
[INFO] [stdout]   |
[INFO] [stdout] 3 |     let client = nominatim::Client::new(
[INFO] [stdout]   |                             ^^^^^^ not found in `nominatim`
[INFO] [stdout]   |
[INFO] [stdout] help: consider importing one of these items
[INFO] [stdout]   |
[INFO] [stdout] 2 | async use nominatim_rs::Client;
[INFO] [stdout]   |       +++++++++++++++++++++++++
[INFO] [stdout] 2 | async use reqwest::Client;
[INFO] [stdout]   |       ++++++++++++++++++++
[INFO] [stdout] 
[INFO] [stdout] 
[INFO] [stdout] error[E0433]: failed to resolve: use of undeclared crate or module `nominatim`
[INFO] [stdout]   --> examples/reverse.rs:19:24
[INFO] [stdout]    |
[INFO] [stdout] 19 |             nominatim::ReverseQueryBuilder::default()
[INFO] [stdout]    |                        ^^^^^^^^^^^^^^^^^^^ not found in `nominatim`
[INFO] [stdout]    |
[INFO] [stdout] help: consider importing this struct
[INFO] [stdout]    |
[INFO] [stdout] 2  | async use nominatim_rs::ReverseQueryBuilder;
[INFO] [stdout]    |       ++++++++++++++++++++++++++++++++++++++
[INFO] [stdout] 
[INFO] [stdout] 
[INFO] [stdout] error[E0433]: failed to resolve: use of undeclared crate or module `nominatim`
[INFO] [stdout]  --> examples/lookup.rs:3:29
[INFO] [stdout]   |
[INFO] [stdout] 3 |     let client = nominatim::Client::new(
[INFO] [stdout]   |                             ^^^^^^ not found in `nominatim`
[INFO] [stdout]   |
[INFO] [stdout] help: consider importing one of these items
[INFO] [stdout]   |
[INFO] [stdout] 2 | async use nominatim_rs::Client;
[INFO] [stdout]   |       +++++++++++++++++++++++++
[INFO] [stdout] 2 | async use reqwest::Client;
[INFO] [stdout]   |       ++++++++++++++++++++
[INFO] [stdout] 
[INFO] [stdout] 
[INFO] [stdout] error[E0433]: failed to resolve: use of undeclared crate or module `nominatim`
[INFO] [stdout]   --> examples/lookup.rs:19:24
[INFO] [stdout]    |
[INFO] [stdout] 19 |             nominatim::LookupQueryBuilder::default()
[INFO] [stdout]    |                        ^^^^^^^^^^^^^^^^^^ not found in `nominatim`
[INFO] [stdout]    |
[INFO] [stdout] help: consider importing this struct
[INFO] [stdout]    |
[INFO] [stdout] 2  | async use nominatim_rs::LookupQueryBuilder;
[INFO] [stdout]    |       +++++++++++++++++++++++++++++++++++++
[INFO] [stdout] 
[INFO] [stdout] 
[INFO] [stdout] error[E0433]: failed to resolve: use of undeclared crate or module `nominatim`
[INFO] [stdout]   --> examples/search.rs:21:33
[INFO] [stdout]    |
[INFO] [stdout] 21 |                 .location_query(nominatim::LocationQuery::Generalised {
[INFO] [stdout]    |                                 ^^^^^^^^^ use of undeclared crate or module `nominatim`
[INFO] [stdout] 
[INFO] [stdout] 
[INFO] [stdout] error[E0433]: failed to resolve: use of undeclared crate or module `nominatim`
[INFO] [stdout]  --> examples/search.rs:3:29
[INFO] [stdout]   |
[INFO] [stdout] 3 |     let client = nominatim::Client::new(
[INFO] [stdout]   |                             ^^^^^^ not found in `nominatim`
[INFO] [stdout]   |
[INFO] [stdout] help: consider importing one of these items
[INFO] [stdout]   |
[INFO] [stdout] 2 | async use nominatim_rs::Client;
[INFO] [stdout]   |       +++++++++++++++++++++++++
[INFO] [stdout] 2 | async use reqwest::Client;
[INFO] [stdout]   |       ++++++++++++++++++++
[INFO] [stdout] 
[INFO] [stdout] 
[INFO] [stdout] error[E0433]: failed to resolve: use of undeclared crate or module `nominatim`
[INFO] [stdout]   --> examples/search.rs:19:24
[INFO] [stdout]    |
[INFO] [stdout] 19 |             nominatim::SearchQueryBuilder::default()
[INFO] [stdout]    |                        ^^^^^^^^^^^^^^^^^^ not found in `nominatim`
[INFO] [stdout]    |
[INFO] [stdout] help: consider importing this struct
[INFO] [stdout]    |
[INFO] [stdout] 2  | async use nominatim_rs::SearchQueryBuilder;
[INFO] [stdout]    |       +++++++++++++++++++++++++++++++++++++
[INFO] [stdout] 
[INFO] [stdout] 
[INFO] [stdout] error: aborting due to 2 previous errors
[INFO] [stdout] 
[INFO] [stdout] 
[INFO] [stdout] For more information about this error, try `rustc --explain E0433`.
[INFO] [stdout] 
[INFO] [stdout] error: aborting due to 3 previous errors
[INFO] [stdout] 
[INFO] [stdout] 
[INFO] [stdout] For more information about this error, try `rustc --explain E0433`.
[INFO] [stdout] 
[INFO] [stderr] error: could not compile `nominatim-rs` due to 3 previous errors
[INFO] [stderr] warning: build failed, waiting for other jobs to finish...
[INFO] [stdout] error: aborting due to 3 previous errors
[INFO] [stdout] 
[INFO] [stdout] 
[INFO] [stdout] For more information about this error, try `rustc --explain E0433`.
[INFO] [stdout] 
[INFO] [stderr] error: build failed
[INFO] running `Command { std: "docker" "inspect" "342fa16571c99c813c14d803acc62b3e46e214e2e45e4fd4f590fc9d43ae2ac8", kill_on_drop: false }`
[INFO] running `Command { std: "docker" "rm" "-f" "342fa16571c99c813c14d803acc62b3e46e214e2e45e4fd4f590fc9d43ae2ac8", kill_on_drop: false }`
[INFO] [stdout] 342fa16571c99c813c14d803acc62b3e46e214e2e45e4fd4f590fc9d43ae2ac8
