[INFO] fetching crate nimiq-block-production 0.2.0...
[INFO] checking nimiq-block-production-0.2.0 against 1.55.0 for beta-1.56-3
[INFO] extracting crate nimiq-block-production 0.2.0 into /workspace/builds/worker-81/source
[INFO] validating manifest of crates.io crate nimiq-block-production 0.2.0 on toolchain 1.55.0
[INFO] running `Command { std: "/workspace/cargo-home/bin/cargo" "+1.55.0" "metadata" "--manifest-path" "Cargo.toml" "--no-deps", kill_on_drop: false }`
[INFO] started tweaking crates.io crate nimiq-block-production 0.2.0
[INFO] finished tweaking crates.io crate nimiq-block-production 0.2.0
[INFO] tweaked toml for crates.io crate nimiq-block-production 0.2.0 written to /workspace/builds/worker-81/source/Cargo.toml
[INFO] running `Command { std: "/workspace/cargo-home/bin/cargo" "+1.55.0" "generate-lockfile" "--manifest-path" "Cargo.toml" "-Zno-index-update", kill_on_drop: false }`
[INFO] [stderr]     Blocking waiting for file lock on package cache
[INFO] running `Command { std: "/workspace/cargo-home/bin/cargo" "+1.55.0" "fetch" "--manifest-path" "Cargo.toml", kill_on_drop: false }`
[INFO] [stderr]     Blocking waiting for file lock on package cache
[INFO] [stderr]     Blocking waiting for file lock on package cache
[INFO] running `Command { std: "docker" "create" "-v" "/var/lib/crater-agent-workspace/builds/worker-81/target:/opt/rustwide/target:rw,Z" "-v" "/var/lib/crater-agent-workspace/builds/worker-81/source:/opt/rustwide/workdir:ro,Z" "-v" "/var/lib/crater-agent-workspace/cargo-home:/opt/rustwide/cargo-home:ro,Z" "-v" "/var/lib/crater-agent-workspace/rustup-home:/opt/rustwide/rustup-home:ro,Z" "-e" "SOURCE_DIR=/opt/rustwide/workdir" "-e" "CARGO_TARGET_DIR=/opt/rustwide/target" "-e" "CARGO_HOME=/opt/rustwide/cargo-home" "-e" "RUSTUP_HOME=/opt/rustwide/rustup-home" "-w" "/opt/rustwide/workdir" "-m" "1610612736" "--user" "0:0" "--network" "none" "ghcr.io/rust-lang/crates-build-env/linux@sha256:a89201d6b5b9fd45c15d5952ece0a0129e7e80cb26ec023fd59cf09bc26f1604" "/opt/rustwide/cargo-home/bin/cargo" "+1.55.0" "metadata" "--no-deps" "--format-version=1", kill_on_drop: false }`
[INFO] [stdout] e75cf51a58a9aba5c3b684ff0f8f13a200be544aba318a3bc318d49eabd2ca54
[INFO] running `Command { std: "docker" "start" "-a" "e75cf51a58a9aba5c3b684ff0f8f13a200be544aba318a3bc318d49eabd2ca54", kill_on_drop: false }`
[INFO] running `Command { std: "docker" "inspect" "e75cf51a58a9aba5c3b684ff0f8f13a200be544aba318a3bc318d49eabd2ca54", kill_on_drop: false }`
[INFO] running `Command { std: "docker" "rm" "-f" "e75cf51a58a9aba5c3b684ff0f8f13a200be544aba318a3bc318d49eabd2ca54", kill_on_drop: false }`
[INFO] [stdout] e75cf51a58a9aba5c3b684ff0f8f13a200be544aba318a3bc318d49eabd2ca54
[INFO] running `Command { std: "docker" "create" "-v" "/var/lib/crater-agent-workspace/builds/worker-81/target:/opt/rustwide/target:rw,Z" "-v" "/var/lib/crater-agent-workspace/builds/worker-81/source:/opt/rustwide/workdir:ro,Z" "-v" "/var/lib/crater-agent-workspace/cargo-home:/opt/rustwide/cargo-home:ro,Z" "-v" "/var/lib/crater-agent-workspace/rustup-home:/opt/rustwide/rustup-home:ro,Z" "-e" "SOURCE_DIR=/opt/rustwide/workdir" "-e" "CARGO_TARGET_DIR=/opt/rustwide/target" "-e" "CARGO_INCREMENTAL=0" "-e" "RUST_BACKTRACE=full" "-e" "RUSTFLAGS=--cap-lints=warn" "-e" "CARGO_HOME=/opt/rustwide/cargo-home" "-e" "RUSTUP_HOME=/opt/rustwide/rustup-home" "-w" "/opt/rustwide/workdir" "-m" "1610612736" "--user" "0:0" "--network" "none" "ghcr.io/rust-lang/crates-build-env/linux@sha256:a89201d6b5b9fd45c15d5952ece0a0129e7e80cb26ec023fd59cf09bc26f1604" "/opt/rustwide/cargo-home/bin/cargo" "+1.55.0" "check" "--frozen" "--all" "--all-targets" "--message-format=json", kill_on_drop: false }`
[INFO] [stdout] 1f16c0c5a5a1f43a5fcfb2ce394a0ab168a21f60a6ff7fdf544f712a4105390b
[INFO] running `Command { std: "docker" "start" "-a" "1f16c0c5a5a1f43a5fcfb2ce394a0ab168a21f60a6ff7fdf544f712a4105390b", kill_on_drop: false }`
[INFO] [stderr]     Blocking waiting for file lock on package cache
[INFO] [stderr]    Compiling maybe-uninit v2.0.0
[INFO] [stderr]    Compiling semver-parser v0.7.0
[INFO] [stderr]     Checking byteorder v1.4.3
[INFO] [stderr]    Compiling syn v1.0.80
[INFO] [stderr]     Checking rand_core v0.4.2
[INFO] [stderr]     Checking futures v0.1.31
[INFO] [stderr]    Compiling autocfg v0.1.7
[INFO] [stderr]    Compiling failure_derive v0.1.8
[INFO] [stderr]    Compiling getrandom v0.1.16
[INFO] [stderr]    Compiling proc-macro2 v0.4.30
[INFO] [stderr]     Checking fnv v1.0.7
[INFO] [stderr]    Compiling gimli v0.25.0
[INFO] [stderr]    Compiling adler v1.0.2
[INFO] [stderr]    Compiling rustc-demangle v0.1.21
[INFO] [stderr]     Checking stable_deref_trait v1.2.0
[INFO] [stderr]    Compiling syn v0.15.44
[INFO] [stderr]     Checking subtle v2.4.1
[INFO] [stderr]     Checking nimiq-macros v0.2.0
[INFO] [stderr]    Compiling serde v1.0.130
[INFO] [stderr]     Checking hex v0.3.2
[INFO] [stderr]     Checking scopeguard v0.3.3
[INFO] [stderr]     Checking bit-vec v0.5.1
[INFO] [stderr]     Checking data-encoding v2.3.2
[INFO] [stderr]    Compiling gcc v0.3.55
[INFO] [stderr]     Checking matches v0.1.9
[INFO] [stderr]     Checking unicode-bidi v0.3.7
[INFO] [stderr]     Checking supercow v0.1.0
[INFO] [stderr]     Checking bitflags v0.9.1
[INFO] [stderr]     Checking percent-encoding v1.0.1
[INFO] [stderr]     Checking atomic v0.4.6
[INFO] [stderr]     Checking nimiq-collections v0.2.0
[INFO] [stderr]    Compiling num-traits v0.2.14
[INFO] [stderr]    Compiling num-integer v0.1.44
[INFO] [stderr]    Compiling crossbeam-utils v0.7.2
[INFO] [stderr]    Compiling num-bigint v0.2.6
[INFO] [stderr]    Compiling num-complex v0.2.4
[INFO] [stderr]    Compiling num-rational v0.2.4
[INFO] [stderr]    Compiling num-iter v0.1.42
[INFO] [stderr]    Compiling memoffset v0.5.6
[INFO] [stderr]    Compiling crossbeam-epoch v0.8.2
[INFO] [stderr]    Compiling clear_on_drop v0.2.4
[INFO] [stderr]    Compiling libargon2-sys v0.2.0
[INFO] [stderr]    Compiling typenum v1.14.0
[INFO] [stderr]     Checking lock_api v0.3.4
[INFO] [stderr]    Compiling libc v0.2.103
[INFO] [stderr]    Compiling arrayvec v0.4.12
[INFO] [stderr]     Checking owning_ref v0.4.1
[INFO] [stderr]     Checking ed25519 v1.2.0
[INFO] [stderr]     Checking tinyvec v1.5.0
[INFO] [stderr]     Checking log v0.4.14
[INFO] [stderr]     Checking iovec v0.1.4
[INFO] [stderr]     Checking net2 v0.2.37
[INFO] [stderr]    Compiling memchr v2.4.1
[INFO] [stderr]    Compiling generic-array v0.14.4
[INFO] [stderr]     Checking fs2 v0.4.3
[INFO] [stderr]     Checking tempdir v0.3.7
[INFO] [stderr]     Checking backtrace v0.3.61
[INFO] [stdout] error[E0554]: `#![feature]` may not be used on the stable release channel
[INFO] [stdout]  --> /opt/rustwide/cargo-home/registry/src/github.com-1ecc6299db9ec823/nimiq-collections-0.2.0/src/lib.rs:2:1
[INFO] [stdout]   |
[INFO] [stdout] 2 | #![feature(box_into_raw_non_null)]
[INFO] [stdout]   | ^^^^^^^^^^^^^^^^^^^^^^^^^^^^^^^^^^
[INFO] [stdout] 
[INFO] [stdout] 
[INFO] [stdout] error[E0554]: `#![feature]` may not be used on the stable release channel
[INFO] [stdout]  --> /opt/rustwide/cargo-home/registry/src/github.com-1ecc6299db9ec823/nimiq-collections-0.2.0/src/lib.rs:3:1
[INFO] [stdout]   |
[INFO] [stdout] 3 | #![feature(specialization)]
[INFO] [stdout]   | ^^^^^^^^^^^^^^^^^^^^^^^^^^^
[INFO] [stdout] 
[INFO] [stdout] 
[INFO] [stderr]    Compiling semver v0.9.0
[INFO] [stderr]    Compiling rand_core v0.3.1
[INFO] [stderr]    Compiling miniz_oxide v0.4.4
[INFO] [stderr]     Checking rand_jitter v0.1.4
[INFO] [stderr]     Checking rand_os v0.1.3
[INFO] [stdout] error[E0599]: no function or associated item named `into_raw_non_null` found for struct `Box<_, _>` in the current scope
[INFO] [stdout]    --> /opt/rustwide/cargo-home/registry/src/github.com-1ecc6299db9ec823/nimiq-collections-0.2.0/src/linked_list.rs:141:34
[INFO] [stdout]     |
[INFO] [stdout] 141 |             let node = Some(Box::into_raw_non_null(node));
[INFO] [stdout]     |                                  ^^^^^^^^^^^^^^^^^ function or associated item not found in `Box<_, _>`
[INFO] [stdout] 
[INFO] [stdout] 
[INFO] [stdout] error[E0599]: no function or associated item named `into_raw_non_null` found for struct `Box<_, _>` in the current scope
[INFO] [stdout]    --> /opt/rustwide/cargo-home/registry/src/github.com-1ecc6299db9ec823/nimiq-collections-0.2.0/src/linked_list.rs:176:34
[INFO] [stdout]     |
[INFO] [stdout] 176 |             let node = Some(Box::into_raw_non_null(node));
[INFO] [stdout]     |                                  ^^^^^^^^^^^^^^^^^ function or associated item not found in `Box<_, _>`
[INFO] [stdout] 
[INFO] [stdout] 
[INFO] [stdout] error[E0599]: no function or associated item named `into_raw_non_null` found for struct `Box<_, _>` in the current scope
[INFO] [stdout]    --> /opt/rustwide/cargo-home/registry/src/github.com-1ecc6299db9ec823/nimiq-collections-0.2.0/src/linked_list.rs:914:38
[INFO] [stdout]     |
[INFO] [stdout] 914 |                 let node = Some(Box::into_raw_non_null(Box::new(Node {
[INFO] [stdout]     |                                      ^^^^^^^^^^^^^^^^^ function or associated item not found in `Box<_, _>`
[INFO] [stdout] 
[INFO] [stdout] 
[INFO] [stdout] error: aborting due to 5 previous errors
[INFO] [stdout] 
[INFO] [stdout] 
[INFO] [stdout] Some errors have detailed explanations: E0554, E0599.
[INFO] [stdout] 
[INFO] [stdout] For more information about an error, try `rustc --explain E0554`.
[INFO] [stdout] 
[INFO] [stderr] error: could not compile `nimiq-collections` due to 6 previous errors
[INFO] [stderr] warning: build failed, waiting for other jobs to finish...
[INFO] [stderr] error: build failed
[INFO] running `Command { std: "docker" "inspect" "1f16c0c5a5a1f43a5fcfb2ce394a0ab168a21f60a6ff7fdf544f712a4105390b", kill_on_drop: false }`
[INFO] running `Command { std: "docker" "rm" "-f" "1f16c0c5a5a1f43a5fcfb2ce394a0ab168a21f60a6ff7fdf544f712a4105390b", kill_on_drop: false }`
[INFO] [stdout] 1f16c0c5a5a1f43a5fcfb2ce394a0ab168a21f60a6ff7fdf544f712a4105390b
