[INFO] fetching crate nickel_view 0.1.0...
[INFO] checking nickel_view-0.1.0 against beta-2021-10-15 for beta-1.56-3
[INFO] extracting crate nickel_view 0.1.0 into /workspace/builds/worker-63/source
[INFO] validating manifest of crates.io crate nickel_view 0.1.0 on toolchain beta-2021-10-15
[INFO] running `Command { std: "/workspace/cargo-home/bin/cargo" "+beta-2021-10-15" "metadata" "--manifest-path" "Cargo.toml" "--no-deps", kill_on_drop: false }`
[INFO] started tweaking crates.io crate nickel_view 0.1.0
[INFO] finished tweaking crates.io crate nickel_view 0.1.0
[INFO] tweaked toml for crates.io crate nickel_view 0.1.0 written to /workspace/builds/worker-63/source/Cargo.toml
[INFO] running `Command { std: "/workspace/cargo-home/bin/cargo" "+beta-2021-10-15" "generate-lockfile" "--manifest-path" "Cargo.toml" "-Zno-index-update", kill_on_drop: false }`
[INFO] running `Command { std: "/workspace/cargo-home/bin/cargo" "+beta-2021-10-15" "fetch" "--manifest-path" "Cargo.toml", kill_on_drop: false }`
[INFO] [stderr]     Blocking waiting for file lock on package cache
[INFO] [stderr]     Blocking waiting for file lock on package cache
[INFO] running `Command { std: "docker" "create" "-v" "/var/lib/crater-agent-workspace/builds/worker-63/target:/opt/rustwide/target:rw,Z" "-v" "/var/lib/crater-agent-workspace/builds/worker-63/source:/opt/rustwide/workdir:ro,Z" "-v" "/var/lib/crater-agent-workspace/cargo-home:/opt/rustwide/cargo-home:ro,Z" "-v" "/var/lib/crater-agent-workspace/rustup-home:/opt/rustwide/rustup-home:ro,Z" "-e" "SOURCE_DIR=/opt/rustwide/workdir" "-e" "CARGO_TARGET_DIR=/opt/rustwide/target" "-e" "CARGO_HOME=/opt/rustwide/cargo-home" "-e" "RUSTUP_HOME=/opt/rustwide/rustup-home" "-w" "/opt/rustwide/workdir" "-m" "1610612736" "--user" "0:0" "--network" "none" "ghcr.io/rust-lang/crates-build-env/linux@sha256:a89201d6b5b9fd45c15d5952ece0a0129e7e80cb26ec023fd59cf09bc26f1604" "/opt/rustwide/cargo-home/bin/cargo" "+beta-2021-10-15" "metadata" "--no-deps" "--format-version=1", kill_on_drop: false }`
[INFO] [stdout] 4a52eb3ba2aff46934c9e06666bc6f0bed29cac0e2381196199c4bfac52f3e44
[INFO] running `Command { std: "docker" "start" "-a" "4a52eb3ba2aff46934c9e06666bc6f0bed29cac0e2381196199c4bfac52f3e44", kill_on_drop: false }`
[INFO] running `Command { std: "docker" "inspect" "4a52eb3ba2aff46934c9e06666bc6f0bed29cac0e2381196199c4bfac52f3e44", kill_on_drop: false }`
[INFO] running `Command { std: "docker" "rm" "-f" "4a52eb3ba2aff46934c9e06666bc6f0bed29cac0e2381196199c4bfac52f3e44", kill_on_drop: false }`
[INFO] [stdout] 4a52eb3ba2aff46934c9e06666bc6f0bed29cac0e2381196199c4bfac52f3e44
[INFO] running `Command { std: "docker" "create" "-v" "/var/lib/crater-agent-workspace/builds/worker-63/target:/opt/rustwide/target:rw,Z" "-v" "/var/lib/crater-agent-workspace/builds/worker-63/source:/opt/rustwide/workdir:ro,Z" "-v" "/var/lib/crater-agent-workspace/cargo-home:/opt/rustwide/cargo-home:ro,Z" "-v" "/var/lib/crater-agent-workspace/rustup-home:/opt/rustwide/rustup-home:ro,Z" "-e" "SOURCE_DIR=/opt/rustwide/workdir" "-e" "CARGO_TARGET_DIR=/opt/rustwide/target" "-e" "CARGO_INCREMENTAL=0" "-e" "RUST_BACKTRACE=full" "-e" "RUSTFLAGS=--cap-lints=warn" "-e" "CARGO_HOME=/opt/rustwide/cargo-home" "-e" "RUSTUP_HOME=/opt/rustwide/rustup-home" "-w" "/opt/rustwide/workdir" "-m" "1610612736" "--user" "0:0" "--network" "none" "ghcr.io/rust-lang/crates-build-env/linux@sha256:a89201d6b5b9fd45c15d5952ece0a0129e7e80cb26ec023fd59cf09bc26f1604" "/opt/rustwide/cargo-home/bin/cargo" "+beta-2021-10-15" "check" "--frozen" "--all" "--all-targets" "--message-format=json", kill_on_drop: false }`
[INFO] [stdout] 8b3b8ba8680e1269a947d97d2f03d52d4d3b0acb7aba9a137a3c51a20b778677
[INFO] running `Command { std: "docker" "start" "-a" "8b3b8ba8680e1269a947d97d2f03d52d4d3b0acb7aba9a137a3c51a20b778677", kill_on_drop: false }`
[INFO] [stderr]     Blocking waiting for file lock on package cache
[INFO] [stderr]    Compiling log v0.4.14
[INFO] [stderr]    Compiling winapi-build v0.1.1
[INFO] [stderr]     Checking winapi v0.2.8
[INFO] [stderr]     Checking regex-syntax v0.3.9
[INFO] [stderr]     Checking utf8-ranges v0.1.3
[INFO] [stderr]     Checking traitobject v0.0.1
[INFO] [stderr]     Checking lazy_static v0.1.16
[INFO] [stderr]     Checking groupable v0.2.0
[INFO] [stderr]     Checking modifier v0.1.0
[INFO] [stderr]     Checking unsafe-any v0.4.2
[INFO] [stderr]     Checking memchr v0.1.11
[INFO] [stderr]     Checking cookie v0.2.5
[INFO] [stderr]     Checking aho-corasick v0.5.3
[INFO] [stderr]     Checking typemap v0.3.3
[INFO] [stderr]    Compiling kernel32-sys v0.2.2
[INFO] [stderr]     Checking plugin v0.2.6
[INFO] [stderr]     Checking log v0.3.9
[INFO] [stderr]     Checking mustache v0.6.3
[INFO] [stderr]     Checking thread-id v2.0.0
[INFO] [stderr]     Checking hpack v0.2.0
[INFO] [stderr]     Checking mime v0.2.6
[INFO] [stderr]     Checking thread_local v0.2.7
[INFO] [stderr]     Checking regex v0.1.80
[INFO] [stderr]     Checking solicit v0.4.4
[INFO] [stderr]     Checking hyper v0.9.18
[INFO] [stderr]     Checking nickel v0.9.0
[INFO] [stderr]     Checking nickel_view v0.1.0 (/opt/rustwide/workdir)
[INFO] [stdout] error[E0433]: failed to resolve: maybe a missing crate `nickel_view`?
[INFO] [stdout]  --> examples/main.rs:7:5
[INFO] [stdout]   |
[INFO] [stdout] 7 | use nickel_view::view::NickelView;
[INFO] [stdout]   |     ^^^^^^^^^^^ maybe a missing crate `nickel_view`?
[INFO] [stdout] 
[INFO] [stdout] 
[INFO] [stdout] error[E0425]: cannot find value `NickelView` in this scope
[INFO] [stdout]   --> examples/main.rs:16:28
[INFO] [stdout]    |
[INFO] [stdout] 16 |         let form_element = NickelView.element("templates/welcome/_form.mustache", &data);
[INFO] [stdout]    |                            ^^^^^^^^^^ not found in this scope
[INFO] [stdout] 
[INFO] [stdout] 
[INFO] [stdout] error[E0425]: cannot find value `NickelView` in this scope
[INFO] [stdout]   --> examples/main.rs:20:23
[INFO] [stdout]    |
[INFO] [stdout] 20 |         let content = NickelView.element("templates/welcome/index.mustache", &hash);
[INFO] [stdout]    |                       ^^^^^^^^^^ not found in this scope
[INFO] [stdout] 
[INFO] [stdout] 
[INFO] [stdout] error: aborting due to 3 previous errors
[INFO] [stdout] 
[INFO] [stdout] 
[INFO] [stdout] Some errors have detailed explanations: E0425, E0433.
[INFO] [stdout] 
[INFO] [stdout] For more information about an error, try `rustc --explain E0425`.
[INFO] [stdout] 
[INFO] [stderr] error: could not compile `nickel_view` due to 4 previous errors
[INFO] running `Command { std: "docker" "inspect" "8b3b8ba8680e1269a947d97d2f03d52d4d3b0acb7aba9a137a3c51a20b778677", kill_on_drop: false }`
[INFO] running `Command { std: "docker" "rm" "-f" "8b3b8ba8680e1269a947d97d2f03d52d4d3b0acb7aba9a137a3c51a20b778677", kill_on_drop: false }`
[INFO] [stdout] 8b3b8ba8680e1269a947d97d2f03d52d4d3b0acb7aba9a137a3c51a20b778677
