[INFO] fetching crate ngt 0.4.0...
[INFO] checking ngt-0.4.0 against 1.55.0 for beta-1.56-3
[INFO] extracting crate ngt 0.4.0 into /workspace/builds/worker-53/source
[INFO] validating manifest of crates.io crate ngt 0.4.0 on toolchain 1.55.0
[INFO] running `Command { std: "/workspace/cargo-home/bin/cargo" "+1.55.0" "metadata" "--manifest-path" "Cargo.toml" "--no-deps", kill_on_drop: false }`
[INFO] started tweaking crates.io crate ngt 0.4.0
[INFO] finished tweaking crates.io crate ngt 0.4.0
[INFO] tweaked toml for crates.io crate ngt 0.4.0 written to /workspace/builds/worker-53/source/Cargo.toml
[INFO] running `Command { std: "/workspace/cargo-home/bin/cargo" "+1.55.0" "generate-lockfile" "--manifest-path" "Cargo.toml" "-Zno-index-update", kill_on_drop: false }`
[INFO] [stderr]     Blocking waiting for file lock on package cache
[INFO] running `Command { std: "/workspace/cargo-home/bin/cargo" "+1.55.0" "fetch" "--manifest-path" "Cargo.toml", kill_on_drop: false }`
[INFO] [stderr]     Blocking waiting for file lock on package cache
[INFO] [stderr]     Blocking waiting for file lock on package cache
[INFO] [stderr]  Downloading crates ...
[INFO] [stderr]   Downloaded ngt-sys v1.13.7
[INFO] running `Command { std: "docker" "create" "-v" "/var/lib/crater-agent-workspace/builds/worker-53/target:/opt/rustwide/target:rw,Z" "-v" "/var/lib/crater-agent-workspace/builds/worker-53/source:/opt/rustwide/workdir:ro,Z" "-v" "/var/lib/crater-agent-workspace/cargo-home:/opt/rustwide/cargo-home:ro,Z" "-v" "/var/lib/crater-agent-workspace/rustup-home:/opt/rustwide/rustup-home:ro,Z" "-e" "SOURCE_DIR=/opt/rustwide/workdir" "-e" "CARGO_TARGET_DIR=/opt/rustwide/target" "-e" "CARGO_HOME=/opt/rustwide/cargo-home" "-e" "RUSTUP_HOME=/opt/rustwide/rustup-home" "-w" "/opt/rustwide/workdir" "-m" "1610612736" "--user" "0:0" "--network" "none" "ghcr.io/rust-lang/crates-build-env/linux@sha256:a89201d6b5b9fd45c15d5952ece0a0129e7e80cb26ec023fd59cf09bc26f1604" "/opt/rustwide/cargo-home/bin/cargo" "+1.55.0" "metadata" "--no-deps" "--format-version=1", kill_on_drop: false }`
[INFO] [stdout] 3a7b14f19caf16651fa436295d9674f89243cfa75fb0d095402d4bb96bbb0877
[INFO] running `Command { std: "docker" "start" "-a" "3a7b14f19caf16651fa436295d9674f89243cfa75fb0d095402d4bb96bbb0877", kill_on_drop: false }`
[INFO] running `Command { std: "docker" "inspect" "3a7b14f19caf16651fa436295d9674f89243cfa75fb0d095402d4bb96bbb0877", kill_on_drop: false }`
[INFO] running `Command { std: "docker" "rm" "-f" "3a7b14f19caf16651fa436295d9674f89243cfa75fb0d095402d4bb96bbb0877", kill_on_drop: false }`
[INFO] [stdout] 3a7b14f19caf16651fa436295d9674f89243cfa75fb0d095402d4bb96bbb0877
[INFO] running `Command { std: "docker" "create" "-v" "/var/lib/crater-agent-workspace/builds/worker-53/target:/opt/rustwide/target:rw,Z" "-v" "/var/lib/crater-agent-workspace/builds/worker-53/source:/opt/rustwide/workdir:ro,Z" "-v" "/var/lib/crater-agent-workspace/cargo-home:/opt/rustwide/cargo-home:ro,Z" "-v" "/var/lib/crater-agent-workspace/rustup-home:/opt/rustwide/rustup-home:ro,Z" "-e" "SOURCE_DIR=/opt/rustwide/workdir" "-e" "CARGO_TARGET_DIR=/opt/rustwide/target" "-e" "CARGO_INCREMENTAL=0" "-e" "RUST_BACKTRACE=full" "-e" "RUSTFLAGS=--cap-lints=warn" "-e" "CARGO_HOME=/opt/rustwide/cargo-home" "-e" "RUSTUP_HOME=/opt/rustwide/rustup-home" "-w" "/opt/rustwide/workdir" "-m" "1610612736" "--user" "0:0" "--network" "none" "ghcr.io/rust-lang/crates-build-env/linux@sha256:a89201d6b5b9fd45c15d5952ece0a0129e7e80cb26ec023fd59cf09bc26f1604" "/opt/rustwide/cargo-home/bin/cargo" "+1.55.0" "check" "--frozen" "--all" "--all-targets" "--message-format=json", kill_on_drop: false }`
[INFO] [stdout] 5845ffc7394d5f659ab3c1b400617d075c3f14790af1ad6f3c311c163ecfc08e
[INFO] running `Command { std: "docker" "start" "-a" "5845ffc7394d5f659ab3c1b400617d075c3f14790af1ad6f3c311c163ecfc08e", kill_on_drop: false }`
[INFO] [stderr]     Blocking waiting for file lock on package cache
[INFO] [stderr]     Blocking waiting for file lock on package cache
[INFO] [stderr]    Compiling glob v0.3.0
[INFO] [stderr]    Compiling unicode-width v0.1.9
[INFO] [stderr]    Compiling regex-syntax v0.6.25
[INFO] [stderr]    Compiling serde v1.0.130
[INFO] [stderr]    Compiling vec_map v0.8.2
[INFO] [stderr]    Compiling bitflags v1.3.2
[INFO] [stderr]    Compiling termcolor v1.1.2
[INFO] [stderr]    Compiling strsim v0.8.0
[INFO] [stderr]    Compiling humantime v2.1.0
[INFO] [stderr]    Compiling bindgen v0.57.0
[INFO] [stderr]    Compiling ansi_term v0.11.0
[INFO] [stderr]    Compiling lazycell v1.3.0
[INFO] [stderr]    Compiling shlex v0.1.1
[INFO] [stderr]     Checking scopeguard v1.1.0
[INFO] [stderr]    Compiling peeking_take_while v0.1.2
[INFO] [stderr]    Compiling rustc-hash v1.1.0
[INFO] [stderr]     Checking remove_dir_all v0.5.3
[INFO] [stderr]    Compiling libc v0.2.103
[INFO] [stderr]    Compiling nom v5.1.2
[INFO] [stderr]    Compiling libloading v0.7.1
[INFO] [stderr]    Compiling cmake v0.1.46
[INFO] [stderr]    Compiling memchr v2.4.1
[INFO] [stderr]    Compiling thiserror-impl v1.0.30
[INFO] [stderr]    Compiling derivative v2.2.0
[INFO] [stderr]    Compiling textwrap v0.11.0
[INFO] [stderr]     Checking tempfile v3.2.0
[INFO] [stderr]     Checking crossbeam-epoch v0.9.5
[INFO] [stderr]    Compiling clang-sys v1.2.2
[INFO] [stderr]     Checking crossbeam-deque v0.8.1
[INFO] [stderr]    Compiling aho-corasick v0.7.18
[INFO] [stderr]    Compiling atty v0.2.14
[INFO] [stderr]    Compiling which v3.1.1
[INFO] [stderr]     Checking rayon-core v1.9.1
[INFO] [stderr]    Compiling clap v2.33.3
[INFO] [stderr]     Checking rayon v1.5.1
[INFO] [stderr]    Compiling thiserror v1.0.30
[INFO] [stderr]    Compiling cexpr v0.4.0
[INFO] [stderr]    Compiling regex v1.5.4
[INFO] [stderr]    Compiling env_logger v0.8.4
[INFO] [stderr]    Compiling toml v0.5.8
[INFO] [stderr]    Compiling proc-macro-crate v1.1.0
[INFO] [stderr]    Compiling num_enum_derive v0.5.4
[INFO] [stderr]     Checking num_enum v0.5.4
[INFO] [stderr]    Compiling ngt-sys v1.13.7
[INFO] [stderr] error: failed to run custom build command for `ngt-sys v1.13.7`
[INFO] [stderr] 
[INFO] [stderr] Caused by:
[INFO] [stderr]   process didn't exit successfully: `/opt/rustwide/target/debug/build/ngt-sys-15bcea774b8548d5/build-script-build` (exit status: 101)
[INFO] [stderr]   --- stdout
[INFO] [stderr]   CMAKE_TOOLCHAIN_FILE_x86_64-unknown-linux-gnu = None
[INFO] [stderr]   CMAKE_TOOLCHAIN_FILE_x86_64_unknown_linux_gnu = None
[INFO] [stderr]   HOST_CMAKE_TOOLCHAIN_FILE = None
[INFO] [stderr]   CMAKE_TOOLCHAIN_FILE = None
[INFO] [stderr]   CMAKE_GENERATOR_x86_64-unknown-linux-gnu = None
[INFO] [stderr]   CMAKE_GENERATOR_x86_64_unknown_linux_gnu = None
[INFO] [stderr]   HOST_CMAKE_GENERATOR = None
[INFO] [stderr]   CMAKE_GENERATOR = None
[INFO] [stderr]   CMAKE_PREFIX_PATH_x86_64-unknown-linux-gnu = None
[INFO] [stderr]   CMAKE_PREFIX_PATH_x86_64_unknown_linux_gnu = None
[INFO] [stderr]   HOST_CMAKE_PREFIX_PATH = None
[INFO] [stderr]   CMAKE_PREFIX_PATH = None
[INFO] [stderr]   CMAKE_x86_64-unknown-linux-gnu = None
[INFO] [stderr]   CMAKE_x86_64_unknown_linux_gnu = None
[INFO] [stderr]   HOST_CMAKE = None
[INFO] [stderr]   CMAKE = None
[INFO] [stderr]   running: "cmake" "/opt/rustwide/cargo-home/registry/src/github.com-1ecc6299db9ec823/ngt-sys-1.13.7/NGT" "-DCMAKE_INSTALL_PREFIX=/opt/rustwide/target/debug/build/ngt-sys-d324ce558fd3705b/out" "-DCMAKE_C_FLAGS= -ffunction-sections -fdata-sections -fPIC -m64" "-DCMAKE_C_COMPILER=/usr/bin/cc" "-DCMAKE_CXX_FLAGS= -ffunction-sections -fdata-sections -fPIC -m64" "-DCMAKE_CXX_COMPILER=/usr/bin/c++" "-DCMAKE_ASM_FLAGS= -ffunction-sections -fdata-sections -fPIC -m64" "-DCMAKE_ASM_COMPILER=/usr/bin/cc" "-DCMAKE_BUILD_TYPE=Debug"
[INFO] [stderr]   -- The C compiler identification is GNU 9.3.0
[INFO] [stderr]   -- The CXX compiler identification is GNU 9.3.0
[INFO] [stderr]   -- Check for working C compiler: /usr/bin/cc
[INFO] [stderr]   -- Check for working C compiler: /usr/bin/cc -- works
[INFO] [stderr]   -- Detecting C compiler ABI info
[INFO] [stderr]   -- Detecting C compiler ABI info - done
[INFO] [stderr]   -- Detecting C compile features
[INFO] [stderr]   -- Detecting C compile features - done
[INFO] [stderr]   -- Check for working CXX compiler: /usr/bin/c++
[INFO] [stderr]   -- Check for working CXX compiler: /usr/bin/c++ -- works
[INFO] [stderr]   -- Detecting CXX compiler ABI info
[INFO] [stderr]   -- Detecting CXX compiler ABI info - done
[INFO] [stderr]   -- Detecting CXX compile features
[INFO] [stderr]   -- Detecting CXX compile features - done
[INFO] [stderr]   -- VERSION: 1.13.7
[INFO] [stderr]   -- CMAKE_BUILD_TYPE: Debug
[INFO] [stderr]   -- CMAKE_BUILD_TYPE_LOWER: debug
[INFO] [stderr]   -- Found OpenMP_C: -fopenmp (found version "4.5") 
[INFO] [stderr]   -- Found OpenMP_CXX: -fopenmp (found version "4.5") 
[INFO] [stderr]   -- Found OpenMP: TRUE (found version "4.5")  
[INFO] [stderr]   -- Looking for pthread.h
[INFO] [stderr]   -- Looking for pthread.h - found
[INFO] [stderr]   -- Performing Test CMAKE_HAVE_LIBC_PTHREAD
[INFO] [stderr]   -- Performing Test CMAKE_HAVE_LIBC_PTHREAD - Failed
[INFO] [stderr]   -- Looking for pthread_create in pthreads
[INFO] [stderr]   -- Looking for pthread_create in pthreads - not found
[INFO] [stderr]   -- Looking for pthread_create in pthread
[INFO] [stderr]   -- Looking for pthread_create in pthread - found
[INFO] [stderr]   -- Found Threads: TRUE  
[INFO] [stderr]   -- Configuring done
[INFO] [stderr]   -- Generating done
[INFO] [stderr]   -- Build files have been written to: /opt/rustwide/target/debug/build/ngt-sys-d324ce558fd3705b/out/build
[INFO] [stderr]   running: "cmake" "--build" "." "--target" "install" "--config" "Debug" "--parallel" "128"
[INFO] [stderr]   Scanning dependencies of target versiondef
[INFO] [stderr]   [  2%] Generating command
[INFO] [stderr]   [  2%] Built target versiondef
[INFO] [stderr]   Scanning dependencies of target ngtstatic
[INFO] [stderr]   [  4%] Building CXX object lib/NGT/CMakeFiles/ngtstatic.dir/ArrayFile.cpp.o
[INFO] [stderr]   [  6%] Building CXX object lib/NGT/CMakeFiles/ngtstatic.dir/Index.cpp.o
[INFO] [stderr]   [  8%] Building CXX object lib/NGT/CMakeFiles/ngtstatic.dir/Capi.cpp.o
[INFO] [stderr]   [ 11%] Building CXX object lib/NGT/CMakeFiles/ngtstatic.dir/MmapManager.cpp.o
[INFO] [stderr]   [ 13%] Building CXX object lib/NGT/CMakeFiles/ngtstatic.dir/Command.cpp.o
[INFO] [stderr]   [ 15%] Building CXX object lib/NGT/CMakeFiles/ngtstatic.dir/Graph.cpp.o
[INFO] [stderr]   [ 17%] Building CXX object lib/NGT/CMakeFiles/ngtstatic.dir/NGTQ/Capi.cpp.o
[INFO] [stderr]   [ 20%] Building CXX object lib/NGT/CMakeFiles/ngtstatic.dir/NGTQ/NGTQGCommand.cpp.o
[INFO] [stderr]   [ 22%] Building CXX object lib/NGT/CMakeFiles/ngtstatic.dir/SharedMemoryAllocator.cpp.o
[INFO] [stderr]   [ 24%] Building CXX object lib/NGT/CMakeFiles/ngtstatic.dir/Version.cpp.o
[INFO] [stderr]   [ 26%] Building CXX object lib/NGT/CMakeFiles/ngtstatic.dir/Thread.cpp.o
[INFO] [stderr]   [ 28%] Building CXX object lib/NGT/CMakeFiles/ngtstatic.dir/Node.cpp.o
[INFO] [stderr]   [ 31%] Building CXX object lib/NGT/CMakeFiles/ngtstatic.dir/Tree.cpp.o
[INFO] [stderr] 
[INFO] [stderr]   --- stderr
[INFO] [stderr]   CMake Warning:
[INFO] [stderr]     Manually-specified variables were not used by the project:
[INFO] [stderr] 
[INFO] [stderr]       CMAKE_ASM_COMPILER
[INFO] [stderr]       CMAKE_ASM_FLAGS
[INFO] [stderr] 
[INFO] [stderr] 
[INFO] [stderr]   make: warning: -j128 forced in submake: resetting jobserver mode.
[INFO] [stderr]   fatal: not a git repository (or any parent up to mount point /opt/rustwide)
[INFO] [stderr]   Stopping at filesystem boundary (GIT_DISCOVERY_ACROSS_FILESYSTEM not set).
[INFO] [stderr]   fatal: not a git repository (or any parent up to mount point /opt/rustwide)
[INFO] [stderr]   Stopping at filesystem boundary (GIT_DISCOVERY_ACROSS_FILESYSTEM not set).
[INFO] [stderr]   fatal: not a git repository (or any parent up to mount point /opt/rustwide)
[INFO] [stderr]   Stopping at filesystem boundary (GIT_DISCOVERY_ACROSS_FILESYSTEM not set).
[INFO] [stderr]   In file included from /opt/rustwide/cargo-home/registry/src/github.com-1ecc6299db9ec823/ngt-sys-1.13.7/NGT/lib/NGT/ObjectSpace.h:19,
[INFO] [stderr]                    from /opt/rustwide/cargo-home/registry/src/github.com-1ecc6299db9ec823/ngt-sys-1.13.7/NGT/lib/NGT/ObjectSpaceRepository.h:21,
[INFO] [stderr]                    from /opt/rustwide/cargo-home/registry/src/github.com-1ecc6299db9ec823/ngt-sys-1.13.7/NGT/lib/NGT/Index.cpp:19:
[INFO] [stderr]   /opt/rustwide/cargo-home/registry/src/github.com-1ecc6299db9ec823/ngt-sys-1.13.7/NGT/lib/NGT/PrimitiveComparator.h:22:2: warning: #warning "*** SIMD is *NOT* available! ***" [-Wcpp]
[INFO] [stderr]      22 | #warning "*** SIMD is *NOT* available! ***"
[INFO] [stderr]         |  ^~~~~~~
[INFO] [stderr]   In file included from /opt/rustwide/cargo-home/registry/src/github.com-1ecc6299db9ec823/ngt-sys-1.13.7/NGT/lib/NGT/ObjectSpace.h:19,
[INFO] [stderr]                    from /opt/rustwide/cargo-home/registry/src/github.com-1ecc6299db9ec823/ngt-sys-1.13.7/NGT/lib/NGT/ObjectSpaceRepository.h:21,
[INFO] [stderr]                    from /opt/rustwide/cargo-home/registry/src/github.com-1ecc6299db9ec823/ngt-sys-1.13.7/NGT/lib/NGT/Graph.h:23,
[INFO] [stderr]                    from /opt/rustwide/cargo-home/registry/src/github.com-1ecc6299db9ec823/ngt-sys-1.13.7/NGT/lib/NGT/Graph.cpp:18:
[INFO] [stderr]   /opt/rustwide/cargo-home/registry/src/github.com-1ecc6299db9ec823/ngt-sys-1.13.7/NGT/lib/NGT/PrimitiveComparator.h:22:2: warning: #warning "*** SIMD is *NOT* available! ***" [-Wcpp]
[INFO] [stderr]      22 | #warning "*** SIMD is *NOT* available! ***"
[INFO] [stderr]         |  ^~~~~~~
[INFO] [stderr]   In file included from /opt/rustwide/cargo-home/registry/src/github.com-1ecc6299db9ec823/ngt-sys-1.13.7/NGT/lib/NGT/ObjectSpace.h:19,
[INFO] [stderr]                    from /opt/rustwide/cargo-home/registry/src/github.com-1ecc6299db9ec823/ngt-sys-1.13.7/NGT/lib/NGT/ObjectSpaceRepository.h:21,
[INFO] [stderr]                    from /opt/rustwide/cargo-home/registry/src/github.com-1ecc6299db9ec823/ngt-sys-1.13.7/NGT/lib/NGT/Node.h:21,
[INFO] [stderr]                    from /opt/rustwide/cargo-home/registry/src/github.com-1ecc6299db9ec823/ngt-sys-1.13.7/NGT/lib/NGT/Tree.h:21,
[INFO] [stderr]                    from /opt/rustwide/cargo-home/registry/src/github.com-1ecc6299db9ec823/ngt-sys-1.13.7/NGT/lib/NGT/Index.h:33,
[INFO] [stderr]                    from /opt/rustwide/cargo-home/registry/src/github.com-1ecc6299db9ec823/ngt-sys-1.13.7/NGT/lib/NGT/Capi.cpp:21:
[INFO] [stderr]   /opt/rustwide/cargo-home/registry/src/github.com-1ecc6299db9ec823/ngt-sys-1.13.7/NGT/lib/NGT/PrimitiveComparator.h:22:2: warning: #warning "*** SIMD is *NOT* available! ***" [-Wcpp]
[INFO] [stderr]      22 | #warning "*** SIMD is *NOT* available! ***"
[INFO] [stderr]         |  ^~~~~~~
[INFO] [stderr]   In file included from /opt/rustwide/cargo-home/registry/src/github.com-1ecc6299db9ec823/ngt-sys-1.13.7/NGT/lib/NGT/ObjectSpace.h:19,
[INFO] [stderr]                    from /opt/rustwide/cargo-home/registry/src/github.com-1ecc6299db9ec823/ngt-sys-1.13.7/NGT/lib/NGT/ObjectSpaceRepository.h:21,
[INFO] [stderr]                    from /opt/rustwide/cargo-home/registry/src/github.com-1ecc6299db9ec823/ngt-sys-1.13.7/NGT/lib/NGT/Node.h:21,
[INFO] [stderr]                    from /opt/rustwide/cargo-home/registry/src/github.com-1ecc6299db9ec823/ngt-sys-1.13.7/NGT/lib/NGT/Tree.h:21,
[INFO] [stderr]                    from /opt/rustwide/cargo-home/registry/src/github.com-1ecc6299db9ec823/ngt-sys-1.13.7/NGT/lib/NGT/Index.h:33,
[INFO] [stderr]                    from /opt/rustwide/cargo-home/registry/src/github.com-1ecc6299db9ec823/ngt-sys-1.13.7/NGT/lib/NGT/Command.h:18,
[INFO] [stderr]                    from /opt/rustwide/cargo-home/registry/src/github.com-1ecc6299db9ec823/ngt-sys-1.13.7/NGT/lib/NGT/Command.cpp:17:
[INFO] [stderr]   /opt/rustwide/cargo-home/registry/src/github.com-1ecc6299db9ec823/ngt-sys-1.13.7/NGT/lib/NGT/PrimitiveComparator.h:22:2: warning: #warning "*** SIMD is *NOT* available! ***" [-Wcpp]
[INFO] [stderr]      22 | #warning "*** SIMD is *NOT* available! ***"
[INFO] [stderr]         |  ^~~~~~~
[INFO] [stderr]   In file included from /opt/rustwide/cargo-home/registry/src/github.com-1ecc6299db9ec823/ngt-sys-1.13.7/NGT/lib/NGT/ObjectSpace.h:19,
[INFO] [stderr]                    from /opt/rustwide/cargo-home/registry/src/github.com-1ecc6299db9ec823/ngt-sys-1.13.7/NGT/lib/NGT/ObjectSpaceRepository.h:21,
[INFO] [stderr]                    from /opt/rustwide/cargo-home/registry/src/github.com-1ecc6299db9ec823/ngt-sys-1.13.7/NGT/lib/NGT/Node.h:21,
[INFO] [stderr]                    from /opt/rustwide/cargo-home/registry/src/github.com-1ecc6299db9ec823/ngt-sys-1.13.7/NGT/lib/NGT/Tree.h:21,
[INFO] [stderr]                    from /opt/rustwide/cargo-home/registry/src/github.com-1ecc6299db9ec823/ngt-sys-1.13.7/NGT/lib/NGT/Index.h:33,
[INFO] [stderr]                    from /opt/rustwide/cargo-home/registry/src/github.com-1ecc6299db9ec823/ngt-sys-1.13.7/NGT/lib/NGT/NGTQ/QuantizedGraph.h:20,
[INFO] [stderr]                    from /opt/rustwide/cargo-home/registry/src/github.com-1ecc6299db9ec823/ngt-sys-1.13.7/NGT/lib/NGT/NGTQ/NGTQGCommand.h:18,
[INFO] [stderr]                    from /opt/rustwide/cargo-home/registry/src/github.com-1ecc6299db9ec823/ngt-sys-1.13.7/NGT/lib/NGT/NGTQ/NGTQGCommand.cpp:18:
[INFO] [stderr]   /opt/rustwide/cargo-home/registry/src/github.com-1ecc6299db9ec823/ngt-sys-1.13.7/NGT/lib/NGT/PrimitiveComparator.h:22:2: warning: #warning "*** SIMD is *NOT* available! ***" [-Wcpp]
[INFO] [stderr]      22 | #warning "*** SIMD is *NOT* available! ***"
[INFO] [stderr]         |  ^~~~~~~
[INFO] [stderr]   In file included from /opt/rustwide/cargo-home/registry/src/github.com-1ecc6299db9ec823/ngt-sys-1.13.7/NGT/lib/NGT/ObjectSpace.h:19,
[INFO] [stderr]                    from /opt/rustwide/cargo-home/registry/src/github.com-1ecc6299db9ec823/ngt-sys-1.13.7/NGT/lib/NGT/ObjectSpaceRepository.h:21,
[INFO] [stderr]                    from /opt/rustwide/cargo-home/registry/src/github.com-1ecc6299db9ec823/ngt-sys-1.13.7/NGT/lib/NGT/Node.h:21,
[INFO] [stderr]                    from /opt/rustwide/cargo-home/registry/src/github.com-1ecc6299db9ec823/ngt-sys-1.13.7/NGT/lib/NGT/Tree.h:21,
[INFO] [stderr]                    from /opt/rustwide/cargo-home/registry/src/github.com-1ecc6299db9ec823/ngt-sys-1.13.7/NGT/lib/NGT/Index.h:33,
[INFO] [stderr]                    from /opt/rustwide/cargo-home/registry/src/github.com-1ecc6299db9ec823/ngt-sys-1.13.7/NGT/lib/NGT/NGTQ/QuantizedGraph.h:20,
[INFO] [stderr]                    from /opt/rustwide/cargo-home/registry/src/github.com-1ecc6299db9ec823/ngt-sys-1.13.7/NGT/lib/NGT/NGTQ/Capi.cpp:23:
[INFO] [stderr]   /opt/rustwide/cargo-home/registry/src/github.com-1ecc6299db9ec823/ngt-sys-1.13.7/NGT/lib/NGT/PrimitiveComparator.h:22:2: warning: #warning "*** SIMD is *NOT* available! ***" [-Wcpp]
[INFO] [stderr]      22 | #warning "*** SIMD is *NOT* available! ***"
[INFO] [stderr]         |  ^~~~~~~
[INFO] [stderr]   In file included from /opt/rustwide/cargo-home/registry/src/github.com-1ecc6299db9ec823/ngt-sys-1.13.7/NGT/lib/NGT/ObjectSpace.h:19,
[INFO] [stderr]                    from /opt/rustwide/cargo-home/registry/src/github.com-1ecc6299db9ec823/ngt-sys-1.13.7/NGT/lib/NGT/ObjectSpaceRepository.h:21,
[INFO] [stderr]                    from /opt/rustwide/cargo-home/registry/src/github.com-1ecc6299db9ec823/ngt-sys-1.13.7/NGT/lib/NGT/Node.h:21,
[INFO] [stderr]                    from /opt/rustwide/cargo-home/registry/src/github.com-1ecc6299db9ec823/ngt-sys-1.13.7/NGT/lib/NGT/Tree.h:21,
[INFO] [stderr]                    from /opt/rustwide/cargo-home/registry/src/github.com-1ecc6299db9ec823/ngt-sys-1.13.7/NGT/lib/NGT/Tree.cpp:19:
[INFO] [stderr]   /opt/rustwide/cargo-home/registry/src/github.com-1ecc6299db9ec823/ngt-sys-1.13.7/NGT/lib/NGT/PrimitiveComparator.h:22:2: warning: #warning "*** SIMD is *NOT* available! ***" [-Wcpp]
[INFO] [stderr]      22 | #warning "*** SIMD is *NOT* available! ***"
[INFO] [stderr]         |  ^~~~~~~
[INFO] [stderr]   In file included from /opt/rustwide/cargo-home/registry/src/github.com-1ecc6299db9ec823/ngt-sys-1.13.7/NGT/lib/NGT/NGTQ/Quantizer.h:21,
[INFO] [stderr]                    from /opt/rustwide/cargo-home/registry/src/github.com-1ecc6299db9ec823/ngt-sys-1.13.7/NGT/lib/NGT/NGTQ/QuantizedGraph.h:21,
[INFO] [stderr]                    from /opt/rustwide/cargo-home/registry/src/github.com-1ecc6299db9ec823/ngt-sys-1.13.7/NGT/lib/NGT/NGTQ/NGTQGCommand.h:18,
[INFO] [stderr]                    from /opt/rustwide/cargo-home/registry/src/github.com-1ecc6299db9ec823/ngt-sys-1.13.7/NGT/lib/NGT/NGTQ/NGTQGCommand.cpp:18:
[INFO] [stderr]   /opt/rustwide/cargo-home/registry/src/github.com-1ecc6299db9ec823/ngt-sys-1.13.7/NGT/lib/NGT/Clustering.h:34:2: warning: #warning "*** SIMD is *NOT* available! ***" [-Wcpp]
[INFO] [stderr]      34 | #warning "*** SIMD is *NOT* available! ***"
[INFO] [stderr]         |  ^~~~~~~
[INFO] [stderr]   In file included from /opt/rustwide/cargo-home/registry/src/github.com-1ecc6299db9ec823/ngt-sys-1.13.7/NGT/lib/NGT/NGTQ/Quantizer.h:21,
[INFO] [stderr]                    from /opt/rustwide/cargo-home/registry/src/github.com-1ecc6299db9ec823/ngt-sys-1.13.7/NGT/lib/NGT/NGTQ/QuantizedGraph.h:21,
[INFO] [stderr]                    from /opt/rustwide/cargo-home/registry/src/github.com-1ecc6299db9ec823/ngt-sys-1.13.7/NGT/lib/NGT/NGTQ/Capi.cpp:23:
[INFO] [stderr]   /opt/rustwide/cargo-home/registry/src/github.com-1ecc6299db9ec823/ngt-sys-1.13.7/NGT/lib/NGT/Clustering.h:34:2: warning: #warning "*** SIMD is *NOT* available! ***" [-Wcpp]
[INFO] [stderr]      34 | #warning "*** SIMD is *NOT* available! ***"
[INFO] [stderr]         |  ^~~~~~~
[INFO] [stderr]   In file included from /opt/rustwide/cargo-home/registry/src/github.com-1ecc6299db9ec823/ngt-sys-1.13.7/NGT/lib/NGT/ObjectSpace.h:19,
[INFO] [stderr]                    from /opt/rustwide/cargo-home/registry/src/github.com-1ecc6299db9ec823/ngt-sys-1.13.7/NGT/lib/NGT/ObjectSpaceRepository.h:21,
[INFO] [stderr]                    from /opt/rustwide/cargo-home/registry/src/github.com-1ecc6299db9ec823/ngt-sys-1.13.7/NGT/lib/NGT/Node.h:21,
[INFO] [stderr]                    from /opt/rustwide/cargo-home/registry/src/github.com-1ecc6299db9ec823/ngt-sys-1.13.7/NGT/lib/NGT/Node.cpp:19:
[INFO] [stderr]   /opt/rustwide/cargo-home/registry/src/github.com-1ecc6299db9ec823/ngt-sys-1.13.7/NGT/lib/NGT/PrimitiveComparator.h:22:2: warning: #warning "*** SIMD is *NOT* available! ***" [-Wcpp]
[INFO] [stderr]      22 | #warning "*** SIMD is *NOT* available! ***"
[INFO] [stderr]         |  ^~~~~~~
[INFO] [stderr]   In file included from /opt/rustwide/cargo-home/registry/src/github.com-1ecc6299db9ec823/ngt-sys-1.13.7/NGT/lib/NGT/NGTQ/QuantizedGraph.h:21,
[INFO] [stderr]                    from /opt/rustwide/cargo-home/registry/src/github.com-1ecc6299db9ec823/ngt-sys-1.13.7/NGT/lib/NGT/NGTQ/NGTQGCommand.h:18,
[INFO] [stderr]                    from /opt/rustwide/cargo-home/registry/src/github.com-1ecc6299db9ec823/ngt-sys-1.13.7/NGT/lib/NGT/NGTQ/NGTQGCommand.cpp:18:
[INFO] [stderr]   /opt/rustwide/cargo-home/registry/src/github.com-1ecc6299db9ec823/ngt-sys-1.13.7/NGT/lib/NGT/NGTQ/Quantizer.h:35:2: warning: #warning "SIMD is not available for NGTQG. NGTQG might not work well." [-Wcpp]
[INFO] [stderr]      35 | #warning "SIMD is not available for NGTQG. NGTQG might not work well."
[INFO] [stderr]         |  ^~~~~~~
[INFO] [stderr]   In file included from /opt/rustwide/cargo-home/registry/src/github.com-1ecc6299db9ec823/ngt-sys-1.13.7/NGT/lib/NGT/NGTQ/QuantizedGraph.h:21,
[INFO] [stderr]                    from /opt/rustwide/cargo-home/registry/src/github.com-1ecc6299db9ec823/ngt-sys-1.13.7/NGT/lib/NGT/NGTQ/Capi.cpp:23:
[INFO] [stderr]   /opt/rustwide/cargo-home/registry/src/github.com-1ecc6299db9ec823/ngt-sys-1.13.7/NGT/lib/NGT/NGTQ/Quantizer.h:35:2: warning: #warning "SIMD is not available for NGTQG. NGTQG might not work well." [-Wcpp]
[INFO] [stderr]      35 | #warning "SIMD is not available for NGTQG. NGTQG might not work well."
[INFO] [stderr]         |  ^~~~~~~
[INFO] [stderr]   In file included from /opt/rustwide/cargo-home/registry/src/github.com-1ecc6299db9ec823/ngt-sys-1.13.7/NGT/lib/NGT/Index.h:32,
[INFO] [stderr]                    from /opt/rustwide/cargo-home/registry/src/github.com-1ecc6299db9ec823/ngt-sys-1.13.7/NGT/lib/NGT/NGTQ/QuantizedGraph.h:20,
[INFO] [stderr]                    from /opt/rustwide/cargo-home/registry/src/github.com-1ecc6299db9ec823/ngt-sys-1.13.7/NGT/lib/NGT/NGTQ/NGTQGCommand.h:18,
[INFO] [stderr]                    from /opt/rustwide/cargo-home/registry/src/github.com-1ecc6299db9ec823/ngt-sys-1.13.7/NGT/lib/NGT/NGTQ/NGTQGCommand.cpp:18:
[INFO] [stderr]   /opt/rustwide/cargo-home/registry/src/github.com-1ecc6299db9ec823/ngt-sys-1.13.7/NGT/lib/NGT/Common.h: In instantiation of 'void NGT::DynamicLengthVector<TYPE>::copy(TYPE&, const TYPE&) [with TYPE = NGTQ::InvertedIndexObject<short unsigned int>]':
[INFO] [stderr]   /opt/rustwide/cargo-home/registry/src/github.com-1ecc6299db9ec823/ngt-sys-1.13.7/NGT/lib/NGT/Common.h:1296:4:   required from 'void NGT::DynamicLengthVector<TYPE>::resize(size_t, TYPE) [with TYPE = NGTQ::InvertedIndexObject<short unsigned int>; size_t = long unsigned int]'
[INFO] [stderr]   /opt/rustwide/cargo-home/registry/src/github.com-1ecc6299db9ec823/ngt-sys-1.13.7/NGT/lib/NGT/NGTQ/Quantizer.h:2341:32:   required from 'void NGTQ::QuantizerInstance<LOCAL_ID_TYPE>::extractInvertedIndexObject(NGTQ::InvertedIndexEntry<short unsigned int>&) [with LOCAL_ID_TYPE = short unsigned int]'
[INFO] [stderr]   /opt/rustwide/cargo-home/registry/src/github.com-1ecc6299db9ec823/ngt-sys-1.13.7/NGT/lib/NGT/NGTQ/Quantizer.h:2320:9:   required from here
[INFO] [stderr]   /opt/rustwide/cargo-home/registry/src/github.com-1ecc6299db9ec823/ngt-sys-1.13.7/NGT/lib/NGT/Common.h:1220:13: warning: 'void* memcpy(void*, const void*, size_t)' writing to an object of type 'class NGTQ::InvertedIndexObject<short unsigned int>' with no trivial copy-assignment; use copy-assignment or copy-initialization instead [-Wclass-memaccess]
[INFO] [stderr]    1220 |       memcpy(&dst, &src, elementSize);
[INFO] [stderr]         |       ~~~~~~^~~~~~~~~~~~~~~~~~~~~~~~~
[INFO] [stderr]   In file included from /opt/rustwide/cargo-home/registry/src/github.com-1ecc6299db9ec823/ngt-sys-1.13.7/NGT/lib/NGT/NGTQ/QuantizedGraph.h:21,
[INFO] [stderr]                    from /opt/rustwide/cargo-home/registry/src/github.com-1ecc6299db9ec823/ngt-sys-1.13.7/NGT/lib/NGT/NGTQ/NGTQGCommand.h:18,
[INFO] [stderr]                    from /opt/rustwide/cargo-home/registry/src/github.com-1ecc6299db9ec823/ngt-sys-1.13.7/NGT/lib/NGT/NGTQ/NGTQGCommand.cpp:18:
[INFO] [stderr]   /opt/rustwide/cargo-home/registry/src/github.com-1ecc6299db9ec823/ngt-sys-1.13.7/NGT/lib/NGT/NGTQ/Quantizer.h:46:7: note: 'class NGTQ::InvertedIndexObject<short unsigned int>' declared here
[INFO] [stderr]      46 | class InvertedIndexObject {
[INFO] [stderr]         |       ^~~~~~~~~~~~~~~~~~~
[INFO] [stderr]   In file included from /opt/rustwide/cargo-home/registry/src/github.com-1ecc6299db9ec823/ngt-sys-1.13.7/NGT/lib/NGT/Index.h:32,
[INFO] [stderr]                    from /opt/rustwide/cargo-home/registry/src/github.com-1ecc6299db9ec823/ngt-sys-1.13.7/NGT/lib/NGT/NGTQ/QuantizedGraph.h:20,
[INFO] [stderr]                    from /opt/rustwide/cargo-home/registry/src/github.com-1ecc6299db9ec823/ngt-sys-1.13.7/NGT/lib/NGT/NGTQ/NGTQGCommand.h:18,
[INFO] [stderr]                    from /opt/rustwide/cargo-home/registry/src/github.com-1ecc6299db9ec823/ngt-sys-1.13.7/NGT/lib/NGT/NGTQ/NGTQGCommand.cpp:18:
[INFO] [stderr]   /opt/rustwide/cargo-home/registry/src/github.com-1ecc6299db9ec823/ngt-sys-1.13.7/NGT/lib/NGT/Common.h: In instantiation of 'void NGT::DynamicLengthVector<TYPE>::copy(TYPE&, const TYPE&) [with TYPE = NGTQ::InvertedIndexObject<unsigned int>]':
[INFO] [stderr]   /opt/rustwide/cargo-home/registry/src/github.com-1ecc6299db9ec823/ngt-sys-1.13.7/NGT/lib/NGT/Common.h:1296:4:   required from 'void NGT::DynamicLengthVector<TYPE>::resize(size_t, TYPE) [with TYPE = NGTQ::InvertedIndexObject<unsigned int>; size_t = long unsigned int]'
[INFO] [stderr]   /opt/rustwide/cargo-home/registry/src/github.com-1ecc6299db9ec823/ngt-sys-1.13.7/NGT/lib/NGT/NGTQ/Quantizer.h:130:19:   required from 'void NGTQ::InvertedIndexEntry<T>::deserialize(std::ifstream&, NGT::ObjectSpace*) [with T = unsigned int; std::ifstream = std::basic_ifstream<char>]'
[INFO] [stderr]   /opt/rustwide/cargo-home/registry/src/github.com-1ecc6299db9ec823/ngt-sys-1.13.7/NGT/lib/NGT/Common.h:1821:8:   required from 'void NGT::Repository<TYPE>::deserialize(std::ifstream&, NGT::ObjectSpace*) [with TYPE = NGTQ::InvertedIndexEntry<unsigned int>; std::ifstream = std::basic_ifstream<char>]'
[INFO] [stderr]   /opt/rustwide/cargo-home/registry/src/github.com-1ecc6299db9ec823/ngt-sys-1.13.7/NGT/lib/NGT/NGTQ/Quantizer.h:1540:5:   required from 'void NGTQ::QuantizerInstance<LOCAL_ID_TYPE>::open(const string&) [with LOCAL_ID_TYPE = unsigned int; std::string = std::__cxx11::basic_string<char>]'
[INFO] [stderr]   /opt/rustwide/cargo-home/registry/src/github.com-1ecc6299db9ec823/ngt-sys-1.13.7/NGT/lib/NGT/NGTQ/Quantizer.h:1519:8:   required from here
[INFO] [stderr]   /opt/rustwide/cargo-home/registry/src/github.com-1ecc6299db9ec823/ngt-sys-1.13.7/NGT/lib/NGT/Common.h:1220:13: warning: 'void* memcpy(void*, const void*, size_t)' writing to an object of type 'class NGTQ::InvertedIndexObject<unsigned int>' with no trivial copy-assignment; use copy-assignment or copy-initialization instead [-Wclass-memaccess]
[INFO] [stderr]    1220 |       memcpy(&dst, &src, elementSize);
[INFO] [stderr]         |       ~~~~~~^~~~~~~~~~~~~~~~~~~~~~~~~
[INFO] [stderr]   In file included from /opt/rustwide/cargo-home/registry/src/github.com-1ecc6299db9ec823/ngt-sys-1.13.7/NGT/lib/NGT/NGTQ/QuantizedGraph.h:21,
[INFO] [stderr]                    from /opt/rustwide/cargo-home/registry/src/github.com-1ecc6299db9ec823/ngt-sys-1.13.7/NGT/lib/NGT/NGTQ/NGTQGCommand.h:18,
[INFO] [stderr]                    from /opt/rustwide/cargo-home/registry/src/github.com-1ecc6299db9ec823/ngt-sys-1.13.7/NGT/lib/NGT/NGTQ/NGTQGCommand.cpp:18:
[INFO] [stderr]   /opt/rustwide/cargo-home/registry/src/github.com-1ecc6299db9ec823/ngt-sys-1.13.7/NGT/lib/NGT/NGTQ/Quantizer.h:46:7: note: 'class NGTQ::InvertedIndexObject<unsigned int>' declared here
[INFO] [stderr]      46 | class InvertedIndexObject {
[INFO] [stderr]         |       ^~~~~~~~~~~~~~~~~~~
[INFO] [stderr]   In file included from /opt/rustwide/cargo-home/registry/src/github.com-1ecc6299db9ec823/ngt-sys-1.13.7/NGT/lib/NGT/Index.h:32,
[INFO] [stderr]                    from /opt/rustwide/cargo-home/registry/src/github.com-1ecc6299db9ec823/ngt-sys-1.13.7/NGT/lib/NGT/NGTQ/QuantizedGraph.h:20,
[INFO] [stderr]                    from /opt/rustwide/cargo-home/registry/src/github.com-1ecc6299db9ec823/ngt-sys-1.13.7/NGT/lib/NGT/NGTQ/Capi.cpp:23:
[INFO] [stderr]   /opt/rustwide/cargo-home/registry/src/github.com-1ecc6299db9ec823/ngt-sys-1.13.7/NGT/lib/NGT/Common.h: In instantiation of 'void NGT::DynamicLengthVector<TYPE>::copy(TYPE&, const TYPE&) [with TYPE = NGTQ::InvertedIndexObject<short unsigned int>]':
[INFO] [stderr]   /opt/rustwide/cargo-home/registry/src/github.com-1ecc6299db9ec823/ngt-sys-1.13.7/NGT/lib/NGT/Common.h:1296:4:   required from 'void NGT::DynamicLengthVector<TYPE>::resize(size_t, TYPE) [with TYPE = NGTQ::InvertedIndexObject<short unsigned int>; size_t = long unsigned int]'
[INFO] [stderr]   /opt/rustwide/cargo-home/registry/src/github.com-1ecc6299db9ec823/ngt-sys-1.13.7/NGT/lib/NGT/NGTQ/Quantizer.h:2341:32:   required from 'void NGTQ::QuantizerInstance<LOCAL_ID_TYPE>::extractInvertedIndexObject(NGTQ::InvertedIndexEntry<short unsigned int>&) [with LOCAL_ID_TYPE = short unsigned int]'
[INFO] [stderr]   /opt/rustwide/cargo-home/registry/src/github.com-1ecc6299db9ec823/ngt-sys-1.13.7/NGT/lib/NGT/NGTQ/Quantizer.h:2320:9:   required from here
[INFO] [stderr]   /opt/rustwide/cargo-home/registry/src/github.com-1ecc6299db9ec823/ngt-sys-1.13.7/NGT/lib/NGT/Common.h:1220:13: warning: 'void* memcpy(void*, const void*, size_t)' writing to an object of type 'class NGTQ::InvertedIndexObject<short unsigned int>' with no trivial copy-assignment; use copy-assignment or copy-initialization instead [-Wclass-memaccess]
[INFO] [stderr]    1220 |       memcpy(&dst, &src, elementSize);
[INFO] [stderr]         |       ~~~~~~^~~~~~~~~~~~~~~~~~~~~~~~~
[INFO] [stderr]   In file included from /opt/rustwide/cargo-home/registry/src/github.com-1ecc6299db9ec823/ngt-sys-1.13.7/NGT/lib/NGT/NGTQ/QuantizedGraph.h:21,
[INFO] [stderr]                    from /opt/rustwide/cargo-home/registry/src/github.com-1ecc6299db9ec823/ngt-sys-1.13.7/NGT/lib/NGT/NGTQ/Capi.cpp:23:
[INFO] [stderr]   /opt/rustwide/cargo-home/registry/src/github.com-1ecc6299db9ec823/ngt-sys-1.13.7/NGT/lib/NGT/NGTQ/Quantizer.h:46:7: note: 'class NGTQ::InvertedIndexObject<short unsigned int>' declared here
[INFO] [stderr]      46 | class InvertedIndexObject {
[INFO] [stderr]         |       ^~~~~~~~~~~~~~~~~~~
[INFO] [stderr]   In file included from /opt/rustwide/cargo-home/registry/src/github.com-1ecc6299db9ec823/ngt-sys-1.13.7/NGT/lib/NGT/Index.h:32,
[INFO] [stderr]                    from /opt/rustwide/cargo-home/registry/src/github.com-1ecc6299db9ec823/ngt-sys-1.13.7/NGT/lib/NGT/NGTQ/QuantizedGraph.h:20,
[INFO] [stderr]                    from /opt/rustwide/cargo-home/registry/src/github.com-1ecc6299db9ec823/ngt-sys-1.13.7/NGT/lib/NGT/NGTQ/Capi.cpp:23:
[INFO] [stderr]   /opt/rustwide/cargo-home/registry/src/github.com-1ecc6299db9ec823/ngt-sys-1.13.7/NGT/lib/NGT/Common.h: In instantiation of 'void NGT::DynamicLengthVector<TYPE>::copy(TYPE&, const TYPE&) [with TYPE = NGTQ::InvertedIndexObject<unsigned int>]':
[INFO] [stderr]   /opt/rustwide/cargo-home/registry/src/github.com-1ecc6299db9ec823/ngt-sys-1.13.7/NGT/lib/NGT/Common.h:1296:4:   required from 'void NGT::DynamicLengthVector<TYPE>::resize(size_t, TYPE) [with TYPE = NGTQ::InvertedIndexObject<unsigned int>; size_t = long unsigned int]'
[INFO] [stderr]   /opt/rustwide/cargo-home/registry/src/github.com-1ecc6299db9ec823/ngt-sys-1.13.7/NGT/lib/NGT/NGTQ/Quantizer.h:130:19:   required from 'void NGTQ::InvertedIndexEntry<T>::deserialize(std::ifstream&, NGT::ObjectSpace*) [with T = unsigned int; std::ifstream = std::basic_ifstream<char>]'
[INFO] [stderr]   /opt/rustwide/cargo-home/registry/src/github.com-1ecc6299db9ec823/ngt-sys-1.13.7/NGT/lib/NGT/Common.h:1821:8:   required from 'void NGT::Repository<TYPE>::deserialize(std::ifstream&, NGT::ObjectSpace*) [with TYPE = NGTQ::InvertedIndexEntry<unsigned int>; std::ifstream = std::basic_ifstream<char>]'
[INFO] [stderr]   /opt/rustwide/cargo-home/registry/src/github.com-1ecc6299db9ec823/ngt-sys-1.13.7/NGT/lib/NGT/NGTQ/Quantizer.h:1540:5:   required from 'void NGTQ::QuantizerInstance<LOCAL_ID_TYPE>::open(const string&) [with LOCAL_ID_TYPE = unsigned int; std::string = std::__cxx11::basic_string<char>]'
[INFO] [stderr]   /opt/rustwide/cargo-home/registry/src/github.com-1ecc6299db9ec823/ngt-sys-1.13.7/NGT/lib/NGT/NGTQ/Quantizer.h:1519:8:   required from here
[INFO] [stderr]   /opt/rustwide/cargo-home/registry/src/github.com-1ecc6299db9ec823/ngt-sys-1.13.7/NGT/lib/NGT/Common.h:1220:13: warning: 'void* memcpy(void*, const void*, size_t)' writing to an object of type 'class NGTQ::InvertedIndexObject<unsigned int>' with no trivial copy-assignment; use copy-assignment or copy-initialization instead [-Wclass-memaccess]
[INFO] [stderr]    1220 |       memcpy(&dst, &src, elementSize);
[INFO] [stderr]         |       ~~~~~~^~~~~~~~~~~~~~~~~~~~~~~~~
[INFO] [stderr]   In file included from /opt/rustwide/cargo-home/registry/src/github.com-1ecc6299db9ec823/ngt-sys-1.13.7/NGT/lib/NGT/NGTQ/QuantizedGraph.h:21,
[INFO] [stderr]                    from /opt/rustwide/cargo-home/registry/src/github.com-1ecc6299db9ec823/ngt-sys-1.13.7/NGT/lib/NGT/NGTQ/Capi.cpp:23:
[INFO] [stderr]   /opt/rustwide/cargo-home/registry/src/github.com-1ecc6299db9ec823/ngt-sys-1.13.7/NGT/lib/NGT/NGTQ/Quantizer.h:46:7: note: 'class NGTQ::InvertedIndexObject<unsigned int>' declared here
[INFO] [stderr]      46 | class InvertedIndexObject {
[INFO] [stderr]         |       ^~~~~~~~~~~~~~~~~~~
[INFO] [stderr]   c++: fatal error: Killed signal terminated program cc1plus
[INFO] [stderr]   compilation terminated.
[INFO] [stderr]   make[2]: *** [lib/NGT/CMakeFiles/ngtstatic.dir/build.make:154: lib/NGT/CMakeFiles/ngtstatic.dir/NGTQ/NGTQGCommand.cpp.o] Error 1
[INFO] [stderr]   make[2]: *** Waiting for unfinished jobs....
[INFO] [stderr]   make[1]: *** [CMakeFiles/Makefile2:373: lib/NGT/CMakeFiles/ngtstatic.dir/all] Error 2
[INFO] [stderr]   make: *** [Makefile:130: all] Error 2
[INFO] [stderr]   thread 'main' panicked at '
[INFO] [stderr]   command did not execute successfully, got: exit status: 2
[INFO] [stderr] 
[INFO] [stderr]   build script failed, must exit now', /opt/rustwide/cargo-home/registry/src/github.com-1ecc6299db9ec823/cmake-0.1.46/src/lib.rs:974:5
[INFO] [stderr]   stack backtrace:
[INFO] [stderr]      0:     0x55f37c820ec0 - std::backtrace_rs::backtrace::libunwind::trace::ha0ad43e8a952bfe7
[INFO] [stderr]                                  at /rustc/c8dfcfe046a7680554bf4eb612bad840e7631c4b/library/std/src/../../backtrace/src/backtrace/libunwind.rs:90:5
[INFO] [stderr]      1:     0x55f37c820ec0 - std::backtrace_rs::backtrace::trace_unsynchronized::h6830419c0c4130dc
[INFO] [stderr]                                  at /rustc/c8dfcfe046a7680554bf4eb612bad840e7631c4b/library/std/src/../../backtrace/src/backtrace/mod.rs:66:5
[INFO] [stderr]      2:     0x55f37c820ec0 - std::sys_common::backtrace::_print_fmt::h8f3516631ffa1ef5
[INFO] [stderr]                                  at /rustc/c8dfcfe046a7680554bf4eb612bad840e7631c4b/library/std/src/sys_common/backtrace.rs:67:5
[INFO] [stderr]      3:     0x55f37c820ec0 - <std::sys_common::backtrace::_print::DisplayBacktrace as core::fmt::Display>::fmt::he1640d5f0d93f618
[INFO] [stderr]                                  at /rustc/c8dfcfe046a7680554bf4eb612bad840e7631c4b/library/std/src/sys_common/backtrace.rs:46:22
[INFO] [stderr]      4:     0x55f37c846b2c - core::fmt::write::h88012e1f01caeebf
[INFO] [stderr]                                  at /rustc/c8dfcfe046a7680554bf4eb612bad840e7631c4b/library/core/src/fmt/mod.rs:1115:17
[INFO] [stderr]      5:     0x55f37c81d845 - std::io::Write::write_fmt::h360fa85b30182555
[INFO] [stderr]                                  at /rustc/c8dfcfe046a7680554bf4eb612bad840e7631c4b/library/std/src/io/mod.rs:1665:15
[INFO] [stderr]      6:     0x55f37c82385b - std::sys_common::backtrace::_print::ha1f00492f406a015
[INFO] [stderr]                                  at /rustc/c8dfcfe046a7680554bf4eb612bad840e7631c4b/library/std/src/sys_common/backtrace.rs:49:5
[INFO] [stderr]      7:     0x55f37c82385b - std::sys_common::backtrace::print::hd54561b13feb6af3
[INFO] [stderr]                                  at /rustc/c8dfcfe046a7680554bf4eb612bad840e7631c4b/library/std/src/sys_common/backtrace.rs:36:9
[INFO] [stderr]      8:     0x55f37c82385b - std::panicking::default_hook::{{closure}}::h84fe124cd0864662
[INFO] [stderr]                                  at /rustc/c8dfcfe046a7680554bf4eb612bad840e7631c4b/library/std/src/panicking.rs:208:50
[INFO] [stderr]      9:     0x55f37c823331 - std::panicking::default_hook::h5a8e74a76ce290a7
[INFO] [stderr]                                  at /rustc/c8dfcfe046a7680554bf4eb612bad840e7631c4b/library/std/src/panicking.rs:225:9
[INFO] [stderr]     10:     0x55f37c823f24 - std::panicking::rust_panic_with_hook::h67c812a4fe9d4c91
[INFO] [stderr]                                  at /rustc/c8dfcfe046a7680554bf4eb612bad840e7631c4b/library/std/src/panicking.rs:622:17
[INFO] [stderr]     11:     0x55f37c823a07 - std::panicking::begin_panic_handler::{{closure}}::h33f9c1b96af300d7
[INFO] [stderr]                                  at /rustc/c8dfcfe046a7680554bf4eb612bad840e7631c4b/library/std/src/panicking.rs:519:13
[INFO] [stderr]     12:     0x55f37c8213bc - std::sys_common::backtrace::__rust_end_short_backtrace::h51bae64be5921f0e
[INFO] [stderr]                                  at /rustc/c8dfcfe046a7680554bf4eb612bad840e7631c4b/library/std/src/sys_common/backtrace.rs:141:18
[INFO] [stderr]     13:     0x55f37c823969 - rust_begin_unwind
[INFO] [stderr]                                  at /rustc/c8dfcfe046a7680554bf4eb612bad840e7631c4b/library/std/src/panicking.rs:515:5
[INFO] [stderr]     14:     0x55f37c282c8b - std::panicking::begin_panic_fmt::h7ab3d84aa4ae32a2
[INFO] [stderr]                                  at /rustc/c8dfcfe046a7680554bf4eb612bad840e7631c4b/library/std/src/panicking.rs:457:5
[INFO] [stderr]     15:     0x55f37c7a36b3 - cmake::fail::h37563b42d1514194
[INFO] [stderr]                                  at /opt/rustwide/cargo-home/registry/src/github.com-1ecc6299db9ec823/cmake-0.1.46/src/lib.rs:974:5
[INFO] [stderr]     16:     0x55f37c7a30c1 - cmake::run::h2ba85cd35f2f4643
[INFO] [stderr]                                  at /opt/rustwide/cargo-home/registry/src/github.com-1ecc6299db9ec823/cmake-0.1.46/src/lib.rs:952:9
[INFO] [stderr]     17:     0x55f37c79ff6b - cmake::Config::build::h3ffb65ac826e8246
[INFO] [stderr]                                  at /opt/rustwide/cargo-home/registry/src/github.com-1ecc6299db9ec823/cmake-0.1.46/src/lib.rs:832:9
[INFO] [stderr]     18:     0x55f37c28550c - build_script_build::main::hc8020300582b146a
[INFO] [stderr]                                  at /opt/rustwide/cargo-home/registry/src/github.com-1ecc6299db9ec823/ngt-sys-1.13.7/build.rs:15:15
[INFO] [stderr]     19:     0x55f37c2847bb - core::ops::function::FnOnce::call_once::h9670564968133f52
[INFO] [stderr]                                  at /rustc/c8dfcfe046a7680554bf4eb612bad840e7631c4b/library/core/src/ops/function.rs:227:5
[INFO] [stderr]     20:     0x55f37c284d0e - std::sys_common::backtrace::__rust_begin_short_backtrace::hf04383e7257d4523
[INFO] [stderr]                                  at /rustc/c8dfcfe046a7680554bf4eb612bad840e7631c4b/library/std/src/sys_common/backtrace.rs:125:18
[INFO] [stderr]     21:     0x55f37c285201 - std::rt::lang_start::{{closure}}::hafb1901db8dea973
[INFO] [stderr]                                  at /rustc/c8dfcfe046a7680554bf4eb612bad840e7631c4b/library/std/src/rt.rs:63:18
[INFO] [stderr]     22:     0x55f37c82452a - core::ops::function::impls::<impl core::ops::function::FnOnce<A> for &F>::call_once::ha9408abe89f69dc4
[INFO] [stderr]                                  at /rustc/c8dfcfe046a7680554bf4eb612bad840e7631c4b/library/core/src/ops/function.rs:259:13
[INFO] [stderr]     23:     0x55f37c82452a - std::panicking::try::do_call::h5b0cc9e9102acb65
[INFO] [stderr]                                  at /rustc/c8dfcfe046a7680554bf4eb612bad840e7631c4b/library/std/src/panicking.rs:401:40
[INFO] [stderr]     24:     0x55f37c82452a - std::panicking::try::hddc7f8229138b3ba
[INFO] [stderr]                                  at /rustc/c8dfcfe046a7680554bf4eb612bad840e7631c4b/library/std/src/panicking.rs:365:19
[INFO] [stderr]     25:     0x55f37c82452a - std::panic::catch_unwind::hfa401ff8bab2986e
[INFO] [stderr]                                  at /rustc/c8dfcfe046a7680554bf4eb612bad840e7631c4b/library/std/src/panic.rs:434:14
[INFO] [stderr]     26:     0x55f37c82452a - std::rt::lang_start_internal::{{closure}}::h8163422320d11405
[INFO] [stderr]                                  at /rustc/c8dfcfe046a7680554bf4eb612bad840e7631c4b/library/std/src/rt.rs:45:48
[INFO] [stderr]     27:     0x55f37c82452a - std::panicking::try::do_call::hc742cc7bb4f0fb20
[INFO] [stderr]                                  at /rustc/c8dfcfe046a7680554bf4eb612bad840e7631c4b/library/std/src/panicking.rs:401:40
[INFO] [stderr]     28:     0x55f37c82452a - std::panicking::try::ha37d8d2dd1acf7d3
[INFO] [stderr]                                  at /rustc/c8dfcfe046a7680554bf4eb612bad840e7631c4b/library/std/src/panicking.rs:365:19
[INFO] [stderr]     29:     0x55f37c82452a - std::panic::catch_unwind::h8a5381d5ecf437bc
[INFO] [stderr]                                  at /rustc/c8dfcfe046a7680554bf4eb612bad840e7631c4b/library/std/src/panic.rs:434:14
[INFO] [stderr]     30:     0x55f37c82452a - std::rt::lang_start_internal::h7e2cee8c90d4a4d3
[INFO] [stderr]                                  at /rustc/c8dfcfe046a7680554bf4eb612bad840e7631c4b/library/std/src/rt.rs:45:20
[INFO] [stderr]     31:     0x55f37c2851d0 - std::rt::lang_start::h12a44a8bf7e051b9
[INFO] [stderr]                                  at /rustc/c8dfcfe046a7680554bf4eb612bad840e7631c4b/library/std/src/rt.rs:62:5
[INFO] [stderr]     32:     0x55f37c285bec - main
[INFO] [stderr]     33:     0x7f4ab0d4a0b3 - __libc_start_main
[INFO] [stderr]     34:     0x55f37c28413e - _start
[INFO] [stderr]     35:                0x0 - <unknown>
[INFO] running `Command { std: "docker" "inspect" "5845ffc7394d5f659ab3c1b400617d075c3f14790af1ad6f3c311c163ecfc08e", kill_on_drop: false }`
[INFO] running `Command { std: "docker" "rm" "-f" "5845ffc7394d5f659ab3c1b400617d075c3f14790af1ad6f3c311c163ecfc08e", kill_on_drop: false }`
[INFO] [stdout] 5845ffc7394d5f659ab3c1b400617d075c3f14790af1ad6f3c311c163ecfc08e
