[INFO] fetching crate network-endian 0.1.5...
[INFO] checking network-endian-0.1.5 against beta-2021-10-15 for beta-1.56-3
[INFO] extracting crate network-endian 0.1.5 into /workspace/builds/worker-54/source
[INFO] validating manifest of crates.io crate network-endian 0.1.5 on toolchain beta-2021-10-15
[INFO] running `Command { std: "/workspace/cargo-home/bin/cargo" "+beta-2021-10-15" "metadata" "--manifest-path" "Cargo.toml" "--no-deps", kill_on_drop: false }`
[INFO] started tweaking crates.io crate network-endian 0.1.5
[INFO] finished tweaking crates.io crate network-endian 0.1.5
[INFO] tweaked toml for crates.io crate network-endian 0.1.5 written to /workspace/builds/worker-54/source/Cargo.toml
[INFO] running `Command { std: "/workspace/cargo-home/bin/cargo" "+beta-2021-10-15" "generate-lockfile" "--manifest-path" "Cargo.toml" "-Zno-index-update", kill_on_drop: false }`
[INFO] running `Command { std: "/workspace/cargo-home/bin/cargo" "+beta-2021-10-15" "fetch" "--manifest-path" "Cargo.toml", kill_on_drop: false }`
[INFO] [stderr]     Blocking waiting for file lock on package cache
[INFO] running `Command { std: "docker" "create" "-v" "/var/lib/crater-agent-workspace/builds/worker-54/target:/opt/rustwide/target:rw,Z" "-v" "/var/lib/crater-agent-workspace/builds/worker-54/source:/opt/rustwide/workdir:ro,Z" "-v" "/var/lib/crater-agent-workspace/cargo-home:/opt/rustwide/cargo-home:ro,Z" "-v" "/var/lib/crater-agent-workspace/rustup-home:/opt/rustwide/rustup-home:ro,Z" "-e" "SOURCE_DIR=/opt/rustwide/workdir" "-e" "CARGO_TARGET_DIR=/opt/rustwide/target" "-e" "CARGO_HOME=/opt/rustwide/cargo-home" "-e" "RUSTUP_HOME=/opt/rustwide/rustup-home" "-w" "/opt/rustwide/workdir" "-m" "1610612736" "--user" "0:0" "--network" "none" "ghcr.io/rust-lang/crates-build-env/linux@sha256:a89201d6b5b9fd45c15d5952ece0a0129e7e80cb26ec023fd59cf09bc26f1604" "/opt/rustwide/cargo-home/bin/cargo" "+beta-2021-10-15" "metadata" "--no-deps" "--format-version=1", kill_on_drop: false }`
[INFO] [stdout] 7ec9a4c3a4df8b914cd55cf9891eae275f1cbe700e05c118998c7f4dd6a77581
[INFO] running `Command { std: "docker" "start" "-a" "7ec9a4c3a4df8b914cd55cf9891eae275f1cbe700e05c118998c7f4dd6a77581", kill_on_drop: false }`
[INFO] running `Command { std: "docker" "inspect" "7ec9a4c3a4df8b914cd55cf9891eae275f1cbe700e05c118998c7f4dd6a77581", kill_on_drop: false }`
[INFO] running `Command { std: "docker" "rm" "-f" "7ec9a4c3a4df8b914cd55cf9891eae275f1cbe700e05c118998c7f4dd6a77581", kill_on_drop: false }`
[INFO] [stdout] 7ec9a4c3a4df8b914cd55cf9891eae275f1cbe700e05c118998c7f4dd6a77581
[INFO] running `Command { std: "docker" "create" "-v" "/var/lib/crater-agent-workspace/builds/worker-54/target:/opt/rustwide/target:rw,Z" "-v" "/var/lib/crater-agent-workspace/builds/worker-54/source:/opt/rustwide/workdir:ro,Z" "-v" "/var/lib/crater-agent-workspace/cargo-home:/opt/rustwide/cargo-home:ro,Z" "-v" "/var/lib/crater-agent-workspace/rustup-home:/opt/rustwide/rustup-home:ro,Z" "-e" "SOURCE_DIR=/opt/rustwide/workdir" "-e" "CARGO_TARGET_DIR=/opt/rustwide/target" "-e" "CARGO_INCREMENTAL=0" "-e" "RUST_BACKTRACE=full" "-e" "RUSTFLAGS=--cap-lints=warn" "-e" "CARGO_HOME=/opt/rustwide/cargo-home" "-e" "RUSTUP_HOME=/opt/rustwide/rustup-home" "-w" "/opt/rustwide/workdir" "-m" "1610612736" "--user" "0:0" "--network" "none" "ghcr.io/rust-lang/crates-build-env/linux@sha256:a89201d6b5b9fd45c15d5952ece0a0129e7e80cb26ec023fd59cf09bc26f1604" "/opt/rustwide/cargo-home/bin/cargo" "+beta-2021-10-15" "check" "--frozen" "--all" "--all-targets" "--message-format=json", kill_on_drop: false }`
[INFO] [stdout] 2758f221f2819032af70cd6c4df3ac3f45000106a281d350829df334b9e36cdc
[INFO] running `Command { std: "docker" "start" "-a" "2758f221f2819032af70cd6c4df3ac3f45000106a281d350829df334b9e36cdc", kill_on_drop: false }`
[INFO] [stderr]     Blocking waiting for file lock on package cache
[INFO] [stderr]     Checking network-endian v0.1.5 (/opt/rustwide/workdir)
[INFO] [stdout] error[E0557]: feature has been removed
[INFO] [stdout]  --> src/lib.rs:7:12
[INFO] [stdout]   |
[INFO] [stdout] 7 | #![feature(const_fn)]
[INFO] [stdout]   |            ^^^^^^^^ feature has been removed
[INFO] [stdout]   |
[INFO] [stdout]   = note: split into finer-grained feature gates
[INFO] [stdout] 
[INFO] [stdout] 
[INFO] [stdout] error[E0557]: feature has been removed
[INFO] [stdout]  --> src/lib.rs:7:12
[INFO] [stdout]   |
[INFO] [stdout] 7 | #![feature(const_fn)]
[INFO] [stdout]   |            ^^^^^^^^ feature has been removed
[INFO] [stdout]   |
[INFO] [stdout]   = note: split into finer-grained feature gates
[INFO] [stdout] 
[INFO] [stdout] 
[INFO] [stdout] error[E0554]: `#![feature]` may not be used on the beta release channel
[INFO] [stdout]  --> src/lib.rs:7:1
[INFO] [stdout]   |
[INFO] [stdout] 7 | #![feature(const_fn)]
[INFO] [stdout]   | ^^^^^^^^^^^^^^^^^^^^^
[INFO] [stdout] 
[INFO] [stdout] 
[INFO] [stdout] error[E0554]: `#![feature]` may not be used on the beta release channel
[INFO] [stdout]  --> src/lib.rs:7:1
[INFO] [stdout]   |
[INFO] [stdout] 7 | #![feature(const_fn)]
[INFO] [stdout]   | ^^^^^^^^^^^^^^^^^^^^^
[INFO] [stdout] 
[INFO] [stdout] 
[INFO] [stdout] warning: `#[inline]` is ignored on function prototypes
[INFO] [stdout]   --> src/NetworkEndian.rs:15:2
[INFO] [stdout]    |
[INFO] [stdout] 15 |     #[inline(always)]
[INFO] [stdout]    |     ^^^^^^^^^^^^^^^^^
[INFO] [stdout]    |
[INFO] [stdout]    = note: `#[warn(unused_attributes)]` on by default
[INFO] [stdout] 
[INFO] [stdout] 
[INFO] [stdout] warning: `#[inline]` is ignored on function prototypes
[INFO] [stdout]   --> src/NetworkEndian.rs:19:2
[INFO] [stdout]    |
[INFO] [stdout] 19 |     #[inline(always)]
[INFO] [stdout]    |     ^^^^^^^^^^^^^^^^^
[INFO] [stdout] 
[INFO] [stdout] 
[INFO] [stdout] warning: `#[inline]` is ignored on function prototypes
[INFO] [stdout]   --> src/NetworkEndian.rs:23:2
[INFO] [stdout]    |
[INFO] [stdout] 23 |     #[inline(always)]
[INFO] [stdout]    |     ^^^^^^^^^^^^^^^^^
[INFO] [stdout] 
[INFO] [stdout] 
[INFO] [stdout] warning: `#[inline]` is ignored on function prototypes
[INFO] [stdout]   --> src/NetworkEndian.rs:15:2
[INFO] [stdout]    |
[INFO] [stdout] 15 |     #[inline(always)]
[INFO] [stdout]    |     ^^^^^^^^^^^^^^^^^
[INFO] [stdout]    |
[INFO] [stdout]    = note: `#[warn(unused_attributes)]` on by default
[INFO] [stdout] 
[INFO] [stdout] 
[INFO] [stdout] warning: `#[inline]` is ignored on function prototypes
[INFO] [stdout]   --> src/NetworkEndian.rs:19:2
[INFO] [stdout]    |
[INFO] [stdout] 19 |     #[inline(always)]
[INFO] [stdout]    |     ^^^^^^^^^^^^^^^^^
[INFO] [stdout] 
[INFO] [stdout] 
[INFO] [stdout] warning: `#[inline]` is ignored on function prototypes
[INFO] [stdout]   --> src/NetworkEndian.rs:23:2
[INFO] [stdout]    |
[INFO] [stdout] 23 |     #[inline(always)]
[INFO] [stdout]    |     ^^^^^^^^^^^^^^^^^
[INFO] [stdout] 
[INFO] [stdout] 
[INFO] [stdout] error[E0599]: no function or associated item named `from_bytes` found for type `u16` in the current scope
[INFO] [stdout]   --> src/NetworkEndianU16.rs:16:21
[INFO] [stdout]    |
[INFO] [stdout] 16 |         u16::from_be(u16::from_bytes(self.0)).partial_cmp(&u16::from_be(u16::from_bytes(other.0)))
[INFO] [stdout]    |                           ^^^^^^^^^^
[INFO] [stdout]    |                           |
[INFO] [stdout]    |                           function or associated item not found in `u16`
[INFO] [stdout]    |                           help: there is an associated function with a similar name: `from_be`
[INFO] [stdout] 
[INFO] [stdout] 
[INFO] [stdout] error[E0599]: no function or associated item named `from_bytes` found for type `u16` in the current scope
[INFO] [stdout]   --> src/NetworkEndianU16.rs:16:72
[INFO] [stdout]    |
[INFO] [stdout] 16 |         u16::from_be(u16::from_bytes(self.0)).partial_cmp(&u16::from_be(u16::from_bytes(other.0)))
[INFO] [stdout]    |                                                                              ^^^^^^^^^^
[INFO] [stdout]    |                                                                              |
[INFO] [stdout]    |                                                                              function or associated item not found in `u16`
[INFO] [stdout]    |                                                                              help: there is an associated function with a similar name: `from_be`
[INFO] [stdout] 
[INFO] [stdout] 
[INFO] [stdout] error[E0599]: no function or associated item named `from_bytes` found for type `u16` in the current scope
[INFO] [stdout]   --> src/NetworkEndianU16.rs:25:21
[INFO] [stdout]    |
[INFO] [stdout] 25 |         u16::from_be(u16::from_bytes(self.0)).cmp(&u16::from_be(u16::from_bytes(other.0)))
[INFO] [stdout]    |                           ^^^^^^^^^^
[INFO] [stdout]    |                           |
[INFO] [stdout]    |                           function or associated item not found in `u16`
[INFO] [stdout]    |                           help: there is an associated function with a similar name: `from_be`
[INFO] [stdout] 
[INFO] [stdout] 
[INFO] [stdout] error[E0599]: no function or associated item named `from_bytes` found for type `u16` in the current scope
[INFO] [stdout]   --> src/NetworkEndianU16.rs:25:64
[INFO] [stdout]    |
[INFO] [stdout] 25 |         u16::from_be(u16::from_bytes(self.0)).cmp(&u16::from_be(u16::from_bytes(other.0)))
[INFO] [stdout]    |                                                                      ^^^^^^^^^^
[INFO] [stdout]    |                                                                      |
[INFO] [stdout]    |                                                                      function or associated item not found in `u16`
[INFO] [stdout]    |                                                                      help: there is an associated function with a similar name: `from_be`
[INFO] [stdout] 
[INFO] [stdout] 
[INFO] [stdout] error[E0599]: no method named `to_bytes` found for type `u16` in the current scope
[INFO] [stdout]    --> src/NetworkEndianU16.rs:113:42
[INFO] [stdout]     |
[INFO] [stdout] 113 |         NetworkEndianU16(native_endian.to_be().to_bytes())
[INFO] [stdout]     |                                                ^^^^^^^^ method not found in `u16`
[INFO] [stdout]     |
[INFO] [stdout]     = help: items from traits can only be used if the trait is implemented and in scope
[INFO] [stdout] note: `NetworkEndian` defines an item `to_bytes`, perhaps you need to implement it
[INFO] [stdout]    --> src/NetworkEndian.rs:6:1
[INFO] [stdout]     |
[INFO] [stdout] 6   | pub trait NetworkEndian: Sized + Default + Debug + Copy + Clone + PartialOrd + Ord + PartialEq + Eq + Hash + Display + Serialize + DeserializeOwned
[INFO] [stdout]     | ^^^^^^^^^^^^^^^^^^^^^^^^^^^^^^^^^^^^^^^^^^^^^^^^^^^^^^^^^^^^^^^^^^^^^^^^^^^^^^^^^^^^^^^^^^^^^^^^^^^^^^^^^^^^^^^^^^^^^^^^^^^^^^^^^^^^^^^^^^^^^^^^^^^
[INFO] [stdout] 
[INFO] [stdout] 
[INFO] [stdout] error[E0599]: no function or associated item named `from_bytes` found for type `u16` in the current scope
[INFO] [stdout]    --> src/NetworkEndianU16.rs:126:8
[INFO] [stdout]     |
[INFO] [stdout] 126 |         u16::from_bytes(self.0)
[INFO] [stdout]     |              ^^^^^^^^^^
[INFO] [stdout]     |              |
[INFO] [stdout]     |              function or associated item not found in `u16`
[INFO] [stdout]     |              help: there is an associated function with a similar name: `from_be`
[INFO] [stdout] 
[INFO] [stdout] 
[INFO] [stdout] error[E0599]: no function or associated item named `from_bytes` found for type `u16` in the current scope
[INFO] [stdout]   --> src/NetworkEndianU16.rs:16:21
[INFO] [stdout]    |
[INFO] [stdout] 16 |         u16::from_be(u16::from_bytes(self.0)).partial_cmp(&u16::from_be(u16::from_bytes(other.0)))
[INFO] [stdout]    |                           ^^^^^^^^^^
[INFO] [stdout]    |                           |
[INFO] [stdout]    |                           function or associated item not found in `u16`
[INFO] [stdout]    |                           help: there is an associated function with a similar name: `from_be`
[INFO] [stdout] 
[INFO] [stdout] 
[INFO] [stdout] error[E0599]: no function or associated item named `from_bytes` found for type `u16` in the current scope
[INFO] [stdout]   --> src/NetworkEndianU16.rs:16:72
[INFO] [stdout]    |
[INFO] [stdout] 16 |         u16::from_be(u16::from_bytes(self.0)).partial_cmp(&u16::from_be(u16::from_bytes(other.0)))
[INFO] [stdout]    |                                                                              ^^^^^^^^^^
[INFO] [stdout]    |                                                                              |
[INFO] [stdout]    |                                                                              function or associated item not found in `u16`
[INFO] [stdout]    |                                                                              help: there is an associated function with a similar name: `from_be`
[INFO] [stdout] 
[INFO] [stdout] 
[INFO] [stdout] error[E0599]: no function or associated item named `from_bytes` found for type `u16` in the current scope
[INFO] [stdout]   --> src/NetworkEndianU16.rs:25:21
[INFO] [stdout]    |
[INFO] [stdout] 25 |         u16::from_be(u16::from_bytes(self.0)).cmp(&u16::from_be(u16::from_bytes(other.0)))
[INFO] [stdout]    |                           ^^^^^^^^^^
[INFO] [stdout]    |                           |
[INFO] [stdout]    |                           function or associated item not found in `u16`
[INFO] [stdout]    |                           help: there is an associated function with a similar name: `from_be`
[INFO] [stdout] 
[INFO] [stdout] 
[INFO] [stdout] error[E0599]: no function or associated item named `from_bytes` found for type `u16` in the current scope
[INFO] [stdout]   --> src/NetworkEndianU16.rs:25:64
[INFO] [stdout]    |
[INFO] [stdout] 25 |         u16::from_be(u16::from_bytes(self.0)).cmp(&u16::from_be(u16::from_bytes(other.0)))
[INFO] [stdout]    |                                                                      ^^^^^^^^^^
[INFO] [stdout]    |                                                                      |
[INFO] [stdout]    |                                                                      function or associated item not found in `u16`
[INFO] [stdout]    |                                                                      help: there is an associated function with a similar name: `from_be`
[INFO] [stdout] 
[INFO] [stdout] 
[INFO] [stdout] error[E0599]: no function or associated item named `from_bytes` found for type `u32` in the current scope
[INFO] [stdout]   --> src/NetworkEndianU32.rs:16:21
[INFO] [stdout]    |
[INFO] [stdout] 16 |         u32::from_be(u32::from_bytes(self.0)).partial_cmp(&u32::from_be(u32::from_bytes(other.0)))
[INFO] [stdout]    |                           ^^^^^^^^^^
[INFO] [stdout]    |                           |
[INFO] [stdout]    |                           function or associated item not found in `u32`
[INFO] [stdout]    |                           help: there is an associated function with a similar name: `from_be`
[INFO] [stdout] 
[INFO] [stdout] 
[INFO] [stdout] error[E0599]: no function or associated item named `from_bytes` found for type `u32` in the current scope
[INFO] [stdout]   --> src/NetworkEndianU32.rs:16:72
[INFO] [stdout]    |
[INFO] [stdout] 16 |         u32::from_be(u32::from_bytes(self.0)).partial_cmp(&u32::from_be(u32::from_bytes(other.0)))
[INFO] [stdout]    |                                                                              ^^^^^^^^^^
[INFO] [stdout]    |                                                                              |
[INFO] [stdout]    |                                                                              function or associated item not found in `u32`
[INFO] [stdout]    |                                                                              help: there is an associated function with a similar name: `from_be`
[INFO] [stdout] 
[INFO] [stdout] 
[INFO] [stdout] error[E0599]: no function or associated item named `from_bytes` found for type `u32` in the current scope
[INFO] [stdout]   --> src/NetworkEndianU32.rs:25:21
[INFO] [stdout]    |
[INFO] [stdout] 25 |         u32::from_be(u32::from_bytes(self.0)).cmp(&u32::from_be(u32::from_bytes(other.0)))
[INFO] [stdout]    |                           ^^^^^^^^^^
[INFO] [stdout]    |                           |
[INFO] [stdout]    |                           function or associated item not found in `u32`
[INFO] [stdout]    |                           help: there is an associated function with a similar name: `from_be`
[INFO] [stdout] 
[INFO] [stdout] 
[INFO] [stdout] error[E0599]: no function or associated item named `from_bytes` found for type `u32` in the current scope
[INFO] [stdout]   --> src/NetworkEndianU32.rs:25:64
[INFO] [stdout]    |
[INFO] [stdout] 25 |         u32::from_be(u32::from_bytes(self.0)).cmp(&u32::from_be(u32::from_bytes(other.0)))
[INFO] [stdout]    |                                                                      ^^^^^^^^^^
[INFO] [stdout]    |                                                                      |
[INFO] [stdout]    |                                                                      function or associated item not found in `u32`
[INFO] [stdout]    |                                                                      help: there is an associated function with a similar name: `from_be`
[INFO] [stdout] 
[INFO] [stdout] 
[INFO] [stdout] error[E0599]: no method named `to_bytes` found for type `u32` in the current scope
[INFO] [stdout]    --> src/NetworkEndianU32.rs:116:42
[INFO] [stdout]     |
[INFO] [stdout] 116 |         NetworkEndianU32(native_endian.to_be().to_bytes())
[INFO] [stdout]     |                                                ^^^^^^^^ method not found in `u32`
[INFO] [stdout]     |
[INFO] [stdout]     = help: items from traits can only be used if the trait is implemented and in scope
[INFO] [stdout] note: `NetworkEndian` defines an item `to_bytes`, perhaps you need to implement it
[INFO] [stdout]    --> src/NetworkEndian.rs:6:1
[INFO] [stdout]     |
[INFO] [stdout] 6   | pub trait NetworkEndian: Sized + Default + Debug + Copy + Clone + PartialOrd + Ord + PartialEq + Eq + Hash + Display + Serialize + DeserializeOwned
[INFO] [stdout]     | ^^^^^^^^^^^^^^^^^^^^^^^^^^^^^^^^^^^^^^^^^^^^^^^^^^^^^^^^^^^^^^^^^^^^^^^^^^^^^^^^^^^^^^^^^^^^^^^^^^^^^^^^^^^^^^^^^^^^^^^^^^^^^^^^^^^^^^^^^^^^^^^^^^^
[INFO] [stdout] 
[INFO] [stdout] 
[INFO] [stdout] error[E0599]: no function or associated item named `from_bytes` found for type `u32` in the current scope
[INFO] [stdout]    --> src/NetworkEndianU32.rs:129:8
[INFO] [stdout]     |
[INFO] [stdout] 129 |         u32::from_bytes(self.0)
[INFO] [stdout]     |              ^^^^^^^^^^
[INFO] [stdout]     |              |
[INFO] [stdout]     |              function or associated item not found in `u32`
[INFO] [stdout]     |              help: there is an associated function with a similar name: `from_be`
[INFO] [stdout] 
[INFO] [stdout] 
[INFO] [stdout] error[E0599]: no method named `to_bytes` found for type `u16` in the current scope
[INFO] [stdout]    --> src/NetworkEndianU16.rs:113:42
[INFO] [stdout]     |
[INFO] [stdout] 113 |         NetworkEndianU16(native_endian.to_be().to_bytes())
[INFO] [stdout]     |                                                ^^^^^^^^ method not found in `u16`
[INFO] [stdout]     |
[INFO] [stdout]     = help: items from traits can only be used if the trait is implemented and in scope
[INFO] [stdout] note: `NetworkEndian` defines an item `to_bytes`, perhaps you need to implement it
[INFO] [stdout]    --> src/NetworkEndian.rs:6:1
[INFO] [stdout]     |
[INFO] [stdout] 6   | pub trait NetworkEndian: Sized + Default + Debug + Copy + Clone + PartialOrd + Ord + PartialEq + Eq + Hash + Display + Serialize + DeserializeOwned
[INFO] [stdout]     | ^^^^^^^^^^^^^^^^^^^^^^^^^^^^^^^^^^^^^^^^^^^^^^^^^^^^^^^^^^^^^^^^^^^^^^^^^^^^^^^^^^^^^^^^^^^^^^^^^^^^^^^^^^^^^^^^^^^^^^^^^^^^^^^^^^^^^^^^^^^^^^^^^^^
[INFO] [stdout] 
[INFO] [stdout] 
[INFO] [stdout] error[E0599]: no function or associated item named `from_bytes` found for type `u16` in the current scope
[INFO] [stdout]    --> src/NetworkEndianU16.rs:126:8
[INFO] [stdout]     |
[INFO] [stdout] 126 |         u16::from_bytes(self.0)
[INFO] [stdout]     |              ^^^^^^^^^^
[INFO] [stdout]     |              |
[INFO] [stdout]     |              function or associated item not found in `u16`
[INFO] [stdout]     |              help: there is an associated function with a similar name: `from_be`
[INFO] [stdout] 
[INFO] [stdout] 
[INFO] [stdout] error[E0599]: no function or associated item named `from_bytes` found for type `u128` in the current scope
[INFO] [stdout]   --> src/NetworkEndianU128.rs:16:23
[INFO] [stdout]    |
[INFO] [stdout] 16 |         u128::from_be(u128::from_bytes(self.0)).partial_cmp(&u128::from_be(u128::from_bytes(other.0)))
[INFO] [stdout]    |                             ^^^^^^^^^^
[INFO] [stdout]    |                             |
[INFO] [stdout]    |                             function or associated item not found in `u128`
[INFO] [stdout]    |                             help: there is an associated function with a similar name: `from_be`
[INFO] [stdout] 
[INFO] [stdout] 
[INFO] [stdout] error[E0599]: no function or associated item named `from_bytes` found for type `u128` in the current scope
[INFO] [stdout]   --> src/NetworkEndianU128.rs:16:76
[INFO] [stdout]    |
[INFO] [stdout] 16 |         u128::from_be(u128::from_bytes(self.0)).partial_cmp(&u128::from_be(u128::from_bytes(other.0)))
[INFO] [stdout]    |                                                                                  ^^^^^^^^^^
[INFO] [stdout]    |                                                                                  |
[INFO] [stdout]    |                                                                                  function or associated item not found in `u128`
[INFO] [stdout]    |                                                                                  help: there is an associated function with a similar name: `from_be`
[INFO] [stdout] 
[INFO] [stdout] 
[INFO] [stdout] error[E0599]: no function or associated item named `from_bytes` found for type `u128` in the current scope
[INFO] [stdout]   --> src/NetworkEndianU128.rs:25:23
[INFO] [stdout]    |
[INFO] [stdout] 25 |         u128::from_be(u128::from_bytes(self.0)).cmp(&u128::from_be(u128::from_bytes(other.0)))
[INFO] [stdout]    |                             ^^^^^^^^^^
[INFO] [stdout]    |                             |
[INFO] [stdout]    |                             function or associated item not found in `u128`
[INFO] [stdout]    |                             help: there is an associated function with a similar name: `from_be`
[INFO] [stdout] 
[INFO] [stdout] 
[INFO] [stdout] error[E0599]: no function or associated item named `from_bytes` found for type `u128` in the current scope
[INFO] [stdout]   --> src/NetworkEndianU128.rs:25:68
[INFO] [stdout]    |
[INFO] [stdout] 25 |         u128::from_be(u128::from_bytes(self.0)).cmp(&u128::from_be(u128::from_bytes(other.0)))
[INFO] [stdout]    |                                                                          ^^^^^^^^^^
[INFO] [stdout]    |                                                                          |
[INFO] [stdout]    |                                                                          function or associated item not found in `u128`
[INFO] [stdout]    |                                                                          help: there is an associated function with a similar name: `from_be`
[INFO] [stdout] 
[INFO] [stdout] 
[INFO] [stdout] error[E0599]: no method named `to_bytes` found for type `u128` in the current scope
[INFO] [stdout]    --> src/NetworkEndianU128.rs:113:43
[INFO] [stdout]     |
[INFO] [stdout] 113 |         NetworkEndianU128(native_endian.to_be().to_bytes())
[INFO] [stdout]     |                                                 ^^^^^^^^ method not found in `u128`
[INFO] [stdout]     |
[INFO] [stdout]     = help: items from traits can only be used if the trait is implemented and in scope
[INFO] [stdout] note: `NetworkEndian` defines an item `to_bytes`, perhaps you need to implement it
[INFO] [stdout]    --> src/NetworkEndian.rs:6:1
[INFO] [stdout]     |
[INFO] [stdout] 6   | pub trait NetworkEndian: Sized + Default + Debug + Copy + Clone + PartialOrd + Ord + PartialEq + Eq + Hash + Display + Serialize + DeserializeOwned
[INFO] [stdout]     | ^^^^^^^^^^^^^^^^^^^^^^^^^^^^^^^^^^^^^^^^^^^^^^^^^^^^^^^^^^^^^^^^^^^^^^^^^^^^^^^^^^^^^^^^^^^^^^^^^^^^^^^^^^^^^^^^^^^^^^^^^^^^^^^^^^^^^^^^^^^^^^^^^^^
[INFO] [stdout] 
[INFO] [stdout] 
[INFO] [stdout] error[E0599]: no function or associated item named `from_bytes` found for type `u32` in the current scope
[INFO] [stdout]   --> src/NetworkEndianU32.rs:16:21
[INFO] [stdout]    |
[INFO] [stdout] 16 |         u32::from_be(u32::from_bytes(self.0)).partial_cmp(&u32::from_be(u32::from_bytes(other.0)))
[INFO] [stdout]    |                           ^^^^^^^^^^
[INFO] [stdout]    |                           |
[INFO] [stdout]    |                           function or associated item not found in `u32`
[INFO] [stdout]    |                           help: there is an associated function with a similar name: `from_be`
[INFO] [stdout] 
[INFO] [stdout] 
[INFO] [stdout] error[E0599]: no function or associated item named `from_bytes` found for type `u128` in the current scope
[INFO] [stdout]    --> src/NetworkEndianU128.rs:126:9
[INFO] [stdout]     |
[INFO] [stdout] 126 |         u128::from_bytes(self.0)
[INFO] [stdout]     |               ^^^^^^^^^^
[INFO] [stdout]     |               |
[INFO] [stdout]     |               function or associated item not found in `u128`
[INFO] [stdout]     |               help: there is an associated function with a similar name: `from_be`
[INFO] [stdout] 
[INFO] [stdout] 
[INFO] [stdout] error[E0599]: no function or associated item named `from_bytes` found for type `u32` in the current scope
[INFO] [stdout]   --> src/NetworkEndianU32.rs:16:72
[INFO] [stdout]    |
[INFO] [stdout] 16 |         u32::from_be(u32::from_bytes(self.0)).partial_cmp(&u32::from_be(u32::from_bytes(other.0)))
[INFO] [stdout]    |                                                                              ^^^^^^^^^^
[INFO] [stdout]    |                                                                              |
[INFO] [stdout]    |                                                                              function or associated item not found in `u32`
[INFO] [stdout]    |                                                                              help: there is an associated function with a similar name: `from_be`
[INFO] [stdout] 
[INFO] [stdout] 
[INFO] [stdout] error[E0599]: no function or associated item named `from_bytes` found for type `u32` in the current scope
[INFO] [stdout]   --> src/NetworkEndianU32.rs:25:21
[INFO] [stdout]    |
[INFO] [stdout] 25 |         u32::from_be(u32::from_bytes(self.0)).cmp(&u32::from_be(u32::from_bytes(other.0)))
[INFO] [stdout]    |                           ^^^^^^^^^^
[INFO] [stdout]    |                           |
[INFO] [stdout]    |                           function or associated item not found in `u32`
[INFO] [stdout]    |                           help: there is an associated function with a similar name: `from_be`
[INFO] [stdout] 
[INFO] [stdout] 
[INFO] [stdout] error[E0599]: no function or associated item named `from_bytes` found for type `u32` in the current scope
[INFO] [stdout]   --> src/NetworkEndianU32.rs:25:64
[INFO] [stdout]    |
[INFO] [stdout] 25 |         u32::from_be(u32::from_bytes(self.0)).cmp(&u32::from_be(u32::from_bytes(other.0)))
[INFO] [stdout]    |                                                                      ^^^^^^^^^^
[INFO] [stdout]    |                                                                      |
[INFO] [stdout]    |                                                                      function or associated item not found in `u32`
[INFO] [stdout]    |                                                                      help: there is an associated function with a similar name: `from_be`
[INFO] [stdout] 
[INFO] [stdout] 
[INFO] [stdout] error: aborting due to 20 previous errors; 3 warnings emitted
[INFO] [stdout] 
[INFO] [stdout] 
[INFO] [stdout] Some errors have detailed explanations: E0554, E0557, E0599.
[INFO] [stdout] 
[INFO] [stdout] For more information about an error, try `rustc --explain E0554`.
[INFO] [stdout] 
[INFO] [stderr] error: could not compile `network-endian` due to 21 previous errors; 3 warnings emitted
[INFO] [stderr] warning: build failed, waiting for other jobs to finish...
[INFO] [stdout] error[E0599]: no method named `to_bytes` found for type `u32` in the current scope
[INFO] [stdout]    --> src/NetworkEndianU32.rs:116:42
[INFO] [stdout]     |
[INFO] [stdout] 116 |         NetworkEndianU32(native_endian.to_be().to_bytes())
[INFO] [stdout]     |                                                ^^^^^^^^ method not found in `u32`
[INFO] [stdout]     |
[INFO] [stdout]     = help: items from traits can only be used if the trait is implemented and in scope
[INFO] [stdout] note: `NetworkEndian` defines an item `to_bytes`, perhaps you need to implement it
[INFO] [stdout]    --> src/NetworkEndian.rs:6:1
[INFO] [stdout]     |
[INFO] [stdout] 6   | pub trait NetworkEndian: Sized + Default + Debug + Copy + Clone + PartialOrd + Ord + PartialEq + Eq + Hash + Display + Serialize + DeserializeOwned
[INFO] [stdout]     | ^^^^^^^^^^^^^^^^^^^^^^^^^^^^^^^^^^^^^^^^^^^^^^^^^^^^^^^^^^^^^^^^^^^^^^^^^^^^^^^^^^^^^^^^^^^^^^^^^^^^^^^^^^^^^^^^^^^^^^^^^^^^^^^^^^^^^^^^^^^^^^^^^^^
[INFO] [stdout] 
[INFO] [stdout] 
[INFO] [stdout] error[E0599]: no function or associated item named `from_bytes` found for type `u32` in the current scope
[INFO] [stdout]    --> src/NetworkEndianU32.rs:129:8
[INFO] [stdout]     |
[INFO] [stdout] 129 |         u32::from_bytes(self.0)
[INFO] [stdout]     |              ^^^^^^^^^^
[INFO] [stdout]     |              |
[INFO] [stdout]     |              function or associated item not found in `u32`
[INFO] [stdout]     |              help: there is an associated function with a similar name: `from_be`
[INFO] [stdout] 
[INFO] [stdout] 
[INFO] [stdout] error[E0599]: no function or associated item named `from_bytes` found for type `u128` in the current scope
[INFO] [stdout]   --> src/NetworkEndianU128.rs:16:23
[INFO] [stdout]    |
[INFO] [stdout] 16 |         u128::from_be(u128::from_bytes(self.0)).partial_cmp(&u128::from_be(u128::from_bytes(other.0)))
[INFO] [stdout]    |                             ^^^^^^^^^^
[INFO] [stdout]    |                             |
[INFO] [stdout]    |                             function or associated item not found in `u128`
[INFO] [stdout]    |                             help: there is an associated function with a similar name: `from_be`
[INFO] [stdout] 
[INFO] [stdout] 
[INFO] [stdout] error[E0599]: no function or associated item named `from_bytes` found for type `u128` in the current scope
[INFO] [stdout]   --> src/NetworkEndianU128.rs:16:76
[INFO] [stdout]    |
[INFO] [stdout] 16 |         u128::from_be(u128::from_bytes(self.0)).partial_cmp(&u128::from_be(u128::from_bytes(other.0)))
[INFO] [stdout]    |                                                                                  ^^^^^^^^^^
[INFO] [stdout]    |                                                                                  |
[INFO] [stdout]    |                                                                                  function or associated item not found in `u128`
[INFO] [stdout]    |                                                                                  help: there is an associated function with a similar name: `from_be`
[INFO] [stdout] 
[INFO] [stdout] 
[INFO] [stdout] error[E0599]: no function or associated item named `from_bytes` found for type `u128` in the current scope
[INFO] [stdout]   --> src/NetworkEndianU128.rs:25:23
[INFO] [stdout]    |
[INFO] [stdout] 25 |         u128::from_be(u128::from_bytes(self.0)).cmp(&u128::from_be(u128::from_bytes(other.0)))
[INFO] [stdout]    |                             ^^^^^^^^^^
[INFO] [stdout]    |                             |
[INFO] [stdout]    |                             function or associated item not found in `u128`
[INFO] [stdout]    |                             help: there is an associated function with a similar name: `from_be`
[INFO] [stdout] 
[INFO] [stdout] 
[INFO] [stdout] error[E0599]: no function or associated item named `from_bytes` found for type `u128` in the current scope
[INFO] [stdout]   --> src/NetworkEndianU128.rs:25:68
[INFO] [stdout]    |
[INFO] [stdout] 25 |         u128::from_be(u128::from_bytes(self.0)).cmp(&u128::from_be(u128::from_bytes(other.0)))
[INFO] [stdout]    |                                                                          ^^^^^^^^^^
[INFO] [stdout]    |                                                                          |
[INFO] [stdout]    |                                                                          function or associated item not found in `u128`
[INFO] [stdout]    |                                                                          help: there is an associated function with a similar name: `from_be`
[INFO] [stdout] 
[INFO] [stdout] 
[INFO] [stdout] error[E0599]: no method named `to_bytes` found for type `u128` in the current scope
[INFO] [stdout]    --> src/NetworkEndianU128.rs:113:43
[INFO] [stdout]     |
[INFO] [stdout] 113 |         NetworkEndianU128(native_endian.to_be().to_bytes())
[INFO] [stdout]     |                                                 ^^^^^^^^ method not found in `u128`
[INFO] [stdout]     |
[INFO] [stdout]     = help: items from traits can only be used if the trait is implemented and in scope
[INFO] [stdout] note: `NetworkEndian` defines an item `to_bytes`, perhaps you need to implement it
[INFO] [stdout]    --> src/NetworkEndian.rs:6:1
[INFO] [stdout]     |
[INFO] [stdout] 6   | pub trait NetworkEndian: Sized + Default + Debug + Copy + Clone + PartialOrd + Ord + PartialEq + Eq + Hash + Display + Serialize + DeserializeOwned
[INFO] [stdout]     | ^^^^^^^^^^^^^^^^^^^^^^^^^^^^^^^^^^^^^^^^^^^^^^^^^^^^^^^^^^^^^^^^^^^^^^^^^^^^^^^^^^^^^^^^^^^^^^^^^^^^^^^^^^^^^^^^^^^^^^^^^^^^^^^^^^^^^^^^^^^^^^^^^^^
[INFO] [stdout] 
[INFO] [stdout] 
[INFO] [stdout] error[E0599]: no function or associated item named `from_bytes` found for type `u128` in the current scope
[INFO] [stdout]    --> src/NetworkEndianU128.rs:126:9
[INFO] [stdout]     |
[INFO] [stdout] 126 |         u128::from_bytes(self.0)
[INFO] [stdout]     |               ^^^^^^^^^^
[INFO] [stdout]     |               |
[INFO] [stdout]     |               function or associated item not found in `u128`
[INFO] [stdout]     |               help: there is an associated function with a similar name: `from_be`
[INFO] [stdout] 
[INFO] [stdout] 
[INFO] [stdout] error: aborting due to 20 previous errors; 3 warnings emitted
[INFO] [stdout] 
[INFO] [stdout] 
[INFO] [stdout] Some errors have detailed explanations: E0554, E0557, E0599.
[INFO] [stdout] 
[INFO] [stdout] For more information about an error, try `rustc --explain E0554`.
[INFO] [stdout] 
[INFO] [stderr] error: build failed
[INFO] running `Command { std: "docker" "inspect" "2758f221f2819032af70cd6c4df3ac3f45000106a281d350829df334b9e36cdc", kill_on_drop: false }`
[INFO] running `Command { std: "docker" "rm" "-f" "2758f221f2819032af70cd6c4df3ac3f45000106a281d350829df334b9e36cdc", kill_on_drop: false }`
[INFO] [stdout] 2758f221f2819032af70cd6c4df3ac3f45000106a281d350829df334b9e36cdc
