[INFO] fetching crate netlink-wg 0.1.0...
[INFO] checking netlink-wg-0.1.0 against beta-2021-10-15 for beta-1.56-3
[INFO] extracting crate netlink-wg 0.1.0 into /workspace/builds/worker-30/source
[INFO] validating manifest of crates.io crate netlink-wg 0.1.0 on toolchain beta-2021-10-15
[INFO] running `Command { std: "/workspace/cargo-home/bin/cargo" "+beta-2021-10-15" "metadata" "--manifest-path" "Cargo.toml" "--no-deps", kill_on_drop: false }`
[INFO] started tweaking crates.io crate netlink-wg 0.1.0
[INFO] finished tweaking crates.io crate netlink-wg 0.1.0
[INFO] tweaked toml for crates.io crate netlink-wg 0.1.0 written to /workspace/builds/worker-30/source/Cargo.toml
[INFO] running `Command { std: "/workspace/cargo-home/bin/cargo" "+beta-2021-10-15" "generate-lockfile" "--manifest-path" "Cargo.toml" "-Zno-index-update", kill_on_drop: false }`
[INFO] [stderr]     Blocking waiting for file lock on package cache
[INFO] running `Command { std: "/workspace/cargo-home/bin/cargo" "+beta-2021-10-15" "fetch" "--manifest-path" "Cargo.toml", kill_on_drop: false }`
[INFO] [stderr]     Blocking waiting for file lock on package cache
[INFO] [stderr]     Blocking waiting for file lock on package cache
[INFO] running `Command { std: "docker" "create" "-v" "/var/lib/crater-agent-workspace/builds/worker-30/target:/opt/rustwide/target:rw,Z" "-v" "/var/lib/crater-agent-workspace/builds/worker-30/source:/opt/rustwide/workdir:ro,Z" "-v" "/var/lib/crater-agent-workspace/cargo-home:/opt/rustwide/cargo-home:ro,Z" "-v" "/var/lib/crater-agent-workspace/rustup-home:/opt/rustwide/rustup-home:ro,Z" "-e" "SOURCE_DIR=/opt/rustwide/workdir" "-e" "CARGO_TARGET_DIR=/opt/rustwide/target" "-e" "CARGO_HOME=/opt/rustwide/cargo-home" "-e" "RUSTUP_HOME=/opt/rustwide/rustup-home" "-w" "/opt/rustwide/workdir" "-m" "1610612736" "--user" "0:0" "--network" "none" "ghcr.io/rust-lang/crates-build-env/linux@sha256:a89201d6b5b9fd45c15d5952ece0a0129e7e80cb26ec023fd59cf09bc26f1604" "/opt/rustwide/cargo-home/bin/cargo" "+beta-2021-10-15" "metadata" "--no-deps" "--format-version=1", kill_on_drop: false }`
[INFO] [stdout] e0d1af8cf5e0a0a5042fa5d68368f09d544256d10ac333317c16cb4d48c5ada2
[INFO] running `Command { std: "docker" "start" "-a" "e0d1af8cf5e0a0a5042fa5d68368f09d544256d10ac333317c16cb4d48c5ada2", kill_on_drop: false }`
[INFO] running `Command { std: "docker" "inspect" "e0d1af8cf5e0a0a5042fa5d68368f09d544256d10ac333317c16cb4d48c5ada2", kill_on_drop: false }`
[INFO] running `Command { std: "docker" "rm" "-f" "e0d1af8cf5e0a0a5042fa5d68368f09d544256d10ac333317c16cb4d48c5ada2", kill_on_drop: false }`
[INFO] [stdout] e0d1af8cf5e0a0a5042fa5d68368f09d544256d10ac333317c16cb4d48c5ada2
[INFO] running `Command { std: "docker" "create" "-v" "/var/lib/crater-agent-workspace/builds/worker-30/target:/opt/rustwide/target:rw,Z" "-v" "/var/lib/crater-agent-workspace/builds/worker-30/source:/opt/rustwide/workdir:ro,Z" "-v" "/var/lib/crater-agent-workspace/cargo-home:/opt/rustwide/cargo-home:ro,Z" "-v" "/var/lib/crater-agent-workspace/rustup-home:/opt/rustwide/rustup-home:ro,Z" "-e" "SOURCE_DIR=/opt/rustwide/workdir" "-e" "CARGO_TARGET_DIR=/opt/rustwide/target" "-e" "CARGO_INCREMENTAL=0" "-e" "RUST_BACKTRACE=full" "-e" "RUSTFLAGS=--cap-lints=warn" "-e" "CARGO_HOME=/opt/rustwide/cargo-home" "-e" "RUSTUP_HOME=/opt/rustwide/rustup-home" "-w" "/opt/rustwide/workdir" "-m" "1610612736" "--user" "0:0" "--network" "none" "ghcr.io/rust-lang/crates-build-env/linux@sha256:a89201d6b5b9fd45c15d5952ece0a0129e7e80cb26ec023fd59cf09bc26f1604" "/opt/rustwide/cargo-home/bin/cargo" "+beta-2021-10-15" "check" "--frozen" "--all" "--all-targets" "--message-format=json", kill_on_drop: false }`
[INFO] [stdout] d5d6c3710799a3b8b3a40c96ef5637727c09f31d01e0de7a2434d8f19c9aa6b9
[INFO] running `Command { std: "docker" "start" "-a" "d5d6c3710799a3b8b3a40c96ef5637727c09f31d01e0de7a2434d8f19c9aa6b9", kill_on_drop: false }`
[INFO] [stderr]     Checking cfg-if v0.1.10
[INFO] [stderr]     Checking futures v0.1.31
[INFO] [stderr]    Compiling log v0.4.14
[INFO] [stderr]     Checking slab v0.4.5
[INFO] [stderr]    Compiling syn v1.0.80
[INFO] [stderr]    Compiling proc-macro2 v0.4.30
[INFO] [stderr]    Compiling cc v1.0.71
[INFO] [stderr]    Compiling failure_derive v0.1.8
[INFO] [stderr]    Compiling adler v1.0.2
[INFO] [stderr]    Compiling cfg-if v1.0.0
[INFO] [stderr]    Compiling encoding_rs v0.8.28
[INFO] [stderr]    Compiling unicode-xid v0.1.0
[INFO] [stderr]    Compiling gimli v0.25.0
[INFO] [stderr]    Compiling linked-hash-map v0.5.4
[INFO] [stderr]    Compiling version_check v0.1.5
[INFO] [stderr]    Compiling hashbrown v0.11.2
[INFO] [stderr]    Compiling syn v0.15.44
[INFO] [stderr]    Compiling rustc-demangle v0.1.21
[INFO] [stderr]    Compiling dtoa v0.4.8
[INFO] [stderr]    Compiling either v1.6.1
[INFO] [stderr]    Compiling nix v0.12.1
[INFO] [stderr]     Checking difference v2.0.0
[INFO] [stderr]     Checking ansi_term v0.11.0
[INFO] [stderr]     Checking void v1.0.2
[INFO] [stderr]     Checking tuple_utils v0.3.0
[INFO] [stderr]    Compiling crossbeam-utils v0.7.2
[INFO] [stderr]    Compiling memoffset v0.5.6
[INFO] [stderr]    Compiling crossbeam-epoch v0.8.2
[INFO] [stderr]    Compiling num-traits v0.2.14
[INFO] [stderr]    Compiling indexmap v1.7.0
[INFO] [stderr]     Checking lock_api v0.3.4
[INFO] [stderr]     Checking tokio-trace-core v0.1.0
[INFO] [stderr]    Compiling memchr v2.4.1
[INFO] [stderr]    Compiling miniz_oxide v0.4.4
[INFO] [stderr]    Compiling libc v0.2.103
[INFO] [stderr]    Compiling serde v1.0.130
[INFO] [stderr]     Checking iovec v0.1.4
[INFO] [stderr]    Compiling parking_lot_core v0.6.2
[INFO] [stderr]     Checking num_cpus v1.13.0
[INFO] [stderr]    Compiling parking_lot v0.9.0
[INFO] [stderr]     Checking net2 v0.2.37
[INFO] [stderr]    Compiling itertools v0.7.11
[INFO] [stderr]     Checking pretty_assertions v0.5.1
[INFO] [stderr]    Compiling yaml-rust v0.4.5
[INFO] [stderr]     Checking bytes v0.4.12
[INFO] [stderr]    Compiling nom v4.2.3
[INFO] [stderr]    Compiling object v0.26.2
[INFO] [stderr]     Checking mio v0.6.23
[INFO] [stderr]     Checking tokio-io v0.1.13
[INFO] [stderr]     Checking tokio-sync v0.1.8
[INFO] [stderr]    Compiling backtrace v0.3.61
[INFO] [stderr]     Checking mio-uds v0.6.8
[INFO] [stderr]    Compiling quote v0.6.13
[INFO] [stderr]     Checking tokio-codec v0.1.2
[INFO] [stderr]     Checking tokio-async-await v0.1.7
[INFO] [stdout] error[E0557]: feature has been removed
[INFO] [stdout]  --> /opt/rustwide/cargo-home/registry/src/github.com-1ecc6299db9ec823/tokio-async-await-0.1.7/src/lib.rs:2:44
[INFO] [stdout]   |
[INFO] [stdout] 2 | #![feature(rust_2018_preview, async_await, await_macro, futures_api)]
[INFO] [stdout]   |                                            ^^^^^^^^^^^ feature has been removed
[INFO] [stdout]   |
[INFO] [stdout]   = note: subsumed by `.await` syntax
[INFO] [stdout] 
[INFO] [stdout] 
[INFO] [stdout] error[E0432]: unresolved import `std::await`
[INFO] [stdout]   --> /opt/rustwide/cargo-home/registry/src/github.com-1ecc6299db9ec823/tokio-async-await-0.1.7/src/lib.rs:35:9
[INFO] [stdout]    |
[INFO] [stdout] 35 | pub use std::await as std_await;
[INFO] [stdout]    |         ^^^^^^^^^^^^^^^^^^^^^^^ no `await` in the root
[INFO] [stdout] 
[INFO] [stdout] 
[INFO] [stdout] error[E0554]: `#![feature]` may not be used on the beta release channel
[INFO] [stdout]  --> /opt/rustwide/cargo-home/registry/src/github.com-1ecc6299db9ec823/tokio-async-await-0.1.7/src/lib.rs:2:1
[INFO] [stdout]   |
[INFO] [stdout] 2 | #![feature(rust_2018_preview, async_await, await_macro, futures_api)]
[INFO] [stdout]   | ^^^^^^^^^^^^^^^^^^^^^^^^^^^^^^^^^^^^^^^^^^^^^^^^^^^^^^^^^^^^^^^^^^^^^
[INFO] [stdout]   |
[INFO] [stdout]   = help: the feature `async_await` has been stable since 1.39.0 and no longer requires an attribute to enable
[INFO] [stdout] 
[INFO] [stdout] 
[INFO] [stdout] error: aborting due to 3 previous errors
[INFO] [stdout] 
[INFO] [stdout] 
[INFO] [stdout] Some errors have detailed explanations: E0432, E0554, E0557.
[INFO] [stdout] 
[INFO] [stdout] For more information about an error, try `rustc --explain E0432`.
[INFO] [stdout] 
[INFO] [stderr] error: could not compile `tokio-async-await` due to 4 previous errors
[INFO] [stderr] warning: build failed, waiting for other jobs to finish...
[INFO] [stderr] error: build failed
[INFO] running `Command { std: "docker" "inspect" "d5d6c3710799a3b8b3a40c96ef5637727c09f31d01e0de7a2434d8f19c9aa6b9", kill_on_drop: false }`
[INFO] running `Command { std: "docker" "rm" "-f" "d5d6c3710799a3b8b3a40c96ef5637727c09f31d01e0de7a2434d8f19c9aa6b9", kill_on_drop: false }`
[INFO] [stdout] d5d6c3710799a3b8b3a40c96ef5637727c09f31d01e0de7a2434d8f19c9aa6b9
