[INFO] fetching crate near-vm-runner-standalone 2.2.0...
[INFO] checking near-vm-runner-standalone-2.2.0 against 1.55.0 for beta-1.56-3
[INFO] extracting crate near-vm-runner-standalone 2.2.0 into /workspace/builds/worker-98/source
[INFO] validating manifest of crates.io crate near-vm-runner-standalone 2.2.0 on toolchain 1.55.0
[INFO] running `Command { std: "/workspace/cargo-home/bin/cargo" "+1.55.0" "metadata" "--manifest-path" "Cargo.toml" "--no-deps", kill_on_drop: false }`
[INFO] started tweaking crates.io crate near-vm-runner-standalone 2.2.0
[INFO] finished tweaking crates.io crate near-vm-runner-standalone 2.2.0
[INFO] tweaked toml for crates.io crate near-vm-runner-standalone 2.2.0 written to /workspace/builds/worker-98/source/Cargo.toml
[INFO] crate crates.io crate near-vm-runner-standalone 2.2.0 already has a lockfile, it will not be regenerated
[INFO] running `Command { std: "/workspace/cargo-home/bin/cargo" "+1.55.0" "fetch" "--manifest-path" "Cargo.toml", kill_on_drop: false }`
[INFO] [stderr]     Blocking waiting for file lock on package cache
[INFO] [stderr]     Blocking waiting for file lock on package cache
[INFO] [stderr]  Downloading crates ...
[INFO] [stderr]   Downloaded scroll_derive v0.10.2
[INFO] [stderr]   Downloaded dynasm v0.5.2
[INFO] [stderr]   Downloaded cached v0.12.0
[INFO] [stderr]   Downloaded dynasmrt v0.5.2
[INFO] [stderr]   Downloaded capstone v0.6.0
[INFO] [stderr]   Downloaded wasmer-runtime v0.17.1
[INFO] [stderr]   Downloaded borsh-schema-derive-internal v0.7.1
[INFO] [stderr]   Downloaded borsh-derive-internal v0.7.1
[INFO] [stderr]   Downloaded goblin v0.1.3
[INFO] [stderr]   Downloaded faerie v0.15.0
[INFO] [stderr]   Downloaded borsh-derive v0.7.1
[INFO] [stderr]   Downloaded raw-cpuid v7.0.3
[INFO] [stderr]   Downloaded errno v0.2.6
[INFO] [stderr]   Downloaded capstone-sys v0.10.0
[INFO] [stderr]   Downloaded iter-enum v0.2.4
[INFO] [stderr]   Downloaded near-runtime-utils v2.2.0
[INFO] [stderr]   Downloaded near-runtime-fees v2.2.0
[INFO] [stderr]   Downloaded cranelift-native v0.64.0
[INFO] [stderr]   Downloaded cranelift-codegen-shared v0.64.0
[INFO] [stderr]   Downloaded derive_utils v0.10.0
[INFO] [stderr]   Downloaded wasmtime-debug v0.17.0
[INFO] [stderr]   Downloaded near-vm-logic v2.2.0
[INFO] [stderr]   Downloaded cranelift-wasm v0.64.0
[INFO] [stderr]   Downloaded borsh v0.7.1
[INFO] [stderr]   Downloaded cranelift-entity v0.64.0
[INFO] [stderr]   Downloaded near-vm-errors v2.2.0
[INFO] [stderr]   Downloaded wasmer-singlepass-backend v0.17.1
[INFO] [stderr]   Downloaded wasmtime-runtime v0.17.0
[INFO] [stderr]   Downloaded cranelift-bforest v0.64.0
[INFO] [stderr]   Downloaded wasmtime-jit v0.17.0
[INFO] [stderr]   Downloaded staticvec v0.9.3
[INFO] [stderr]   Downloaded cranelift-frontend v0.64.0
[INFO] [stderr]   Downloaded lightbeam v0.17.0
[INFO] [stderr]   Downloaded wasmtime v0.17.0
[INFO] [stderr]   Downloaded wasmtime-environ v0.17.0
[INFO] [stderr]   Downloaded near-vm-runner v2.2.0
[INFO] [stderr]   Downloaded cranelift-codegen-meta v0.64.0
[INFO] [stderr]   Downloaded regalloc v0.0.25
[INFO] [stderr]   Downloaded wasmtime-profiling v0.17.0
[INFO] [stderr]   Downloaded cranelift-codegen v0.64.0
[INFO] running `Command { std: "docker" "create" "-v" "/var/lib/crater-agent-workspace/builds/worker-98/target:/opt/rustwide/target:rw,Z" "-v" "/var/lib/crater-agent-workspace/builds/worker-98/source:/opt/rustwide/workdir:ro,Z" "-v" "/var/lib/crater-agent-workspace/cargo-home:/opt/rustwide/cargo-home:ro,Z" "-v" "/var/lib/crater-agent-workspace/rustup-home:/opt/rustwide/rustup-home:ro,Z" "-e" "SOURCE_DIR=/opt/rustwide/workdir" "-e" "CARGO_TARGET_DIR=/opt/rustwide/target" "-e" "CARGO_HOME=/opt/rustwide/cargo-home" "-e" "RUSTUP_HOME=/opt/rustwide/rustup-home" "-w" "/opt/rustwide/workdir" "-m" "1610612736" "--user" "0:0" "--network" "none" "ghcr.io/rust-lang/crates-build-env/linux@sha256:a89201d6b5b9fd45c15d5952ece0a0129e7e80cb26ec023fd59cf09bc26f1604" "/opt/rustwide/cargo-home/bin/cargo" "+1.55.0" "metadata" "--no-deps" "--format-version=1", kill_on_drop: false }`
[INFO] [stdout] 4a62646b30bf16fba7fd4153c49c6258029de5861f6275ed46170ec3bda134e4
[INFO] running `Command { std: "docker" "start" "-a" "4a62646b30bf16fba7fd4153c49c6258029de5861f6275ed46170ec3bda134e4", kill_on_drop: false }`
[INFO] running `Command { std: "docker" "inspect" "4a62646b30bf16fba7fd4153c49c6258029de5861f6275ed46170ec3bda134e4", kill_on_drop: false }`
[INFO] running `Command { std: "docker" "rm" "-f" "4a62646b30bf16fba7fd4153c49c6258029de5861f6275ed46170ec3bda134e4", kill_on_drop: false }`
[INFO] [stdout] 4a62646b30bf16fba7fd4153c49c6258029de5861f6275ed46170ec3bda134e4
[INFO] running `Command { std: "docker" "create" "-v" "/var/lib/crater-agent-workspace/builds/worker-98/target:/opt/rustwide/target:rw,Z" "-v" "/var/lib/crater-agent-workspace/builds/worker-98/source:/opt/rustwide/workdir:ro,Z" "-v" "/var/lib/crater-agent-workspace/cargo-home:/opt/rustwide/cargo-home:ro,Z" "-v" "/var/lib/crater-agent-workspace/rustup-home:/opt/rustwide/rustup-home:ro,Z" "-e" "SOURCE_DIR=/opt/rustwide/workdir" "-e" "CARGO_TARGET_DIR=/opt/rustwide/target" "-e" "CARGO_INCREMENTAL=0" "-e" "RUST_BACKTRACE=full" "-e" "RUSTFLAGS=--cap-lints=warn" "-e" "CARGO_HOME=/opt/rustwide/cargo-home" "-e" "RUSTUP_HOME=/opt/rustwide/rustup-home" "-w" "/opt/rustwide/workdir" "-m" "1610612736" "--user" "0:0" "--network" "none" "ghcr.io/rust-lang/crates-build-env/linux@sha256:a89201d6b5b9fd45c15d5952ece0a0129e7e80cb26ec023fd59cf09bc26f1604" "/opt/rustwide/cargo-home/bin/cargo" "+1.55.0" "check" "--frozen" "--all" "--all-targets" "--message-format=json", kill_on_drop: false }`
[INFO] [stdout] 84ff4ee37128a864736463ae36f21a89b4b8787d63e8c8a62d9d294e36c32afa
[INFO] running `Command { std: "docker" "start" "-a" "84ff4ee37128a864736463ae36f21a89b4b8787d63e8c8a62d9d294e36c32afa", kill_on_drop: false }`
[INFO] [stderr]     Blocking waiting for file lock on package cache
[INFO] [stderr]     Blocking waiting for file lock on package cache
[INFO] [stderr]    Compiling proc-macro2 v1.0.19
[INFO] [stderr]    Compiling syn v1.0.39
[INFO] [stderr]    Compiling libc v0.2.76
[INFO] [stderr]    Compiling serde_derive v1.0.115
[INFO] [stderr]    Compiling serde v1.0.115
[INFO] [stderr]    Compiling byteorder v1.3.4
[INFO] [stderr]    Compiling log v0.4.11
[INFO] [stderr]     Checking smallvec v1.4.2
[INFO] [stderr]    Compiling target-lexicon v0.10.0
[INFO] [stderr]     Checking arrayvec v0.5.1
[INFO] [stderr]    Compiling version_check v0.9.2
[INFO] [stderr]    Compiling cranelift-codegen-shared v0.64.0
[INFO] [stderr]     Checking fallible-iterator v0.2.0
[INFO] [stderr]    Compiling either v1.6.0
[INFO] [stderr]     Checking stable_deref_trait v1.2.0
[INFO] [stderr]    Compiling memchr v2.3.3
[INFO] [stderr]    Compiling glob v0.3.0
[INFO] [stderr]    Compiling rayon-core v1.8.0
[INFO] [stderr]     Checking traitobject v0.1.0
[INFO] [stderr]     Checking quick-error v1.2.3
[INFO] [stderr]     Checking regex-syntax v0.6.18
[INFO] [stderr]    Compiling anyhow v1.0.32
[INFO] [stderr]     Checking termcolor v1.1.0
[INFO] [stderr]     Checking wasmparser v0.57.0
[INFO] [stderr]     Checking more-asserts v0.2.1
[INFO] [stderr]     Checking staticvec v0.9.3
[INFO] [stderr]    Compiling wasmtime-environ v0.17.0
[INFO] [stderr]    Compiling serde_json v1.0.57
[INFO] [stderr]    Compiling subtle v2.2.3
[INFO] [stderr]    Compiling cfg-if v0.1.10
[INFO] [stderr]    Compiling arrayref v0.3.6
[INFO] [stderr]    Compiling nix v0.15.0
[INFO] [stderr]    Compiling itoa v0.4.6
[INFO] [stderr]     Checking rustc-demangle v0.1.16
[INFO] [stderr]     Checking plain v0.2.3
[INFO] [stderr]     Checking object v0.20.0
[INFO] [stderr]     Checking wasmparser v0.51.4
[INFO] [stderr]     Checking hex v0.4.2
[INFO] [stderr]     Checking once_cell v1.4.1
[INFO] [stderr]     Checking near-runtime-utils v2.2.0
[INFO] [stderr]     Checking bs58 v0.3.1
[INFO] [stderr]     Checking parity-wasm v0.41.0
[INFO] [stderr]     Checking base64 v0.11.0
[INFO] [stderr]     Checking strum v0.18.0
[INFO] [stderr]    Compiling hashbrown v0.8.2
[INFO] [stderr]    Compiling indexmap v1.5.2
[INFO] [stderr]    Compiling memoffset v0.5.5
[INFO] [stderr]    Compiling rayon v1.4.0
[INFO] [stderr]    Compiling num-traits v0.2.12
[INFO] [stderr]    Compiling num-integer v0.1.43
[INFO] [stderr]    Compiling num-rational v0.2.4
[INFO] [stderr]    Compiling semver v0.9.0
[INFO] [stderr]     Checking thread_local v1.0.1
[INFO] [stderr]     Checking miniz_oxide v0.4.1
[INFO] [stderr]    Compiling bitflags v1.2.1
[INFO] [stderr]    Compiling owning_ref v0.4.1
[INFO] [stderr]     Checking digest v0.8.1
[INFO] [stderr]     Checking crossbeam-channel v0.4.3
[INFO] [stderr]    Compiling itertools v0.9.0
[INFO] [stderr]     Checking unsafe-any v0.4.2
[INFO] [stdout] error[E0557]: feature has been removed
[INFO] [stdout]   --> /opt/rustwide/cargo-home/registry/src/github.com-1ecc6299db9ec823/staticvec-0.9.3/src/lib.rs:31:3
[INFO] [stdout]    |
[INFO] [stdout] 31 |   const_compare_raw_pointers,
[INFO] [stdout]    |   ^^^^^^^^^^^^^^^^^^^^^^^^^^ feature has been removed
[INFO] [stdout]    |
[INFO] [stdout]    = note: cannot be allowed in const eval in any meaningful way
[INFO] [stdout] 
[INFO] [stdout] 
[INFO] [stderr]     Checking humantime v1.3.0
[INFO] [stdout] error[E0557]: feature has been removed
[INFO] [stdout]   --> /opt/rustwide/cargo-home/registry/src/github.com-1ecc6299db9ec823/staticvec-0.9.3/src/lib.rs:32:3
[INFO] [stdout]    |
[INFO] [stdout] 32 |   const_fn,
[INFO] [stdout]    |   ^^^^^^^^ feature has been removed
[INFO] [stdout]    |
[INFO] [stdout]    = note: split into finer-grained feature gates
[INFO] [stdout] 
[INFO] [stdout] 
[INFO] [stdout] error[E0557]: feature has been removed
[INFO] [stdout]   --> /opt/rustwide/cargo-home/registry/src/github.com-1ecc6299db9ec823/staticvec-0.9.3/src/lib.rs:41:3
[INFO] [stdout]    |
[INFO] [stdout] 41 |   const_raw_ptr_to_usize_cast,
[INFO] [stdout]    |   ^^^^^^^^^^^^^^^^^^^^^^^^^^^ feature has been removed
[INFO] [stdout]    |
[INFO] [stdout]    = note: at compile-time, pointers do not have an integer value, so these casts cannot be properly supported
[INFO] [stdout] 
[INFO] [stdout] 
[INFO] [stdout] error[E0554]: `#![feature]` may not be used on the stable release channel
[INFO] [stdout]   --> /opt/rustwide/cargo-home/registry/src/github.com-1ecc6299db9ec823/staticvec-0.9.3/src/lib.rs:30:1
[INFO] [stdout]    |
[INFO] [stdout] 30 | / #![feature(
[INFO] [stdout] 31 | |   const_compare_raw_pointers,
[INFO] [stdout] 32 | |   const_fn,
[INFO] [stdout] 33 | |   const_fn_union,
[INFO] [stdout] ...  |
[INFO] [stdout] 53 | |   untagged_unions
[INFO] [stdout] 54 | | )]
[INFO] [stdout]    | |__^
[INFO] [stdout]    |
[INFO] [stdout]    = help: the feature `const_if_match` has been stable since 1.46.0 and no longer requires an attribute to enable
[INFO] [stdout]    = help: the feature `const_loop` has been stable since 1.46.0 and no longer requires an attribute to enable
[INFO] [stdout] 
[INFO] [stdout] 
[INFO] [stdout] error[E0554]: `#![feature]` may not be used on the stable release channel
[INFO] [stdout]   --> /opt/rustwide/cargo-home/registry/src/github.com-1ecc6299db9ec823/staticvec-0.9.3/src/lib.rs:55:30
[INFO] [stdout]    |
[INFO] [stdout] 55 | #![cfg_attr(feature = "std", feature(read_initializer))]
[INFO] [stdout]    |                              ^^^^^^^^^^^^^^^^^^^^^^^^^
[INFO] [stdout] 
[INFO] [stdout] 
[INFO] [stderr]     Checking itertools v0.8.2
[INFO] [stdout] error: constant expression depends on a generic parameter
[INFO] [stdout]     --> /opt/rustwide/cargo-home/registry/src/github.com-1ecc6299db9ec823/staticvec-0.9.3/src/lib.rs:1467:70
[INFO] [stdout]      |
[INFO] [stdout] 1467 |   pub fn concat<const N2: usize>(&self, other: &StaticVec<T, N2>) -> StaticVec<T, { N + N2 }>
[INFO] [stdout]      |                                                                      ^^^^^^^^^^^^^^^^^^^^^^^^
[INFO] [stdout]      |
[INFO] [stdout]      = note: this may fail depending on what value the parameter takes
[INFO] [stdout] 
[INFO] [stdout] 
[INFO] [stdout] error: constant expression depends on a generic parameter
[INFO] [stdout]     --> /opt/rustwide/cargo-home/registry/src/github.com-1ecc6299db9ec823/staticvec-0.9.3/src/lib.rs:1504:8
[INFO] [stdout]      |
[INFO] [stdout] 1504 |   ) -> StaticVec<T, { N + N2 }>
[INFO] [stdout]      |        ^^^^^^^^^^^^^^^^^^^^^^^^
[INFO] [stdout]      |
[INFO] [stdout]      = note: this may fail depending on what value the parameter takes
[INFO] [stdout] 
[INFO] [stdout] 
[INFO] [stdout] error: constant expression depends on a generic parameter
[INFO] [stdout]     --> /opt/rustwide/cargo-home/registry/src/github.com-1ecc6299db9ec823/staticvec-0.9.3/src/lib.rs:1534:46
[INFO] [stdout]      |
[INFO] [stdout] 1534 |   pub fn intersperse(&self, separator: T) -> StaticVec<T, { N * 2 }>
[INFO] [stdout]      |                                              ^^^^^^^^^^^^^^^^^^^^^^^
[INFO] [stdout]      |
[INFO] [stdout]      = note: this may fail depending on what value the parameter takes
[INFO] [stdout] 
[INFO] [stdout] 
[INFO] [stdout] error: constant expression depends on a generic parameter
[INFO] [stdout]     --> /opt/rustwide/cargo-home/registry/src/github.com-1ecc6299db9ec823/staticvec-0.9.3/src/lib.rs:1581:52
[INFO] [stdout]      |
[INFO] [stdout] 1581 |   pub fn intersperse_clone(&self, separator: T) -> StaticVec<T, { N * 2 }>
[INFO] [stdout]      |                                                    ^^^^^^^^^^^^^^^^^^^^^^^
[INFO] [stdout]      |
[INFO] [stdout]      = note: this may fail depending on what value the parameter takes
[INFO] [stdout] 
[INFO] [stdout] 
[INFO] [stdout] error: constant expression depends on a generic parameter
[INFO] [stdout]     --> /opt/rustwide/cargo-home/registry/src/github.com-1ecc6299db9ec823/staticvec-0.9.3/src/lib.rs:2020:8
[INFO] [stdout]      |
[INFO] [stdout] 2020 |   ) -> StaticVec<T, { N + N2 }>
[INFO] [stdout]      |        ^^^^^^^^^^^^^^^^^^^^^^^^
[INFO] [stdout]      |
[INFO] [stdout]      = note: this may fail depending on what value the parameter takes
[INFO] [stdout] 
[INFO] [stdout] 
[INFO] [stdout] error: constant expression depends on a generic parameter
[INFO] [stdout]     --> /opt/rustwide/cargo-home/registry/src/github.com-1ecc6299db9ec823/staticvec-0.9.3/src/lib.rs:2109:69
[INFO] [stdout]      |
[INFO] [stdout] 2109 |   pub fn union<const N2: usize>(&self, other: &StaticVec<T, N2>) -> StaticVec<T, { N + N2 }>
[INFO] [stdout]      |                                                                     ^^^^^^^^^^^^^^^^^^^^^^^^
[INFO] [stdout]      |
[INFO] [stdout]      = note: this may fail depending on what value the parameter takes
[INFO] [stdout] 
[INFO] [stdout] 
[INFO] [stderr] error: could not compile `glob`
[INFO] [stdout] error: aborting due to 11 previous errors
[INFO] [stdout] 
[INFO] [stdout] 
[INFO] [stderr] 
[INFO] [stdout] Some errors have detailed explanations: E0554, E0557.
[INFO] [stdout] 
[INFO] [stderr] Caused by:
[INFO] [stdout] For more information about an error, try `rustc --explain E0554`.
[INFO] [stdout] 
[INFO] [stderr]   process didn't exit successfully: `rustc --crate-name glob /opt/rustwide/cargo-home/registry/src/github.com-1ecc6299db9ec823/glob-0.3.0/src/lib.rs --error-format=json --json=diagnostic-rendered-ansi --crate-type lib --emit=dep-info,metadata,link -C embed-bitcode=no -C debuginfo=2 -C metadata=c2143d50ee53b852 -C extra-filename=-c2143d50ee53b852 --out-dir /opt/rustwide/target/debug/deps -L dependency=/opt/rustwide/target/debug/deps --cap-lints allow --cap-lints=warn` (signal: 9, SIGKILL: kill)
[INFO] [stderr] warning: build failed, waiting for other jobs to finish...
[INFO] [stderr] error: build failed
[INFO] running `Command { std: "docker" "inspect" "84ff4ee37128a864736463ae36f21a89b4b8787d63e8c8a62d9d294e36c32afa", kill_on_drop: false }`
[INFO] running `Command { std: "docker" "rm" "-f" "84ff4ee37128a864736463ae36f21a89b4b8787d63e8c8a62d9d294e36c32afa", kill_on_drop: false }`
[INFO] [stdout] 84ff4ee37128a864736463ae36f21a89b4b8787d63e8c8a62d9d294e36c32afa
