[INFO] fetching crate near-bindgen-core 0.6.0...
[INFO] checking near-bindgen-core-0.6.0 against 1.55.0 for beta-1.56-3
[INFO] extracting crate near-bindgen-core 0.6.0 into /workspace/builds/worker-105/source
[INFO] validating manifest of crates.io crate near-bindgen-core 0.6.0 on toolchain 1.55.0
[INFO] running `Command { std: "/workspace/cargo-home/bin/cargo" "+1.55.0" "metadata" "--manifest-path" "Cargo.toml" "--no-deps", kill_on_drop: false }`
[INFO] started tweaking crates.io crate near-bindgen-core 0.6.0
[INFO] finished tweaking crates.io crate near-bindgen-core 0.6.0
[INFO] tweaked toml for crates.io crate near-bindgen-core 0.6.0 written to /workspace/builds/worker-105/source/Cargo.toml
[INFO] running `Command { std: "/workspace/cargo-home/bin/cargo" "+1.55.0" "generate-lockfile" "--manifest-path" "Cargo.toml" "-Zno-index-update", kill_on_drop: false }`
[INFO] [stderr]     Blocking waiting for file lock on package cache
[INFO] running `Command { std: "/workspace/cargo-home/bin/cargo" "+1.55.0" "fetch" "--manifest-path" "Cargo.toml", kill_on_drop: false }`
[INFO] [stderr]     Blocking waiting for file lock on package cache
[INFO] [stderr]     Blocking waiting for file lock on package cache
[INFO] running `Command { std: "docker" "create" "-v" "/var/lib/crater-agent-workspace/builds/worker-105/target:/opt/rustwide/target:rw,Z" "-v" "/var/lib/crater-agent-workspace/builds/worker-105/source:/opt/rustwide/workdir:ro,Z" "-v" "/var/lib/crater-agent-workspace/cargo-home:/opt/rustwide/cargo-home:ro,Z" "-v" "/var/lib/crater-agent-workspace/rustup-home:/opt/rustwide/rustup-home:ro,Z" "-e" "SOURCE_DIR=/opt/rustwide/workdir" "-e" "CARGO_TARGET_DIR=/opt/rustwide/target" "-e" "CARGO_HOME=/opt/rustwide/cargo-home" "-e" "RUSTUP_HOME=/opt/rustwide/rustup-home" "-w" "/opt/rustwide/workdir" "-m" "1610612736" "--user" "0:0" "--network" "none" "ghcr.io/rust-lang/crates-build-env/linux@sha256:a89201d6b5b9fd45c15d5952ece0a0129e7e80cb26ec023fd59cf09bc26f1604" "/opt/rustwide/cargo-home/bin/cargo" "+1.55.0" "metadata" "--no-deps" "--format-version=1", kill_on_drop: false }`
[INFO] [stdout] 947c09e1901b632ffc18698a5a974feb594979b4035e4ac0bc80df5140c3ae8e
[INFO] running `Command { std: "docker" "start" "-a" "947c09e1901b632ffc18698a5a974feb594979b4035e4ac0bc80df5140c3ae8e", kill_on_drop: false }`
[INFO] running `Command { std: "docker" "inspect" "947c09e1901b632ffc18698a5a974feb594979b4035e4ac0bc80df5140c3ae8e", kill_on_drop: false }`
[INFO] running `Command { std: "docker" "rm" "-f" "947c09e1901b632ffc18698a5a974feb594979b4035e4ac0bc80df5140c3ae8e", kill_on_drop: false }`
[INFO] [stdout] 947c09e1901b632ffc18698a5a974feb594979b4035e4ac0bc80df5140c3ae8e
[INFO] running `Command { std: "docker" "create" "-v" "/var/lib/crater-agent-workspace/builds/worker-105/target:/opt/rustwide/target:rw,Z" "-v" "/var/lib/crater-agent-workspace/builds/worker-105/source:/opt/rustwide/workdir:ro,Z" "-v" "/var/lib/crater-agent-workspace/cargo-home:/opt/rustwide/cargo-home:ro,Z" "-v" "/var/lib/crater-agent-workspace/rustup-home:/opt/rustwide/rustup-home:ro,Z" "-e" "SOURCE_DIR=/opt/rustwide/workdir" "-e" "CARGO_TARGET_DIR=/opt/rustwide/target" "-e" "CARGO_INCREMENTAL=0" "-e" "RUST_BACKTRACE=full" "-e" "RUSTFLAGS=--cap-lints=warn" "-e" "CARGO_HOME=/opt/rustwide/cargo-home" "-e" "RUSTUP_HOME=/opt/rustwide/rustup-home" "-w" "/opt/rustwide/workdir" "-m" "1610612736" "--user" "0:0" "--network" "none" "ghcr.io/rust-lang/crates-build-env/linux@sha256:a89201d6b5b9fd45c15d5952ece0a0129e7e80cb26ec023fd59cf09bc26f1604" "/opt/rustwide/cargo-home/bin/cargo" "+1.55.0" "check" "--frozen" "--all" "--all-targets" "--message-format=json", kill_on_drop: false }`
[INFO] [stdout] 8b77d5ee12262c24f006578c9c174d61c408f7b42c0e350842c861b18243098c
[INFO] running `Command { std: "docker" "start" "-a" "8b77d5ee12262c24f006578c9c174d61c408f7b42c0e350842c861b18243098c", kill_on_drop: false }`
[INFO] [stderr]     Checking unicode-xid v0.2.2
[INFO] [stderr]    Compiling syn v1.0.80
[INFO] [stderr]     Checking aho-corasick v0.7.18
[INFO] [stderr]     Checking proc-macro2 v1.0.30
[INFO] [stderr]     Checking regex v1.5.4
[INFO] [stderr]     Checking quote v1.0.10
[INFO] [stderr]     Checking Inflector v0.11.4
[INFO] [stderr]     Checking near-bindgen-core v0.6.0 (/opt/rustwide/workdir)
[INFO] [stdout] error[E0432]: unresolved import `syn::export`
[INFO] [stdout]  --> src/code_generator/attr_sig_info.rs:1:10
[INFO] [stdout]   |
[INFO] [stdout] 1 | use syn::export::TokenStream2;
[INFO] [stdout]   |          ^^^^^^ could not find `export` in `syn`
[INFO] [stdout] 
[INFO] [stdout] 
[INFO] [stdout] error[E0432]: unresolved import `syn::export`
[INFO] [stdout]  --> src/code_generator/impl_item_method_info.rs:3:10
[INFO] [stdout]   |
[INFO] [stdout] 3 | use syn::export::TokenStream2;
[INFO] [stdout]   |          ^^^^^^ could not find `export` in `syn`
[INFO] [stdout] 
[INFO] [stdout] 
[INFO] [stdout] error[E0432]: unresolved import `syn::export`
[INFO] [stdout]  --> src/code_generator/item_trait_info.rs:3:10
[INFO] [stdout]   |
[INFO] [stdout] 3 | use syn::export::TokenStream2;
[INFO] [stdout]   |          ^^^^^^ could not find `export` in `syn`
[INFO] [stdout] 
[INFO] [stdout] 
[INFO] [stdout] error[E0432]: unresolved import `syn::export`
[INFO] [stdout]  --> src/code_generator/trait_item_method_info.rs:3:10
[INFO] [stdout]   |
[INFO] [stdout] 3 | use syn::export::TokenStream2;
[INFO] [stdout]   |          ^^^^^^ could not find `export` in `syn`
[INFO] [stdout] 
[INFO] [stdout] 
[INFO] [stdout] error[E0432]: unresolved import `syn::export`
[INFO] [stdout]  --> src/code_generator/item_impl_info.rs:2:10
[INFO] [stdout]   |
[INFO] [stdout] 2 | use syn::export::TokenStream2;
[INFO] [stdout]   |          ^^^^^^ could not find `export` in `syn`
[INFO] [stdout] 
[INFO] [stdout] 
[INFO] [stdout] error[E0432]: unresolved import `syn::export`
[INFO] [stdout]  --> src/info_extractor/arg_info.rs:4:10
[INFO] [stdout]   |
[INFO] [stdout] 4 | use syn::export::Span;
[INFO] [stdout]   |          ^^^^^^ could not find `export` in `syn`
[INFO] [stdout] 
[INFO] [stdout] 
[INFO] [stdout] error[E0432]: unresolved import `syn::export`
[INFO] [stdout]  --> src/info_extractor/attr_sig_info.rs:5:10
[INFO] [stdout]   |
[INFO] [stdout] 5 | use syn::export::Span;
[INFO] [stdout]   |          ^^^^^^ could not find `export` in `syn`
[INFO] [stdout] 
[INFO] [stdout] 
[INFO] [stdout] error[E0432]: unresolved import `syn::export`
[INFO] [stdout]  --> src/info_extractor/trait_item_method_info.rs:2:10
[INFO] [stdout]   |
[INFO] [stdout] 2 | use syn::export::Span;
[INFO] [stdout]   |          ^^^^^^ could not find `export` in `syn`
[INFO] [stdout] 
[INFO] [stdout] 
[INFO] [stdout] error[E0432]: unresolved import `syn::export`
[INFO] [stdout]  --> src/info_extractor/item_trait_info.rs:3:10
[INFO] [stdout]   |
[INFO] [stdout] 3 | use syn::export::Span;
[INFO] [stdout]   |          ^^^^^^ could not find `export` in `syn`
[INFO] [stdout] 
[INFO] [stdout] 
[INFO] [stdout] error[E0432]: unresolved import `syn::export`
[INFO] [stdout]  --> src/metadata/metadata_generator.rs:4:10
[INFO] [stdout]   |
[INFO] [stdout] 4 | use syn::export::TokenStream2;
[INFO] [stdout]   |          ^^^^^^ could not find `export` in `syn`
[INFO] [stdout] 
[INFO] [stdout] 
[INFO] [stdout] error[E0432]: unresolved import `syn::export`
[INFO] [stdout]  --> src/metadata/metadata_visitor.rs:8:10
[INFO] [stdout]   |
[INFO] [stdout] 8 | use syn::export::{ToTokens, TokenStream2};
[INFO] [stdout]   |          ^^^^^^ could not find `export` in `syn`
[INFO] [stdout] 
[INFO] [stdout] 
[INFO] [stdout] error[E0631]: type mismatch in closure arguments
[INFO] [stdout]    --> src/code_generator/attr_sig_info.rs:151:14
[INFO] [stdout]     |
[INFO] [stdout] 151 |             .fold(TokenStream2::new(), |acc, (idx, arg)| {
[INFO] [stdout]     |              ^^^^                      ----------------- found signature of `fn(_, (_, ArgInfo)) -> _`
[INFO] [stdout]     |              |
[INFO] [stdout]     |              expected signature of `fn([type error], (usize, &ArgInfo)) -> _`
[INFO] [stdout] 
[INFO] [stdout] 
[INFO] [stdout] error[E0631]: type mismatch in closure arguments
[INFO] [stdout]    --> src/code_generator/attr_sig_info.rs:185:14
[INFO] [stdout]     |
[INFO] [stdout] 185 |             .fold(TokenStream2::new(), |acc, arg| {
[INFO] [stdout]     |              ^^^^                      ---------- found signature of `fn(_, ArgInfo) -> _`
[INFO] [stdout]     |              |
[INFO] [stdout]     |              expected signature of `fn([type error], &ArgInfo) -> _`
[INFO] [stdout] 
[INFO] [stdout] 
[INFO] [stdout] error[E0599]: no method named `to_token_stream` found for struct `syn::Path` in the current scope
[INFO] [stdout]   --> src/metadata/metadata_visitor.rs:25:35
[INFO] [stdout]    |
[INFO] [stdout] 25 |             .any(|attr| attr.path.to_token_stream().to_string().as_str() == "near_bindgen");
[INFO] [stdout]    |                                   ^^^^^^^^^^^^^^^ method not found in `syn::Path`
[INFO] [stdout]    | 
[INFO] [stdout]   ::: /opt/rustwide/cargo-home/registry/src/github.com-1ecc6299db9ec823/quote-1.0.10/src/to_tokens.rs:61:8
[INFO] [stdout]    |
[INFO] [stdout] 61 |     fn to_token_stream(&self) -> TokenStream {
[INFO] [stdout]    |        --------------- the method is available for `syn::Path` here
[INFO] [stdout]    |
[INFO] [stdout]    = help: items from traits can only be used if the trait is in scope
[INFO] [stdout]    = note: the following trait is implemented but not in scope; perhaps add a `use` for it:
[INFO] [stdout]            `use quote::ToTokens;`
[INFO] [stdout] 
[INFO] [stdout] 
[INFO] [stdout] error: aborting due to 14 previous errors
[INFO] [stdout] 
[INFO] [stdout] 
[INFO] [stdout] Some errors have detailed explanations: E0432, E0599, E0631.
[INFO] [stdout] 
[INFO] [stdout] For more information about an error, try `rustc --explain E0432`.
[INFO] [stdout] 
[INFO] [stderr] error: could not compile `near-bindgen-core` due to 15 previous errors
[INFO] [stderr] warning: build failed, waiting for other jobs to finish...
[INFO] [stdout] error[E0432]: unresolved import `syn::export`
[INFO] [stdout]  --> src/code_generator/attr_sig_info.rs:1:10
[INFO] [stdout]   |
[INFO] [stdout] 1 | use syn::export::TokenStream2;
[INFO] [stdout]   |          ^^^^^^ could not find `export` in `syn`
[INFO] [stdout] 
[INFO] [stdout] 
[INFO] [stdout] error[E0432]: unresolved import `syn::export`
[INFO] [stdout]  --> src/code_generator/impl_item_method_info.rs:3:10
[INFO] [stdout]   |
[INFO] [stdout] 3 | use syn::export::TokenStream2;
[INFO] [stdout]   |          ^^^^^^ could not find `export` in `syn`
[INFO] [stdout] 
[INFO] [stdout] 
[INFO] [stdout] error[E0432]: unresolved import `syn::export`
[INFO] [stdout]  --> src/code_generator/item_trait_info.rs:3:10
[INFO] [stdout]   |
[INFO] [stdout] 3 | use syn::export::TokenStream2;
[INFO] [stdout]   |          ^^^^^^ could not find `export` in `syn`
[INFO] [stdout] 
[INFO] [stdout] 
[INFO] [stdout] error[E0432]: unresolved import `syn::export`
[INFO] [stdout]  --> src/code_generator/trait_item_method_info.rs:3:10
[INFO] [stdout]   |
[INFO] [stdout] 3 | use syn::export::TokenStream2;
[INFO] [stdout]   |          ^^^^^^ could not find `export` in `syn`
[INFO] [stdout] 
[INFO] [stdout] 
[INFO] [stdout] error[E0432]: unresolved import `syn::export`
[INFO] [stdout]  --> src/code_generator/item_impl_info.rs:2:10
[INFO] [stdout]   |
[INFO] [stdout] 2 | use syn::export::TokenStream2;
[INFO] [stdout]   |          ^^^^^^ could not find `export` in `syn`
[INFO] [stdout] 
[INFO] [stdout] 
[INFO] [stdout] error[E0432]: unresolved import `syn::export`
[INFO] [stdout]  --> src/info_extractor/arg_info.rs:4:10
[INFO] [stdout]   |
[INFO] [stdout] 4 | use syn::export::Span;
[INFO] [stdout]   |          ^^^^^^ could not find `export` in `syn`
[INFO] [stdout] 
[INFO] [stdout] 
[INFO] [stdout] error[E0432]: unresolved import `syn::export`
[INFO] [stdout]  --> src/info_extractor/attr_sig_info.rs:5:10
[INFO] [stdout]   |
[INFO] [stdout] 5 | use syn::export::Span;
[INFO] [stdout]   |          ^^^^^^ could not find `export` in `syn`
[INFO] [stdout] 
[INFO] [stdout] 
[INFO] [stdout] error[E0432]: unresolved import `syn::export`
[INFO] [stdout]  --> src/info_extractor/trait_item_method_info.rs:2:10
[INFO] [stdout]   |
[INFO] [stdout] 2 | use syn::export::Span;
[INFO] [stdout]   |          ^^^^^^ could not find `export` in `syn`
[INFO] [stdout] 
[INFO] [stdout] 
[INFO] [stdout] error[E0432]: unresolved import `syn::export`
[INFO] [stdout]  --> src/info_extractor/item_trait_info.rs:3:10
[INFO] [stdout]   |
[INFO] [stdout] 3 | use syn::export::Span;
[INFO] [stdout]   |          ^^^^^^ could not find `export` in `syn`
[INFO] [stdout] 
[INFO] [stdout] 
[INFO] [stdout] error[E0432]: unresolved import `syn::export`
[INFO] [stdout]  --> src/metadata/metadata_generator.rs:4:10
[INFO] [stdout]   |
[INFO] [stdout] 4 | use syn::export::TokenStream2;
[INFO] [stdout]   |          ^^^^^^ could not find `export` in `syn`
[INFO] [stdout] 
[INFO] [stdout] 
[INFO] [stdout] error[E0432]: unresolved import `syn::export`
[INFO] [stdout]  --> src/metadata/metadata_visitor.rs:8:10
[INFO] [stdout]   |
[INFO] [stdout] 8 | use syn::export::{ToTokens, TokenStream2};
[INFO] [stdout]   |          ^^^^^^ could not find `export` in `syn`
[INFO] [stdout] 
[INFO] [stdout] 
[INFO] [stdout] error[E0631]: type mismatch in closure arguments
[INFO] [stdout]    --> src/code_generator/attr_sig_info.rs:151:14
[INFO] [stdout]     |
[INFO] [stdout] 151 |             .fold(TokenStream2::new(), |acc, (idx, arg)| {
[INFO] [stdout]     |              ^^^^                      ----------------- found signature of `fn(_, (_, ArgInfo)) -> _`
[INFO] [stdout]     |              |
[INFO] [stdout]     |              expected signature of `fn([type error], (usize, &ArgInfo)) -> _`
[INFO] [stdout] 
[INFO] [stdout] 
[INFO] [stdout] error[E0631]: type mismatch in closure arguments
[INFO] [stdout]    --> src/code_generator/attr_sig_info.rs:185:14
[INFO] [stdout]     |
[INFO] [stdout] 185 |             .fold(TokenStream2::new(), |acc, arg| {
[INFO] [stdout]     |              ^^^^                      ---------- found signature of `fn(_, ArgInfo) -> _`
[INFO] [stdout]     |              |
[INFO] [stdout]     |              expected signature of `fn([type error], &ArgInfo) -> _`
[INFO] [stdout] 
[INFO] [stdout] 
[INFO] [stdout] error[E0599]: no method named `to_token_stream` found for struct `syn::Path` in the current scope
[INFO] [stdout]   --> src/metadata/metadata_visitor.rs:25:35
[INFO] [stdout]    |
[INFO] [stdout] 25 |             .any(|attr| attr.path.to_token_stream().to_string().as_str() == "near_bindgen");
[INFO] [stdout]    |                                   ^^^^^^^^^^^^^^^ method not found in `syn::Path`
[INFO] [stdout]    | 
[INFO] [stdout]   ::: /opt/rustwide/cargo-home/registry/src/github.com-1ecc6299db9ec823/quote-1.0.10/src/to_tokens.rs:61:8
[INFO] [stdout]    |
[INFO] [stdout] 61 |     fn to_token_stream(&self) -> TokenStream {
[INFO] [stdout]    |        --------------- the method is available for `syn::Path` here
[INFO] [stdout]    |
[INFO] [stdout]    = help: items from traits can only be used if the trait is in scope
[INFO] [stdout]    = note: the following trait is implemented but not in scope; perhaps add a `use` for it:
[INFO] [stdout]            `use quote::ToTokens;`
[INFO] [stdout] 
[INFO] [stdout] 
[INFO] [stdout] error: aborting due to 14 previous errors
[INFO] [stdout] 
[INFO] [stdout] 
[INFO] [stdout] Some errors have detailed explanations: E0432, E0599, E0631.
[INFO] [stdout] 
[INFO] [stdout] For more information about an error, try `rustc --explain E0432`.
[INFO] [stdout] 
[INFO] [stderr] error: build failed
[INFO] running `Command { std: "docker" "inspect" "8b77d5ee12262c24f006578c9c174d61c408f7b42c0e350842c861b18243098c", kill_on_drop: false }`
[INFO] running `Command { std: "docker" "rm" "-f" "8b77d5ee12262c24f006578c9c174d61c408f7b42c0e350842c861b18243098c", kill_on_drop: false }`
[INFO] [stdout] 8b77d5ee12262c24f006578c9c174d61c408f7b42c0e350842c861b18243098c
