[INFO] fetching crate naut_testing 0.14.22...
[INFO] checking naut_testing-0.14.22 against beta-2021-10-15 for beta-1.56-3
[INFO] extracting crate naut_testing 0.14.22 into /workspace/builds/worker-14/source
[INFO] validating manifest of crates.io crate naut_testing 0.14.22 on toolchain beta-2021-10-15
[INFO] running `Command { std: "/workspace/cargo-home/bin/cargo" "+beta-2021-10-15" "metadata" "--manifest-path" "Cargo.toml" "--no-deps", kill_on_drop: false }`
[INFO] started tweaking crates.io crate naut_testing 0.14.22
[INFO] finished tweaking crates.io crate naut_testing 0.14.22
[INFO] tweaked toml for crates.io crate naut_testing 0.14.22 written to /workspace/builds/worker-14/source/Cargo.toml
[INFO] running `Command { std: "/workspace/cargo-home/bin/cargo" "+beta-2021-10-15" "generate-lockfile" "--manifest-path" "Cargo.toml" "-Zno-index-update", kill_on_drop: false }`
[INFO] running `Command { std: "/workspace/cargo-home/bin/cargo" "+beta-2021-10-15" "fetch" "--manifest-path" "Cargo.toml", kill_on_drop: false }`
[INFO] [stderr]  Downloading crates ...
[INFO] [stderr]   Downloaded avif-serialize v0.6.5
[INFO] [stderr]   Downloaded ravif v0.6.4
[INFO] [stderr]   Downloaded naut_core v0.14.22
[INFO] [stderr]   Downloaded parameterized-macro v0.2.0
[INFO] [stderr]   Downloaded parameterized v0.2.0
[INFO] running `Command { std: "docker" "create" "-v" "/var/lib/crater-agent-workspace/builds/worker-14/target:/opt/rustwide/target:rw,Z" "-v" "/var/lib/crater-agent-workspace/builds/worker-14/source:/opt/rustwide/workdir:ro,Z" "-v" "/var/lib/crater-agent-workspace/cargo-home:/opt/rustwide/cargo-home:ro,Z" "-v" "/var/lib/crater-agent-workspace/rustup-home:/opt/rustwide/rustup-home:ro,Z" "-e" "SOURCE_DIR=/opt/rustwide/workdir" "-e" "CARGO_TARGET_DIR=/opt/rustwide/target" "-e" "CARGO_HOME=/opt/rustwide/cargo-home" "-e" "RUSTUP_HOME=/opt/rustwide/rustup-home" "-w" "/opt/rustwide/workdir" "-m" "1610612736" "--user" "0:0" "--network" "none" "ghcr.io/rust-lang/crates-build-env/linux@sha256:a89201d6b5b9fd45c15d5952ece0a0129e7e80cb26ec023fd59cf09bc26f1604" "/opt/rustwide/cargo-home/bin/cargo" "+beta-2021-10-15" "metadata" "--no-deps" "--format-version=1", kill_on_drop: false }`
[INFO] [stdout] 664126c3f09229d681ba0b1dabb2a1f1a51e2d194c751e8278f375fa9ad0835a
[INFO] [stderr] WARNING: Your kernel does not support swap limit capabilities or the cgroup is not mounted. Memory limited without swap.
[INFO] running `Command { std: "docker" "start" "-a" "664126c3f09229d681ba0b1dabb2a1f1a51e2d194c751e8278f375fa9ad0835a", kill_on_drop: false }`
[INFO] running `Command { std: "docker" "inspect" "664126c3f09229d681ba0b1dabb2a1f1a51e2d194c751e8278f375fa9ad0835a", kill_on_drop: false }`
[INFO] running `Command { std: "docker" "rm" "-f" "664126c3f09229d681ba0b1dabb2a1f1a51e2d194c751e8278f375fa9ad0835a", kill_on_drop: false }`
[INFO] [stdout] 664126c3f09229d681ba0b1dabb2a1f1a51e2d194c751e8278f375fa9ad0835a
[INFO] running `Command { std: "docker" "create" "-v" "/var/lib/crater-agent-workspace/builds/worker-14/target:/opt/rustwide/target:rw,Z" "-v" "/var/lib/crater-agent-workspace/builds/worker-14/source:/opt/rustwide/workdir:ro,Z" "-v" "/var/lib/crater-agent-workspace/cargo-home:/opt/rustwide/cargo-home:ro,Z" "-v" "/var/lib/crater-agent-workspace/rustup-home:/opt/rustwide/rustup-home:ro,Z" "-e" "SOURCE_DIR=/opt/rustwide/workdir" "-e" "CARGO_TARGET_DIR=/opt/rustwide/target" "-e" "CARGO_INCREMENTAL=0" "-e" "RUST_BACKTRACE=full" "-e" "RUSTFLAGS=--cap-lints=warn" "-e" "CARGO_HOME=/opt/rustwide/cargo-home" "-e" "RUSTUP_HOME=/opt/rustwide/rustup-home" "-w" "/opt/rustwide/workdir" "-m" "1610612736" "--user" "0:0" "--network" "none" "ghcr.io/rust-lang/crates-build-env/linux@sha256:a89201d6b5b9fd45c15d5952ece0a0129e7e80cb26ec023fd59cf09bc26f1604" "/opt/rustwide/cargo-home/bin/cargo" "+beta-2021-10-15" "check" "--frozen" "--all" "--all-targets" "--message-format=json", kill_on_drop: false }`
[INFO] [stdout] c74e528678cd04ba5106667b346f031342ce9c67500b7be362ec0f9e3ccffd05
[INFO] [stderr] WARNING: Your kernel does not support swap limit capabilities or the cgroup is not mounted. Memory limited without swap.
[INFO] running `Command { std: "docker" "start" "-a" "c74e528678cd04ba5106667b346f031342ce9c67500b7be362ec0f9e3ccffd05", kill_on_drop: false }`
[INFO] [stderr]    Compiling syn v1.0.80
[INFO] [stderr]    Compiling rust_hawktracer_proc_macro v0.4.1
[INFO] [stderr]     Checking rust_hawktracer_normal_macro v0.4.1
[INFO] [stderr]     Checking arrayvec v0.5.2
[INFO] [stderr]    Compiling noop_proc_macro v0.3.0
[INFO] [stderr]     Checking imgref v1.9.1
[INFO] [stderr]     Checking bytemuck v1.7.2
[INFO] [stderr]     Checking bitstream-io v1.2.0
[INFO] [stderr]     Checking gif v0.11.3
[INFO] [stderr]     Checking png v0.16.8
[INFO] [stderr]    Compiling simd_helpers v0.1.0
[INFO] [stderr]    Compiling chrono v0.4.19
[INFO] [stderr]    Compiling crossbeam-deque v0.8.1
[INFO] [stderr]     Checking tiff v0.6.1
[INFO] [stderr]     Checking loop9 v0.1.3
[INFO] [stderr]    Compiling rayon-core v1.9.1
[INFO] [stderr]     Checking rgb v0.8.27
[INFO] [stderr]     Checking avif-serialize v0.6.5
[INFO] [stderr]     Checking rust_hawktracer v0.7.0
[INFO] [stderr]    Compiling rayon v1.5.1
[INFO] [stderr]    Compiling vergen v3.2.0
[INFO] [stderr]    Compiling nasm-rs v0.2.1
[INFO] [stderr]    Compiling rav1e v0.4.1
[INFO] [stderr]    Compiling thiserror-impl v1.0.30
[INFO] [stderr]    Compiling num-derive v0.3.3
[INFO] [stderr]    Compiling arg_enum_proc_macro v0.3.1
[INFO] [stderr]    Compiling parameterized-macro v0.2.0
[INFO] [stdout] error[E0433]: failed to resolve: could not find `export` in `syn`
[INFO] [stdout]  --> /opt/rustwide/cargo-home/registry/src/github.com-1ecc6299db9ec823/parameterized-macro-0.2.0/src/lib.rs:8:10
[INFO] [stdout]   |
[INFO] [stdout] 8 | use syn::export::fmt::Display;
[INFO] [stdout]   |          ^^^^^^ could not find `export` in `syn`
[INFO] [stdout] 
[INFO] [stdout] 
[INFO] [stdout] error[E0432]: unresolved import `syn::export`
[INFO] [stdout]  --> /opt/rustwide/cargo-home/registry/src/github.com-1ecc6299db9ec823/parameterized-macro-0.2.0/src/attribute.rs:2:10
[INFO] [stdout]   |
[INFO] [stdout] 2 | use syn::export::Formatter;
[INFO] [stdout]   |          ^^^^^^ could not find `export` in `syn`
[INFO] [stdout] 
[INFO] [stdout] 
[INFO] [stdout] error[E0405]: cannot find trait `Display` in this scope
[INFO] [stdout]    --> /opt/rustwide/cargo-home/registry/src/github.com-1ecc6299db9ec823/parameterized-macro-0.2.0/src/lib.rs:145:37
[INFO] [stdout]     |
[INFO] [stdout] 145 | fn panic_on_inequal_length<K: Ord + Display, V, D: Display>(
[INFO] [stdout]     |                                     ^^^^^^^ not found in this scope
[INFO] [stdout]     |
[INFO] [stdout] help: consider importing one of these items
[INFO] [stdout]     |
[INFO] [stdout] 5   | use core::fmt::Display;
[INFO] [stdout]     |
[INFO] [stdout] 5   | use std::fmt::Display;
[INFO] [stdout]     |
[INFO] [stdout] 5   | use syn::__private::fmt::Display;
[INFO] [stdout]     |
[INFO] [stdout] 
[INFO] [stdout] 
[INFO] [stdout] error[E0405]: cannot find trait `Display` in this scope
[INFO] [stdout]    --> /opt/rustwide/cargo-home/registry/src/github.com-1ecc6299db9ec823/parameterized-macro-0.2.0/src/lib.rs:145:52
[INFO] [stdout]     |
[INFO] [stdout] 145 | fn panic_on_inequal_length<K: Ord + Display, V, D: Display>(
[INFO] [stdout]     |                                                    ^^^^^^^ not found in this scope
[INFO] [stdout]     |
[INFO] [stdout] help: consider importing one of these items
[INFO] [stdout]     |
[INFO] [stdout] 5   | use core::fmt::Display;
[INFO] [stdout]     |
[INFO] [stdout] 5   | use std::fmt::Display;
[INFO] [stdout]     |
[INFO] [stdout] 5   | use syn::__private::fmt::Display;
[INFO] [stdout]     |
[INFO] [stdout] 
[INFO] [stdout] 
[INFO] [stdout] error: aborting due to 4 previous errors
[INFO] [stdout] 
[INFO] [stdout] 
[INFO] [stdout] Some errors have detailed explanations: E0405, E0432, E0433.
[INFO] [stdout] 
[INFO] [stdout] For more information about an error, try `rustc --explain E0405`.
[INFO] [stdout] 
[INFO] [stderr] error: could not compile `parameterized-macro` due to 5 previous errors
[INFO] [stderr] warning: build failed, waiting for other jobs to finish...
[INFO] [stderr] error: build failed
[INFO] running `Command { std: "docker" "inspect" "c74e528678cd04ba5106667b346f031342ce9c67500b7be362ec0f9e3ccffd05", kill_on_drop: false }`
[INFO] running `Command { std: "docker" "rm" "-f" "c74e528678cd04ba5106667b346f031342ce9c67500b7be362ec0f9e3ccffd05", kill_on_drop: false }`
[INFO] [stdout] c74e528678cd04ba5106667b346f031342ce9c67500b7be362ec0f9e3ccffd05
