[INFO] fetching crate naut_parser 0.14.22...
[INFO] checking naut_parser-0.14.22 against 1.55.0 for beta-1.56-3
[INFO] extracting crate naut_parser 0.14.22 into /workspace/builds/worker-6/source
[INFO] validating manifest of crates.io crate naut_parser 0.14.22 on toolchain 1.55.0
[INFO] running `Command { std: "/workspace/cargo-home/bin/cargo" "+1.55.0" "metadata" "--manifest-path" "Cargo.toml" "--no-deps", kill_on_drop: false }`
[INFO] started tweaking crates.io crate naut_parser 0.14.22
[INFO] finished tweaking crates.io crate naut_parser 0.14.22
[INFO] tweaked toml for crates.io crate naut_parser 0.14.22 written to /workspace/builds/worker-6/source/Cargo.toml
[INFO] running `Command { std: "/workspace/cargo-home/bin/cargo" "+1.55.0" "generate-lockfile" "--manifest-path" "Cargo.toml" "-Zno-index-update", kill_on_drop: false }`
[INFO] running `Command { std: "/workspace/cargo-home/bin/cargo" "+1.55.0" "fetch" "--manifest-path" "Cargo.toml", kill_on_drop: false }`
[INFO] [stderr]     Blocking waiting for file lock on package cache
[INFO] running `Command { std: "docker" "create" "-v" "/var/lib/crater-agent-workspace/builds/worker-6/target:/opt/rustwide/target:rw,Z" "-v" "/var/lib/crater-agent-workspace/builds/worker-6/source:/opt/rustwide/workdir:ro,Z" "-v" "/var/lib/crater-agent-workspace/cargo-home:/opt/rustwide/cargo-home:ro,Z" "-v" "/var/lib/crater-agent-workspace/rustup-home:/opt/rustwide/rustup-home:ro,Z" "-e" "SOURCE_DIR=/opt/rustwide/workdir" "-e" "CARGO_TARGET_DIR=/opt/rustwide/target" "-e" "CARGO_HOME=/opt/rustwide/cargo-home" "-e" "RUSTUP_HOME=/opt/rustwide/rustup-home" "-w" "/opt/rustwide/workdir" "-m" "1610612736" "--user" "0:0" "--network" "none" "ghcr.io/rust-lang/crates-build-env/linux@sha256:a89201d6b5b9fd45c15d5952ece0a0129e7e80cb26ec023fd59cf09bc26f1604" "/opt/rustwide/cargo-home/bin/cargo" "+1.55.0" "metadata" "--no-deps" "--format-version=1", kill_on_drop: false }`
[INFO] [stdout] 545470fc623f07b3d8d43292ce9ba67131f44e8bcf1f35bfcbf279c83a2627fb
[INFO] [stderr] WARNING: Your kernel does not support swap limit capabilities or the cgroup is not mounted. Memory limited without swap.
[INFO] running `Command { std: "docker" "start" "-a" "545470fc623f07b3d8d43292ce9ba67131f44e8bcf1f35bfcbf279c83a2627fb", kill_on_drop: false }`
[INFO] running `Command { std: "docker" "inspect" "545470fc623f07b3d8d43292ce9ba67131f44e8bcf1f35bfcbf279c83a2627fb", kill_on_drop: false }`
[INFO] running `Command { std: "docker" "rm" "-f" "545470fc623f07b3d8d43292ce9ba67131f44e8bcf1f35bfcbf279c83a2627fb", kill_on_drop: false }`
[INFO] [stdout] 545470fc623f07b3d8d43292ce9ba67131f44e8bcf1f35bfcbf279c83a2627fb
[INFO] running `Command { std: "docker" "create" "-v" "/var/lib/crater-agent-workspace/builds/worker-6/target:/opt/rustwide/target:rw,Z" "-v" "/var/lib/crater-agent-workspace/builds/worker-6/source:/opt/rustwide/workdir:ro,Z" "-v" "/var/lib/crater-agent-workspace/cargo-home:/opt/rustwide/cargo-home:ro,Z" "-v" "/var/lib/crater-agent-workspace/rustup-home:/opt/rustwide/rustup-home:ro,Z" "-e" "SOURCE_DIR=/opt/rustwide/workdir" "-e" "CARGO_TARGET_DIR=/opt/rustwide/target" "-e" "CARGO_INCREMENTAL=0" "-e" "RUST_BACKTRACE=full" "-e" "RUSTFLAGS=--cap-lints=warn" "-e" "CARGO_HOME=/opt/rustwide/cargo-home" "-e" "RUSTUP_HOME=/opt/rustwide/rustup-home" "-w" "/opt/rustwide/workdir" "-m" "1610612736" "--user" "0:0" "--network" "none" "ghcr.io/rust-lang/crates-build-env/linux@sha256:a89201d6b5b9fd45c15d5952ece0a0129e7e80cb26ec023fd59cf09bc26f1604" "/opt/rustwide/cargo-home/bin/cargo" "+1.55.0" "check" "--frozen" "--all" "--all-targets" "--message-format=json", kill_on_drop: false }`
[INFO] [stderr] WARNING: Your kernel does not support swap limit capabilities or the cgroup is not mounted. Memory limited without swap.
[INFO] [stdout] e5dfb62300894608d2ec6204b0108b0b1e6af1e6ab5169879cbcc3a9cac4f066
[INFO] running `Command { std: "docker" "start" "-a" "e5dfb62300894608d2ec6204b0108b0b1e6af1e6ab5169879cbcc3a9cac4f066", kill_on_drop: false }`
[INFO] [stderr]    Compiling syn v1.0.80
[INFO] [stderr]     Checking rust_hawktracer_normal_macro v0.4.1
[INFO] [stderr]    Compiling rust_hawktracer_proc_macro v0.4.1
[INFO] [stderr]    Compiling noop_proc_macro v0.3.0
[INFO] [stderr]     Checking imgref v1.9.1
[INFO] [stderr]     Checking bitstream-io v1.2.0
[INFO] [stderr]     Checking strum v0.19.5
[INFO] [stderr]     Checking rgb v0.8.27
[INFO] [stderr]     Checking avif-serialize v0.6.5
[INFO] [stderr]     Checking gif v0.11.3
[INFO] [stderr]    Compiling crossbeam-utils v0.8.5
[INFO] [stderr]    Compiling memoffset v0.6.4
[INFO] [stderr]    Compiling num_cpus v1.13.0
[INFO] [stderr]    Compiling simd_helpers v0.1.0
[INFO] [stderr]     Checking loop9 v0.1.3
[INFO] [stderr]    Compiling crossbeam-epoch v0.9.5
[INFO] [stderr]    Compiling crossbeam-channel v0.5.1
[INFO] [stderr]     Checking rust_hawktracer v0.7.0
[INFO] [stderr]    Compiling crossbeam-deque v0.8.1
[INFO] [stderr]    Compiling rayon-core v1.9.1
[INFO] [stderr]    Compiling rayon v1.5.1
[INFO] [stderr]    Compiling nasm-rs v0.2.1
[INFO] [stderr]    Compiling rav1e v0.4.1
[INFO] [stderr]    Compiling pest_generator v2.1.3
[INFO] [stderr]    Compiling num-derive v0.3.3
[INFO] [stderr]    Compiling thiserror-impl v1.0.30
[INFO] [stderr]    Compiling arg_enum_proc_macro v0.3.1
[INFO] [stderr]    Compiling parameterized-macro v0.2.0
[INFO] [stderr]    Compiling strum_macros v0.19.4
[INFO] [stderr]    Compiling pest_derive v2.1.0
[INFO] [stdout] error[E0433]: failed to resolve: could not find `export` in `syn`
[INFO] [stdout]  --> /opt/rustwide/cargo-home/registry/src/github.com-1ecc6299db9ec823/parameterized-macro-0.2.0/src/lib.rs:8:10
[INFO] [stdout]   |
[INFO] [stdout] 8 | use syn::export::fmt::Display;
[INFO] [stdout]   |          ^^^^^^ could not find `export` in `syn`
[INFO] [stdout] 
[INFO] [stdout] 
[INFO] [stdout] error[E0432]: unresolved import `syn::export`
[INFO] [stdout]  --> /opt/rustwide/cargo-home/registry/src/github.com-1ecc6299db9ec823/parameterized-macro-0.2.0/src/attribute.rs:2:10
[INFO] [stdout]   |
[INFO] [stdout] 2 | use syn::export::Formatter;
[INFO] [stdout]   |          ^^^^^^ could not find `export` in `syn`
[INFO] [stdout] 
[INFO] [stdout] 
[INFO] [stdout] error[E0405]: cannot find trait `Display` in this scope
[INFO] [stdout]    --> /opt/rustwide/cargo-home/registry/src/github.com-1ecc6299db9ec823/parameterized-macro-0.2.0/src/lib.rs:145:37
[INFO] [stdout]     |
[INFO] [stdout] 145 | fn panic_on_inequal_length<K: Ord + Display, V, D: Display>(
[INFO] [stdout]     |                                     ^^^^^^^ not found in this scope
[INFO] [stdout]     |
[INFO] [stdout] help: consider importing one of these items
[INFO] [stdout]     |
[INFO] [stdout] 5   | use core::fmt::Display;
[INFO] [stdout]     |
[INFO] [stdout] 5   | use std::fmt::Display;
[INFO] [stdout]     |
[INFO] [stdout] 5   | use syn::__private::fmt::Display;
[INFO] [stdout]     |
[INFO] [stdout] 
[INFO] [stdout] 
[INFO] [stdout] error[E0405]: cannot find trait `Display` in this scope
[INFO] [stdout]    --> /opt/rustwide/cargo-home/registry/src/github.com-1ecc6299db9ec823/parameterized-macro-0.2.0/src/lib.rs:145:52
[INFO] [stdout]     |
[INFO] [stdout] 145 | fn panic_on_inequal_length<K: Ord + Display, V, D: Display>(
[INFO] [stdout]     |                                                    ^^^^^^^ not found in this scope
[INFO] [stdout]     |
[INFO] [stdout] help: consider importing one of these items
[INFO] [stdout]     |
[INFO] [stdout] 5   | use core::fmt::Display;
[INFO] [stdout]     |
[INFO] [stdout] 5   | use std::fmt::Display;
[INFO] [stdout]     |
[INFO] [stdout] 5   | use syn::__private::fmt::Display;
[INFO] [stdout]     |
[INFO] [stdout] 
[INFO] [stdout] 
[INFO] [stdout] error: aborting due to 4 previous errors
[INFO] [stdout] 
[INFO] [stdout] 
[INFO] [stdout] Some errors have detailed explanations: E0405, E0432, E0433.
[INFO] [stdout] 
[INFO] [stdout] For more information about an error, try `rustc --explain E0405`.
[INFO] [stdout] 
[INFO] [stderr] error: could not compile `parameterized-macro` due to 5 previous errors
[INFO] [stderr] warning: build failed, waiting for other jobs to finish...
[INFO] [stderr] error: build failed
[INFO] running `Command { std: "docker" "inspect" "e5dfb62300894608d2ec6204b0108b0b1e6af1e6ab5169879cbcc3a9cac4f066", kill_on_drop: false }`
[INFO] running `Command { std: "docker" "rm" "-f" "e5dfb62300894608d2ec6204b0108b0b1e6af1e6ab5169879cbcc3a9cac4f066", kill_on_drop: false }`
[INFO] [stdout] e5dfb62300894608d2ec6204b0108b0b1e6af1e6ab5169879cbcc3a9cac4f066
