[INFO] fetching crate naut_io 0.14.22...
[INFO] checking naut_io-0.14.22 against 1.55.0 for beta-1.56-3
[INFO] extracting crate naut_io 0.14.22 into /workspace/builds/worker-9/source
[INFO] validating manifest of crates.io crate naut_io 0.14.22 on toolchain 1.55.0
[INFO] running `Command { std: "/workspace/cargo-home/bin/cargo" "+1.55.0" "metadata" "--manifest-path" "Cargo.toml" "--no-deps", kill_on_drop: false }`
[INFO] started tweaking crates.io crate naut_io 0.14.22
[INFO] finished tweaking crates.io crate naut_io 0.14.22
[INFO] tweaked toml for crates.io crate naut_io 0.14.22 written to /workspace/builds/worker-9/source/Cargo.toml
[INFO] running `Command { std: "/workspace/cargo-home/bin/cargo" "+1.55.0" "generate-lockfile" "--manifest-path" "Cargo.toml" "-Zno-index-update", kill_on_drop: false }`
[INFO] running `Command { std: "/workspace/cargo-home/bin/cargo" "+1.55.0" "fetch" "--manifest-path" "Cargo.toml", kill_on_drop: false }`
[INFO] running `Command { std: "docker" "create" "-v" "/var/lib/crater-agent-workspace/builds/worker-9/target:/opt/rustwide/target:rw,Z" "-v" "/var/lib/crater-agent-workspace/builds/worker-9/source:/opt/rustwide/workdir:ro,Z" "-v" "/var/lib/crater-agent-workspace/cargo-home:/opt/rustwide/cargo-home:ro,Z" "-v" "/var/lib/crater-agent-workspace/rustup-home:/opt/rustwide/rustup-home:ro,Z" "-e" "SOURCE_DIR=/opt/rustwide/workdir" "-e" "CARGO_TARGET_DIR=/opt/rustwide/target" "-e" "CARGO_HOME=/opt/rustwide/cargo-home" "-e" "RUSTUP_HOME=/opt/rustwide/rustup-home" "-w" "/opt/rustwide/workdir" "-m" "1610612736" "--user" "0:0" "--network" "none" "ghcr.io/rust-lang/crates-build-env/linux@sha256:a89201d6b5b9fd45c15d5952ece0a0129e7e80cb26ec023fd59cf09bc26f1604" "/opt/rustwide/cargo-home/bin/cargo" "+1.55.0" "metadata" "--no-deps" "--format-version=1", kill_on_drop: false }`
[INFO] [stdout] a398a74317f9acd6d99857cadabc5699e9d0e1431f86c0e93e7940104c6302c3
[INFO] [stderr] WARNING: Your kernel does not support swap limit capabilities or the cgroup is not mounted. Memory limited without swap.
[INFO] running `Command { std: "docker" "start" "-a" "a398a74317f9acd6d99857cadabc5699e9d0e1431f86c0e93e7940104c6302c3", kill_on_drop: false }`
[INFO] running `Command { std: "docker" "inspect" "a398a74317f9acd6d99857cadabc5699e9d0e1431f86c0e93e7940104c6302c3", kill_on_drop: false }`
[INFO] running `Command { std: "docker" "rm" "-f" "a398a74317f9acd6d99857cadabc5699e9d0e1431f86c0e93e7940104c6302c3", kill_on_drop: false }`
[INFO] [stdout] a398a74317f9acd6d99857cadabc5699e9d0e1431f86c0e93e7940104c6302c3
[INFO] running `Command { std: "docker" "create" "-v" "/var/lib/crater-agent-workspace/builds/worker-9/target:/opt/rustwide/target:rw,Z" "-v" "/var/lib/crater-agent-workspace/builds/worker-9/source:/opt/rustwide/workdir:ro,Z" "-v" "/var/lib/crater-agent-workspace/cargo-home:/opt/rustwide/cargo-home:ro,Z" "-v" "/var/lib/crater-agent-workspace/rustup-home:/opt/rustwide/rustup-home:ro,Z" "-e" "SOURCE_DIR=/opt/rustwide/workdir" "-e" "CARGO_TARGET_DIR=/opt/rustwide/target" "-e" "CARGO_INCREMENTAL=0" "-e" "RUST_BACKTRACE=full" "-e" "RUSTFLAGS=--cap-lints=warn" "-e" "CARGO_HOME=/opt/rustwide/cargo-home" "-e" "RUSTUP_HOME=/opt/rustwide/rustup-home" "-w" "/opt/rustwide/workdir" "-m" "1610612736" "--user" "0:0" "--network" "none" "ghcr.io/rust-lang/crates-build-env/linux@sha256:a89201d6b5b9fd45c15d5952ece0a0129e7e80cb26ec023fd59cf09bc26f1604" "/opt/rustwide/cargo-home/bin/cargo" "+1.55.0" "check" "--frozen" "--all" "--all-targets" "--message-format=json", kill_on_drop: false }`
[INFO] [stdout] b08ecd3c26b81de0543a5bd1f7ca72ed32d23af8cd11c652208f05b8669c04c9
[INFO] [stderr] WARNING: Your kernel does not support swap limit capabilities or the cgroup is not mounted. Memory limited without swap.
[INFO] running `Command { std: "docker" "start" "-a" "b08ecd3c26b81de0543a5bd1f7ca72ed32d23af8cd11c652208f05b8669c04c9", kill_on_drop: false }`
[INFO] [stderr]     Blocking waiting for file lock on package cache
[INFO] [stderr]     Checking imgref v1.9.1
[INFO] [stderr]     Checking rust_hawktracer v0.7.0
[INFO] [stderr]     Checking avif-serialize v0.6.5
[INFO] [stderr]     Checking rgb v0.8.27
[INFO] [stderr]     Checking gif v0.11.3
[INFO] [stderr]    Compiling crossbeam-deque v0.8.1
[INFO] [stderr]    Compiling parameterized-macro v0.2.0
[INFO] [stderr]    Compiling vergen v3.2.0
[INFO] [stderr]     Checking tiff v0.6.1
[INFO] [stdout] error[E0433]: failed to resolve: could not find `export` in `syn`
[INFO] [stdout]  --> /opt/rustwide/cargo-home/registry/src/github.com-1ecc6299db9ec823/parameterized-macro-0.2.0/src/lib.rs:8:10
[INFO] [stdout]   |
[INFO] [stdout] 8 | use syn::export::fmt::Display;
[INFO] [stdout]   |          ^^^^^^ could not find `export` in `syn`
[INFO] [stdout] 
[INFO] [stdout] 
[INFO] [stdout] error[E0432]: unresolved import `syn::export`
[INFO] [stdout]  --> /opt/rustwide/cargo-home/registry/src/github.com-1ecc6299db9ec823/parameterized-macro-0.2.0/src/attribute.rs:2:10
[INFO] [stdout]   |
[INFO] [stdout] 2 | use syn::export::Formatter;
[INFO] [stdout]   |          ^^^^^^ could not find `export` in `syn`
[INFO] [stdout] 
[INFO] [stdout] 
[INFO] [stdout] error[E0405]: cannot find trait `Display` in this scope
[INFO] [stdout]    --> /opt/rustwide/cargo-home/registry/src/github.com-1ecc6299db9ec823/parameterized-macro-0.2.0/src/lib.rs:145:37
[INFO] [stdout]     |
[INFO] [stdout] 145 | fn panic_on_inequal_length<K: Ord + Display, V, D: Display>(
[INFO] [stdout]     |                                     ^^^^^^^ not found in this scope
[INFO] [stdout]     |
[INFO] [stdout] help: consider importing one of these items
[INFO] [stdout]     |
[INFO] [stdout] 5   | use core::fmt::Display;
[INFO] [stdout]     |
[INFO] [stdout] 5   | use std::fmt::Display;
[INFO] [stdout]     |
[INFO] [stdout] 5   | use syn::__private::fmt::Display;
[INFO] [stdout]     |
[INFO] [stdout] 
[INFO] [stdout] 
[INFO] [stdout] error[E0405]: cannot find trait `Display` in this scope
[INFO] [stdout]    --> /opt/rustwide/cargo-home/registry/src/github.com-1ecc6299db9ec823/parameterized-macro-0.2.0/src/lib.rs:145:52
[INFO] [stdout]     |
[INFO] [stdout] 145 | fn panic_on_inequal_length<K: Ord + Display, V, D: Display>(
[INFO] [stdout]     |                                                    ^^^^^^^ not found in this scope
[INFO] [stdout]     |
[INFO] [stdout] help: consider importing one of these items
[INFO] [stdout]     |
[INFO] [stdout] 5   | use core::fmt::Display;
[INFO] [stdout]     |
[INFO] [stdout] 5   | use std::fmt::Display;
[INFO] [stdout]     |
[INFO] [stdout] 5   | use syn::__private::fmt::Display;
[INFO] [stdout]     |
[INFO] [stdout] 
[INFO] [stdout] 
[INFO] [stdout] error: aborting due to 4 previous errors
[INFO] [stdout] 
[INFO] [stdout] 
[INFO] [stdout] Some errors have detailed explanations: E0405, E0432, E0433.
[INFO] [stdout] 
[INFO] [stdout] For more information about an error, try `rustc --explain E0405`.
[INFO] [stdout] 
[INFO] [stderr] error: could not compile `parameterized-macro` due to 5 previous errors
[INFO] [stderr] warning: build failed, waiting for other jobs to finish...
[INFO] [stderr] error: build failed
[INFO] running `Command { std: "docker" "inspect" "b08ecd3c26b81de0543a5bd1f7ca72ed32d23af8cd11c652208f05b8669c04c9", kill_on_drop: false }`
[INFO] running `Command { std: "docker" "rm" "-f" "b08ecd3c26b81de0543a5bd1f7ca72ed32d23af8cd11c652208f05b8669c04c9", kill_on_drop: false }`
[INFO] [stdout] b08ecd3c26b81de0543a5bd1f7ca72ed32d23af8cd11c652208f05b8669c04c9
