[INFO] fetching crate mpu9250 0.24.0...
[INFO] checking mpu9250-0.24.0 against 1.55.0 for beta-1.56-3
[INFO] extracting crate mpu9250 0.24.0 into /workspace/builds/worker-13/source
[INFO] validating manifest of crates.io crate mpu9250 0.24.0 on toolchain 1.55.0
[INFO] running `Command { std: "/workspace/cargo-home/bin/cargo" "+1.55.0" "metadata" "--manifest-path" "Cargo.toml" "--no-deps", kill_on_drop: false }`
[INFO] started tweaking crates.io crate mpu9250 0.24.0
[INFO] finished tweaking crates.io crate mpu9250 0.24.0
[INFO] tweaked toml for crates.io crate mpu9250 0.24.0 written to /workspace/builds/worker-13/source/Cargo.toml
[INFO] crate crates.io crate mpu9250 0.24.0 already has a lockfile, it will not be regenerated
[INFO] running `Command { std: "/workspace/cargo-home/bin/cargo" "+1.55.0" "fetch" "--manifest-path" "Cargo.toml", kill_on_drop: false }`
[INFO] running `Command { std: "docker" "create" "-v" "/var/lib/crater-agent-workspace/builds/worker-13/target:/opt/rustwide/target:rw,Z" "-v" "/var/lib/crater-agent-workspace/builds/worker-13/source:/opt/rustwide/workdir:ro,Z" "-v" "/var/lib/crater-agent-workspace/cargo-home:/opt/rustwide/cargo-home:ro,Z" "-v" "/var/lib/crater-agent-workspace/rustup-home:/opt/rustwide/rustup-home:ro,Z" "-e" "SOURCE_DIR=/opt/rustwide/workdir" "-e" "CARGO_TARGET_DIR=/opt/rustwide/target" "-e" "CARGO_HOME=/opt/rustwide/cargo-home" "-e" "RUSTUP_HOME=/opt/rustwide/rustup-home" "-w" "/opt/rustwide/workdir" "-m" "1610612736" "--user" "0:0" "--network" "none" "ghcr.io/rust-lang/crates-build-env/linux@sha256:a89201d6b5b9fd45c15d5952ece0a0129e7e80cb26ec023fd59cf09bc26f1604" "/opt/rustwide/cargo-home/bin/cargo" "+1.55.0" "metadata" "--no-deps" "--format-version=1", kill_on_drop: false }`
[INFO] [stdout] 9701fd7a38020efcf4c768689408c85f16234fd031e64f158f6fcb5937ea35b7
[INFO] [stderr] WARNING: Your kernel does not support swap limit capabilities or the cgroup is not mounted. Memory limited without swap.
[INFO] running `Command { std: "docker" "start" "-a" "9701fd7a38020efcf4c768689408c85f16234fd031e64f158f6fcb5937ea35b7", kill_on_drop: false }`
[INFO] running `Command { std: "docker" "inspect" "9701fd7a38020efcf4c768689408c85f16234fd031e64f158f6fcb5937ea35b7", kill_on_drop: false }`
[INFO] running `Command { std: "docker" "rm" "-f" "9701fd7a38020efcf4c768689408c85f16234fd031e64f158f6fcb5937ea35b7", kill_on_drop: false }`
[INFO] [stdout] 9701fd7a38020efcf4c768689408c85f16234fd031e64f158f6fcb5937ea35b7
[INFO] running `Command { std: "docker" "create" "-v" "/var/lib/crater-agent-workspace/builds/worker-13/target:/opt/rustwide/target:rw,Z" "-v" "/var/lib/crater-agent-workspace/builds/worker-13/source:/opt/rustwide/workdir:ro,Z" "-v" "/var/lib/crater-agent-workspace/cargo-home:/opt/rustwide/cargo-home:ro,Z" "-v" "/var/lib/crater-agent-workspace/rustup-home:/opt/rustwide/rustup-home:ro,Z" "-e" "SOURCE_DIR=/opt/rustwide/workdir" "-e" "CARGO_TARGET_DIR=/opt/rustwide/target" "-e" "CARGO_INCREMENTAL=0" "-e" "RUST_BACKTRACE=full" "-e" "RUSTFLAGS=--cap-lints=warn" "-e" "CARGO_HOME=/opt/rustwide/cargo-home" "-e" "RUSTUP_HOME=/opt/rustwide/rustup-home" "-w" "/opt/rustwide/workdir" "-m" "1610612736" "--user" "0:0" "--network" "none" "ghcr.io/rust-lang/crates-build-env/linux@sha256:a89201d6b5b9fd45c15d5952ece0a0129e7e80cb26ec023fd59cf09bc26f1604" "/opt/rustwide/cargo-home/bin/cargo" "+1.55.0" "check" "--frozen" "--all" "--all-targets" "--message-format=json", kill_on_drop: false }`
[INFO] [stderr] WARNING: Your kernel does not support swap limit capabilities or the cgroup is not mounted. Memory limited without swap.
[INFO] [stdout] 16fb0f2b01dd29741e893a4a40e9afc503818df7e899f02dd4ccc1dea65d0c77
[INFO] running `Command { std: "docker" "start" "-a" "16fb0f2b01dd29741e893a4a40e9afc503818df7e899f02dd4ccc1dea65d0c77", kill_on_drop: false }`
[INFO] [stderr]     Blocking waiting for file lock on package cache
[INFO] [stderr]    Compiling semver v0.1.20
[INFO] [stderr]     Checking bitflags v0.4.0
[INFO] [stderr]     Checking nix v0.14.1
[INFO] [stderr]     Checking mpu9250 v0.24.0 (/opt/rustwide/workdir)
[INFO] [stderr]    Compiling rustc_version v0.1.7
[INFO] [stderr]    Compiling nix v0.6.0
[INFO] [stderr]     Checking spidev v0.3.0
[INFO] [stderr]     Checking i2cdev v0.4.4
[INFO] [stderr]     Checking sysfs_gpio v0.5.4
[INFO] [stderr]     Checking linux-embedded-hal v0.2.2
[INFO] [stdout] error[E0432]: unresolved import `mpu9250::DMP_FIRMWARE`
[INFO] [stdout]   --> examples/bbblue_dmp.rs:17:5
[INFO] [stdout]    |
[INFO] [stdout] 17 | use mpu9250::DMP_FIRMWARE;
[INFO] [stdout]    |     ^^^^^^^^^^^^^^^^^^^^^ no `DMP_FIRMWARE` in the root
[INFO] [stdout] 
[INFO] [stdout] 
[INFO] [stdout] error[E0283]: type annotations needed
[INFO] [stdout]   --> examples/rpi.rs:49:31
[INFO] [stdout]    |
[INFO] [stdout] 49 |     println!("{:#?}", mpu9250.all().unwrap());
[INFO] [stdout]    |                               ^^^ cannot infer type for type parameter `T` declared on the associated function `all`
[INFO] [stdout]    |
[INFO] [stdout]    = note: cannot satisfy `_: From<[f32; 3]>`
[INFO] [stdout] help: use the fully qualified path for the potential candidates
[INFO] [stdout]    |
[INFO] [stdout] 49 |     println!("{:#?}", <T as From<!>>::all(mpu9250).unwrap());
[INFO] [stdout]    |                       ^^^^^^^^^^^^^^^^^^^^^^^^^^^^
[INFO] [stdout] 49 |     println!("{:#?}", <T as From<T>>::all(mpu9250).unwrap());
[INFO] [stdout]    |                       ^^^^^^^^^^^^^^^^^^^^^^^^^^^^
[INFO] [stdout] 49 |     println!("{:#?}", <Box<OsStr> as From<&OsStr>>::all(mpu9250).unwrap());
[INFO] [stdout]    |                       ^^^^^^^^^^^^^^^^^^^^^^^^^^^^^^^^^^^^^^^^^^
[INFO] [stdout] 49 |     println!("{:#?}", <Box<CStr> as From<CString>>::all(mpu9250).unwrap());
[INFO] [stdout]    |                       ^^^^^^^^^^^^^^^^^^^^^^^^^^^^^^^^^^^^^^^^^^
[INFO] [stdout]      and 328 other candidates
[INFO] [stdout] help: consider specifying the type argument in the method call
[INFO] [stdout]    |
[INFO] [stdout] 49 |     println!("{:#?}", mpu9250.all::<T>().unwrap());
[INFO] [stdout]    |                                  ^^^^^
[INFO] [stdout] 
[INFO] [stdout] 
[INFO] [stdout] error: aborting due to previous error
[INFO] [stdout] 
[INFO] [stdout] 
[INFO] [stdout] For more information about this error, try `rustc --explain E0283`.
[INFO] [stdout] 
[INFO] [stdout] error[E0061]: this function takes 3 arguments but 2 arguments were supplied
[INFO] [stdout]    --> examples/bbblue.rs:21:9
[INFO] [stdout]     |
[INFO] [stdout] 21  |         Mpu9250::marg_default(i2c, &mut Delay).expect("unable to make MPU9250");
[INFO] [stdout]     |         ^^^^^^^^^^^^^^^^^^^^^ ---  ---------- supplied 2 arguments
[INFO] [stdout]     |         |
[INFO] [stdout]     |         expected 3 arguments
[INFO] [stdout]     |
[INFO] [stdout] note: associated function defined here
[INFO] [stdout]    --> /opt/rustwide/workdir/src/lib.rs:251:16
[INFO] [stdout]     |
[INFO] [stdout] 251 |         pub fn marg_default<D>(
[INFO] [stdout]     |                ^^^^^^^^^^^^
[INFO] [stdout] 
[INFO] [stdout] 
[INFO] [stderr] error: could not compile `mpu9250` due to 2 previous errors
[INFO] [stderr] warning: build failed, waiting for other jobs to finish...
[INFO] [stdout] error: aborting due to previous error
[INFO] [stdout] 
[INFO] [stdout] 
[INFO] [stdout] For more information about this error, try `rustc --explain E0061`.
[INFO] [stdout] 
[INFO] [stdout] error[E0599]: no function or associated item named `dmp_default` found for struct `Mpu9250` in the current scope
[INFO] [stdout]   --> examples/bbblue_dmp.rs:34:22
[INFO] [stdout]    |
[INFO] [stdout] 34 |             Mpu9250::dmp_default(i2c, &mut Delay, &DMP_FIRMWARE).expect("unable to load firmware");
[INFO] [stdout]    |                      ^^^^^^^^^^^
[INFO] [stdout]    |                      |
[INFO] [stdout]    |                      function or associated item not found in `Mpu9250<_, _>`
[INFO] [stdout]    |                      help: there is an associated function with a similar name: `imu_default`
[INFO] [stdout] 
[INFO] [stdout] 
[INFO] [stdout] error: aborting due to 2 previous errors
[INFO] [stdout] 
[INFO] [stdout] 
[INFO] [stdout] Some errors have detailed explanations: E0432, E0599.
[INFO] [stdout] 
[INFO] [stdout] For more information about an error, try `rustc --explain E0432`.
[INFO] [stdout] 
[INFO] [stderr] error: build failed
[INFO] running `Command { std: "docker" "inspect" "16fb0f2b01dd29741e893a4a40e9afc503818df7e899f02dd4ccc1dea65d0c77", kill_on_drop: false }`
[INFO] running `Command { std: "docker" "rm" "-f" "16fb0f2b01dd29741e893a4a40e9afc503818df7e899f02dd4ccc1dea65d0c77", kill_on_drop: false }`
[INFO] [stdout] 16fb0f2b01dd29741e893a4a40e9afc503818df7e899f02dd4ccc1dea65d0c77
