[INFO] fetching crate monster-rs 0.4.1...
[INFO] checking monster-rs-0.4.1 against beta-2021-10-15 for beta-1.56-3
[INFO] extracting crate monster-rs 0.4.1 into /workspace/builds/worker-13/source
[INFO] validating manifest of crates.io crate monster-rs 0.4.1 on toolchain beta-2021-10-15
[INFO] running `Command { std: "/workspace/cargo-home/bin/cargo" "+beta-2021-10-15" "metadata" "--manifest-path" "Cargo.toml" "--no-deps", kill_on_drop: false }`
[INFO] started tweaking crates.io crate monster-rs 0.4.1
[INFO] finished tweaking crates.io crate monster-rs 0.4.1
[INFO] tweaked toml for crates.io crate monster-rs 0.4.1 written to /workspace/builds/worker-13/source/Cargo.toml
[INFO] crate crates.io crate monster-rs 0.4.1 already has a lockfile, it will not be regenerated
[INFO] running `Command { std: "/workspace/cargo-home/bin/cargo" "+beta-2021-10-15" "fetch" "--manifest-path" "Cargo.toml", kill_on_drop: false }`
[INFO] [stderr]  Downloading crates ...
[INFO] [stderr]   Downloaded z3 v0.10.0
[INFO] [stderr]   Downloaded boolector v0.4.2
[INFO] [stderr]   Downloaded riscu v0.5.0
[INFO] [stderr]   Downloaded boolector-sys v0.6.3
[INFO] [stderr]   Downloaded modinverse v0.1.1
[INFO] [stderr]   Downloaded divisors v0.2.1
[INFO] [stderr]   Downloaded z3-sys v0.6.3
[INFO] running `Command { std: "docker" "create" "-v" "/var/lib/crater-agent-workspace/builds/worker-13/target:/opt/rustwide/target:rw,Z" "-v" "/var/lib/crater-agent-workspace/builds/worker-13/source:/opt/rustwide/workdir:ro,Z" "-v" "/var/lib/crater-agent-workspace/cargo-home:/opt/rustwide/cargo-home:ro,Z" "-v" "/var/lib/crater-agent-workspace/rustup-home:/opt/rustwide/rustup-home:ro,Z" "-e" "SOURCE_DIR=/opt/rustwide/workdir" "-e" "CARGO_TARGET_DIR=/opt/rustwide/target" "-e" "CARGO_HOME=/opt/rustwide/cargo-home" "-e" "RUSTUP_HOME=/opt/rustwide/rustup-home" "-w" "/opt/rustwide/workdir" "-m" "1610612736" "--user" "0:0" "--network" "none" "ghcr.io/rust-lang/crates-build-env/linux@sha256:a89201d6b5b9fd45c15d5952ece0a0129e7e80cb26ec023fd59cf09bc26f1604" "/opt/rustwide/cargo-home/bin/cargo" "+beta-2021-10-15" "metadata" "--no-deps" "--format-version=1", kill_on_drop: false }`
[INFO] [stdout] 1fae0950ed1cccc8ac30d1f953adf344058916f428608d81b8ebea8055012ca8
[INFO] [stderr] WARNING: Your kernel does not support swap limit capabilities or the cgroup is not mounted. Memory limited without swap.
[INFO] running `Command { std: "docker" "start" "-a" "1fae0950ed1cccc8ac30d1f953adf344058916f428608d81b8ebea8055012ca8", kill_on_drop: false }`
[INFO] running `Command { std: "docker" "inspect" "1fae0950ed1cccc8ac30d1f953adf344058916f428608d81b8ebea8055012ca8", kill_on_drop: false }`
[INFO] running `Command { std: "docker" "rm" "-f" "1fae0950ed1cccc8ac30d1f953adf344058916f428608d81b8ebea8055012ca8", kill_on_drop: false }`
[INFO] [stdout] 1fae0950ed1cccc8ac30d1f953adf344058916f428608d81b8ebea8055012ca8
[INFO] running `Command { std: "docker" "create" "-v" "/var/lib/crater-agent-workspace/builds/worker-13/target:/opt/rustwide/target:rw,Z" "-v" "/var/lib/crater-agent-workspace/builds/worker-13/source:/opt/rustwide/workdir:ro,Z" "-v" "/var/lib/crater-agent-workspace/cargo-home:/opt/rustwide/cargo-home:ro,Z" "-v" "/var/lib/crater-agent-workspace/rustup-home:/opt/rustwide/rustup-home:ro,Z" "-e" "SOURCE_DIR=/opt/rustwide/workdir" "-e" "CARGO_TARGET_DIR=/opt/rustwide/target" "-e" "CARGO_INCREMENTAL=0" "-e" "RUST_BACKTRACE=full" "-e" "RUSTFLAGS=--cap-lints=warn" "-e" "CARGO_HOME=/opt/rustwide/cargo-home" "-e" "RUSTUP_HOME=/opt/rustwide/rustup-home" "-w" "/opt/rustwide/workdir" "-m" "1610612736" "--user" "0:0" "--network" "none" "ghcr.io/rust-lang/crates-build-env/linux@sha256:a89201d6b5b9fd45c15d5952ece0a0129e7e80cb26ec023fd59cf09bc26f1604" "/opt/rustwide/cargo-home/bin/cargo" "+beta-2021-10-15" "check" "--frozen" "--all" "--all-targets" "--message-format=json", kill_on_drop: false }`
[INFO] [stdout] cea9bc3e5b14b585e1bb5429b09e79c5aeb956cf03010161a7a6c8a39bc16b31
[INFO] [stderr] WARNING: Your kernel does not support swap limit capabilities or the cgroup is not mounted. Memory limited without swap.
[INFO] running `Command { std: "docker" "start" "-a" "cea9bc3e5b14b585e1bb5429b09e79c5aeb956cf03010161a7a6c8a39bc16b31", kill_on_drop: false }`
[INFO] [stderr]    Compiling libc v0.2.96
[INFO] [stderr]    Compiling syn v1.0.73
[INFO] [stderr]    Compiling cargo-husky v1.5.0
[INFO] [stderr]     Checking csv-core v0.1.10
[INFO] [stderr]     Checking bstr v0.2.16
[INFO] [stderr]     Checking serde_cbor v0.11.1
[INFO] [stderr]     Checking num-complex v0.2.4
[INFO] [stderr]    Compiling const_format_proc_macros v0.2.14
[INFO] [stderr]     Checking serde_json v1.0.64
[INFO] [stderr]     Checking plotters v0.3.1
[INFO] [stderr]    Compiling cast v0.2.6
[INFO] [stderr]     Checking modinverse v0.1.1
[INFO] [stderr]     Checking petgraph v0.5.1
[INFO] [stderr]     Checking num v0.2.1
[INFO] [stderr]     Checking divisors v0.2.1
[INFO] [stderr]     Checking csv v1.1.6
[INFO] [stderr]     Checking criterion-plot v0.4.3
[INFO] [stderr]     Checking const_format v0.2.14
[INFO] [stderr]     Checking tinytemplate v1.2.1
[INFO] [stderr]     Checking getrandom v0.2.3
[INFO] [stderr]     Checking atty v0.2.14
[INFO] [stderr]     Checking num_cpus v1.13.0
[INFO] [stderr]     Checking clap v2.33.3
[INFO] [stderr]     Checking env_logger v0.8.4
[INFO] [stderr]     Checking rand_core v0.6.2
[INFO] [stderr]     Checking rayon-core v1.9.1
[INFO] [stderr]     Checking rand_chacha v0.3.1
[INFO] [stderr]     Checking rayon v1.5.1
[INFO] [stderr]     Checking rand v0.8.3
[INFO] [stderr]     Checking tempfile v3.2.0
[INFO] [stderr]    Compiling scroll_derive v0.10.5
[INFO] [stderr]    Compiling thiserror-impl v1.0.25
[INFO] [stderr]    Compiling strum_macros v0.21.1
[INFO] [stderr]    Compiling serde_derive v1.0.126
[INFO] [stderr]     Checking thiserror v1.0.25
[INFO] [stderr]     Checking scroll v0.10.2
[INFO] [stderr]     Checking goblin v0.3.4
[INFO] [stderr]     Checking strum v0.21.0
[INFO] [stderr]     Checking criterion v0.3.4
[INFO] [stderr]     Checking riscu v0.5.0
[INFO] [stderr]     Checking monster-rs v0.4.1 (/opt/rustwide/workdir)
[INFO] [stdout] error[E0432]: unresolved import `utils`
[INFO] [stdout]   --> benches/engine.rs:17:5
[INFO] [stdout]    |
[INFO] [stdout] 17 | use utils::TestFileCompiler;
[INFO] [stdout]    |     ^^^^^ use of undeclared crate or module `utils`
[INFO] [stdout] 
[INFO] [stdout] 
[INFO] [stdout] error[E0432]: unresolved import `utils`
[INFO] [stdout]   --> tests/engine.rs:14:5
[INFO] [stdout]    |
[INFO] [stdout] 14 | use utils::{compile_riscu, init, with_temp_dir};
[INFO] [stdout]    |     ^^^^^ use of undeclared crate or module `utils`
[INFO] [stdout] 
[INFO] [stdout] 
[INFO] [stdout] error[E0432]: unresolved import `utils`
[INFO] [stdout]  --> tests/rarity.rs:4:5
[INFO] [stdout]   |
[INFO] [stdout] 4 | use utils::{compile_riscu, init, with_temp_dir};
[INFO] [stdout]   |     ^^^^^ use of undeclared crate or module `utils`
[INFO] [stdout] 
[INFO] [stdout] 
[INFO] [stdout] error[E0432]: unresolved import `utils`
[INFO] [stdout]  --> tests/smt.rs:9:5
[INFO] [stdout]   |
[INFO] [stdout] 9 | use utils::{init, with_temp_dir, TestFileCompiler};
[INFO] [stdout]   |     ^^^^^ use of undeclared crate or module `utils`
[INFO] [stdout] 
[INFO] [stdout] 
[INFO] [stdout] error[E0432]: unresolved import `utils`
[INFO] [stdout]  --> tests/cfg.rs:5:5
[INFO] [stdout]   |
[INFO] [stdout] 5 | use utils::{compile_riscu, convert_dot_to_png_and_check, init, time, with_temp_dir};
[INFO] [stdout]   |     ^^^^^ use of undeclared crate or module `utils`
[INFO] [stdout] 
[INFO] [stdout] 
[INFO] [stdout] warning: unused import: `rayon::prelude`
[INFO] [stdout]  --> tests/rarity.rs:3:5
[INFO] [stdout]   |
[INFO] [stdout] 3 | use rayon::prelude::*;
[INFO] [stdout]   |     ^^^^^^^^^^^^^^
[INFO] [stdout]   |
[INFO] [stdout]   = note: `#[warn(unused_imports)]` on by default
[INFO] [stdout] 
[INFO] [stdout] 
[INFO] [stdout] warning: unused import: `rayon::prelude`
[INFO] [stdout]  --> tests/engine.rs:9:5
[INFO] [stdout]   |
[INFO] [stdout] 9 | use rayon::prelude::*;
[INFO] [stdout]   |     ^^^^^^^^^^^^^^
[INFO] [stdout]   |
[INFO] [stdout]   = note: `#[warn(unused_imports)]` on by default
[INFO] [stdout] 
[INFO] [stdout] 
[INFO] [stdout] error: aborting due to previous error; 1 warning emitted
[INFO] [stdout] 
[INFO] [stdout] 
[INFO] [stdout] For more information about this error, try `rustc --explain E0432`.
[INFO] [stdout] 
[INFO] [stdout] error: aborting due to previous error; 1 warning emitted
[INFO] [stdout] 
[INFO] [stdout] 
[INFO] [stdout] For more information about this error, try `rustc --explain E0432`.
[INFO] [stdout] 
[INFO] [stderr] error: could not compile `monster-rs` due to 2 previous errors; 1 warning emitted
[INFO] [stderr] warning: build failed, waiting for other jobs to finish...
[INFO] [stdout] warning: unused import: `rayon::prelude`
[INFO] [stdout]  --> tests/cfg.rs:3:5
[INFO] [stdout]   |
[INFO] [stdout] 3 | use rayon::prelude::*;
[INFO] [stdout]   |     ^^^^^^^^^^^^^^
[INFO] [stdout]   |
[INFO] [stdout]   = note: `#[warn(unused_imports)]` on by default
[INFO] [stdout] 
[INFO] [stdout] 
[INFO] [stdout] error: aborting due to previous error; 1 warning emitted
[INFO] [stdout] 
[INFO] [stdout] 
[INFO] [stdout] For more information about this error, try `rustc --explain E0432`.
[INFO] [stdout] 
[INFO] [stdout] error[E0432]: unresolved import `utils`
[INFO] [stdout]  --> tests/disassemble.rs:3:5
[INFO] [stdout]   |
[INFO] [stdout] 3 | use utils::{compile_riscu, init, with_temp_dir};
[INFO] [stdout]   |     ^^^^^ use of undeclared crate or module `utils`
[INFO] [stdout] 
[INFO] [stdout] 
[INFO] [stdout] error[E0432]: unresolved import `utils`
[INFO] [stdout]  --> tests/exploration_strategy.rs:9:5
[INFO] [stdout]   |
[INFO] [stdout] 9 | use utils::{compile_riscu, convert_dot_to_png_and_check, init, time, with_temp_dir};
[INFO] [stdout]   |     ^^^^^ use of undeclared crate or module `utils`
[INFO] [stdout] 
[INFO] [stdout] 
[INFO] [stdout] warning: unused import: `rayon::prelude`
[INFO] [stdout]  --> tests/disassemble.rs:2:5
[INFO] [stdout]   |
[INFO] [stdout] 2 | use rayon::prelude::*;
[INFO] [stdout]   |     ^^^^^^^^^^^^^^
[INFO] [stdout]   |
[INFO] [stdout]   = note: `#[warn(unused_imports)]` on by default
[INFO] [stdout] 
[INFO] [stdout] 
[INFO] [stdout] error: aborting due to previous error; 1 warning emitted
[INFO] [stdout] 
[INFO] [stdout] 
[INFO] [stdout] For more information about this error, try `rustc --explain E0432`.
[INFO] [stdout] 
[INFO] [stdout] warning: unused import: `rayon::prelude`
[INFO] [stdout]  --> tests/exploration_strategy.rs:3:5
[INFO] [stdout]   |
[INFO] [stdout] 3 | use rayon::prelude::*;
[INFO] [stdout]   |     ^^^^^^^^^^^^^^
[INFO] [stdout]   |
[INFO] [stdout]   = note: `#[warn(unused_imports)]` on by default
[INFO] [stdout] 
[INFO] [stdout] 
[INFO] [stdout] error: aborting due to previous error; 1 warning emitted
[INFO] [stdout] 
[INFO] [stdout] 
[INFO] [stdout] For more information about this error, try `rustc --explain E0432`.
[INFO] [stdout] 
[INFO] [stdout] error[E0599]: no method named `object` found for struct `COMPILER` in the current scope
[INFO] [stdout]   --> benches/engine.rs:44:32
[INFO] [stdout]    |
[INFO] [stdout] 35 | / lazy_static! {
[INFO] [stdout] 36 | |     static ref COMPILER: TestFileCompiler = TestFileCompiler::new(&TEST_FILES);
[INFO] [stdout] 37 | | }
[INFO] [stdout]    | |_- method `object` not found for this
[INFO] [stdout] ...
[INFO] [stdout] 44 |       let object_file = COMPILER.object("demonstration.c");
[INFO] [stdout]    |                                  ^^^^^^ method not found in `COMPILER`
[INFO] [stdout] 
[INFO] [stdout] 
[INFO] [stdout] error[E0599]: no method named `objects` found for struct `COMPILER` in the current scope
[INFO] [stdout]   --> benches/engine.rs:72:70
[INFO] [stdout]    |
[INFO] [stdout] 35 | / lazy_static! {
[INFO] [stdout] 36 | |     static ref COMPILER: TestFileCompiler = TestFileCompiler::new(&TEST_FILES);
[INFO] [stdout] 37 | | }
[INFO] [stdout]    | |_- method `objects` not found for this
[INFO] [stdout] ...
[INFO] [stdout] 72 |           b.iter(|| execute_symbolically_all::<MonsterSolver>(COMPILER.objects()))
[INFO] [stdout]    |                                                                        ^^^^^^^ method not found in `COMPILER`
[INFO] [stdout] 
[INFO] [stdout] 
[INFO] [stdout] error[E0599]: no method named `objects` found for struct `COMPILER` in the current scope
[INFO] [stdout]   --> benches/engine.rs:91:14
[INFO] [stdout]    |
[INFO] [stdout] 35 | / lazy_static! {
[INFO] [stdout] 36 | |     static ref COMPILER: TestFileCompiler = TestFileCompiler::new(&TEST_FILES);
[INFO] [stdout] 37 | | }
[INFO] [stdout]    | |_- method `objects` not found for this
[INFO] [stdout] ...
[INFO] [stdout] 91 |       COMPILER.objects().iter().for_each(|source| {
[INFO] [stdout]    |                ^^^^^^^ method not found in `COMPILER`
[INFO] [stdout] 
[INFO] [stdout] 
[INFO] [stdout] error[E0599]: no method named `objects` found for struct `COMPILER` in the current scope
[INFO] [stdout]    --> benches/engine.rs:114:14
[INFO] [stdout]     |
[INFO] [stdout] 35  | / lazy_static! {
[INFO] [stdout] 36  | |     static ref COMPILER: TestFileCompiler = TestFileCompiler::new(&TEST_FILES);
[INFO] [stdout] 37  | | }
[INFO] [stdout]     | |_- method `objects` not found for this
[INFO] [stdout] ...
[INFO] [stdout] 114 |       COMPILER.objects().iter().for_each(|object| {
[INFO] [stdout]     |                ^^^^^^^ method not found in `COMPILER`
[INFO] [stdout] 
[INFO] [stdout] 
[INFO] [stdout] error: aborting due to 5 previous errors
[INFO] [stdout] 
[INFO] [stdout] 
[INFO] [stdout] Some errors have detailed explanations: E0432, E0599.
[INFO] [stdout] 
[INFO] [stdout] For more information about an error, try `rustc --explain E0432`.
[INFO] [stdout] 
[INFO] [stdout] error[E0599]: no method named `sources` found for struct `COMPILER` in the current scope
[INFO] [stdout]   --> tests/smt.rs:47:14
[INFO] [stdout]    |
[INFO] [stdout] 37 | / lazy_static! {
[INFO] [stdout] 38 | |     static ref COMPILER: TestFileCompiler = TestFileCompiler::new(&TEST_FILES);
[INFO] [stdout] 39 | | }
[INFO] [stdout]    | |_- method `sources` not found for this
[INFO] [stdout] ...
[INFO] [stdout] 47 |               .sources()
[INFO] [stdout]    |                ^^^^^^^ method not found in `COMPILER`
[INFO] [stdout] 
[INFO] [stdout] 
[INFO] [stdout] error[E0599]: no method named `objects` found for struct `COMPILER` in the current scope
[INFO] [stdout]   --> tests/smt.rs:50:27
[INFO] [stdout]    |
[INFO] [stdout] 37 | / lazy_static! {
[INFO] [stdout] 38 | |     static ref COMPILER: TestFileCompiler = TestFileCompiler::new(&TEST_FILES);
[INFO] [stdout] 39 | | }
[INFO] [stdout]    | |_- method `objects` not found for this
[INFO] [stdout] ...
[INFO] [stdout] 50 |               .zip(COMPILER.objects().iter().cloned())
[INFO] [stdout]    |                             ^^^^^^^ method not found in `COMPILER`
[INFO] [stdout] 
[INFO] [stdout] 
[INFO] [stdout] error: aborting due to 3 previous errors
[INFO] [stdout] 
[INFO] [stdout] 
[INFO] [stdout] Some errors have detailed explanations: E0432, E0599.
[INFO] [stdout] 
[INFO] [stdout] For more information about an error, try `rustc --explain E0432`.
[INFO] [stdout] 
[INFO] [stderr] error: build failed
[INFO] running `Command { std: "docker" "inspect" "cea9bc3e5b14b585e1bb5429b09e79c5aeb956cf03010161a7a6c8a39bc16b31", kill_on_drop: false }`
[INFO] running `Command { std: "docker" "rm" "-f" "cea9bc3e5b14b585e1bb5429b09e79c5aeb956cf03010161a7a6c8a39bc16b31", kill_on_drop: false }`
[INFO] [stdout] cea9bc3e5b14b585e1bb5429b09e79c5aeb956cf03010161a7a6c8a39bc16b31
