[INFO] fetching crate mongoloid 0.1.1...
[INFO] checking mongoloid-0.1.1 against beta-2021-10-15 for beta-1.56-3
[INFO] extracting crate mongoloid 0.1.1 into /workspace/builds/worker-9/source
[INFO] validating manifest of crates.io crate mongoloid 0.1.1 on toolchain beta-2021-10-15
[INFO] running `Command { std: "/workspace/cargo-home/bin/cargo" "+beta-2021-10-15" "metadata" "--manifest-path" "Cargo.toml" "--no-deps", kill_on_drop: false }`
[INFO] started tweaking crates.io crate mongoloid 0.1.1
[INFO] finished tweaking crates.io crate mongoloid 0.1.1
[INFO] tweaked toml for crates.io crate mongoloid 0.1.1 written to /workspace/builds/worker-9/source/Cargo.toml
[INFO] running `Command { std: "/workspace/cargo-home/bin/cargo" "+beta-2021-10-15" "generate-lockfile" "--manifest-path" "Cargo.toml" "-Zno-index-update", kill_on_drop: false }`
[INFO] running `Command { std: "/workspace/cargo-home/bin/cargo" "+beta-2021-10-15" "fetch" "--manifest-path" "Cargo.toml", kill_on_drop: false }`
[INFO] [stderr]     Blocking waiting for file lock on package cache
[INFO] [stderr]     Blocking waiting for file lock on package cache
[INFO] running `Command { std: "docker" "create" "-v" "/var/lib/crater-agent-workspace/builds/worker-9/target:/opt/rustwide/target:rw,Z" "-v" "/var/lib/crater-agent-workspace/builds/worker-9/source:/opt/rustwide/workdir:ro,Z" "-v" "/var/lib/crater-agent-workspace/cargo-home:/opt/rustwide/cargo-home:ro,Z" "-v" "/var/lib/crater-agent-workspace/rustup-home:/opt/rustwide/rustup-home:ro,Z" "-e" "SOURCE_DIR=/opt/rustwide/workdir" "-e" "CARGO_TARGET_DIR=/opt/rustwide/target" "-e" "CARGO_HOME=/opt/rustwide/cargo-home" "-e" "RUSTUP_HOME=/opt/rustwide/rustup-home" "-w" "/opt/rustwide/workdir" "-m" "1610612736" "--user" "0:0" "--network" "none" "ghcr.io/rust-lang/crates-build-env/linux@sha256:a89201d6b5b9fd45c15d5952ece0a0129e7e80cb26ec023fd59cf09bc26f1604" "/opt/rustwide/cargo-home/bin/cargo" "+beta-2021-10-15" "metadata" "--no-deps" "--format-version=1", kill_on_drop: false }`
[INFO] [stdout] f3c1aa12bb681c09cd2e9e6d625ddfd284d23ca6b0fcd91fbdbec8f2754d3f3e
[INFO] [stderr] WARNING: Your kernel does not support swap limit capabilities or the cgroup is not mounted. Memory limited without swap.
[INFO] running `Command { std: "docker" "start" "-a" "f3c1aa12bb681c09cd2e9e6d625ddfd284d23ca6b0fcd91fbdbec8f2754d3f3e", kill_on_drop: false }`
[INFO] running `Command { std: "docker" "inspect" "f3c1aa12bb681c09cd2e9e6d625ddfd284d23ca6b0fcd91fbdbec8f2754d3f3e", kill_on_drop: false }`
[INFO] running `Command { std: "docker" "rm" "-f" "f3c1aa12bb681c09cd2e9e6d625ddfd284d23ca6b0fcd91fbdbec8f2754d3f3e", kill_on_drop: false }`
[INFO] [stdout] f3c1aa12bb681c09cd2e9e6d625ddfd284d23ca6b0fcd91fbdbec8f2754d3f3e
[INFO] running `Command { std: "docker" "create" "-v" "/var/lib/crater-agent-workspace/builds/worker-9/target:/opt/rustwide/target:rw,Z" "-v" "/var/lib/crater-agent-workspace/builds/worker-9/source:/opt/rustwide/workdir:ro,Z" "-v" "/var/lib/crater-agent-workspace/cargo-home:/opt/rustwide/cargo-home:ro,Z" "-v" "/var/lib/crater-agent-workspace/rustup-home:/opt/rustwide/rustup-home:ro,Z" "-e" "SOURCE_DIR=/opt/rustwide/workdir" "-e" "CARGO_TARGET_DIR=/opt/rustwide/target" "-e" "CARGO_INCREMENTAL=0" "-e" "RUST_BACKTRACE=full" "-e" "RUSTFLAGS=--cap-lints=warn" "-e" "CARGO_HOME=/opt/rustwide/cargo-home" "-e" "RUSTUP_HOME=/opt/rustwide/rustup-home" "-w" "/opt/rustwide/workdir" "-m" "1610612736" "--user" "0:0" "--network" "none" "ghcr.io/rust-lang/crates-build-env/linux@sha256:a89201d6b5b9fd45c15d5952ece0a0129e7e80cb26ec023fd59cf09bc26f1604" "/opt/rustwide/cargo-home/bin/cargo" "+beta-2021-10-15" "check" "--frozen" "--all" "--all-targets" "--message-format=json", kill_on_drop: false }`
[INFO] [stdout] 62b5871b3f62f81459140a82f3cc015a98a9492b21091b0ade0cb575a5e86929
[INFO] [stderr] WARNING: Your kernel does not support swap limit capabilities or the cgroup is not mounted. Memory limited without swap.
[INFO] running `Command { std: "docker" "start" "-a" "62b5871b3f62f81459140a82f3cc015a98a9492b21091b0ade0cb575a5e86929", kill_on_drop: false }`
[INFO] [stderr]     Blocking waiting for file lock on package cache
[INFO] [stderr]     Checking try_from v0.2.2
[INFO] [stderr]     Checking md5 v0.3.8
[INFO] [stderr]     Checking separator v0.3.1
[INFO] [stderr]     Checking linked-hash-map v0.3.0
[INFO] [stderr]     Checking argparse v0.2.2
[INFO] [stderr]     Checking semver v0.8.0
[INFO] [stderr]     Checking hostname v0.1.5
[INFO] [stderr]     Checking rand v0.6.5
[INFO] [stderr]     Checking rust-crypto v0.2.36
[INFO] [stderr]     Checking scan_fmt v0.1.3
[INFO] [stderr]     Checking bson v0.12.3
[INFO] [stderr]     Checking textnonce v0.6.5
[INFO] [stderr]     Checking mongodb v0.3.10
[INFO] [stderr]     Checking bson v0.10.0
[INFO] [stderr]     Checking mongoloid v0.1.1 (/opt/rustwide/workdir)
[INFO] [stdout] error[E0308]: mismatched types
[INFO] [stdout]    --> src/lib.rs:239:30
[INFO] [stdout]     |
[INFO] [stdout] 239 |             coll.insert_many(docs, None)
[INFO] [stdout]     |                              ^^^^ expected struct `bson::ordered::OrderedDocument`, found struct `OrderedDocument`
[INFO] [stdout]     |
[INFO] [stdout]     = note: expected struct `Vec<bson::ordered::OrderedDocument>`
[INFO] [stdout]                found struct `Vec<OrderedDocument>`
[INFO] [stdout]     = note: perhaps two different versions of crate `bson` are being used?
[INFO] [stdout] 
[INFO] [stdout] 
[INFO] [stdout] error: aborting due to previous error
[INFO] [stdout] 
[INFO] [stdout] 
[INFO] [stdout] For more information about this error, try `rustc --explain E0308`.
[INFO] [stdout] 
[INFO] [stderr] error: could not compile `mongoloid` due to 2 previous errors
[INFO] [stderr] warning: build failed, waiting for other jobs to finish...
[INFO] [stdout] error[E0308]: mismatched types
[INFO] [stdout]    --> src/lib.rs:239:30
[INFO] [stdout]     |
[INFO] [stdout] 239 |             coll.insert_many(docs, None)
[INFO] [stdout]     |                              ^^^^ expected struct `bson::ordered::OrderedDocument`, found struct `OrderedDocument`
[INFO] [stdout]     |
[INFO] [stdout]     = note: expected struct `Vec<bson::ordered::OrderedDocument>`
[INFO] [stdout]                found struct `Vec<OrderedDocument>`
[INFO] [stdout]     = note: perhaps two different versions of crate `bson` are being used?
[INFO] [stdout] 
[INFO] [stdout] 
[INFO] [stdout] error[E0308]: mismatched types
[INFO] [stdout]    --> src/lib.rs:286:26
[INFO] [stdout]     |
[INFO] [stdout] 286 |         coll.delete_many(Document::new(), None);
[INFO] [stdout]     |                          ^^^^^^^^^^^^^^^ expected struct `bson::ordered::OrderedDocument`, found struct `OrderedDocument`
[INFO] [stdout]     |
[INFO] [stdout]     = note: perhaps two different versions of crate `bson` are being used?
[INFO] [stdout] 
[INFO] [stdout] 
[INFO] [stdout] error[E0308]: mismatched types
[INFO] [stdout]    --> src/lib.rs:296:19
[INFO] [stdout]     |
[INFO] [stdout] 295 |         match result.unwrap().get("valid") {
[INFO] [stdout]     |               ---------------------------- this expression has type `std::option::Option<&bson::bson::Bson>`
[INFO] [stdout] 296 |             Some(&Bson::I32(valid)) => assert_eq!(44034 as i32, valid),
[INFO] [stdout]     |                   ^^^^^^^^^^^^^^^^ expected enum `bson::bson::Bson`, found enum `Bson`
[INFO] [stdout]     |
[INFO] [stdout]     = note: perhaps two different versions of crate `bson` are being used?
[INFO] [stdout] 
[INFO] [stdout] 
[INFO] [stdout] error[E0308]: mismatched types
[INFO] [stdout]    --> src/lib.rs:301:26
[INFO] [stdout]     |
[INFO] [stdout] 301 |         coll.delete_many(Document::new(), None);
[INFO] [stdout]     |                          ^^^^^^^^^^^^^^^ expected struct `bson::ordered::OrderedDocument`, found struct `OrderedDocument`
[INFO] [stdout]     |
[INFO] [stdout]     = note: perhaps two different versions of crate `bson` are being used?
[INFO] [stdout] 
[INFO] [stdout] 
[INFO] [stdout] error: aborting due to 4 previous errors
[INFO] [stdout] 
[INFO] [stdout] 
[INFO] [stdout] For more information about this error, try `rustc --explain E0308`.
[INFO] [stdout] 
[INFO] [stderr] error: build failed
[INFO] running `Command { std: "docker" "inspect" "62b5871b3f62f81459140a82f3cc015a98a9492b21091b0ade0cb575a5e86929", kill_on_drop: false }`
[INFO] running `Command { std: "docker" "rm" "-f" "62b5871b3f62f81459140a82f3cc015a98a9492b21091b0ade0cb575a5e86929", kill_on_drop: false }`
[INFO] [stdout] 62b5871b3f62f81459140a82f3cc015a98a9492b21091b0ade0cb575a5e86929
