[INFO] fetching crate mongodb 2.0.1...
[INFO] checking mongodb-2.0.1 against beta-2021-10-15 for beta-1.56-3
[INFO] extracting crate mongodb 2.0.1 into /workspace/builds/worker-10/source
[INFO] validating manifest of crates.io crate mongodb 2.0.1 on toolchain beta-2021-10-15
[INFO] running `Command { std: "/workspace/cargo-home/bin/cargo" "+beta-2021-10-15" "metadata" "--manifest-path" "Cargo.toml" "--no-deps", kill_on_drop: false }`
[INFO] started tweaking crates.io crate mongodb 2.0.1
[INFO] finished tweaking crates.io crate mongodb 2.0.1
[INFO] tweaked toml for crates.io crate mongodb 2.0.1 written to /workspace/builds/worker-10/source/Cargo.toml
[INFO] running `Command { std: "/workspace/cargo-home/bin/cargo" "+beta-2021-10-15" "generate-lockfile" "--manifest-path" "Cargo.toml" "-Zno-index-update", kill_on_drop: false }`
[INFO] [stderr]     Blocking waiting for file lock on package cache
[INFO] running `Command { std: "/workspace/cargo-home/bin/cargo" "+beta-2021-10-15" "fetch" "--manifest-path" "Cargo.toml", kill_on_drop: false }`
[INFO] [stderr]     Blocking waiting for file lock on package cache
[INFO] [stderr]  Downloading crates ...
[INFO] [stderr]   Downloaded function_name-proc-macro v0.2.0
[INFO] [stderr]   Downloaded function_name v0.2.0
[INFO] running `Command { std: "docker" "create" "-v" "/var/lib/crater-agent-workspace/builds/worker-10/target:/opt/rustwide/target:rw,Z" "-v" "/var/lib/crater-agent-workspace/builds/worker-10/source:/opt/rustwide/workdir:ro,Z" "-v" "/var/lib/crater-agent-workspace/cargo-home:/opt/rustwide/cargo-home:ro,Z" "-v" "/var/lib/crater-agent-workspace/rustup-home:/opt/rustwide/rustup-home:ro,Z" "-e" "SOURCE_DIR=/opt/rustwide/workdir" "-e" "CARGO_TARGET_DIR=/opt/rustwide/target" "-e" "CARGO_HOME=/opt/rustwide/cargo-home" "-e" "RUSTUP_HOME=/opt/rustwide/rustup-home" "-w" "/opt/rustwide/workdir" "-m" "1610612736" "--user" "0:0" "--network" "none" "ghcr.io/rust-lang/crates-build-env/linux@sha256:a89201d6b5b9fd45c15d5952ece0a0129e7e80cb26ec023fd59cf09bc26f1604" "/opt/rustwide/cargo-home/bin/cargo" "+beta-2021-10-15" "metadata" "--no-deps" "--format-version=1", kill_on_drop: false }`
[INFO] [stdout] 5ab15b672241a5ae5a9f6ce8c9771d4bc4be0bca51aa130114faccb6f57987a4
[INFO] [stderr] WARNING: Your kernel does not support swap limit capabilities or the cgroup is not mounted. Memory limited without swap.
[INFO] running `Command { std: "docker" "start" "-a" "5ab15b672241a5ae5a9f6ce8c9771d4bc4be0bca51aa130114faccb6f57987a4", kill_on_drop: false }`
[INFO] running `Command { std: "docker" "inspect" "5ab15b672241a5ae5a9f6ce8c9771d4bc4be0bca51aa130114faccb6f57987a4", kill_on_drop: false }`
[INFO] running `Command { std: "docker" "rm" "-f" "5ab15b672241a5ae5a9f6ce8c9771d4bc4be0bca51aa130114faccb6f57987a4", kill_on_drop: false }`
[INFO] [stdout] 5ab15b672241a5ae5a9f6ce8c9771d4bc4be0bca51aa130114faccb6f57987a4
[INFO] running `Command { std: "docker" "create" "-v" "/var/lib/crater-agent-workspace/builds/worker-10/target:/opt/rustwide/target:rw,Z" "-v" "/var/lib/crater-agent-workspace/builds/worker-10/source:/opt/rustwide/workdir:ro,Z" "-v" "/var/lib/crater-agent-workspace/cargo-home:/opt/rustwide/cargo-home:ro,Z" "-v" "/var/lib/crater-agent-workspace/rustup-home:/opt/rustwide/rustup-home:ro,Z" "-e" "SOURCE_DIR=/opt/rustwide/workdir" "-e" "CARGO_TARGET_DIR=/opt/rustwide/target" "-e" "CARGO_INCREMENTAL=0" "-e" "RUST_BACKTRACE=full" "-e" "RUSTFLAGS=--cap-lints=warn" "-e" "CARGO_HOME=/opt/rustwide/cargo-home" "-e" "RUSTUP_HOME=/opt/rustwide/rustup-home" "-w" "/opt/rustwide/workdir" "-m" "1610612736" "--user" "0:0" "--network" "none" "ghcr.io/rust-lang/crates-build-env/linux@sha256:a89201d6b5b9fd45c15d5952ece0a0129e7e80cb26ec023fd59cf09bc26f1604" "/opt/rustwide/cargo-home/bin/cargo" "+beta-2021-10-15" "check" "--frozen" "--all" "--all-targets" "--message-format=json", kill_on_drop: false }`
[INFO] [stderr] WARNING: Your kernel does not support swap limit capabilities or the cgroup is not mounted. Memory limited without swap.
[INFO] [stdout] 969f3568a0ae61096e9d2edb99e3429e25352e3fe2617e0ee7f645dbf9c82f44
[INFO] running `Command { std: "docker" "start" "-a" "969f3568a0ae61096e9d2edb99e3429e25352e3fe2617e0ee7f645dbf9c82f44", kill_on_drop: false }`
[INFO] [stderr]     Blocking waiting for file lock on package cache
[INFO] [stderr]     Checking version_check v0.9.3
[INFO] [stderr]    Compiling tokio v1.12.0
[INFO] [stderr]     Checking mio v0.7.13
[INFO] [stderr]     Checking os_info v3.0.7
[INFO] [stderr]     Checking semver v1.0.4
[INFO] [stderr]     Checking ring v0.16.20
[INFO] [stderr]     Checking uuid v0.8.2
[INFO] [stderr]     Checking ahash v0.7.6
[INFO] [stderr]    Compiling darling_core v0.13.0
[INFO] [stderr]    Compiling syn v0.15.44
[INFO] [stderr]    Compiling typed-builder v0.9.1
[INFO] [stderr]    Compiling derivative v2.2.0
[INFO] [stderr]     Checking approx v0.4.0
[INFO] [stderr]     Checking futures-util v0.3.17
[INFO] [stderr]     Checking pbkdf2 v0.8.0
[INFO] [stderr]     Checking chrono v0.4.19
[INFO] [stderr]     Checking serde_json v1.0.68
[INFO] [stderr]    Compiling proc-macro-crate v0.1.5
[INFO] [stderr]     Checking webpki v0.21.4
[INFO] [stderr]     Checking sct v0.6.1
[INFO] [stderr]     Checking bson v2.0.1
[INFO] [stderr]     Checking rustls v0.19.1
[INFO] [stderr]     Checking webpki-roots v0.21.1
[INFO] [stderr]    Compiling darling_macro v0.13.0
[INFO] [stderr]     Checking futures-executor v0.3.17
[INFO] [stderr]     Checking futures v0.3.17
[INFO] [stderr]    Compiling function_name-proc-macro v0.2.0
[INFO] [stderr]    Compiling darling v0.13.0
[INFO] [stderr]     Checking trust-dns-proto v0.20.3
[INFO] [stderr]     Checking tokio-rustls v0.22.0
[INFO] [stderr]     Checking tokio-util v0.6.8
[INFO] [stderr]    Compiling serde_with_macros v1.5.0
[INFO] [stderr]     Checking function_name v0.2.0
[INFO] [stderr]     Checking serde_with v1.10.0
[INFO] [stderr]     Checking trust-dns-resolver v0.20.3
[INFO] [stderr]     Checking mongodb v2.0.1 (/opt/rustwide/workdir)
[INFO] [stdout] error[E0583]: file not found for module `test`
[INFO] [stdout]    --> src/lib.rs:346:5
[INFO] [stdout]     |
[INFO] [stdout] 346 |     mod test;
[INFO] [stdout]     |     ^^^^^^^^^
[INFO] [stdout]     |
[INFO] [stdout]     = help: to create the module `test`, create file "src/test.rs" or "src/test/mod.rs"
[INFO] [stdout] 
[INFO] [stdout] 
[INFO] [stdout] error[E0432]: unresolved import `crate::test::run_spec_test`
[INFO] [stdout]  --> src/client/options/test.rs:8:5
[INFO] [stdout]   |
[INFO] [stdout] 8 |     test::run_spec_test,
[INFO] [stdout]   |     ^^^^^^^^^^^^^^^^^^^ no `run_spec_test` in `test`
[INFO] [stdout] 
[INFO] [stdout] 
[INFO] [stdout] error[E0432]: unresolved imports `crate::test::EventClient`, `crate::test::TestClient`, `crate::test::CLIENT_OPTIONS`, `crate::test::LOCK`
[INFO] [stdout]   --> src/client/session/test.rs:12:12
[INFO] [stdout]    |
[INFO] [stdout] 12 |     test::{EventClient, TestClient, CLIENT_OPTIONS, LOCK},
[INFO] [stdout]    |            ^^^^^^^^^^^  ^^^^^^^^^^  ^^^^^^^^^^^^^^  ^^^^ no `LOCK` in `test`
[INFO] [stdout]    |            |            |           |
[INFO] [stdout]    |            |            |           no `CLIENT_OPTIONS` in `test`
[INFO] [stdout]    |            |            no `TestClient` in `test`
[INFO] [stdout]    |            no `EventClient` in `test`
[INFO] [stdout] 
[INFO] [stdout] 
[INFO] [stdout] error[E0432]: unresolved import `crate::test::RunOn`
[INFO] [stdout]  --> src/cmap/test/file.rs:6:77
[INFO] [stdout]   |
[INFO] [stdout] 6 | use crate::{bson_util, cmap::options::ConnectionPoolOptions, error::Result, test::RunOn};
[INFO] [stdout]   |                                                                             ^^^^^^^^^^^ no `RunOn` in `test`
[INFO] [stdout] 
[INFO] [stdout] 
[INFO] [stdout] error[E0432]: unresolved imports `crate::test::FailCommandOptions`, `crate::test::FailPoint`, `crate::test::FailPointMode`, `crate::test::TestClient`, `crate::test::CLIENT_OPTIONS`, `crate::test::LOCK`
[INFO] [stdout]   --> src/cmap/test/integration.rs:15:12
[INFO] [stdout]    |
[INFO] [stdout] 15 |     test::{FailCommandOptions, FailPoint, FailPointMode, TestClient, CLIENT_OPTIONS, LOCK},
[INFO] [stdout]    |            ^^^^^^^^^^^^^^^^^^  ^^^^^^^^^  ^^^^^^^^^^^^^  ^^^^^^^^^^  ^^^^^^^^^^^^^^  ^^^^ no `LOCK` in `test`
[INFO] [stdout]    |            |                   |          |              |           |
[INFO] [stdout]    |            |                   |          |              |           no `CLIENT_OPTIONS` in `test`
[INFO] [stdout]    |            |                   |          |              no `TestClient` in `test`
[INFO] [stdout]    |            |                   |          no `FailPointMode` in `test`
[INFO] [stdout]    |            |                   no `FailPoint` in `test`
[INFO] [stdout]    |            no `FailCommandOptions` in `test`
[INFO] [stdout] 
[INFO] [stdout] 
[INFO] [stdout] error[E0432]: unresolved imports `crate::test::assert_matches`, `crate::test::run_spec_test`, `crate::test::EventClient`, `crate::test::Matchable`, `crate::test::CLIENT_OPTIONS`, `crate::test::LOCK`, `crate::test::SERVER_API`
[INFO] [stdout]   --> src/cmap/test/mod.rs:22:9
[INFO] [stdout]    |
[INFO] [stdout] 22 |         assert_matches,
[INFO] [stdout]    |         ^^^^^^^^^^^^^^ no `assert_matches` in `test`
[INFO] [stdout] 23 |         run_spec_test,
[INFO] [stdout]    |         ^^^^^^^^^^^^^ no `run_spec_test` in `test`
[INFO] [stdout] 24 |         EventClient,
[INFO] [stdout]    |         ^^^^^^^^^^^ no `EventClient` in `test`
[INFO] [stdout] 25 |         Matchable,
[INFO] [stdout]    |         ^^^^^^^^^ no `Matchable` in `test`
[INFO] [stdout] 26 |         CLIENT_OPTIONS,
[INFO] [stdout]    |         ^^^^^^^^^^^^^^ no `CLIENT_OPTIONS` in `test`
[INFO] [stdout] 27 |         LOCK,
[INFO] [stdout]    |         ^^^^ no `LOCK` in `test`
[INFO] [stdout] 28 |         SERVER_API,
[INFO] [stdout]    |         ^^^^^^^^^^ no `SERVER_API` in `test`
[INFO] [stdout] 
[INFO] [stdout] 
[INFO] [stdout] error[E0432]: unresolved imports `crate::test::CLIENT_OPTIONS`, `crate::test::LOCK`
[INFO] [stdout]  --> src/cmap/conn/wire/test.rs:9:12
[INFO] [stdout]   |
[INFO] [stdout] 9 |     test::{CLIENT_OPTIONS, LOCK},
[INFO] [stdout]   |            ^^^^^^^^^^^^^^  ^^^^ no `LOCK` in `test`
[INFO] [stdout]   |            |
[INFO] [stdout]   |            no `CLIENT_OPTIONS` in `test`
[INFO] [stdout] 
[INFO] [stdout] 
[INFO] [stdout] error[E0432]: unresolved imports `crate::test::TestClient`, `crate::test::CLIENT_OPTIONS`, `crate::test::LOCK`
[INFO] [stdout]  --> src/cmap/establish/test.rs:8:12
[INFO] [stdout]   |
[INFO] [stdout] 8 |     test::{TestClient, CLIENT_OPTIONS, LOCK},
[INFO] [stdout]   |            ^^^^^^^^^^  ^^^^^^^^^^^^^^  ^^^^ no `LOCK` in `test`
[INFO] [stdout]   |            |           |
[INFO] [stdout]   |            |           no `CLIENT_OPTIONS` in `test`
[INFO] [stdout]   |            no `TestClient` in `test`
[INFO] [stdout] 
[INFO] [stdout] 
[INFO] [stdout] error[E0432]: unresolved imports `crate::test::EventClient`, `crate::test::TestClient`, `crate::test::LOCK`
[INFO] [stdout]   --> src/concern/test.rs:25:12
[INFO] [stdout]    |
[INFO] [stdout] 25 |     test::{EventClient, TestClient, LOCK},
[INFO] [stdout]    |            ^^^^^^^^^^^  ^^^^^^^^^^  ^^^^ no `LOCK` in `test`
[INFO] [stdout]    |            |            |
[INFO] [stdout]    |            |            no `TestClient` in `test`
[INFO] [stdout]    |            no `EventClient` in `test`
[INFO] [stdout] 
[INFO] [stdout] 
[INFO] [stdout] error[E0432]: unresolved imports `crate::test::run_spec_test`, `crate::test::EventClient`, `crate::test::FailCommandOptions`, `crate::test::FailPoint`, `crate::test::FailPointMode`, `crate::test::TestClient`, `crate::test::CLIENT_OPTIONS`, `crate::test::LOCK`
[INFO] [stdout]   --> src/sdam/description/topology/server_selection/test/in_window.rs:15:9
[INFO] [stdout]    |
[INFO] [stdout] 15 |         run_spec_test,
[INFO] [stdout]    |         ^^^^^^^^^^^^^ no `run_spec_test` in `test`
[INFO] [stdout] 16 |         EventClient,
[INFO] [stdout]    |         ^^^^^^^^^^^ no `EventClient` in `test`
[INFO] [stdout] 17 |         FailCommandOptions,
[INFO] [stdout]    |         ^^^^^^^^^^^^^^^^^^ no `FailCommandOptions` in `test`
[INFO] [stdout] 18 |         FailPoint,
[INFO] [stdout]    |         ^^^^^^^^^ no `FailPoint` in `test`
[INFO] [stdout] 19 |         FailPointMode,
[INFO] [stdout]    |         ^^^^^^^^^^^^^ no `FailPointMode` in `test`
[INFO] [stdout] 20 |         TestClient,
[INFO] [stdout]    |         ^^^^^^^^^^ no `TestClient` in `test`
[INFO] [stdout] 21 |         CLIENT_OPTIONS,
[INFO] [stdout]    |         ^^^^^^^^^^^^^^ no `CLIENT_OPTIONS` in `test`
[INFO] [stdout] 22 |         LOCK,
[INFO] [stdout]    |         ^^^^ no `LOCK` in `test`
[INFO] [stdout] 
[INFO] [stdout] 
[INFO] [stdout] error[E0432]: unresolved import `crate::test::run_spec_test`
[INFO] [stdout]  --> src/sdam/description/topology/server_selection/test/logic.rs:7:5
[INFO] [stdout]   |
[INFO] [stdout] 7 |     test::run_spec_test,
[INFO] [stdout]   |     ^^^^^^^^^^^^^^^^^^^ no `run_spec_test` in `test`
[INFO] [stdout] 
[INFO] [stdout] 
[INFO] [stdout] error[E0432]: unresolved import `crate::test::SdamEvent`
[INFO] [stdout]   --> src/sdam/description/topology/test/event.rs:14:5
[INFO] [stdout]    |
[INFO] [stdout] 14 |     test::SdamEvent,
[INFO] [stdout]    |     ^^^^^^^^^^^^^^^ no `SdamEvent` in `test`
[INFO] [stdout] 
[INFO] [stdout] 
[INFO] [stdout] error[E0432]: unresolved import `crate::test::run_spec_test`
[INFO] [stdout]   --> src/sdam/description/topology/test/rtt.rs:10:5
[INFO] [stdout]    |
[INFO] [stdout] 10 |     test::run_spec_test,
[INFO] [stdout]    |     ^^^^^^^^^^^^^^^^^^^ no `run_spec_test` in `test`
[INFO] [stdout] 
[INFO] [stdout] 
[INFO] [stdout] error[E0432]: unresolved imports `crate::test::run_spec_test`, `crate::test::Event`, `crate::test::EventClient`, `crate::test::EventHandler`, `crate::test::FailCommandOptions`, `crate::test::FailPoint`, `crate::test::FailPointMode`, `crate::test::SdamEvent`, `crate::test::TestClient`, `crate::test::CLIENT_OPTIONS`, `crate::test::LOCK`
[INFO] [stdout]   --> src/sdam/description/topology/test/sdam.rs:27:9
[INFO] [stdout]    |
[INFO] [stdout] 27 |         run_spec_test,
[INFO] [stdout]    |         ^^^^^^^^^^^^^ no `run_spec_test` in `test`
[INFO] [stdout] 28 |         Event,
[INFO] [stdout]    |         ^^^^^ no `Event` in `test`
[INFO] [stdout] 29 |         EventClient,
[INFO] [stdout]    |         ^^^^^^^^^^^ no `EventClient` in `test`
[INFO] [stdout] 30 |         EventHandler,
[INFO] [stdout]    |         ^^^^^^^^^^^^ no `EventHandler` in `test`
[INFO] [stdout] 31 |         FailCommandOptions,
[INFO] [stdout]    |         ^^^^^^^^^^^^^^^^^^ no `FailCommandOptions` in `test`
[INFO] [stdout] 32 |         FailPoint,
[INFO] [stdout]    |         ^^^^^^^^^ no `FailPoint` in `test`
[INFO] [stdout] 33 |         FailPointMode,
[INFO] [stdout]    |         ^^^^^^^^^^^^^ no `FailPointMode` in `test`
[INFO] [stdout] 34 |         SdamEvent,
[INFO] [stdout]    |         ^^^^^^^^^ no `SdamEvent` in `test`
[INFO] [stdout] 35 |         TestClient,
[INFO] [stdout]    |         ^^^^^^^^^^ no `TestClient` in `test`
[INFO] [stdout] 36 |         CLIENT_OPTIONS,
[INFO] [stdout]    |         ^^^^^^^^^^^^^^ no `CLIENT_OPTIONS` in `test`
[INFO] [stdout] 37 |         LOCK,
[INFO] [stdout]    |         ^^^^
[INFO] [stdout] 
[INFO] [stdout] 
[INFO] [stdout] error[E0432]: unresolved imports `crate::test::CmapEvent`, `crate::test::Event`, `crate::test::EventClient`, `crate::test::EventHandler`, `crate::test::FailCommandOptions`, `crate::test::FailPoint`, `crate::test::FailPointMode`, `crate::test::SdamEvent`, `crate::test::TestClient`, `crate::test::CLIENT_OPTIONS`, `crate::test::LOCK`
[INFO] [stdout]   --> src/sdam/test.rs:13:9
[INFO] [stdout]    |
[INFO] [stdout] 13 |         CmapEvent,
[INFO] [stdout]    |         ^^^^^^^^^ no `CmapEvent` in `test`
[INFO] [stdout] 14 |         Event,
[INFO] [stdout]    |         ^^^^^ no `Event` in `test`
[INFO] [stdout] 15 |         EventClient,
[INFO] [stdout]    |         ^^^^^^^^^^^ no `EventClient` in `test`
[INFO] [stdout] 16 |         EventHandler,
[INFO] [stdout]    |         ^^^^^^^^^^^^ no `EventHandler` in `test`
[INFO] [stdout] 17 |         FailCommandOptions,
[INFO] [stdout]    |         ^^^^^^^^^^^^^^^^^^ no `FailCommandOptions` in `test`
[INFO] [stdout] 18 |         FailPoint,
[INFO] [stdout]    |         ^^^^^^^^^ no `FailPoint` in `test`
[INFO] [stdout] 19 |         FailPointMode,
[INFO] [stdout]    |         ^^^^^^^^^^^^^ no `FailPointMode` in `test`
[INFO] [stdout] 20 |         SdamEvent,
[INFO] [stdout]    |         ^^^^^^^^^ no `SdamEvent` in `test`
[INFO] [stdout] 21 |         TestClient,
[INFO] [stdout]    |         ^^^^^^^^^^ no `TestClient` in `test`
[INFO] [stdout] 22 |         CLIENT_OPTIONS,
[INFO] [stdout]    |         ^^^^^^^^^^^^^^ no `CLIENT_OPTIONS` in `test`
[INFO] [stdout] 23 |         LOCK,
[INFO] [stdout]    |         ^^^^
[INFO] [stdout] 
[INFO] [stdout] 
[INFO] [stdout] error: aborting due to 15 previous errors
[INFO] [stdout] 
[INFO] [stdout] 
[INFO] [stdout] Some errors have detailed explanations: E0432, E0583.
[INFO] [stdout] 
[INFO] [stdout] For more information about an error, try `rustc --explain E0432`.
[INFO] [stdout] 
[INFO] [stderr] error: could not compile `mongodb` due to 16 previous errors
[INFO] [stderr] warning: build failed, waiting for other jobs to finish...
[INFO] [stderr] error: build failed
[INFO] running `Command { std: "docker" "inspect" "969f3568a0ae61096e9d2edb99e3429e25352e3fe2617e0ee7f645dbf9c82f44", kill_on_drop: false }`
[INFO] running `Command { std: "docker" "rm" "-f" "969f3568a0ae61096e9d2edb99e3429e25352e3fe2617e0ee7f645dbf9c82f44", kill_on_drop: false }`
[INFO] [stdout] 969f3568a0ae61096e9d2edb99e3429e25352e3fe2617e0ee7f645dbf9c82f44
